137.74.145.29 - - [11/Jul/2026:16:22:25 -0400] "POST /index.php?option=com_pagebuilderck&task=browse.ajaxAddPicture&4392e25fbf6399d76c9ebf468ab08378=1 HTTP/2" 404 542 "-" "Mozilla/5.0 (Macintosh; Intel Mac OS X 14_7) AppleWebKit/605.1.15 (KHTML, like Gecko) Version/18.1 Safari/605.1.15"
137.74.145.29 - - [11/Jul/2026:16:22:25 -0400] "POST /index.php?option=com_pagebuilderck&task=browse.ajaxAddPicture&4392e25fbf6399d76c9ebf468ab08378=1 HTTP/2" 404 542 "-" "Mozilla/5.0 (Macintosh; Intel Mac OS X 14_7) AppleWebKit/605.1.15 (KHTML, like Gecko) Version/18.1 Safari/605.1.15"
137.74.145.29 - - [11/Jul/2026:16:22:25 -0400] "POST /index.php?option=com_pagebuilderck&task=browse.ajaxAddPicture&4392e25fbf6399d76c9ebf468ab08378=1 HTTP/2" 404 542 "-" "Mozilla/5.0 (Macintosh; Intel Mac OS X 14_7) AppleWebKit/605.1.15 (KHTML, like Gecko) Version/18.1 Safari/605.1.15"
137.74.145.29 - - [11/Jul/2026:16:22:25 -0400] "POST /index.php?option=com_pagebuilderck&task=browse.ajaxAddPicture&4392e25fbf6399d76c9ebf468ab08378=1 HTTP/2" 404 542 "-" "Mozilla/5.0 (Macintosh; Intel Mac OS X 14_7) AppleWebKit/605.1.15 (KHTML, like Gecko) Version/18.1 Safari/605.1.15"
137.74.145.29 - - [11/Jul/2026:16:22:26 -0400] "POST /index.php?option=com_pagebuilderck&task=browse.ajaxAddPicture&4392e25fbf6399d76c9ebf468ab08378=1 HTTP/2" 404 542 "-" "Mozilla/5.0 (Macintosh; Intel Mac OS X 14_7) AppleWebKit/605.1.15 (KHTML, like Gecko) Version/18.1 Safari/605.1.15"
137.74.145.29 - - [11/Jul/2026:16:22:26 -0400] "POST /index.php?option=com_pagebuilderck&task=browse.ajaxAddPicture&4392e25fbf6399d76c9ebf468ab08378=1 HTTP/2" 404 542 "-" "Mozilla/5.0 (Macintosh; Intel Mac OS X 14_7) AppleWebKit/605.1.15 (KHTML, like Gecko) Version/18.1 Safari/605.1.15"
137.74.145.29 - - [11/Jul/2026:16:22:26 -0400] "POST /index.php?option=com_pagebuilderck&task=browse.ajaxAddPicture&4392e25fbf6399d76c9ebf468ab08378=1 HTTP/2" 404 542 "-" "Mozilla/5.0 (Macintosh; Intel Mac OS X 14_7) AppleWebKit/605.1.15 (KHTML, like Gecko) Version/18.1 Safari/605.1.15"
137.74.145.29 - - [11/Jul/2026:16:22:26 -0400] "POST /index.php?option=com_pagebuilderck&task=browse.ajaxAddPicture&4392e25fbf6399d76c9ebf468ab08378=1 HTTP/2" 404 542 "-" "Mozilla/5.0 (Macintosh; Intel Mac OS X 14_7) AppleWebKit/605.1.15 (KHTML, like Gecko) Version/18.1 Safari/605.1.15"
137.74.145.29 - - [11/Jul/2026:16:22:27 -0400] "POST /index.php?option=com_pagebuilderck&task=browse.ajaxAddPicture&4392e25fbf6399d76c9ebf468ab08378=1 HTTP/2" 404 542 "-" "Mozilla/5.0 (Macintosh; Intel Mac OS X 14_7) AppleWebKit/605.1.15 (KHTML, like Gecko) Version/18.1 Safari/605.1.15"
137.74.145.29 - - [11/Jul/2026:16:22:27 -0400] "POST /index.php?option=com_pagebuilderck&task=browse.ajaxAddPicture&4392e25fbf6399d76c9ebf468ab08378=1 HTTP/2" 404 542 "-" "Mozilla/5.0 (Macintosh; Intel Mac OS X 14_7) AppleWebKit/605.1.15 (KHTML, like Gecko) Version/18.1 Safari/605.1.15"
137.74.145.29 - - [11/Jul/2026:16:22:27 -0400] "POST /index.php?option=com_pagebuilderck&task=browse.ajaxAddPicture&4392e25fbf6399d76c9ebf468ab08378=1 HTTP/2" 404 542 "-" "Mozilla/5.0 (Macintosh; Intel Mac OS X 14_7) AppleWebKit/605.1.15 (KHTML, like Gecko) Version/18.1 Safari/605.1.15"
137.74.145.29 - - [11/Jul/2026:16:22:27 -0400] "POST /index.php?option=com_pagebuilderck&task=browse.ajaxAddPicture&4392e25fbf6399d76c9ebf468ab08378=1 HTTP/2" 404 542 "-" "Mozilla/5.0 (Macintosh; Intel Mac OS X 14_7) AppleWebKit/605.1.15 (KHTML, like Gecko) Version/18.1 Safari/605.1.15"
137.74.145.29 - - [11/Jul/2026:16:22:28 -0400] "POST /index.php?option=com_pagebuilderck&task=ajax.upload&4392e25fbf6399d76c9ebf468ab08378=1 HTTP/2" 404 542 "-" "Mozilla/5.0 (Macintosh; Intel Mac OS X 14_7) AppleWebKit/605.1.15 (KHTML, like Gecko) Version/18.1 Safari/605.1.15"
137.74.145.29 - - [11/Jul/2026:16:22:28 -0400] "POST /index.php?option=com_pagebuilderck&task=ajax.upload&4392e25fbf6399d76c9ebf468ab08378=1 HTTP/2" 404 542 "-" "Mozilla/5.0 (Macintosh; Intel Mac OS X 14_7) AppleWebKit/605.1.15 (KHTML, like Gecko) Version/18.1 Safari/605.1.15"
137.74.145.29 - - [11/Jul/2026:16:22:28 -0400] "POST /index.php?option=com_pagebuilderck&task=ajax.upload&4392e25fbf6399d76c9ebf468ab08378=1 HTTP/2" 404 542 "-" "Mozilla/5.0 (Macintosh; Intel Mac OS X 14_7) AppleWebKit/605.1.15 (KHTML, like Gecko) Version/18.1 Safari/605.1.15"
137.74.145.29 - - [11/Jul/2026:16:22:28 -0400] "POST /index.php?option=com_pagebuilderck&task=ajax.upload&4392e25fbf6399d76c9ebf468ab08378=1 HTTP/2" 404 542 "-" "Mozilla/5.0 (Macintosh; Intel Mac OS X 14_7) AppleWebKit/605.1.15 (KHTML, like Gecko) Version/18.1 Safari/605.1.15"
137.74.145.29 - - [11/Jul/2026:16:22:29 -0400] "POST /index.php?option=com_pagebuilderck&task=ajax.upload&4392e25fbf6399d76c9ebf468ab08378=1 HTTP/2" 404 542 "-" "Mozilla/5.0 (Macintosh; Intel Mac OS X 14_7) AppleWebKit/605.1.15 (KHTML, like Gecko) Version/18.1 Safari/605.1.15"
137.74.145.29 - - [11/Jul/2026:16:22:29 -0400] "POST /index.php?option=com_pagebuilderck&task=ajax.upload&4392e25fbf6399d76c9ebf468ab08378=1 HTTP/2" 404 542 "-" "Mozilla/5.0 (Macintosh; Intel Mac OS X 14_7) AppleWebKit/605.1.15 (KHTML, like Gecko) Version/18.1 Safari/605.1.15"
137.74.145.29 - - [11/Jul/2026:16:22:29 -0400] "POST /index.php?option=com_pagebuilderck&task=ajax.upload&4392e25fbf6399d76c9ebf468ab08378=1 HTTP/2" 404 542 "-" "Mozilla/5.0 (Macintosh; Intel Mac OS X 14_7) AppleWebKit/605.1.15 (KHTML, like Gecko) Version/18.1 Safari/605.1.15"
137.74.145.29 - - [11/Jul/2026:16:22:29 -0400] "POST /index.php?option=com_pagebuilderck&task=ajax.upload&4392e25fbf6399d76c9ebf468ab08378=1 HTTP/2" 404 542 "-" "Mozilla/5.0 (Macintosh; Intel Mac OS X 14_7) AppleWebKit/605.1.15 (KHTML, like Gecko) Version/18.1 Safari/605.1.15"
137.74.145.29 - - [11/Jul/2026:16:22:30 -0400] "POST /index.php?option=com_pagebuilderck&task=ajax.upload&4392e25fbf6399d76c9ebf468ab08378=1 HTTP/2" 404 542 "-" "Mozilla/5.0 (Macintosh; Intel Mac OS X 14_7) AppleWebKit/605.1.15 (KHTML, like Gecko) Version/18.1 Safari/605.1.15"
137.74.145.29 - - [11/Jul/2026:16:22:30 -0400] "POST /index.php?option=com_pagebuilderck&task=ajax.upload&4392e25fbf6399d76c9ebf468ab08378=1 HTTP/2" 404 542 "-" "Mozilla/5.0 (Macintosh; Intel Mac OS X 14_7) AppleWebKit/605.1.15 (KHTML, like Gecko) Version/18.1 Safari/605.1.15"
137.74.145.29 - - [11/Jul/2026:16:22:30 -0400] "POST /index.php?option=com_pagebuilderck&task=ajax.upload&4392e25fbf6399d76c9ebf468ab08378=1 HTTP/2" 404 542 "-" "Mozilla/5.0 (Macintosh; Intel Mac OS X 14_7) AppleWebKit/605.1.15 (KHTML, like Gecko) Version/18.1 Safari/605.1.15"
137.74.145.29 - - [11/Jul/2026:16:22:30 -0400] "POST /index.php?option=com_pagebuilderck&task=ajax.upload&4392e25fbf6399d76c9ebf468ab08378=1 HTTP/2" 404 542 "-" "Mozilla/5.0 (Macintosh; Intel Mac OS X 14_7) AppleWebKit/605.1.15 (KHTML, like Gecko) Version/18.1 Safari/605.1.15"
137.74.145.29 - - [11/Jul/2026:16:22:31 -0400] "POST /index.php?option=com_pagebuilderck&task=ajax.upload&4392e25fbf6399d76c9ebf468ab08378=1 HTTP/2" 404 542 "-" "Mozilla/5.0 (Macintosh; Intel Mac OS X 14_7) AppleWebKit/605.1.15 (KHTML, like Gecko) Version/18.1 Safari/605.1.15"
137.74.145.29 - - [11/Jul/2026:16:22:31 -0400] "POST /index.php?option=com_pagebuilderck&task=ajax.upload&4392e25fbf6399d76c9ebf468ab08378=1 HTTP/2" 404 542 "-" "Mozilla/5.0 (Macintosh; Intel Mac OS X 14_7) AppleWebKit/605.1.15 (KHTML, like Gecko) Version/18.1 Safari/605.1.15"
137.74.145.29 - - [11/Jul/2026:16:22:31 -0400] "POST /index.php?option=com_pagebuilderck&task=ajax.upload&4392e25fbf6399d76c9ebf468ab08378=1 HTTP/2" 404 542 "-" "Mozilla/5.0 (Macintosh; Intel Mac OS X 14_7) AppleWebKit/605.1.15 (KHTML, like Gecko) Version/18.1 Safari/605.1.15"
137.74.145.29 - - [11/Jul/2026:16:22:31 -0400] "POST /index.php?option=com_pagebuilderck&task=ajax.upload&4392e25fbf6399d76c9ebf468ab08378=1 HTTP/2" 404 542 "-" "Mozilla/5.0 (Macintosh; Intel Mac OS X 14_7) AppleWebKit/605.1.15 (KHTML, like Gecko) Version/18.1 Safari/605.1.15"
137.74.145.29 - - [11/Jul/2026:16:22:32 -0400] "POST /index.php?option=com_pagebuilderck&task=ajax.upload&4392e25fbf6399d76c9ebf468ab08378=1 HTTP/2" 404 542 "-" "Mozilla/5.0 (Macintosh; Intel Mac OS X 14_7) AppleWebKit/605.1.15 (KHTML, like Gecko) Version/18.1 Safari/605.1.15"
137.74.145.29 - - [11/Jul/2026:16:22:32 -0400] "POST /index.php?option=com_pagebuilderck&task=ajax.upload&4392e25fbf6399d76c9ebf468ab08378=1 HTTP/2" 404 542 "-" "Mozilla/5.0 (Macintosh; Intel Mac OS X 14_7) AppleWebKit/605.1.15 (KHTML, like Gecko) Version/18.1 Safari/605.1.15"
137.74.145.29 - - [11/Jul/2026:16:22:32 -0400] "POST /index.php?option=com_pagebuilderck&task=ajax.upload&4392e25fbf6399d76c9ebf468ab08378=1 HTTP/2" 404 542 "-" "Mozilla/5.0 (Macintosh; Intel Mac OS X 14_7) AppleWebKit/605.1.15 (KHTML, like Gecko) Version/18.1 Safari/605.1.15"
137.74.145.29 - - [11/Jul/2026:16:22:32 -0400] "POST /index.php?option=com_pagebuilderck&task=ajax.upload&4392e25fbf6399d76c9ebf468ab08378=1 HTTP/2" 404 542 "-" "Mozilla/5.0 (Macintosh; Intel Mac OS X 14_7) AppleWebKit/605.1.15 (KHTML, like Gecko) Version/18.1 Safari/605.1.15"
137.74.145.29 - - [11/Jul/2026:16:22:32 -0400] "POST /index.php?option=com_pagebuilderck&task=ajax.upload&4392e25fbf6399d76c9ebf468ab08378=1 HTTP/2" 404 542 "-" "Mozilla/5.0 (Macintosh; Intel Mac OS X 14_7) AppleWebKit/605.1.15 (KHTML, like Gecko) Version/18.1 Safari/605.1.15"
137.74.145.29 - - [11/Jul/2026:16:22:33 -0400] "POST /index.php?option=com_pagebuilderck&task=ajax.upload&4392e25fbf6399d76c9ebf468ab08378=1 HTTP/2" 404 542 "-" "Mozilla/5.0 (Macintosh; Intel Mac OS X 14_7) AppleWebKit/605.1.15 (KHTML, like Gecko) Version/18.1 Safari/605.1.15"
137.74.145.29 - - [11/Jul/2026:16:22:33 -0400] "POST /index.php?option=com_pagebuilderck&task=ajax.upload&4392e25fbf6399d76c9ebf468ab08378=1 HTTP/2" 404 542 "-" "Mozilla/5.0 (Macintosh; Intel Mac OS X 14_7) AppleWebKit/605.1.15 (KHTML, like Gecko) Version/18.1 Safari/605.1.15"
137.74.145.29 - - [11/Jul/2026:16:22:33 -0400] "POST /index.php?option=com_pagebuilderck&task=ajax.upload&4392e25fbf6399d76c9ebf468ab08378=1 HTTP/2" 404 542 "-" "Mozilla/5.0 (Macintosh; Intel Mac OS X 14_7) AppleWebKit/605.1.15 (KHTML, like Gecko) Version/18.1 Safari/605.1.15"
137.74.145.29 - - [11/Jul/2026:16:22:33 -0400] "POST /index.php?option=com_pagebuilderck&task=ajax.uploadFile&4392e25fbf6399d76c9ebf468ab08378=1 HTTP/2" 404 542 "-" "Mozilla/5.0 (Macintosh; Intel Mac OS X 14_7) AppleWebKit/605.1.15 (KHTML, like Gecko) Version/18.1 Safari/605.1.15"
137.74.145.29 - - [11/Jul/2026:16:22:34 -0400] "POST /index.php?option=com_pagebuilderck&task=ajax.uploadFile&4392e25fbf6399d76c9ebf468ab08378=1 HTTP/2" 404 542 "-" "Mozilla/5.0 (Macintosh; Intel Mac OS X 14_7) AppleWebKit/605.1.15 (KHTML, like Gecko) Version/18.1 Safari/605.1.15"
137.74.145.29 - - [11/Jul/2026:16:22:34 -0400] "POST /index.php?option=com_pagebuilderck&task=ajax.uploadFile&4392e25fbf6399d76c9ebf468ab08378=1 HTTP/2" 404 542 "-" "Mozilla/5.0 (Macintosh; Intel Mac OS X 14_7) AppleWebKit/605.1.15 (KHTML, like Gecko) Version/18.1 Safari/605.1.15"
137.74.145.29 - - [11/Jul/2026:16:22:34 -0400] "POST /index.php?option=com_pagebuilderck&task=ajax.uploadFile&4392e25fbf6399d76c9ebf468ab08378=1 HTTP/2" 404 542 "-" "Mozilla/5.0 (Macintosh; Intel Mac OS X 14_7) AppleWebKit/605.1.15 (KHTML, like Gecko) Version/18.1 Safari/605.1.15"
137.74.145.29 - - [11/Jul/2026:16:22:34 -0400] "POST /index.php?option=com_pagebuilderck&task=ajax.uploadFile&4392e25fbf6399d76c9ebf468ab08378=1 HTTP/2" 404 542 "-" "Mozilla/5.0 (Macintosh; Intel Mac OS X 14_7) AppleWebKit/605.1.15 (KHTML, like Gecko) Version/18.1 Safari/605.1.15"
137.74.145.29 - - [11/Jul/2026:16:22:35 -0400] "POST /index.php?option=com_pagebuilderck&task=ajax.uploadFile&4392e25fbf6399d76c9ebf468ab08378=1 HTTP/2" 404 542 "-" "Mozilla/5.0 (Macintosh; Intel Mac OS X 14_7) AppleWebKit/605.1.15 (KHTML, like Gecko) Version/18.1 Safari/605.1.15"
137.74.145.29 - - [11/Jul/2026:16:22:35 -0400] "POST /index.php?option=com_pagebuilderck&task=ajax.uploadFile&4392e25fbf6399d76c9ebf468ab08378=1 HTTP/2" 404 542 "-" "Mozilla/5.0 (Macintosh; Intel Mac OS X 14_7) AppleWebKit/605.1.15 (KHTML, like Gecko) Version/18.1 Safari/605.1.15"
137.74.145.29 - - [11/Jul/2026:16:22:35 -0400] "POST /index.php?option=com_pagebuilderck&task=ajax.uploadFile&4392e25fbf6399d76c9ebf468ab08378=1 HTTP/2" 404 542 "-" "Mozilla/5.0 (Macintosh; Intel Mac OS X 14_7) AppleWebKit/605.1.15 (KHTML, like Gecko) Version/18.1 Safari/605.1.15"
137.74.145.29 - - [11/Jul/2026:16:22:35 -0400] "POST /index.php?option=com_pagebuilderck&task=ajax.uploadFile&4392e25fbf6399d76c9ebf468ab08378=1 HTTP/2" 404 542 "-" "Mozilla/5.0 (Macintosh; Intel Mac OS X 14_7) AppleWebKit/605.1.15 (KHTML, like Gecko) Version/18.1 Safari/605.1.15"
137.74.145.29 - - [11/Jul/2026:16:22:36 -0400] "POST /index.php?option=com_pagebuilderck&task=ajax.uploadFile&4392e25fbf6399d76c9ebf468ab08378=1 HTTP/2" 404 542 "-" "Mozilla/5.0 (Macintosh; Intel Mac OS X 14_7) AppleWebKit/605.1.15 (KHTML, like Gecko) Version/18.1 Safari/605.1.15"
137.74.145.29 - - [11/Jul/2026:16:22:36 -0400] "POST /index.php?option=com_pagebuilderck&task=ajax.uploadFile&4392e25fbf6399d76c9ebf468ab08378=1 HTTP/2" 404 542 "-" "Mozilla/5.0 (Macintosh; Intel Mac OS X 14_7) AppleWebKit/605.1.15 (KHTML, like Gecko) Version/18.1 Safari/605.1.15"
137.74.145.29 - - [11/Jul/2026:16:22:36 -0400] "POST /index.php?option=com_pagebuilderck&task=ajax.uploadFile&4392e25fbf6399d76c9ebf468ab08378=1 HTTP/2" 404 542 "-" "Mozilla/5.0 (Macintosh; Intel Mac OS X 14_7) AppleWebKit/605.1.15 (KHTML, like Gecko) Version/18.1 Safari/605.1.15"
137.74.145.29 - - [11/Jul/2026:16:22:36 -0400] "POST /index.php?option=com_pagebuilderck&task=ajax.uploadFile&4392e25fbf6399d76c9ebf468ab08378=1 HTTP/2" 404 542 "-" "Mozilla/5.0 (Macintosh; Intel Mac OS X 14_7) AppleWebKit/605.1.15 (KHTML, like Gecko) Version/18.1 Safari/605.1.15"
137.74.145.29 - - [11/Jul/2026:16:22:36 -0400] "POST /index.php?option=com_pagebuilderck&task=ajax.uploadFile&4392e25fbf6399d76c9ebf468ab08378=1 HTTP/2" 404 542 "-" "Mozilla/5.0 (Macintosh; Intel Mac OS X 14_7) AppleWebKit/605.1.15 (KHTML, like Gecko) Version/18.1 Safari/605.1.15"
137.74.145.29 - - [11/Jul/2026:16:22:37 -0400] "POST /index.php?option=com_pagebuilderck&task=ajax.uploadFile&4392e25fbf6399d76c9ebf468ab08378=1 HTTP/2" 404 542 "-" "Mozilla/5.0 (Macintosh; Intel Mac OS X 14_7) AppleWebKit/605.1.15 (KHTML, like Gecko) Version/18.1 Safari/605.1.15"
137.74.145.29 - - [11/Jul/2026:16:22:20 -0400] "GET /media/com_pagebuilderck/css/pagebuilderck.css HTTP/2" 404 1251 "-" "Mozilla/5.0 (Macintosh; Intel Mac OS X 14_7) AppleWebKit/605.1.15 (KHTML, like Gecko) Version/18.1 Safari/605.1.15"
137.74.145.29 - - [11/Jul/2026:16:22:20 -0400] "GET /media/com_pagebuilderck/js/pagebuilderck.js HTTP/2" 404 1251 "-" "Mozilla/5.0 (Macintosh; Intel Mac OS X 14_7) AppleWebKit/605.1.15 (KHTML, like Gecko) Version/18.1 Safari/605.1.15"
66.249.79.138 - - [11/Jul/2026:16:18:15 -0400] "GET /branch/instance/efctxp0cd90ypmh.shtml HTTP/2" 200 32835 "-" "Mozilla/5.0 (Linux; Android 6.0.1; Nexus 5X Build/MMB29P) AppleWebKit/537.36 (KHTML, like Gecko) Chrome/150.0.7871.46 Mobile Safari/537.36 (compatible; Googlebot/2.1; +http://www.google.com/bot.html)"
66.249.79.132 - - [11/Jul/2026:16:28:11 -0400] "GET /grouping/creation/fbcrxp0bd5gq6qx.shtml HTTP/2" 200 32002 "-" "Mozilla/5.0 (Linux; Android 6.0.1; Nexus 5X Build/MMB29P) AppleWebKit/537.36 (KHTML, like Gecko) Chrome/150.0.7871.46 Mobile Safari/537.36 (compatible; Googlebot/2.1; +http://www.google.com/bot.html)"
79.127.152.35 - - [11/Jul/2026:16:29:15 -0400] "POST /index.php?option=com_sppagebuilder&task=asset.uploadCustomIcon HTTP/2" 500 550 "-" "Mozilla/5.0 (Macintosh; Intel Mac OS X 10_15_7) AppleWebKit/605.1.15 Version/16.1 Safari/605.1.15"
79.127.152.35 - - [11/Jul/2026:16:29:15 -0400] "POST /index.php?option=com_sppagebuilder&task=asset.uploadCustomIcon HTTP/2" 500 550 "-" "Mozilla/5.0 (Macintosh; Intel Mac OS X 10_15_7) AppleWebKit/605.1.15 Version/16.1 Safari/605.1.15"
146.190.98.216 - - [11/Jul/2026:16:35:57 -0400] "GET /templates/shaper_helix3/templateDetails.xml HTTP/2" 404 1251 "-" "Mozilla/5.0 (Windows NT 10.0; Win64; x64) AppleWebKit/537.36 (KHTML, like Gecko) Chrome/131.0.0.0 Safari/537.36"
146.190.98.216 - - [11/Jul/2026:16:35:58 -0400] "GET /administrator/ HTTP/2" 200 5202 "-" "Mozilla/5.0 (Windows NT 10.0; Win64; x64) AppleWebKit/537.36 (KHTML, like Gecko) Chrome/131.0.0.0 Safari/537.36"
66.249.79.136 - - [11/Jul/2026:16:37:00 -0400] "GET /aspect/batch/eaysvzmnbjmwkw3.shtml HTTP/2" 200 31561 "-" "Mozilla/5.0 (Linux; Android 6.0.1; Nexus 5X Build/MMB29P) AppleWebKit/537.36 (KHTML, like Gecko) Chrome/150.0.7871.46 Mobile Safari/537.36 (compatible; Googlebot/2.1; +http://www.google.com/bot.html)"
66.249.79.137 - - [11/Jul/2026:16:54:14 -0400] "GET /collection/offering/e6blk0zx0kzl3xg.shtml HTTP/2" 200 30319 "-" "Mozilla/5.0 (Linux; Android 6.0.1; Nexus 5X Build/MMB29P) AppleWebKit/537.36 (KHTML, like Gecko) Chrome/150.0.7871.46 Mobile Safari/537.36 (compatible; Googlebot/2.1; +http://www.google.com/bot.html)"
66.249.79.137 - - [11/Jul/2026:16:55:45 -0400] "GET /clade/goods/fz5qeutbu0ljq72.shtml HTTP/2" 200 32635 "-" "Mozilla/5.0 (Linux; Android 6.0.1; Nexus 5X Build/MMB29P) AppleWebKit/537.36 (KHTML, like Gecko) Chrome/150.0.7871.46 Mobile Safari/537.36 (compatible; Googlebot/2.1; +http://www.google.com/bot.html)"
66.249.79.130 - - [11/Jul/2026:17:16:30 -0400] "GET /continuum/tool/ebpsmqdr2adn1nu.shtml HTTP/2" 200 32386 "-" "Mozilla/5.0 (Linux; Android 6.0.1; Nexus 5X Build/MMB29P) AppleWebKit/537.36 (KHTML, like Gecko) Chrome/150.0.7871.46 Mobile Safari/537.36 (compatible; Googlebot/2.1; +http://www.google.com/bot.html)"
157.66.56.39 - - [11/Jul/2026:17:22:17 -0400] "POST /index.php?option=com_sppagebuilder&task=asset.uploadCustomIcon HTTP/2" 500 550 "-" "Mozilla/5.0 (X11; Linux x86_64) sppb-rce-poc"
157.66.56.39 - - [11/Jul/2026:17:22:18 -0400] "POST /index.php?option=com_sppagebuilder&task=asset.uploadCustomIcon HTTP/2" 500 550 "-" "Mozilla/5.0 (X11; Linux x86_64) sppb-rce-poc"
157.66.56.39 - - [11/Jul/2026:17:22:19 -0400] "POST /index.php?option=com_sppagebuilder&task=asset.uploadCustomIcon HTTP/2" 500 550 "-" "Mozilla/5.0 (X11; Linux x86_64) sppb-rce-poc"
157.66.56.39 - - [11/Jul/2026:17:22:19 -0400] "POST /index.php?option=com_sppagebuilder&task=asset.uploadCustomIcon HTTP/2" 500 550 "-" "Mozilla/5.0 (X11; Linux x86_64) sppb-rce-poc"
157.66.56.39 - - [11/Jul/2026:17:22:19 -0400] "POST /index.php?option=com_sppagebuilder&task=asset.uploadCustomIcon HTTP/2" 500 550 "-" "Mozilla/5.0 (X11; Linux x86_64) sppb-rce-poc"
157.66.56.39 - - [11/Jul/2026:17:22:20 -0400] "POST /index.php?option=com_sppagebuilder&task=asset.uploadCustomIcon HTTP/2" 500 550 "-" "Mozilla/5.0 (X11; Linux x86_64) sppb-rce-poc"
157.66.56.39 - - [11/Jul/2026:17:22:20 -0400] "POST /index.php?option=com_sppagebuilder&task=asset.uploadCustomIcon HTTP/2" 500 550 "-" "Mozilla/5.0 (X11; Linux x86_64) sppb-rce-poc"
157.66.56.39 - - [11/Jul/2026:17:22:21 -0400] "POST /index.php?option=com_sppagebuilder&task=asset.uploadCustomIcon HTTP/2" 500 550 "-" "Mozilla/5.0 (X11; Linux x86_64) sppb-rce-poc"
157.66.56.39 - - [11/Jul/2026:17:22:21 -0400] "POST /index.php?option=com_sppagebuilder&task=asset.uploadCustomIcon HTTP/2" 500 550 "-" "Mozilla/5.0 (X11; Linux x86_64) sppb-rce-poc"
157.66.56.39 - - [11/Jul/2026:17:22:22 -0400] "POST /index.php?option=com_sppagebuilder&task=asset.uploadCustomIcon HTTP/2" 500 550 "-" "Mozilla/5.0 (X11; Linux x86_64) sppb-rce-poc"
157.66.56.39 - - [11/Jul/2026:17:22:22 -0400] "POST /index.php?option=com_sppagebuilder&task=asset.uploadCustomIcon HTTP/2" 500 550 "-" "Mozilla/5.0 (X11; Linux x86_64) sppb-rce-poc"
157.66.56.39 - - [11/Jul/2026:17:22:22 -0400] "POST /index.php?option=com_sppagebuilder&task=asset.uploadCustomIcon HTTP/2" 500 550 "-" "Mozilla/5.0 (X11; Linux x86_64) sppb-rce-poc"
66.249.79.132 - - [11/Jul/2026:17:25:14 -0400] "GET /herd/portion/eq8yhxwqxhwipud.shtml HTTP/2" 200 33554 "-" "Mozilla/5.0 (Linux; Android 6.0.1; Nexus 5X Build/MMB29P) AppleWebKit/537.36 (KHTML, like Gecko) Chrome/150.0.7871.46 Mobile Safari/537.36 (compatible; Googlebot/2.1; +http://www.google.com/bot.html)"
146.190.98.216 - - [11/Jul/2026:17:37:39 -0400] "GET /templates/shaper_helix3/templateDetails.xml HTTP/2" 404 1251 "-" "Mozilla/5.0 (Windows NT 10.0; Win64; x64) AppleWebKit/537.36 (KHTML, like Gecko) Chrome/131.0.0.0 Safari/537.36"
146.190.98.216 - - [11/Jul/2026:17:37:39 -0400] "GET /administrator/ HTTP/2" 200 5207 "-" "Mozilla/5.0 (Windows NT 10.0; Win64; x64) AppleWebKit/537.36 (KHTML, like Gecko) Chrome/131.0.0.0 Safari/537.36"
66.249.79.131 - - [11/Jul/2026:17:43:59 -0400] "GET /characteristic/issue/e11qy2pmempzgz6.shtml HTTP/2" 200 32010 "-" "Mozilla/5.0 (Linux; Android 6.0.1; Nexus 5X Build/MMB29P) AppleWebKit/537.36 (KHTML, like Gecko) Chrome/150.0.7871.46 Mobile Safari/537.36 (compatible; Googlebot/2.1; +http://www.google.com/bot.html)"
66.249.79.132 - - [11/Jul/2026:17:46:00 -0400] "GET /department/line/ek7848veksv505c.shtml HTTP/2" 200 35806 "-" "Mozilla/5.0 (Linux; Android 6.0.1; Nexus 5X Build/MMB29P) AppleWebKit/537.36 (KHTML, like Gecko) Chrome/150.0.7871.46 Mobile Safari/537.36 (compatible; Googlebot/2.1; +http://www.google.com/bot.html)"
66.249.79.130 - - [11/Jul/2026:17:46:00 -0400] "GET /index.php/services/wellbeing HTTP/2" 200 32344 "-" "Mozilla/5.0 (Linux; Android 6.0.1; Nexus 5X Build/MMB29P) AppleWebKit/537.36 (KHTML, like Gecko) Chrome/150.0.7871.46 Mobile Safari/537.36 (compatible; Googlebot/2.1; +http://www.google.com/bot.html)"
66.249.79.137 - - [11/Jul/2026:18:06:19 -0400] "GET /status/article/eulq6y92mi97ivq.shtml HTTP/2" 200 30458 "-" "Mozilla/5.0 (Linux; Android 6.0.1; Nexus 5X Build/MMB29P) AppleWebKit/537.36 (KHTML, like Gecko) Chrome/150.0.7871.46 Mobile Safari/537.36 (compatible; Googlebot/2.1; +http://www.google.com/bot.html)"
66.249.79.137 - - [11/Jul/2026:18:11:20 -0400] "GET /framework/example/eu9iumxda6xvtje.shtml HTTP/2" 200 31307 "-" "Mozilla/5.0 (Linux; Android 6.0.1; Nexus 5X Build/MMB29P) AppleWebKit/537.36 (KHTML, like Gecko) Chrome/150.0.7871.46 Mobile Safari/537.36 (compatible; Googlebot/2.1; +http://www.google.com/bot.html)"
66.249.79.137 - - [11/Jul/2026:18:24:20 -0400] "GET /demographic/result/db6irju973usvgb.shtml HTTP/2" 200 32702 "-" "Mozilla/5.0 (Linux; Android 6.0.1; Nexus 5X Build/MMB29P) AppleWebKit/537.36 (KHTML, like Gecko) Chrome/150.0.7871.46 Mobile Safari/537.36 (compatible; Googlebot/2.1; +http://www.google.com/bot.html)"
66.249.79.130 - - [11/Jul/2026:18:59:20 -0400] "GET /lot/freight/eq1hy2pkempzoz6.shtml HTTP/2" 200 31512 "-" "Mozilla/5.0 (Linux; Android 6.0.1; Nexus 5X Build/MMB29P) AppleWebKit/537.36 (KHTML, like Gecko) Chrome/150.0.7871.46 Mobile Safari/537.36 (compatible; Googlebot/2.1; +http://www.google.com/bot.html)"
66.249.79.130 - - [11/Jul/2026:19:00:20 -0400] "GET /stratum/trait/f9qvzfebfb64usn.shtml HTTP/2" 200 30290 "-" "Mozilla/5.0 (Linux; Android 6.0.1; Nexus 5X Build/MMB29P) AppleWebKit/537.36 (KHTML, like Gecko) Chrome/150.0.7871.46 Mobile Safari/537.36 (compatible; Googlebot/2.1; +http://www.google.com/bot.html)"
66.249.79.132 - - [11/Jul/2026:19:09:21 -0400] "GET /index.php/services/soul-food-app HTTP/2" 200 30295 "-" "Mozilla/5.0 (Linux; Android 6.0.1; Nexus 5X Build/MMB29P) AppleWebKit/537.36 (KHTML, like Gecko) Chrome/150.0.7871.46 Mobile Safari/537.36 (compatible; Googlebot/2.1; +http://www.google.com/bot.html)"
66.249.79.130 - - [11/Jul/2026:19:03:21 -0400] "GET /hierarchy/pattern/f0nowcbbc5313pk.shtml HTTP/2" 200 30467 "-" "Mozilla/5.0 (Linux; Android 6.0.1; Nexus 5X Build/MMB29P) AppleWebKit/537.36 (KHTML, like Gecko) Chrome/150.0.7871.46 Mobile Safari/537.36 (compatible; Googlebot/2.1; +http://www.google.com/bot.html)"
66.249.79.137 - - [11/Jul/2026:19:21:11 -0400] "GET /module/model/e2srptg35dgqaqx.shtml HTTP/2" 200 30597 "-" "Mozilla/5.0 (Linux; Android 6.0.1; Nexus 5X Build/MMB29P) AppleWebKit/537.36 (KHTML, like Gecko) Chrome/150.0.7871.46 Mobile Safari/537.36 (compatible; Googlebot/2.1; +http://www.google.com/bot.html)"
66.249.79.137 - - [11/Jul/2026:19:24:12 -0400] "GET /order/build/ez9iumxea6xvkje.shtml HTTP/2" 200 32405 "-" "Mozilla/5.0 (Linux; Android 6.0.1; Nexus 5X Build/MMB29P) AppleWebKit/537.36 (KHTML, like Gecko) Chrome/150.0.7871.46 Mobile Safari/537.36 (compatible; Googlebot/2.1; +http://www.google.com/bot.html)"
43.173.178.194 - - [11/Jul/2026:19:31:42 -0400] "GET /templates/system/css/system.css HTTP/2" 404 1251 "https://en.hrpsychology.gr/index.php/services/on-site" "Mozilla/5.0 (Windows NT 10.0; Win64; x64) AppleWebKit/537.36 (KHTML, like Gecko) Chrome/104.0.5112.81 Safari/537.36"
66.249.79.131 - - [11/Jul/2026:19:30:46 -0400] "GET /index.php/company/our-team/cv-ioanna-souchla HTTP/2" 200 33297 "-" "Mozilla/5.0 (Linux; Android 6.0.1; Nexus 5X Build/MMB29P) AppleWebKit/537.36 (KHTML, like Gecko) Chrome/150.0.7871.46 Mobile Safari/537.36 (compatible; Googlebot/2.1; +http://www.google.com/bot.html)"
43.173.179.101 - - [11/Jul/2026:19:31:41 -0400] "GET /index.php/services/on-site HTTP/2" 200 10489 "-" "Mozilla/5.0 (Windows NT 10.0; Win64; x64) AppleWebKit/537.36 (KHTML, like Gecko) Chrome/104.0.5112.81 Safari/537.36"
66.249.79.131 - - [11/Jul/2026:19:43:47 -0400] "GET /ambit/edition/edket98m9t8un6p.shtml HTTP/2" 200 31850 "-" "Mozilla/5.0 (Linux; Android 6.0.1; Nexus 5X Build/MMB29P) AppleWebKit/537.36 (KHTML, like Gecko) Chrome/150.0.7871.46 Mobile Safari/537.36 (compatible; Googlebot/2.1; +http://www.google.com/bot.html)"
66.249.79.132 - - [11/Jul/2026:19:41:47 -0400] "GET /department/chattel/ecg9dh4lt14e8el.shtml HTTP/2" 200 35521 "-" "Mozilla/5.0 (Linux; Android 6.0.1; Nexus 5X Build/MMB29P) AppleWebKit/537.36 (KHTML, like Gecko) Chrome/150.0.7871.46 Mobile Safari/537.36 (compatible; Googlebot/2.1; +http://www.google.com/bot.html)"
66.249.79.130 - - [11/Jul/2026:19:43:49 -0400] "GET /unit/category/edg5dh4ht14eeel.shtml HTTP/2" 200 31075 "-" "Mozilla/5.0 (Linux; Android 6.0.1; Nexus 5X Build/MMB29P) AppleWebKit/537.36 (KHTML, like Gecko) Chrome/150.0.7871.46 Mobile Safari/537.36 (compatible; Googlebot/2.1; +http://www.google.com/bot.html)"
40.77.167.75 - - [11/Jul/2026:20:06:24 -0400] "GET /index.php/articles/nutrition/81-antioxidants HTTP/2" 404 8593 "-" "Mozilla/5.0 AppleWebKit/537.36 (KHTML, like Gecko; compatible; bingbot/2.0; +http://www.bing.com/bingbot.htm) Chrome/116.0.1938.76 Safari/537.36"
2605:7980:0:644a::1 - - [11/Jul/2026:20:16:12 -0400] "GET /.git/config HTTP/2" 403 1242 "-" "Mozilla/5.0 (X11; Linux x86_64)"
66.249.79.138 - - [11/Jul/2026:20:09:49 -0400] "GET /robots.txt HTTP/2" 304 0 "-" "Mozilla/5.0 (compatible; Googlebot/2.1; +http://www.google.com/bot.html)"
66.249.79.137 - - [11/Jul/2026:20:09:49 -0400] "GET /taxonomy/bundle/eu3logrj40rptd8.shtml HTTP/2" 200 32405 "-" "Mozilla/5.0 (Linux; Android 6.0.1; Nexus 5X Build/MMB29P) AppleWebKit/537.36 (KHTML, like Gecko) Chrome/150.0.7871.46 Mobile Safari/537.36 (compatible; Googlebot/2.1; +http://www.google.com/bot.html)"
66.249.79.137 - - [11/Jul/2026:20:26:21 -0400] "GET /graph/edition/f6uwf7ibvly8y8f.shtml HTTP/2" 200 30409 "-" "Mozilla/5.0 (Linux; Android 6.0.1; Nexus 5X Build/MMB29P) AppleWebKit/537.36 (KHTML, like Gecko) Chrome/150.0.7871.46 Mobile Safari/537.36 (compatible; Googlebot/2.1; +http://www.google.com/bot.html)"
66.249.79.132 - - [11/Jul/2026:20:34:49 -0400] "GET /herd/consequence/fw4s15sbhuwidud.shtml HTTP/2" 200 29458 "-" "Mozilla/5.0 (Linux; Android 6.0.1; Nexus 5X Build/MMB29P) AppleWebKit/537.36 (KHTML, like Gecko) Chrome/150.0.7871.46 Mobile Safari/537.36 (compatible; Googlebot/2.1; +http://www.google.com/bot.html)"
66.249.79.130 - - [11/Jul/2026:21:02:22 -0400] "GET / HTTP/2" 200 31157 "-" "Mozilla/5.0 (Linux; Android 6.0.1; Nexus 5X Build/MMB29P) AppleWebKit/537.36 (KHTML, like Gecko) Chrome/150.0.7871.46 Mobile Safari/537.36 (compatible; Googlebot/2.1; +http://www.google.com/bot.html)"
66.249.79.131 - - [11/Jul/2026:21:02:23 -0400] "GET /genus/issue/epbxk0z90kzlpxg.shtml HTTP/2" 200 30328 "-" "Mozilla/5.0 (Linux; Android 6.0.1; Nexus 5X Build/MMB29P) AppleWebKit/537.36 (KHTML, like Gecko) Chrome/150.0.7871.46 Mobile Safari/537.36 (compatible; Googlebot/2.1; +http://www.google.com/bot.html)"
66.249.79.136 - - [11/Jul/2026:21:29:22 -0400] "GET /rubric/shipment/efv5swjw8gjtst0.shtml HTTP/2" 200 30317 "-" "Mozilla/5.0 (Linux; Android 6.0.1; Nexus 5X Build/MMB29P) AppleWebKit/537.36 (KHTML, like Gecko) Chrome/150.0.7871.46 Mobile Safari/537.36 (compatible; Googlebot/2.1; +http://www.google.com/bot.html)"
66.249.79.138 - - [11/Jul/2026:21:17:25 -0400] "GET /index.php/articles/nutrition HTTP/2" 200 31199 "-" "Mozilla/5.0 (Linux; Android 6.0.1; Nexus 5X Build/MMB29P) AppleWebKit/537.36 (KHTML, like Gecko) Chrome/150.0.7871.46 Mobile Safari/537.36 (compatible; Googlebot/2.1; +http://www.google.com/bot.html)"
43.173.182.240 - - [11/Jul/2026:21:37:59 -0400] "GET /index.php/articles/mental-health/49-why-do-fears-come-true-self-fulfilling-prophecy HTTP/2" 200 9673 "-" "Mozilla/5.0 (Windows NT 10.0; Win64; x64) AppleWebKit/537.36 (KHTML, like Gecko) Chrome/106.0.5249.119 Safari/537.36"
66.249.79.132 - - [11/Jul/2026:21:48:27 -0400] "GET /index.php/services/seminars HTTP/2" 200 30079 "-" "Mozilla/5.0 (Linux; Android 6.0.1; Nexus 5X Build/MMB29P) AppleWebKit/537.36 (KHTML, like Gecko) Chrome/150.0.7871.46 Mobile Safari/537.36 (compatible; Googlebot/2.1; +http://www.google.com/bot.html)"
66.249.79.131 - - [11/Jul/2026:21:48:27 -0400] "GET /variety/piece/efs9ptg75dgqcqx.shtml HTTP/2" 200 30001 "-" "Mozilla/5.0 (Linux; Android 6.0.1; Nexus 5X Build/MMB29P) AppleWebKit/537.36 (KHTML, like Gecko) Chrome/150.0.7871.46 Mobile Safari/537.36 (compatible; Googlebot/2.1; +http://www.google.com/bot.html)"
43.173.176.200 - - [11/Jul/2026:21:38:02 -0400] "GET /templates/system/css/system.css HTTP/2" 404 1251 "https://en.hrpsychology.gr/index.php/articles/mental-health/49-why-do-fears-come-true-self-fulfilling-prophecy" "Mozilla/5.0 (Windows NT 10.0; Win64; x64) AppleWebKit/537.36 (KHTML, like Gecko) Chrome/106.0.5249.119 Safari/537.36"
66.249.79.138 - - [11/Jul/2026:21:33:23 -0400] "GET /index.php/articles/mental-health/75-by-reducing-time-on-social-media-we-can-improve-health HTTP/2" 200 30628 "-" "Mozilla/5.0 (Linux; Android 6.0.1; Nexus 5X Build/MMB29P) AppleWebKit/537.36 (KHTML, like Gecko) Chrome/150.0.7871.46 Mobile Safari/537.36 (compatible; Googlebot/2.1; +http://www.google.com/bot.html)"
104.210.140.129 - - [11/Jul/2026:21:41:37 -0400] "GET /robots.txt HTTP/2" 304 0 "-" "Mozilla/5.0 (Macintosh; Intel Mac OS X 10_15_7) AppleWebKit/537.36 (KHTML, like Gecko) Chrome/131.0.0.0 Safari/537.36; compatible; OAI-SearchBot/1.0; +https://openai.com/searchbot"
66.249.79.132 - - [11/Jul/2026:21:50:11 -0400] "GET /establishment/gear/ebkjt98f9t8uw6p.shtml HTTP/2" 200 32079 "-" "Mozilla/5.0 (Linux; Android 6.0.1; Nexus 5X Build/MMB29P) AppleWebKit/537.36 (KHTML, like Gecko) Chrome/150.0.7871.46 Mobile Safari/537.36 (compatible; Googlebot/2.1; +http://www.google.com/bot.html)"
66.249.79.131 - - [11/Jul/2026:21:50:12 -0400] "GET /swarm/deliverable/ew5feut6uetfera.shtml HTTP/2" 200 29724 "-" "Mozilla/5.0 (Linux; Android 6.0.1; Nexus 5X Build/MMB29P) AppleWebKit/537.36 (KHTML, like Gecko) Chrome/150.0.7871.46 Mobile Safari/537.36 (compatible; Googlebot/2.1; +http://www.google.com/bot.html)"
66.249.79.130 - - [11/Jul/2026:22:03:27 -0400] "GET /index.php/company/our-team/cv-melina-stoupa HTTP/2" 200 29752 "-" "Mozilla/5.0 (Linux; Android 6.0.1; Nexus 5X Build/MMB29P) AppleWebKit/537.36 (KHTML, like Gecko) Chrome/150.0.7871.46 Mobile Safari/537.36 (compatible; Googlebot/2.1; +http://www.google.com/bot.html)"
43.173.176.168 - - [11/Jul/2026:22:31:43 -0400] "GET /?rCH=2 HTTP/2" 301 0 "-" "Mozilla/5.0 (Windows NT 10.0; Win64; x64) AppleWebKit/537.36 (KHTML, like Gecko) Chrome/106.0.5249.119 Safari/537.36"
66.249.79.130 - - [11/Jul/2026:22:38:24 -0400] "GET /bracket/piece/e7gfdh4gt14e1el.shtml HTTP/2" 200 31452 "-" "Mozilla/5.0 (Linux; Android 6.0.1; Nexus 5X Build/MMB29P) AppleWebKit/537.36 (KHTML, like Gecko) Chrome/150.0.7871.46 Mobile Safari/537.36 (compatible; Googlebot/2.1; +http://www.google.com/bot.html)"
43.173.179.121 - - [11/Jul/2026:22:31:46 -0400] "GET /templates/system/css/system.css HTTP/2" 404 1251 "https://en.hrpsychology.gr/" "Mozilla/5.0 (Windows NT 10.0; Win64; x64) AppleWebKit/537.36 (KHTML, like Gecko) Chrome/106.0.5249.119 Safari/537.36"
66.249.79.131 - - [11/Jul/2026:22:32:23 -0400] "GET /design/instrument/e6brk0ze0kzl8xg.shtml HTTP/2" 200 32364 "-" "Mozilla/5.0 (Linux; Android 6.0.1; Nexus 5X Build/MMB29P) AppleWebKit/537.36 (KHTML, like Gecko) Chrome/150.0.7871.46 Mobile Safari/537.36 (compatible; Googlebot/2.1; +http://www.google.com/bot.html)"
66.249.79.132 - - [11/Jul/2026:22:23:22 -0400] "GET /component/concept/ezktt98o9t8uh6p.shtml HTTP/2" 200 31485 "-" "Mozilla/5.0 (Linux; Android 6.0.1; Nexus 5X Build/MMB29P) AppleWebKit/537.36 (KHTML, like Gecko) Chrome/150.0.7871.46 Mobile Safari/537.36 (compatible; Googlebot/2.1; +http://www.google.com/bot.html)"
43.173.180.104 - - [11/Jul/2026:22:31:44 -0400] "GET / HTTP/2" 200 17164 "-" "Mozilla/5.0 (Windows NT 10.0; Win64; x64) AppleWebKit/537.36 (KHTML, like Gecko) Chrome/106.0.5249.119 Safari/537.36"
66.249.79.132 - - [11/Jul/2026:22:41:25 -0400] "GET /demographic/load/dqlv6y9emi97rvq.shtml HTTP/2" 200 33088 "-" "Mozilla/5.0 (Linux; Android 6.0.1; Nexus 5X Build/MMB29P) AppleWebKit/537.36 (KHTML, like Gecko) Chrome/150.0.7871.46 Mobile Safari/537.36 (compatible; Googlebot/2.1; +http://www.google.com/bot.html)"
66.249.79.137 - - [11/Jul/2026:22:51:28 -0400] "GET /bracket/instance/ejx8ial9yuljb72.shtml HTTP/2" 200 30244 "-" "Mozilla/5.0 (Linux; Android 6.0.1; Nexus 5X Build/MMB29P) AppleWebKit/537.36 (KHTML, like Gecko) Chrome/150.0.7871.46 Mobile Safari/537.36 (compatible; Googlebot/2.1; +http://www.google.com/bot.html)"
66.249.79.137 - - [11/Jul/2026:22:52:29 -0400] "GET /roster/lot/e5nlwcbucwbx29s.shtml HTTP/2" 200 33295 "-" "Mozilla/5.0 (Linux; Android 6.0.1; Nexus 5X Build/MMB29P) AppleWebKit/537.36 (KHTML, like Gecko) Chrome/150.0.7871.46 Mobile Safari/537.36 (compatible; Googlebot/2.1; +http://www.google.com/bot.html)"
157.66.56.39 - - [11/Jul/2026:22:53:03 -0400] "POST /index.php?option=com_sppagebuilder&task=asset.uploadCustomIcon HTTP/2" 500 550 "-" "Mozilla/5.0 (X11; Linux x86_64) sppb-rce-poc"
157.66.56.39 - - [11/Jul/2026:22:53:04 -0400] "POST /index.php?option=com_sppagebuilder&task=asset.uploadCustomIcon HTTP/2" 500 550 "-" "Mozilla/5.0 (X11; Linux x86_64) sppb-rce-poc"
157.66.56.39 - - [11/Jul/2026:22:53:05 -0400] "POST /index.php?option=com_sppagebuilder&task=asset.uploadCustomIcon HTTP/2" 500 550 "-" "Mozilla/5.0 (X11; Linux x86_64) sppb-rce-poc"
157.66.56.39 - - [11/Jul/2026:22:53:06 -0400] "POST /index.php?option=com_sppagebuilder&task=asset.uploadCustomIcon HTTP/2" 500 550 "-" "Mozilla/5.0 (X11; Linux x86_64) sppb-rce-poc"
157.66.56.39 - - [11/Jul/2026:22:53:08 -0400] "POST /index.php?option=com_sppagebuilder&task=asset.uploadCustomIcon HTTP/2" 500 550 "-" "Mozilla/5.0 (X11; Linux x86_64) sppb-rce-poc"
157.66.56.39 - - [11/Jul/2026:22:53:09 -0400] "POST /index.php?option=com_sppagebuilder&task=asset.uploadCustomIcon HTTP/2" 500 550 "-" "Mozilla/5.0 (X11; Linux x86_64) sppb-rce-poc"
157.66.56.39 - - [11/Jul/2026:22:53:10 -0400] "POST /index.php?option=com_sppagebuilder&task=asset.uploadCustomIcon HTTP/2" 500 550 "-" "Mozilla/5.0 (X11; Linux x86_64) sppb-rce-poc"
157.66.56.39 - - [11/Jul/2026:22:53:10 -0400] "POST /index.php?option=com_sppagebuilder&task=asset.uploadCustomIcon HTTP/2" 500 550 "-" "Mozilla/5.0 (X11; Linux x86_64) sppb-rce-poc"
157.66.56.39 - - [11/Jul/2026:22:53:11 -0400] "POST /index.php?option=com_sppagebuilder&task=asset.uploadCustomIcon HTTP/2" 500 550 "-" "Mozilla/5.0 (X11; Linux x86_64) sppb-rce-poc"
157.66.56.39 - - [11/Jul/2026:22:53:11 -0400] "POST /index.php?option=com_sppagebuilder&task=asset.uploadCustomIcon HTTP/2" 500 550 "-" "Mozilla/5.0 (X11; Linux x86_64) sppb-rce-poc"
157.66.56.39 - - [11/Jul/2026:22:53:12 -0400] "POST /index.php?option=com_sppagebuilder&task=asset.uploadCustomIcon HTTP/2" 500 550 "-" "Mozilla/5.0 (X11; Linux x86_64) sppb-rce-poc"
157.66.56.39 - - [11/Jul/2026:22:53:12 -0400] "POST /index.php?option=com_sppagebuilder&task=asset.uploadCustomIcon HTTP/2" 500 550 "-" "Mozilla/5.0 (X11; Linux x86_64) sppb-rce-poc"
66.249.79.137 - - [11/Jul/2026:22:46:27 -0400] "GET /pw/ HTTP/2" 200 30998 "-" "Mozilla/5.0 (Linux; Android 6.0.1; Nexus 5X Build/MMB29P) AppleWebKit/537.36 (KHTML, like Gecko) Chrome/150.0.7871.46 Mobile Safari/537.36 (compatible; Googlebot/2.1; +http://www.google.com/bot.html)"
141.11.88.254 - - [11/Jul/2026:23:01:16 -0400] "GET / HTTP/2" 200 18583 "-" "Mozilla/5.0 (X11; Linux x86_64) AppleWebKit/537.36"
66.249.79.137 - - [11/Jul/2026:23:17:27 -0400] "GET /characteristic/mechanism/e9aq7byrnvy8q8f.shtml HTTP/2" 200 31979 "-" "Mozilla/5.0 (Linux; Android 6.0.1; Nexus 5X Build/MMB29P) AppleWebKit/537.36 (KHTML, like Gecko) Chrome/150.0.7871.46 Mobile Safari/537.36 (compatible; Googlebot/2.1; +http://www.google.com/bot.html)"
154.19.37.43 - - [11/Jul/2026:23:19:01 -0400] "GET /plugins/system/jce/css/content.css HTTP/2" 404 1251 "-" "Mozilla/5.0 (Windows NT 10.0; Win64; x64) AppleWebKit/537.36"
154.19.37.43 - - [11/Jul/2026:23:18:58 -0400] "GET /plugins/editors/jce/jce.xml HTTP/2" 404 1251 "-" "Mozilla/5.0 (Windows NT 10.0; Win64; x64) AppleWebKit/537.36"
154.19.37.43 - - [11/Jul/2026:23:18:59 -0400] "GET /administrator/components/com_jce/jce.xml HTTP/2" 200 5210 "-" "Mozilla/5.0 (Windows NT 10.0; Win64; x64) AppleWebKit/537.36"
154.19.37.43 - - [11/Jul/2026:23:19:00 -0400] "GET /plugins/system/jcemediabox/js/jcemediabox.js HTTP/2" 404 1251 "-" "Mozilla/5.0 (Windows NT 10.0; Win64; x64) AppleWebKit/537.36"
185.191.171.10 - - [11/Jul/2026:23:45:19 -0400] "GET /index.php HTTP/2" 404 18619 "-" "Mozilla/5.0 (compatible; SemrushBot/7~bl; +http://www.semrush.com/bot.html)"
185.191.171.13 - - [11/Jul/2026:23:45:19 -0400] "GET /robots.txt HTTP/2" 304 0 "-" "Mozilla/5.0 (compatible; SemrushBot/7~bl; +http://www.semrush.com/bot.html)"
66.249.79.137 - - [11/Jul/2026:23:48:27 -0400] "GET /model/supply/e47y48vjksv5p5c.shtml HTTP/2" 200 43266 "-" "Mozilla/5.0 (Linux; Android 6.0.1; Nexus 5X Build/MMB29P) AppleWebKit/537.36 (KHTML, like Gecko) Chrome/150.0.7871.46 Mobile Safari/537.36 (compatible; Googlebot/2.1; +http://www.google.com/bot.html)"
66.249.79.137 - - [11/Jul/2026:23:48:26 -0400] "GET /pack/composition/e7hjq65j6q5r53m.shtml HTTP/2" 200 32014 "-" "Mozilla/5.0 (Linux; Android 6.0.1; Nexus 5X Build/MMB29P) AppleWebKit/537.36 (KHTML, like Gecko) Chrome/150.0.7871.46 Mobile Safari/537.36 (compatible; Googlebot/2.1; +http://www.google.com/bot.html)"
66.249.79.136 - - [11/Jul/2026:23:48:27 -0400] "GET /stratum/inventory/evk9t98j9t8u86p.shtml HTTP/2" 200 32335 "-" "Mozilla/5.0 (Linux; Android 6.0.1; Nexus 5X Build/MMB29P) AppleWebKit/537.36 (KHTML, like Gecko) Chrome/150.0.7871.46 Mobile Safari/537.36 (compatible; Googlebot/2.1; +http://www.google.com/bot.html)"
66.249.79.137 - - [11/Jul/2026:23:56:26 -0400] "GET /ambit/label/e1u9f7isvrigr4z.shtml HTTP/2" 200 32874 "-" "Mozilla/5.0 (Linux; Android 6.0.1; Nexus 5X Build/MMB29P) AppleWebKit/537.36 (KHTML, like Gecko) Chrome/150.0.7871.46 Mobile Safari/537.36 (compatible; Googlebot/2.1; +http://www.google.com/bot.html)"
66.249.79.137 - - [12/Jul/2026:00:04:29 -0400] "GET /attribute/publication/d07i48vfksv525c.shtml HTTP/2" 200 33258 "-" "Mozilla/5.0 (Linux; Android 6.0.1; Nexus 5X Build/MMB29P) AppleWebKit/537.36 (KHTML, like Gecko) Chrome/150.0.7871.46 Mobile Safari/537.36 (compatible; Googlebot/2.1; +http://www.google.com/bot.html)"
66.249.79.136 - - [12/Jul/2026:00:26:56 -0400] "GET /robots.txt HTTP/2" 304 0 "-" "Mozilla/5.0 (compatible; Googlebot/2.1; +http://www.google.com/bot.html)"
66.249.79.137 - - [12/Jul/2026:00:26:57 -0400] "GET /property/attachment/ebvuswjr8gjtjt0.shtml HTTP/2" 200 32349 "-" "Mozilla/5.0 (Linux; Android 6.0.1; Nexus 5X Build/MMB29P) AppleWebKit/537.36 (KHTML, like Gecko) Chrome/150.0.7871.46 Mobile Safari/537.36 (compatible; Googlebot/2.1; +http://www.google.com/bot.html)"
66.249.79.138 - - [12/Jul/2026:00:28:58 -0400] "GET /province/apparatus/etulf7i7vrigy4z.shtml HTTP/2" 200 30058 "-" "Mozilla/5.0 (Linux; Android 6.0.1; Nexus 5X Build/MMB29P) AppleWebKit/537.36 (KHTML, like Gecko) Chrome/150.0.7871.46 Mobile Safari/537.36 (compatible; Googlebot/2.1; +http://www.google.com/bot.html)"
66.249.79.136 - - [12/Jul/2026:00:29:59 -0400] "GET /colony/design/e4c7xp0qd90y1mh.shtml HTTP/2" 200 32550 "-" "Mozilla/5.0 (Linux; Android 6.0.1; Nexus 5X Build/MMB29P) AppleWebKit/537.36 (KHTML, like Gecko) Chrome/150.0.7871.46 Mobile Safari/537.36 (compatible; Googlebot/2.1; +http://www.google.com/bot.html)"
141.11.88.254 - - [12/Jul/2026:00:38:07 -0400] "POST /index.php?option=com_sppagebuilder&task=asset.uploadCustomIcon HTTP/2" 500 550 "-" "Mozilla/5.0 (X11; Linux x86_64) AppleWebKit/537.36"
141.11.88.254 - - [12/Jul/2026:00:38:07 -0400] "POST /index.php?option=com_sppagebuilder&task=asset.uploadCustomIcon HTTP/2" 500 550 "-" "Mozilla/5.0 (X11; Linux x86_64) AppleWebKit/537.36"
141.11.88.254 - - [12/Jul/2026:00:38:08 -0400] "POST /index.php?option=com_sppagebuilder&task=asset.uploadCustomIcon HTTP/2" 500 550 "-" "Mozilla/5.0 (X11; Linux x86_64) AppleWebKit/537.36"
141.11.88.254 - - [12/Jul/2026:00:38:08 -0400] "POST /index.php?option=com_sppagebuilder&task=asset.uploadCustomIcon HTTP/2" 500 550 "-" "Mozilla/5.0 (X11; Linux x86_64) AppleWebKit/537.36"
141.11.88.254 - - [12/Jul/2026:00:38:09 -0400] "POST /index.php?option=com_sppagebuilder&task=asset.uploadCustomIcon HTTP/2" 500 550 "-" "Mozilla/5.0 (X11; Linux x86_64) AppleWebKit/537.36"
141.11.88.254 - - [12/Jul/2026:00:38:09 -0400] "POST /index.php?option=com_sppagebuilder&task=asset.uploadCustomIcon HTTP/2" 500 550 "-" "Mozilla/5.0 (X11; Linux x86_64) AppleWebKit/537.36"
141.11.88.254 - - [12/Jul/2026:00:38:10 -0400] "POST /index.php?option=com_sppagebuilder&task=asset.uploadCustomIcon HTTP/2" 500 550 "-" "Mozilla/5.0 (X11; Linux x86_64) AppleWebKit/537.36"
66.249.79.136 - - [12/Jul/2026:00:36:27 -0400] "GET /colony/craft/e0kot98n9t8u26p.shtml HTTP/2" 200 31348 "-" "Mozilla/5.0 (Linux; Android 6.0.1; Nexus 5X Build/MMB29P) AppleWebKit/537.36 (KHTML, like Gecko) Chrome/150.0.7871.46 Mobile Safari/537.36 (compatible; Googlebot/2.1; +http://www.google.com/bot.html)"
141.11.88.254 - - [12/Jul/2026:00:38:06 -0400] "GET / HTTP/2" 200 18583 "-" "Mozilla/5.0 (X11; Linux x86_64) AppleWebKit/537.36"
141.11.88.254 - - [12/Jul/2026:00:38:06 -0400] "POST /index.php?option=com_sppagebuilder&task=asset.uploadCustomIcon HTTP/2" 500 550 "-" "Mozilla/5.0 (X11; Linux x86_64) AppleWebKit/537.36"
141.11.88.254 - - [12/Jul/2026:00:38:07 -0400] "POST /index.php?option=com_sppagebuilder&task=asset.uploadCustomIcon HTTP/2" 500 550 "-" "Mozilla/5.0 (X11; Linux x86_64) AppleWebKit/537.36"
141.11.88.254 - - [12/Jul/2026:00:38:07 -0400] "POST /index.php?option=com_sppagebuilder&task=asset.uploadCustomIcon HTTP/2" 500 550 "-" "Mozilla/5.0 (X11; Linux x86_64) AppleWebKit/537.36"
141.11.88.254 - - [12/Jul/2026:00:38:08 -0400] "POST /index.php?option=com_sppagebuilder&task=asset.uploadCustomIcon HTTP/2" 500 550 "-" "Mozilla/5.0 (X11; Linux x86_64) AppleWebKit/537.36"
141.11.88.254 - - [12/Jul/2026:00:38:08 -0400] "POST /index.php?option=com_sppagebuilder&task=asset.uploadCustomIcon HTTP/2" 500 550 "-" "Mozilla/5.0 (X11; Linux x86_64) AppleWebKit/537.36"
141.11.88.254 - - [12/Jul/2026:00:38:09 -0400] "POST /index.php?option=com_sppagebuilder&task=asset.uploadCustomIcon HTTP/2" 500 550 "-" "Mozilla/5.0 (X11; Linux x86_64) AppleWebKit/537.36"
141.11.88.254 - - [12/Jul/2026:00:38:09 -0400] "POST /index.php?option=com_sppagebuilder&task=asset.uploadCustomIcon HTTP/2" 500 550 "-" "Mozilla/5.0 (X11; Linux x86_64) AppleWebKit/537.36"
141.11.88.254 - - [12/Jul/2026:00:38:10 -0400] "POST /index.php?option=com_sppagebuilder&task=asset.uploadCustomIcon HTTP/2" 500 550 "-" "Mozilla/5.0 (X11; Linux x86_64) AppleWebKit/537.36"
66.249.79.137 - - [12/Jul/2026:00:41:59 -0400] "GET /schema/mechanism/e9w65lk6l5k6ri1.shtml HTTP/2" 200 31351 "-" "Mozilla/5.0 (Linux; Android 6.0.1; Nexus 5X Build/MMB29P) AppleWebKit/537.36 (KHTML, like Gecko) Chrome/150.0.7871.46 Mobile Safari/537.36 (compatible; Googlebot/2.1; +http://www.google.com/bot.html)"
/home/hrpsychology/public_html/soulfood.gr/old_!/../../../access-logs/en.hrpsychology.gr-ssl_log