66.249.75.5 - - [10/Jul/2026:14:47:56 -0400] "GET /?goods/227016200 HTTP/2" 200 29164 "-" "Mozilla/5.0 (Linux; Android 6.0.1; Nexus 5X Build/MMB29P) AppleWebKit/537.36 (KHTML, like Gecko) Chrome/150.0.7871.46 Mobile Safari/537.36 (compatible; Googlebot/2.1; +http://www.google.com/bot.html)"
66.249.75.4 - - [10/Jul/2026:14:48:57 -0400] "GET /collection/bundle/fb4015sbhiwivud.htm HTTP/2" 200 30417 "-" "Mozilla/5.0 (Linux; Android 6.0.1; Nexus 5X Build/MMB29P) AppleWebKit/537.36 (KHTML, like Gecko) Chrome/150.0.7871.46 Mobile Safari/537.36 (compatible; Googlebot/2.1; +http://www.google.com/bot.html)"
47.128.114.164 - - [10/Jul/2026:14:53:05 -0400] "GET /hub-%CE%B4%CE%B9%CE%B1%CF%84%CF%81%CE%BF%CF%86%CE%BF%CE%BB%CE%BF%CE%B3%CE%B9%CE%B1 HTTP/2" 404 0 "-" "Mozilla/5.0 (Linux; Android 5.0) AppleWebKit/537.36 (KHTML, like Gecko) Mobile Safari/537.36 (compatible; Bytespider; spider-feedback@bytedance.com)"
216.73.216.124 - - [10/Jul/2026:14:53:10 -0400] "GET /kotsovolos HTTP/2" 404 14495 "-" "Mozilla/5.0 AppleWebKit/537.36 (KHTML, like Gecko; compatible; ClaudeBot/1.0; +claudebot@anthropic.com)"
47.128.114.150 - - [10/Jul/2026:14:57:05 -0400] "GET /%CF%83%CF%85%CE%BD%CF%84%CE%B1%CE%B3%CE%B5%CF%83/%CE%BA%CE%BF%CF%84%CF%8C%CF%80%CE%BF%CF%85%CE%BB%CE%BF HTTP/2" 404 0 "-" "Mozilla/5.0 (Linux; Android 5.0) AppleWebKit/537.36 (KHTML, like Gecko) Mobile Safari/537.36 (compatible; Bytespider; spider-feedback@bytedance.com)"
66.249.75.6 - - [10/Jul/2026:14:59:51 -0400] "GET /structure/commodity/fblk6y9bmnpz9z6.htm HTTP/2" 404 17960 "-" "Mozilla/5.0 (Linux; Android 6.0.1; Nexus 5X Build/MMB29P) AppleWebKit/537.36 (KHTML, like Gecko) Chrome/150.0.7871.46 Mobile Safari/537.36 (compatible; GoogleOther)"
66.249.75.4 - - [10/Jul/2026:15:01:06 -0400] "GET /%CE%B4%CE%B9%CE%B1%CF%84%CF%81%CE%BF%CF%86%CE%BF%CE%BB%CE%BF%CE%B3%CE%B9%CE%B1/%CE%B3%CE%B5%CE%BD%CE%B9%CE%BA%CE%AE-%CE%BA%CE%B1%CF%84%CE%B7%CE%B3%CE%BF%CF%81%CE%AF%CE%B1/335-%E2%80%A2-1700-%CE%B8%CE%B5%CF%81%CE%BC%CE%B9%CE%B4%CF%89%CE%BD HTTP/2" 200 31994 "-" "Mozilla/5.0 (Linux; Android 6.0.1; Nexus 5X Build/MMB29P) AppleWebKit/537.36 (KHTML, like Gecko) Chrome/150.0.7871.46 Mobile Safari/537.36 (compatible; Googlebot/2.1; +http://www.google.com/bot.html)"
66.249.75.4 - - [10/Jul/2026:15:04:11 -0400] "GET /population/output/e63jogr940rp7d8.htm HTTP/2" 200 30255 "-" "Mozilla/5.0 (Linux; Android 6.0.1; Nexus 5X Build/MMB29P) AppleWebKit/537.36 (KHTML, like Gecko) Chrome/150.0.7871.46 Mobile Safari/537.36 (compatible; Googlebot/2.1; +http://www.google.com/bot.html)"
66.249.75.5 - - [10/Jul/2026:15:04:14 -0400] "GET /shop/pg/151appoint/41590 HTTP/2" 200 30992 "-" "Mozilla/5.0 (Linux; Android 6.0.1; Nexus 5X Build/MMB29P) AppleWebKit/537.36 (KHTML, like Gecko) Chrome/150.0.7871.46 Mobile Safari/537.36 (compatible; Googlebot/2.1; +http://www.google.com/bot.html)"
66.249.75.5 - - [10/Jul/2026:15:04:01 -0400] "GET /ranking/rubber/pdf178olhh189gmr04t_5106.phtml HTTP/2" 404 17228 "-" "Mozilla/5.0 (Linux; Android 6.0.1; Nexus 5X Build/MMB29P) AppleWebKit/537.36 (KHTML, like Gecko) Chrome/150.0.7871.46 Mobile Safari/537.36 (compatible; GoogleOther)"
66.249.75.1 - - [10/Jul/2026:15:10:31 -0400] "GET /?jp/018031421.html HTTP/2" 200 30252 "-" "Mozilla/5.0 (Linux; Android 6.0.1; Nexus 5X Build/MMB29P) AppleWebKit/537.36 (KHTML, like Gecko) Chrome/150.0.7871.46 Mobile Safari/537.36 (compatible; Googlebot/2.1; +http://www.google.com/bot.html)"
66.249.75.6 - - [10/Jul/2026:15:03:07 -0400] "GET /pride/portion/f4wc5lkblacadyt.htm HTTP/2" 200 30738 "-" "Mozilla/5.0 (Linux; Android 6.0.1; Nexus 5X Build/MMB29P) AppleWebKit/537.36 (KHTML, like Gecko) Chrome/150.0.7871.46 Mobile Safari/537.36 (compatible; Googlebot/2.1; +http://www.google.com/bot.html)"
85.208.96.200 - - [10/Jul/2026:15:05:42 -0400] "GET /%CF%83%CF%85%CE%BD%CF%84%CE%B1%CE%B3%CE%B5%CF%83/%CE%BA%CF%8C%CE%BA%CE%BA%CE%B9%CE%BD%CE%BF-%CE%BA%CF%81%CE%AD%CE%B1%CF%82/489-%CF%80%CE%AD%CE%BD%CE%BD%CE%B5%CF%82-%CE%BC%CE%B5-%CF%83%CF%80%CE%B1%CF%81%CE%AC%CE%B3%CE%B3%CE%B9%CE%B1-%CE%BA%CF%81%CE%AD%CE%BC%CE%B1-%CF%84%CF%85%CF%81%CE%B9%CE%BF%CF%8D HTTP/2" 404 0 "-" "Mozilla/5.0 (compatible; SemrushBot/7~bl; +http://www.semrush.com/bot.html)"
185.191.171.17 - - [10/Jul/2026:15:19:32 -0400] "GET /%CF%83%CF%85%CE%BD%CF%84%CE%B1%CE%B3%CE%B5%CF%83/%CE%BA%CF%8C%CE%BA%CE%BA%CE%B9%CE%BD%CE%BF-%CE%BA%CF%81%CE%AD%CE%B1%CF%82/493-%CE%BD%CE%B7%CF%83%CF%84%CE%AF%CF%83%CE%B9%CE%BC%CE%B1-brownies HTTP/2" 404 0 "-" "Mozilla/5.0 (compatible; SemrushBot/7~bl; +http://www.semrush.com/bot.html)"
47.128.114.143 - - [10/Jul/2026:15:24:25 -0400] "GET /%CE%B4%CE%B9%CE%B1%CF%84%CF%81%CE%BF%CF%86%CE%B7/%CE%BC%CE%B5%CF%83%CE%BF%CE%B3%CE%B5%CE%B9%CE%B1%CE%BA%CE%AE-%CE%B4%CE%B9%CE%B1%CF%84%CF%81%CE%BF%CF%86%CE%AE/243-%CE%B4%CE%B9%CE%B1%CF%84%CF%81%CE%BF%CF%86%CE%B9%CE%BA%CE%AE-%CE%B1%CE%BE%CE%AF%CE%B1-%CF%84%CE%BF%CF%85-%CF%88%CE%B1%CF%81%CE%B9%CE%BF%CF%8D HTTP/2" 404 0 "-" "Mozilla/5.0 (Linux; Android 5.0) AppleWebKit/537.36 (KHTML, like Gecko) Mobile Safari/537.36 (compatible; Bytespider; spider-feedback@bytedance.com)"
66.249.75.2 - - [10/Jul/2026:15:25:54 -0400] "GET /catalogue/outgrowth/fnpymqdb2xh37fy.htm HTTP/2" 200 32283 "-" "Mozilla/5.0 (Linux; Android 6.0.1; Nexus 5X Build/MMB29P) AppleWebKit/537.36 (KHTML, like Gecko) Chrome/150.0.7871.46 Mobile Safari/537.36 (compatible; Googlebot/2.1; +http://www.google.com/bot.html)"
85.208.96.196 - - [10/Jul/2026:15:14:23 -0400] "GET /%CF%83%CF%85%CE%BD%CF%84%CE%B1%CE%B3%CE%B5%CF%83/%CE%BA%CF%8C%CE%BA%CE%BA%CE%B9%CE%BD%CE%BF-%CE%BA%CF%81%CE%AD%CE%B1%CF%82/491-%CF%83%CE%B1%CE%BB%CE%AC%CF%84%CE%B1-%CE%BC%CE%B5-%CE%BA%CE%B9%CE%BD%CF%8C%CE%B1,-%CE%BD%CF%84%CE%BF%CE%BC%CE%B1%CF%84%CE%AF%CE%BD%CE%B9%CE%B1,-%CE%BA%CE%B1%CF%81%CF%80%CE%BF%CF%8D%CE%B6%CE%B9-%CE%BA%CE%B1%CE%B9-%CF%86%CE%AD%CF%84%CE%B1 HTTP/2" 404 0 "-" "Mozilla/5.0 (compatible; SemrushBot/7~bl; +http://www.semrush.com/bot.html)"
66.249.75.1 - - [10/Jul/2026:15:14:37 -0400] "GET /framework/type/fsjkgk7bwibxc9s.htm HTTP/2" 404 17063 "-" "Mozilla/5.0 (Linux; Android 6.0.1; Nexus 5X Build/MMB29P) AppleWebKit/537.36 (KHTML, like Gecko) Chrome/150.0.7871.46 Mobile Safari/537.36 (compatible; GoogleOther)"
66.249.75.4 - - [10/Jul/2026:15:18:40 -0400] "GET /rank/accomplishment/efv9swj58gjtpt0.htm HTTP/2" 200 32312 "-" "Mozilla/5.0 (Linux; Android 6.0.1; Nexus 5X Build/MMB29P) AppleWebKit/537.36 (KHTML, like Gecko) Chrome/150.0.7871.46 Mobile Safari/537.36 (compatible; Googlebot/2.1; +http://www.google.com/bot.html)"
66.249.75.4 - - [10/Jul/2026:15:18:41 -0400] "GET /community/label/dryevzm7bjmw9w3.htm HTTP/2" 200 30451 "-" "Mozilla/5.0 (Linux; Android 6.0.1; Nexus 5X Build/MMB29P) AppleWebKit/537.36 (KHTML, like Gecko) Chrome/150.0.7871.46 Mobile Safari/537.36 (compatible; Googlebot/2.1; +http://www.google.com/bot.html)"
66.249.75.6 - - [10/Jul/2026:15:18:42 -0400] "GET /?jp/291019563.html HTTP/2" 200 30726 "-" "Mozilla/5.0 (Linux; Android 6.0.1; Nexus 5X Build/MMB29P) AppleWebKit/537.36 (KHTML, like Gecko) Chrome/150.0.7871.46 Mobile Safari/537.36 (compatible; Googlebot/2.1; +http://www.google.com/bot.html)"
66.249.75.4 - - [10/Jul/2026:15:19:43 -0400] "GET /?detail/0430394630496 HTTP/2" 200 31360 "-" "Mozilla/5.0 (Linux; Android 6.0.1; Nexus 5X Build/MMB29P) AppleWebKit/537.36 (KHTML, like Gecko) Chrome/150.0.7871.46 Mobile Safari/537.36 (compatible; Googlebot/2.1; +http://www.google.com/bot.html)"
66.249.75.5 - - [10/Jul/2026:15:22:43 -0400] "GET /?goods/059003097 HTTP/2" 200 30331 "-" "Mozilla/5.0 (Linux; Android 6.0.1; Nexus 5X Build/MMB29P) AppleWebKit/537.36 (KHTML, like Gecko) Chrome/150.0.7871.46 Mobile Safari/537.36 (compatible; Googlebot/2.1; +http://www.google.com/bot.html)"
66.249.75.2 - - [10/Jul/2026:15:14:32 -0400] "GET /?detail/24302075759368 HTTP/2" 200 30854 "-" "Mozilla/5.0 (Linux; Android 6.0.1; Nexus 5X Build/MMB29P) AppleWebKit/537.36 (KHTML, like Gecko) Chrome/150.0.7871.46 Mobile Safari/537.36 (compatible; Googlebot/2.1; +http://www.google.com/bot.html)"
66.249.75.4 - - [10/Jul/2026:15:19:54 -0400] "GET /ranking/detail/qpdfb91wqu32rc80wi_44765.phtml HTTP/2" 404 16989 "-" "Mozilla/5.0 (Linux; Android 6.0.1; Nexus 5X Build/MMB29P) AppleWebKit/537.36 (KHTML, like Gecko) Chrome/150.0.7871.46 Mobile Safari/537.36 (compatible; GoogleOther)"
66.249.75.1 - - [10/Jul/2026:15:23:44 -0400] "GET /?goods/172028995 HTTP/2" 200 30488 "-" "Mozilla/5.0 (Linux; Android 6.0.1; Nexus 5X Build/MMB29P) AppleWebKit/537.36 (KHTML, like Gecko) Chrome/150.0.7871.46 Mobile Safari/537.36 (compatible; Googlebot/2.1; +http://www.google.com/bot.html)"
66.249.75.2 - - [10/Jul/2026:15:24:45 -0400] "GET /hierarchy/part/fyhyq65b65xv1je.htm HTTP/2" 200 32383 "-" "Mozilla/5.0 (Linux; Android 6.0.1; Nexus 5X Build/MMB29P) AppleWebKit/537.36 (KHTML, like Gecko) Chrome/150.0.7871.46 Mobile Safari/537.36 (compatible; Googlebot/2.1; +http://www.google.com/bot.html)"
104.210.140.141 - - [10/Jul/2026:15:30:53 -0400] "GET /robots.txt HTTP/2" 304 0 "-" "Mozilla/5.0 (Macintosh; Intel Mac OS X 10_15_7) AppleWebKit/537.36 (KHTML, like Gecko) Chrome/131.0.0.0 Safari/537.36; compatible; OAI-SearchBot/1.0; +https://openai.com/searchbot"
196.206.31.135 - - [10/Jul/2026:15:31:01 -0400] "GET /product/232933868 HTTP/2" 404 543 "-" "Mozilla/5.0 (Macintosh; Intel Mac OS X 10_12_6) AppleWebKit/537.36 (KHTML, like Gecko) Chrome/99.0.4844.84 Safari/537.36"
178.136.108.2 - - [10/Jul/2026:15:36:51 -0400] "GET /product/285444522 HTTP/2" 404 543 "-" "Mozilla/5.0 (Macintosh; Intel Mac OS X 10_15_7) AppleWebKit/537.36 (KHTML, like Gecko) Chrome/92.0.4515.159 Safari/537.36"
85.208.96.193 - - [10/Jul/2026:15:37:32 -0400] "GET /%CF%83%CF%85%CE%BD%CF%84%CE%B1%CE%B3%CE%B5%CF%83/%CE%BA%CF%8C%CE%BA%CE%BA%CE%B9%CE%BD%CE%BF-%CE%BA%CF%81%CE%AD%CE%B1%CF%82/431-%CE%BA%CF%81%CE%AD%CE%BC%CE%B1-%CE%B3%CE%B9%CE%B1%CE%BF%CF%85%CF%81%CF%84%CE%B9%CE%BF%CF%8D-%CE%BC%CE%B5-%CF%83%CE%BF%CE%BA%CE%BF%CE%BB%CE%AC%CF%84%CE%B1 HTTP/2" 404 0 "-" "Mozilla/5.0 (compatible; SemrushBot/7~bl; +http://www.semrush.com/bot.html)"
66.249.75.4 - - [10/Jul/2026:15:42:30 -0400] "GET /tag/thing/fd3nogrb4p7hhho.htm HTTP/2" 200 30272 "-" "Mozilla/5.0 (Linux; Android 6.0.1; Nexus 5X Build/MMB29P) AppleWebKit/537.36 (KHTML, like Gecko) Chrome/150.0.7871.46 Mobile Safari/537.36 (compatible; Googlebot/2.1; +http://www.google.com/bot.html)"
85.208.96.196 - - [10/Jul/2026:15:37:32 -0400] "GET /robots.txt HTTP/2" 304 0 "-" "Mozilla/5.0 (compatible; SemrushBot/7~bl; +http://www.semrush.com/bot.html)"
66.249.75.6 - - [10/Jul/2026:15:42:23 -0400] "GET /institution/artwork/eq5veutouetfwra.htm HTTP/2" 200 28800 "-" "Mozilla/5.0 (Linux; Android 6.0.1; Nexus 5X Build/MMB29P) AppleWebKit/537.36 (KHTML, like Gecko) Chrome/150.0.7871.46 Mobile Safari/537.36 (compatible; Googlebot/2.1; +http://www.google.com/bot.html)"
14.254.192.195 - - [10/Jul/2026:15:43:15 -0400] "GET /%CE%BD%CE%AD%CE%B1-%CF%84%CE%B7%CF%82-%CE%B4%CE%B9%CE%B1%CF%84%CF%81%CE%BF%CF%86%CE%AE%CF%82/540-%CE%B1%CF%80%CF%8C-%CF%84%CE%B9-%CF%84%CF%81%CF%8C%CF%86%CE%B9%CE%BC%CE%B1-%CE%B1%CF%80%CE%BF%CF%84%CE%B5%CE%BB%CE%B5%CE%AF%CF%84%CE%B1%CE%B9-%CE%B7-%CE%BD%CE%B7%CF%83%CF%84%CE%B5%CE%AF%CE%B1 HTTP/2" 200 8959 "-" "Mozilla/5.0 (Windows NT 10.0; Win64; x64) AppleWebKit/537.36 (KHTML, like Gecko) Chrome/83.0.4103.61 Safari/537.36"
47.128.114.130 - - [10/Jul/2026:15:38:28 -0400] "GET /%CF%83%CF%85%CE%BD%CF%84%CE%B1%CE%B3%CE%B5%CF%83/%CE%BA%CF%8C%CE%BA%CE%BA%CE%B9%CE%BD%CE%BF-%CE%BA%CF%81%CE%AD%CE%B1%CF%82/459-%CE%B5%CF%8D%CE%BA%CE%BF%CE%BB%CE%BF-%CF%83%CE%BF%CF%81%CE%BC%CF%80%CE%AD-%CF%83%CF%84%CE%B1%CF%86%CF%8D%CE%BB%CE%B9 HTTP/2" 404 0 "-" "Mozilla/5.0 (Linux; Android 5.0) AppleWebKit/537.36 (KHTML, like Gecko) Mobile Safari/537.36 (compatible; Bytespider; spider-feedback@bytedance.com)"
66.249.75.4 - - [10/Jul/2026:15:43:42 -0400] "GET /?jp/234011030.html HTTP/2" 200 30471 "-" "Mozilla/5.0 (Linux; Android 6.0.1; Nexus 5X Build/MMB29P) AppleWebKit/537.36 (KHTML, like Gecko) Chrome/150.0.7871.46 Mobile Safari/537.36 (compatible; Googlebot/2.1; +http://www.google.com/bot.html)"
47.82.50.66 - - [10/Jul/2026:15:48:12 -0400] "GET /%CE%B4%CE%B9%CE%B1%CF%84%CF%81%CE%BF%CF%86%CE%B7/%CE%BC%CE%B5%CF%83%CE%BF%CE%B3%CE%B5%CE%B9%CE%B1%CE%BA%CE%AE-%CE%B4%CE%B9%CE%B1%CF%84%CF%81%CE%BF%CF%86%CE%AE/623-%CE%B7-%CE%B4%CE%B9%CE%B1%CF%84%CF%81%CE%BF%CF%86%CE%AE-%CF%84%CE%BF%CF%85-%CF%86%CE%BB%CE%B5%CE%B2%CE%AC%CF%81%CE%B7 HTTP/2" 200 8250 "-" "Mozilla/5.0 (Windows NT 10.0; Win64; x64) AppleWebKit/537.36 (KHTML, like Gecko) Chrome/147.0.0.0 Safari/537.36"
66.249.75.4 - - [10/Jul/2026:15:50:47 -0400] "GET /tag/category/f9fc0s3bghjtpt0.htm HTTP/2" 200 31850 "-" "Mozilla/5.0 (Linux; Android 6.0.1; Nexus 5X Build/MMB29P) AppleWebKit/537.36 (KHTML, like Gecko) Chrome/150.0.7871.46 Mobile Safari/537.36 (compatible; Googlebot/2.1; +http://www.google.com/bot.html)"
66.249.75.4 - - [10/Jul/2026:15:53:15 -0400] "GET /?sitemapindex.xml HTTP/2" 200 32316 "-" "Mozilla/5.0 (compatible; Googlebot/2.1; +http://www.google.com/bot.html)"
47.79.51.147 - - [10/Jul/2026:15:44:26 -0400] "GET /index.php/%CE%B4%CE%B9%CE%B1%CF%84%CF%81%CE%BF%CF%86%CE%B9%CE%BA%CE%B5%CF%83-%CF%83%CF%85%CE%BD%CE%B7%CE%B8%CE%B5%CE%B9%CE%B5%CF%83-%CE%BA%CE%B1%CE%B9-%CE%B4%CE%B9%CE%B1%CE%B8%CE%B5%CF%83%CE%B7.html HTTP/2" 404 20 "-" "Mozilla/5.0 (Windows NT 10.0; Win64; x64) AppleWebKit/537.36 (KHTML, like Gecko) Chrome/146.0.0.0 Safari/537.36"
47.128.114.138 - - [10/Jul/2026:15:45:16 -0400] "GET /robots.txt HTTP/2" 304 0 "-" "Mozilla/5.0 (Linux; Android 5.0) AppleWebKit/537.36 (KHTML, like Gecko) Mobile Safari/537.36 (compatible; Bytespider; spider-feedback@bytedance.com)"
66.249.75.4 - - [10/Jul/2026:15:46:33 -0400] "GET /shoal/attribute/fptn2ihbit97jvq.htm HTTP/2" 200 31153 "-" "Mozilla/5.0 (Linux; Android 6.0.1; Nexus 5X Build/MMB29P) AppleWebKit/537.36 (KHTML, like Gecko) Chrome/150.0.7871.46 Mobile Safari/537.36 (compatible; Googlebot/2.1; +http://www.google.com/bot.html)"
66.249.75.6 - - [10/Jul/2026:15:46:34 -0400] "GET /taxon/product/eei53v6rjf640sn.htm HTTP/2" 200 30186 "-" "Mozilla/5.0 (Linux; Android 6.0.1; Nexus 5X Build/MMB29P) AppleWebKit/537.36 (KHTML, like Gecko) Chrome/150.0.7871.46 Mobile Safari/537.36 (compatible; Googlebot/2.1; +http://www.google.com/bot.html)"
66.249.75.1 - - [10/Jul/2026:15:57:06 -0400] "GET /schema/issue/e1dbae1xqy1brbi.htm HTTP/2" 200 30783 "-" "Mozilla/5.0 (Linux; Android 6.0.1; Nexus 5X Build/MMB29P) AppleWebKit/537.36 (KHTML, like Gecko) Chrome/150.0.7871.46 Mobile Safari/537.36 (compatible; Googlebot/2.1; +http://www.google.com/bot.html)"
186.61.111.66 - - [10/Jul/2026:15:59:00 -0400] "GET /shop/pg/38loyal/43947 HTTP/2" 404 543 "-" "Mozilla/5.0 (Windows NT 5.1) AppleWebKit/537.36 (KHTML, like Gecko) Chrome/35.0.2117.157 Safari/537.36"
66.249.75.2 - - [10/Jul/2026:16:08:23 -0400] "GET /quality/parcel/eofv0s3ggc312pk.htm HTTP/2" 200 30818 "-" "Mozilla/5.0 (Linux; Android 6.0.1; Nexus 5X Build/MMB29P) AppleWebKit/537.36 (KHTML, like Gecko) Chrome/150.0.7871.46 Mobile Safari/537.36 (compatible; Googlebot/2.1; +http://www.google.com/bot.html)"
66.249.75.2 - - [10/Jul/2026:16:11:26 -0400] "GET /?detail/0430394630496 HTTP/2" 200 31399 "-" "Mozilla/5.0 (Linux; Android 6.0.1; Nexus 5X Build/MMB29P) AppleWebKit/537.36 (KHTML, like Gecko) Chrome/150.0.7871.46 Mobile Safari/537.36 (compatible; Googlebot/2.1; +http://www.google.com/bot.html)"
66.249.75.8 - - [10/Jul/2026:16:12:11 -0400] "GET /guild/thing/dwruc4fqsofdl1w.htm HTTP/2" 404 17572 "-" "Mozilla/5.0 (Linux; Android 6.0.1; Nexus 5X Build/MMB29P) AppleWebKit/537.36 (KHTML, like Gecko) Chrome/150.0.7871.46 Mobile Safari/537.36 (compatible; GoogleOther)"
66.249.75.2 - - [10/Jul/2026:16:14:51 -0400] "GET /grouping/range/fkqtzfebf164qsn.htm HTTP/2" 404 17923 "-" "Mozilla/5.0 (Linux; Android 6.0.1; Nexus 5X Build/MMB29P) AppleWebKit/537.36 (KHTML, like Gecko) Chrome/150.0.7871.46 Mobile Safari/537.36 (compatible; GoogleOther)"
66.249.75.8 - - [10/Jul/2026:16:05:25 -0400] "GET /%CE%B4%CE%B9%CE%B1%CF%84%CF%81%CE%BF%CF%86%CE%B7/%CE%B1%CE%B8%CE%BB%CE%B7%CF%84%CE%B9%CE%BA%CE%AE-%CE%B4%CE%B9%CE%B1%CF%84%CF%81%CE%BF%CF%86%CE%AE HTTP/2" 200 32432 "-" "Mozilla/5.0 (Linux; Android 6.0.1; Nexus 5X Build/MMB29P) AppleWebKit/537.36 (KHTML, like Gecko) Chrome/150.0.7871.114 Mobile Safari/537.36 (compatible; Googlebot/2.1; +http://www.google.com/bot.html)"
66.249.75.8 - - [10/Jul/2026:16:09:54 -0400] "GET /ranking/excessive/qpdfb91wqu32rc80wi_44765.phtml HTTP/2" 404 17550 "-" "Mozilla/5.0 (Linux; Android 6.0.1; Nexus 5X Build/MMB29P) AppleWebKit/537.36 (KHTML, like Gecko) Chrome/150.0.7871.46 Mobile Safari/537.36 (compatible; GoogleOther)"
66.249.75.1 - - [10/Jul/2026:16:09:24 -0400] "GET /shop/pg/4error/347 HTTP/2" 200 34578 "-" "Mozilla/5.0 (Linux; Android 6.0.1; Nexus 5X Build/MMB29P) AppleWebKit/537.36 (KHTML, like Gecko) Chrome/150.0.7871.46 Mobile Safari/537.36 (compatible; Googlebot/2.1; +http://www.google.com/bot.html)"
66.249.75.1 - - [10/Jul/2026:16:10:24 -0400] "GET /version/substance/e90nldo51xom6a5.htm HTTP/2" 200 31914 "-" "Mozilla/5.0 (Linux; Android 6.0.1; Nexus 5X Build/MMB29P) AppleWebKit/537.36 (KHTML, like Gecko) Chrome/150.0.7871.46 Mobile Safari/537.36 (compatible; Googlebot/2.1; +http://www.google.com/bot.html)"
66.249.75.1 - - [10/Jul/2026:16:11:27 -0400] "GET /?goods/058049015 HTTP/2" 200 32418 "-" "Mozilla/5.0 (Linux; Android 6.0.1; Nexus 5X Build/MMB29P) AppleWebKit/537.36 (KHTML, like Gecko) Chrome/150.0.7871.46 Mobile Safari/537.36 (compatible; Googlebot/2.1; +http://www.google.com/bot.html)"
85.208.96.206 - - [10/Jul/2026:16:12:46 -0400] "GET /%CE%B4%CE%B9%CE%B1%CF%84%CF%81%CE%BF%CF%86%CE%B7/%CF%83%CF%85%CE%BD%CE%B1%CE%AF%CF%83%CE%B8%CE%B7%CE%BC%CE%B1-%CE%B4%CE%B9%CE%B1%CF%84%CF%81%CE%BF%CF%86%CE%AE/248-%CF%88%CF%85%CF%87%CE%B9%CE%BA%CE%AE-%CF%85%CE%B3%CE%B5%CE%AF%CE%B1-%CE%BA%CE%B1%CE%B9-%CF%83%CF%8D%CE%BD%CE%B4%CF%81%CE%BF%CE%BC%CE%BF-%CE%B5%CF%85%CE%B5%CF%81%CE%AD%CE%B8%CE%B9%CF%83%CF%84%CE%BF%CF%85-%CE%B5%CE%BD%CF%84%CE%AD%CF%81%CE%BF%CF%85-ibs HTTP/2" 404 0 "-" "Mozilla/5.0 (compatible; SemrushBot/7~bl; +http://www.semrush.com/bot.html)"
47.128.114.181 - - [10/Jul/2026:16:15:58 -0400] "GET /%CF%83%CF%85%CE%BD%CF%84%CE%B1%CE%B3%CE%B5%CF%83/%CE%BA%CF%8C%CE%BA%CE%BA%CE%B9%CE%BD%CE%BF-%CE%BA%CF%81%CE%AD%CE%B1%CF%82/574-%CE%BA%CE%B1%CE%BB%CE%B1%CE%BC%CE%B1%CF%81%CE%AC%CE%BA%CE%B9%CE%B1-%CE%B3%CE%B5%CE%BC%CE%B9%CF%83%CF%84%CE%AC HTTP/2" 404 0 "-" "Mozilla/5.0 (Linux; Android 5.0) AppleWebKit/537.36 (KHTML, like Gecko) Mobile Safari/537.36 (compatible; Bytespider; spider-feedback@bytedance.com)"
66.249.75.2 - - [10/Jul/2026:16:16:28 -0400] "GET /?goods/147031855 HTTP/2" 200 30548 "-" "Mozilla/5.0 (Linux; Android 6.0.1; Nexus 5X Build/MMB29P) AppleWebKit/537.36 (KHTML, like Gecko) Chrome/150.0.7871.46 Mobile Safari/537.36 (compatible; Googlebot/2.1; +http://www.google.com/bot.html)"
66.249.75.1 - - [10/Jul/2026:16:17:31 -0400] "GET /version/category/f7w05lkblhcaayt.htm HTTP/2" 200 31139 "-" "Mozilla/5.0 (Linux; Android 6.0.1; Nexus 5X Build/MMB29P) AppleWebKit/537.36 (KHTML, like Gecko) Chrome/150.0.7871.46 Mobile Safari/537.36 (compatible; Googlebot/2.1; +http://www.google.com/bot.html)"
102.210.29.22 - - [10/Jul/2026:16:25:14 -0400] "GET /%CE%BD%CE%AD%CE%B1-%CF%84%CE%B7%CF%82-%CE%B4%CE%B9%CE%B1%CF%84%CF%81%CE%BF%CF%86%CE%AE%CF%82/533-%CF%84%CE%B1-%CF%83%CF%85%CE%BC%CF%80%CE%BB%CE%B7%CF%81%CF%8E%CE%BC%CE%B1%CF%84%CE%B1-%CE%B4%CE%B9%CE%B1%CF%84%CF%81%CE%BF%CF%86%CE%AE%CF%82-%CE%B4%CE%B5-%CE%B2%CE%BF%CE%B7%CE%B8%CE%BF%CF%8D%CE%BD-%CF%83%CF%84%CE%B7-%CE%BD%CF%8C%CF%83%CE%BF-covid-19 HTTP/2" 200 6392 "-" "Mozilla/5.0 (Macintosh; Intel Mac OS X 10_13_6) AppleWebKit/537.36 (KHTML, like Gecko) Chrome/99.0.4844.84 Safari/537.36"
47.82.51.129 - - [10/Jul/2026:16:26:57 -0400] "GET /%CF%83%CF%85%CE%BD%CF%84%CE%B1%CE%B3%CE%B5%CF%83/%CE%BA%CF%8C%CE%BA%CE%BA%CE%B9%CE%BD%CE%BF-%CE%BA%CF%81%CE%AD%CE%B1%CF%82/387-%CF%83%CE%BF%CE%BB%CE%BF%CE%BC%CF%8C%CF%82-%CE%BC%CE%B5-%CE%BB%CE%B1%CF%87%CE%B1%CE%BD%CE%B9%CE%BA%CE%AC HTTP/2" 200 8111 "-" "Mozilla/5.0 (Macintosh; Intel Mac OS X 10_15_7) AppleWebKit/537.36 (KHTML, like Gecko) Chrome/144.0.0.0 Safari/537.36"
190.93.197.30 - - [10/Jul/2026:16:27:18 -0400] "GET /ranking/ought/fkk256xaoya7rk_34940.phtml HTTP/2" 404 543 "-" "Mozilla/5.0 (Macintosh; Intel Mac OS X 10_15_7) AppleWebKit/537.36 (KHTML, like Gecko) Chrome/98.0.4758.109 Safari/537.36"
66.249.75.8 - - [10/Jul/2026:16:29:39 -0400] "GET /?goods/198010593 HTTP/2" 200 32206 "-" "Mozilla/5.0 (Linux; Android 6.0.1; Nexus 5X Build/MMB29P) AppleWebKit/537.36 (KHTML, like Gecko) Chrome/150.0.7871.46 Mobile Safari/537.36 (compatible; Googlebot/2.1; +http://www.google.com/bot.html)"
66.249.75.8 - - [10/Jul/2026:16:30:52 -0400] "GET /robots.txt HTTP/2" 304 0 "-" "Mozilla/5.0 (compatible; Googlebot/2.1; +http://www.google.com/bot.html)"
66.249.75.8 - - [10/Jul/2026:16:18:54 -0400] "GET /schema/pattern/exj0gk72w47haho.htm HTTP/2" 404 17585 "-" "Mozilla/5.0 (Linux; Android 6.0.1; Nexus 5X Build/MMB29P) AppleWebKit/537.36 (KHTML, like Gecko) Chrome/150.0.7871.46 Mobile Safari/537.36 (compatible; GoogleOther)"
66.249.75.8 - - [10/Jul/2026:16:19:00 -0400] "GET /ranking/science/pdf178olhh189gmr04t_5106.phtml HTTP/2" 404 17447 "-" "Mozilla/5.0 (Linux; Android 6.0.1; Nexus 5X Build/MMB29P) AppleWebKit/537.36 (KHTML, like Gecko) Chrome/150.0.7871.46 Mobile Safari/537.36 (compatible; GoogleOther)"
47.128.114.122 - - [10/Jul/2026:16:24:15 -0400] "GET /%CF%83%CF%85%CE%BD%CF%84%CE%B1%CE%B3%CE%B5%CF%83/%CE%BA%CF%8C%CE%BA%CE%BA%CE%B9%CE%BD%CE%BF-%CE%BA%CF%81%CE%AD%CE%B1%CF%82/361-%CF%83%CE%AC%CE%BD%CF%84%CE%BF%CF%85%CE%B9%CF%84%CF%82-%CE%BC%CE%B5-%CE%BA%CE%BF%CF%84%CF%8C%CF%80%CE%BF%CF%85%CE%BB%CE%BF,-%CE%B3%CE%B9%CE%B1%CE%BF%CF%8D%CF%81%CF%84%CE%B9-%CE%BA%CE%B1%CE%B9-%CE%B1%CE%B2%CE%BF%CE%BA%CE%AC%CE%BD%CF%84%CE%BF HTTP/2" 404 0 "-" "Mozilla/5.0 (Linux; Android 5.0) AppleWebKit/537.36 (KHTML, like Gecko) Mobile Safari/537.36 (compatible; Bytespider; spider-feedback@bytedance.com)"
47.82.51.190 - - [10/Jul/2026:16:26:57 -0400] "GET /%CE%B4%CE%B9%CE%B1%CF%84%CF%81%CE%BF%CF%86%CE%B7/%CE%BF%CE%B9%CE%BA%CE%BF%CE%B3%CE%AD%CE%BD%CE%B5%CE%B9%CE%B1-%CE%B4%CE%B9%CE%B1%CF%84%CF%81%CE%BF%CF%86%CE%AE/255-%CF%80%CF%89%CF%82-%CE%B8%CE%B1-%CE%BA%CE%AC%CE%BD%CE%BF%CF%85%CE%BC%CE%B5-%CF%84%CE%BF-%CF%86%CE%B1%CE%B3%CE%B7%CF%84%CF%8C-%CE%BC%CE%B9%CE%B1-%CE%B5%CF%85%CF%87%CE%AC%CF%81%CE%B9%CF%83%CF%84%CE%B7-%CF%83%CF%85%CE%BD%CE%AE%CE%B8%CE%B5%CE%B9%CE%B1 HTTP/2" 200 10516 "-" "Mozilla/5.0 (Macintosh; Intel Mac OS X 10_15_7) AppleWebKit/537.36 (KHTML, like Gecko) Chrome/142.0.0.0 Safari/537.36"
47.79.15.81 - - [10/Jul/2026:16:27:07 -0400] "GET /%CF%83%CF%85%CE%BD%CF%84%CE%B1%CE%B3%CE%B5%CF%83/%CE%BA%CF%8C%CE%BA%CE%BA%CE%B9%CE%BD%CE%BF-%CE%BA%CF%81%CE%AD%CE%B1%CF%82/385-%CE%BA%CE%BF%CF%84%CF%8C%CF%80%CE%BF%CF%85%CE%BB%CE%BF-%CE%BC%CE%B5-%CF%80%CE%B1%CF%84%CE%AC%CF%84%CE%B5%CF%82-%CF%83%CF%84%CE%BF-%CF%86%CE%BF%CF%8D%CF%81%CE%BD%CE%BF HTTP/2" 200 8181 "-" "Mozilla/5.0 (Macintosh; Intel Mac OS X 10_15_7) AppleWebKit/537.36 (KHTML, like Gecko) Chrome/148.0.0.0 Safari/537.36"
47.79.15.81 - - [10/Jul/2026:16:27:07 -0400] "GET /%CE%B4%CE%B9%CE%B1%CF%84%CF%81%CE%BF%CF%86%CE%B7/%CE%BC%CE%B5%CF%83%CE%BF%CE%B3%CE%B5%CE%B9%CE%B1%CE%BA%CE%AE-%CE%B4%CE%B9%CE%B1%CF%84%CF%81%CE%BF%CF%86%CE%AE/535-%CF%83%CF%85%CE%BC%CE%B2%CE%BF%CF%85%CE%BB%CE%AD%CF%82-%CE%B3%CE%B9%CE%B1-%CE%BD%CE%B1-%CE%B4%CE%B9%CE%B1%CF%84%CE%B7%CF%81%CE%AE%CF%83%CE%B5%CF%84%CE%B5-%CF%84%CE%B9%CF%82-%CE%B2%CE%B9%CF%84%CE%B1%CE%BC%CE%AF%CE%BD%CE%B5%CF%82-%CF%83%CF%84%CE%B1-%CE%BB%CE%B1%CF%87%CE%B1%CE%BD%CE%B9%CE%BA%CE%AC-%CF%83%CE%B1%CF%82 HTTP/2" 200 10613 "-" "Mozilla/5.0 (Windows NT 10.0; Win64; x64) AppleWebKit/537.36 (KHTML, like Gecko) Chrome/139.0.0.0 Safari/537.36"
66.249.75.8 - - [10/Jul/2026:16:30:52 -0400] "GET /characteristic/project/f4kut98b910ysmh.htm HTTP/2" 200 31881 "-" "Mozilla/5.0 (Linux; Android 6.0.1; Nexus 5X Build/MMB29P) AppleWebKit/537.36 (KHTML, like Gecko) Chrome/150.0.7871.46 Mobile Safari/537.36 (compatible; Googlebot/2.1; +http://www.google.com/bot.html)"
66.249.75.1 - - [10/Jul/2026:16:33:54 -0400] "GET /establishment/fruit/fkpdmqdb2zh3jfy.htm HTTP/2" 200 30689 "-" "Mozilla/5.0 (Linux; Android 6.0.1; Nexus 5X Build/MMB29P) AppleWebKit/537.36 (KHTML, like Gecko) Chrome/150.0.7871.46 Mobile Safari/537.36 (compatible; Googlebot/2.1; +http://www.google.com/bot.html)"
66.249.75.1 - - [10/Jul/2026:16:20:32 -0400] "GET /?detail/11202874659511 HTTP/2" 200 30547 "-" "Mozilla/5.0 (Linux; Android 6.0.1; Nexus 5X Build/MMB29P) AppleWebKit/537.36 (KHTML, like Gecko) Chrome/150.0.7871.46 Mobile Safari/537.36 (compatible; Googlebot/2.1; +http://www.google.com/bot.html)"
66.249.75.1 - - [10/Jul/2026:16:23:37 -0400] "GET /ranking/trouble/uyg71favewd01p4iwe_1439.phtml HTTP/2" 200 31335 "-" "Mozilla/5.0 (Linux; Android 6.0.1; Nexus 5X Build/MMB29P) AppleWebKit/537.36 (KHTML, like Gecko) Chrome/150.0.7871.46 Mobile Safari/537.36 (compatible; Googlebot/2.1; +http://www.google.com/bot.html)"
66.249.75.1 - - [10/Jul/2026:16:24:38 -0400] "GET /?detail/0210021954090 HTTP/2" 200 29709 "-" "Mozilla/5.0 (Linux; Android 6.0.1; Nexus 5X Build/MMB29P) AppleWebKit/537.36 (KHTML, like Gecko) Chrome/150.0.7871.46 Mobile Safari/537.36 (compatible; Googlebot/2.1; +http://www.google.com/bot.html)"
2a09:bac6:a6f2:2923::419:4a - - [10/Jul/2026:16:29:13 -0400] "GET /robots.txt HTTP/2" 200 100 "-" "robots-bulk-violations/1.0"
66.249.75.1 - - [10/Jul/2026:16:29:39 -0400] "GET /heading/portion/e66srjuu73usvgb.htm HTTP/2" 200 32267 "-" "Mozilla/5.0 (Linux; Android 6.0.1; Nexus 5X Build/MMB29P) AppleWebKit/537.36 (KHTML, like Gecko) Chrome/150.0.7871.46 Mobile Safari/537.36 (compatible; Googlebot/2.1; +http://www.google.com/bot.html)"
47.82.54.129 - - [10/Jul/2026:16:31:05 -0400] "GET /%CF%83%CF%85%CE%BD%CF%84%CE%B1%CE%B3%CE%B5%CF%83/%CE%BA%CF%8C%CE%BA%CE%BA%CE%B9%CE%BD%CE%BF-%CE%BA%CF%81%CE%AD%CE%B1%CF%82/601-%CE%B3%CE%B9%CE%BF%CF%85%CE%B2%CE%AD%CF%84%CF%83%CE%B9 HTTP/2" 200 8526 "-" "Mozilla/5.0 (Macintosh; Intel Mac OS X 10_15_7) AppleWebKit/537.36 (KHTML, like Gecko) Chrome/148.0.0.0 Safari/537.36"
66.249.75.5 - - [10/Jul/2026:16:40:20 -0400] "GET /unit/set/elv9swjq8gjtyt0.htm HTTP/2" 404 17565 "-" "Mozilla/5.0 (Linux; Android 6.0.1; Nexus 5X Build/MMB29P) AppleWebKit/537.36 (KHTML, like Gecko) Chrome/150.0.7871.46 Mobile Safari/537.36 (compatible; GoogleOther)"
177.107.181.71 - - [10/Jul/2026:16:41:52 -0400] "GET /product/837435178 HTTP/2" 404 543 "-" "Mozilla/5.0 (Macintosh; Intel Mac OS X 10_14_6) AppleWebKit/537.36 (KHTML, like Gecko) Brave Chrome/86.0.4240.183 Safari/537.36"
47.128.114.18 - - [10/Jul/2026:16:42:09 -0400] "GET /%CE%B4%CE%B9%CE%B1%CF%84%CF%81%CE%BF%CF%86%CE%B7/%CE%BC%CE%B5%CF%83%CE%BF%CE%B3%CE%B5%CE%B9%CE%B1%CE%BA%CE%AE-%CE%B4%CE%B9%CE%B1%CF%84%CF%81%CE%BF%CF%86%CE%AE/244-%CE%B4%CE%B9%CE%B1%CF%84%CF%81%CE%BF%CF%86%CE%B9%CE%BA%CE%AE-%CE%B1%CE%BE%CE%AF%CE%B1-%CF%84%CF%89%CE%BD-%CF%86%CF%81%CE%BF%CF%8D%CF%84%CF%89%CE%BD-%CE%BA%CE%B1%CE%B9-%CE%BB%CE%B1%CF%87%CE%B1%CE%BD%CE%B9%CE%BA%CF%8E%CE%BD HTTP/2" 404 0 "-" "Mozilla/5.0 (Linux; Android 5.0) AppleWebKit/537.36 (KHTML, like Gecko) Mobile Safari/537.36 (compatible; Bytespider; spider-feedback@bytedance.com)"
66.249.75.4 - - [10/Jul/2026:16:50:02 -0400] "GET /bunch/volume/ens7ptgw5dgq9qx.htm HTTP/2" 200 29727 "-" "Mozilla/5.0 (Linux; Android 6.0.1; Nexus 5X Build/MMB29P) AppleWebKit/537.36 (KHTML, like Gecko) Chrome/150.0.7871.46 Mobile Safari/537.36 (compatible; Googlebot/2.1; +http://www.google.com/bot.html)"
66.249.75.5 - - [10/Jul/2026:16:50:03 -0400] "GET /graph/mechanism/excpxp0wd90y9mh.htm HTTP/2" 200 29213 "-" "Mozilla/5.0 (Linux; Android 6.0.1; Nexus 5X Build/MMB29P) AppleWebKit/537.36 (KHTML, like Gecko) Chrome/150.0.7871.46 Mobile Safari/537.36 (compatible; Googlebot/2.1; +http://www.google.com/bot.html)"
66.249.75.5 - - [10/Jul/2026:16:36:55 -0400] "GET /grouping/attribute/edvsswjq8gjtet0.htm HTTP/2" 200 28915 "-" "Mozilla/5.0 (Linux; Android 6.0.1; Nexus 5X Build/MMB29P) AppleWebKit/537.36 (KHTML, like Gecko) Chrome/150.0.7871.46 Mobile Safari/537.36 (compatible; Googlebot/2.1; +http://www.google.com/bot.html)"
47.82.55.208 - - [10/Jul/2026:16:38:43 -0400] "GET /%CF%83%CF%85%CE%BD%CF%84%CE%B1%CE%B3%CE%B5%CF%83/%CE%BA%CF%8C%CE%BA%CE%BA%CE%B9%CE%BD%CE%BF-%CE%BA%CF%81%CE%AD%CE%B1%CF%82/409-%CF%81%CE%B9%CE%B6%CF%8C%CF%84%CE%BF-%CE%BC%CE%B5-%CE%B3%CE%B1%CF%81%CE%AF%CE%B4%CE%B5%CF%82-%CE%BA%CE%B1%CE%B9-%CF%83%CE%B1%CF%86%CF%81%CE%AC%CE%BD HTTP/2" 200 9098 "-" "Mozilla/5.0 (Windows NT 10.0; Win64; x64) AppleWebKit/537.36 (KHTML, like Gecko) Chrome/145.0.0.0 Safari/537.36"
66.249.75.4 - - [10/Jul/2026:16:38:44 -0400] "GET /taxonomy/particle/fwcbxp0bdagq9qx.htm HTTP/2" 200 31584 "-" "Mozilla/5.0 (Linux; Android 6.0.1; Nexus 5X Build/MMB29P) AppleWebKit/537.36 (KHTML, like Gecko) Chrome/150.0.7871.46 Mobile Safari/537.36 (compatible; Googlebot/2.1; +http://www.google.com/bot.html)"
66.249.75.6 - - [10/Jul/2026:16:38:45 -0400] "GET / HTTP/2" 200 30981 "-" "Mozilla/5.0 (Linux; Android 6.0.1; Nexus 5X Build/MMB29P) AppleWebKit/537.36 (KHTML, like Gecko) Chrome/150.0.7871.46 Mobile Safari/537.36 (compatible; Googlebot/2.1; +http://www.google.com/bot.html)"
66.249.75.2 - - [10/Jul/2026:16:43:46 -0400] "GET /?detail/176029708941 HTTP/2" 200 31806 "-" "Mozilla/5.0 (Linux; Android 6.0.1; Nexus 5X Build/MMB29P) AppleWebKit/537.36 (KHTML, like Gecko) Chrome/150.0.7871.46 Mobile Safari/537.36 (compatible; Googlebot/2.1; +http://www.google.com/bot.html)"
66.249.75.1 - - [10/Jul/2026:16:43:47 -0400] "GET /register/consignment/ekln6y9bmi97zvq.htm HTTP/2" 200 29786 "-" "Mozilla/5.0 (Linux; Android 6.0.1; Nexus 5X Build/MMB29P) AppleWebKit/537.36 (KHTML, like Gecko) Chrome/150.0.7871.46 Mobile Safari/537.36 (compatible; Googlebot/2.1; +http://www.google.com/bot.html)"
66.249.75.8 - - [10/Jul/2026:16:48:00 -0400] "GET /?detail/1010068285509 HTTP/2" 200 30799 "-" "Mozilla/5.0 (Linux; Android 6.0.1; Nexus 5X Build/MMB29P) AppleWebKit/537.36 (KHTML, like Gecko) Chrome/150.0.7871.46 Mobile Safari/537.36 (compatible; Googlebot/2.1; +http://www.google.com/bot.html)"
196.210.144.132 - - [10/Jul/2026:16:52:47 -0400] "GET /%CF%83%CF%85%CE%BD%CF%84%CE%B1%CE%B3%CE%B5%CF%83/%CE%BA%CF%8C%CE%BA%CE%BA%CE%B9%CE%BD%CE%BF-%CE%BA%CF%81%CE%AD%CE%B1%CF%82/519-vegan-%CF%80%CE%B1%CF%84%CE%B1%CF%84%CE%BF%CF%83%CE%B1%CE%BB%CE%AC%CF%84%CE%B1 HTTP/2" 200 8314 "-" "Mozilla/5.0 (Windows NT 6.1; WOW64) AppleWebKit/537.36 (KHTML, like Gecko) Chrome/87.0.4280.88 Safari/537.36"
37.6.169.215 - - [10/Jul/2026:16:56:08 -0400] "GET /apple-touch-icon-120x120-precomposed.png HTTP/2" 404 20 "-" "Mozilla/5.0 (iPhone; CPU iPhone OS 18_7 like Mac OS X) AppleWebKit/605.1.15 (KHTML, like Gecko) Safari"
66.249.75.2 - - [10/Jul/2026:17:01:42 -0400] "GET /?goods/179003569 HTTP/2" 200 29759 "-" "Mozilla/5.0 (Linux; Android 6.0.1; Nexus 5X Build/MMB29P) AppleWebKit/537.36 (KHTML, like Gecko) Chrome/150.0.7871.46 Mobile Safari/537.36 (compatible; Googlebot/2.1; +http://www.google.com/bot.html)"
66.249.75.2 - - [10/Jul/2026:17:04:45 -0400] "GET /graph/possession/ffnawcbbch31xpk.htm HTTP/2" 200 35383 "-" "Mozilla/5.0 (Linux; Android 6.0.1; Nexus 5X Build/MMB29P) AppleWebKit/537.36 (KHTML, like Gecko) Chrome/150.0.7871.46 Mobile Safari/537.36 (compatible; Googlebot/2.1; +http://www.google.com/bot.html)"
66.249.75.5 - - [10/Jul/2026:16:52:18 -0400] "GET /framework/output/fuhxq65b66xvuje.htm HTTP/2" 404 17027 "-" "Mozilla/5.0 (Linux; Android 6.0.1; Nexus 5X Build/MMB29P) AppleWebKit/537.36 (KHTML, like Gecko) Chrome/150.0.7871.46 Mobile Safari/537.36 (compatible; GoogleOther)"
37.6.169.215 - - [10/Jul/2026:16:56:07 -0400] "GET /index.php/%CE%B4%CE%B9%CE%B1%CF%84%CF%81%CE%BF%CF%86%CE%BF%CE%BB%CE%BF%CE%B3%CE%B9%CE%B1/201-%CE%B4%CE%B9%CE%B1%CF%84%CF%81%CE%BF%CF%86%CE%BF%CE%BB%CE%BF%CE%B3%CE%B9%CE%BF-1200-%CE%B8%CE%B5%CF%81%CE%BC%CE%B9%CE%B4%CF%89%CE%BD.html HTTP/2" 404 20 "-" "Mozilla/5.0 (iPhone; CPU iPhone OS 18_7 like Mac OS X) AppleWebKit/605.1.15 (KHTML, like Gecko) Version/26.5 Mobile/15E148 Safari/604.1"
37.6.169.215 - - [10/Jul/2026:16:56:09 -0400] "GET /apple-touch-icon-120x120.png HTTP/2" 404 20 "-" "Mozilla/5.0 (iPhone; CPU iPhone OS 18_7 like Mac OS X) AppleWebKit/605.1.15 (KHTML, like Gecko) Safari"
66.249.75.5 - - [10/Jul/2026:16:56:40 -0400] "GET /?goods/224032491 HTTP/2" 200 32716 "-" "Mozilla/5.0 (Linux; Android 6.0.1; Nexus 5X Build/MMB29P) AppleWebKit/537.36 (KHTML, like Gecko) Chrome/150.0.7871.46 Mobile Safari/537.36 (compatible; Googlebot/2.1; +http://www.google.com/bot.html)"
190.56.143.69 - - [10/Jul/2026:17:04:26 -0400] "GET /product/127921891 HTTP/2" 404 543 "-" "Mozilla/5.0 (Macintosh; Intel Mac OS X 11_2) AppleWebKit/537.36 (KHTML, like Gecko) Chrome/96.0.4702.147 Safari/537.36"
66.249.75.2 - - [10/Jul/2026:17:05:53 -0400] "GET /%CF%83%CF%85%CE%BD%CF%84%CE%B1%CE%B3%CE%B5%CF%83/vegetarian HTTP/2" 200 31375 "-" "Mozilla/5.0 (Linux; Android 6.0.1; Nexus 5X Build/MMB29P) AppleWebKit/537.36 (KHTML, like Gecko) Chrome/150.0.7871.46 Mobile Safari/537.36 (compatible; Googlebot/2.1; +http://www.google.com/bot.html)"
66.249.75.6 - - [10/Jul/2026:17:06:53 -0400] "GET /collection/accessory/emi33v67jf64osn.htm HTTP/2" 200 29915 "-" "Mozilla/5.0 (Linux; Android 6.0.1; Nexus 5X Build/MMB29P) AppleWebKit/537.36 (KHTML, like Gecko) Chrome/150.0.7871.46 Mobile Safari/537.36 (compatible; Googlebot/2.1; +http://www.google.com/bot.html)"
66.249.75.6 - - [10/Jul/2026:17:06:55 -0400] "GET /?detail/03803495039062 HTTP/2" 200 32124 "-" "Mozilla/5.0 (Linux; Android 6.0.1; Nexus 5X Build/MMB29P) AppleWebKit/537.36 (KHTML, like Gecko) Chrome/150.0.7871.46 Mobile Safari/537.36 (compatible; Googlebot/2.1; +http://www.google.com/bot.html)"
66.249.75.4 - - [10/Jul/2026:16:52:04 -0400] "GET /?goods/147031856 HTTP/2" 200 30122 "-" "Mozilla/5.0 (Linux; Android 6.0.1; Nexus 5X Build/MMB29P) AppleWebKit/537.36 (KHTML, like Gecko) Chrome/150.0.7871.46 Mobile Safari/537.36 (compatible; Googlebot/2.1; +http://www.google.com/bot.html)"
66.249.75.4 - - [10/Jul/2026:16:52:26 -0400] "GET /grouping/possession/epnuwcbvcwbxz9s.htm HTTP/2" 200 30694 "-" "Mozilla/5.0 (Linux; Android 6.0.1; Nexus 5X Build/MMB29P) AppleWebKit/537.36 (KHTML, like Gecko) Chrome/150.0.7871.46 Mobile Safari/537.36 (compatible; Googlebot/2.1; +http://www.google.com/bot.html)"
37.6.169.215 - - [10/Jul/2026:16:56:09 -0400] "GET /favicon.ico HTTP/2" 404 1251 "-" "Mozilla/5.0 (iPhone; CPU iPhone OS 18_7 like Mac OS X) AppleWebKit/605.1.15 (KHTML, like Gecko) Safari"
37.6.169.215 - - [10/Jul/2026:16:56:09 -0400] "GET /favicon.ico HTTP/2" 404 1251 "-" "Mozilla/5.0 (iPhone; CPU iPhone OS 18_7 like Mac OS X) AppleWebKit/605.1.15 (KHTML, like Gecko) Safari"
66.249.75.5 - - [10/Jul/2026:16:59:54 -0400] "GET /ranking/sky/qpdfb91wqu32rc80wi_44765.phtml HTTP/2" 404 17612 "-" "Mozilla/5.0 (Linux; Android 6.0.1; Nexus 5X Build/MMB29P) AppleWebKit/537.36 (KHTML, like Gecko) Chrome/150.0.7871.46 Mobile Safari/537.36 (compatible; GoogleOther)"
66.249.75.5 - - [10/Jul/2026:17:08:09 -0400] "GET /cohort/utensil/fuygvzmbb9qceo7.htm HTTP/2" 200 31430 "-" "Mozilla/5.0 (Linux; Android 6.0.1; Nexus 5X Build/MMB29P) AppleWebKit/537.36 (KHTML, like Gecko) Chrome/150.0.7871.46 Mobile Safari/537.36 (compatible; Googlebot/2.1; +http://www.google.com/bot.html)"
66.249.75.5 - - [10/Jul/2026:17:08:15 -0400] "GET /pride/publication/eev6swjt8gjt3t0.htm HTTP/2" 200 30432 "-" "Mozilla/5.0 (Linux; Android 6.0.1; Nexus 5X Build/MMB29P) AppleWebKit/537.36 (KHTML, like Gecko) Chrome/150.0.7871.46 Mobile Safari/537.36 (compatible; Googlebot/2.1; +http://www.google.com/bot.html)"
66.249.75.4 - - [10/Jul/2026:17:15:37 -0400] "GET /framework/publication/fwqqzfebfy64bsn.htm HTTP/2" 404 17772 "-" "Mozilla/5.0 (Linux; Android 6.0.1; Nexus 5X Build/MMB29P) AppleWebKit/537.36 (KHTML, like Gecko) Chrome/150.0.7871.46 Mobile Safari/537.36 (compatible; GoogleOther)"
66.249.75.6 - - [10/Jul/2026:17:08:11 -0400] "GET /rank/derivative/f26lrjub7rakckr.htm HTTP/2" 200 31915 "-" "Mozilla/5.0 (Linux; Android 6.0.1; Nexus 5X Build/MMB29P) AppleWebKit/537.36 (KHTML, like Gecko) Chrome/150.0.7871.46 Mobile Safari/537.36 (compatible; Googlebot/2.1; +http://www.google.com/bot.html)"
66.249.75.4 - - [10/Jul/2026:17:08:13 -0400] "GET /taxon/model/fcddae1bqe5rq3m.htm HTTP/2" 200 29609 "-" "Mozilla/5.0 (Linux; Android 6.0.1; Nexus 5X Build/MMB29P) AppleWebKit/537.36 (KHTML, like Gecko) Chrome/150.0.7871.46 Mobile Safari/537.36 (compatible; Googlebot/2.1; +http://www.google.com/bot.html)"
66.249.75.4 - - [10/Jul/2026:17:10:51 -0400] "GET /taxon/model/fcddae1bqe5rq3m.htm HTTP/2" 404 17762 "-" "Mozilla/5.0 (Linux; Android 6.0.1; Nexus 5X Build/MMB29P) AppleWebKit/537.36 (KHTML, like Gecko) Chrome/150.0.7871.46 Mobile Safari/537.36 (compatible; GoogleOther)"
66.249.75.6 - - [10/Jul/2026:17:11:15 -0400] "GET /?goods/279006240 HTTP/2" 200 29725 "-" "Mozilla/5.0 (Linux; Android 6.0.1; Nexus 5X Build/MMB29P) AppleWebKit/537.36 (KHTML, like Gecko) Chrome/150.0.7871.46 Mobile Safari/537.36 (compatible; Googlebot/2.1; +http://www.google.com/bot.html)"
66.249.75.6 - - [10/Jul/2026:17:16:16 -0400] "GET /?jp/076004857.html HTTP/2" 200 30996 "-" "Mozilla/5.0 (Linux; Android 6.0.1; Nexus 5X Build/MMB29P) AppleWebKit/537.36 (KHTML, like Gecko) Chrome/150.0.7871.46 Mobile Safari/537.36 (compatible; Googlebot/2.1; +http://www.google.com/bot.html)"
66.249.75.5 - - [10/Jul/2026:17:16:24 -0400] "GET /schema/range/fm5eeutbupljp72.htm HTTP/2" 200 32585 "-" "Mozilla/5.0 (Linux; Android 6.0.1; Nexus 5X Build/MMB29P) AppleWebKit/537.36 (KHTML, like Gecko) Chrome/150.0.7871.46 Mobile Safari/537.36 (compatible; Googlebot/2.1; +http://www.google.com/bot.html)"
66.249.75.4 - - [10/Jul/2026:17:19:25 -0400] "GET /unit/package/ehop91c4plca1yt.htm HTTP/2" 200 30994 "-" "Mozilla/5.0 (Linux; Android 6.0.1; Nexus 5X Build/MMB29P) AppleWebKit/537.36 (KHTML, like Gecko) Chrome/150.0.7871.46 Mobile Safari/537.36 (compatible; Googlebot/2.1; +http://www.google.com/bot.html)"
66.249.75.5 - - [10/Jul/2026:17:21:33 -0400] "GET /?jp/196008393.html HTTP/2" 200 30626 "-" "Mozilla/5.0 (Linux; Android 6.0.1; Nexus 5X Build/MMB29P) AppleWebKit/537.36 (KHTML, like Gecko) Chrome/150.0.7871.46 Mobile Safari/537.36 (compatible; Googlebot/2.1; +http://www.google.com/bot.html)"
66.249.75.6 - - [10/Jul/2026:17:21:36 -0400] "GET /type/appliance/e619y2pwempz4z6.htm HTTP/2" 200 29832 "-" "Mozilla/5.0 (Linux; Android 6.0.1; Nexus 5X Build/MMB29P) AppleWebKit/537.36 (KHTML, like Gecko) Chrome/150.0.7871.46 Mobile Safari/537.36 (compatible; Googlebot/2.1; +http://www.google.com/bot.html)"
66.249.75.5 - - [10/Jul/2026:17:22:38 -0400] "GET /rubric/derivative/errgc4ftsofdx1w.htm HTTP/2" 200 30174 "-" "Mozilla/5.0 (Linux; Android 6.0.1; Nexus 5X Build/MMB29P) AppleWebKit/537.36 (KHTML, like Gecko) Chrome/150.0.7871.46 Mobile Safari/537.36 (compatible; Googlebot/2.1; +http://www.google.com/bot.html)"
66.249.75.5 - - [10/Jul/2026:17:23:38 -0400] "GET /clique/creation/eljqgk7rw47hbho.htm HTTP/2" 200 30863 "-" "Mozilla/5.0 (Linux; Android 6.0.1; Nexus 5X Build/MMB29P) AppleWebKit/537.36 (KHTML, like Gecko) Chrome/150.0.7871.46 Mobile Safari/537.36 (compatible; Googlebot/2.1; +http://www.google.com/bot.html)"
66.249.75.8 - - [10/Jul/2026:17:33:40 -0400] "GET /chart/device/e83fogr440rpad8.htm HTTP/2" 200 31890 "-" "Mozilla/5.0 (Linux; Android 6.0.1; Nexus 5X Build/MMB29P) AppleWebKit/537.36 (KHTML, like Gecko) Chrome/150.0.7871.46 Mobile Safari/537.36 (compatible; Googlebot/2.1; +http://www.google.com/bot.html)"
85.208.96.197 - - [10/Jul/2026:17:27:11 -0400] "GET /%CE%B4%CE%B9%CE%B1%CF%84%CF%81%CE%BF%CF%86%CE%BF%CE%BB%CE%BF%CE%B3%CE%B9%CE%B1/%CF%87%CF%89%CF%81%CE%B9%CF%82-%CE%BB%CE%B1%CE%BA%CF%84%CE%BF%CE%B6%CE%B7/51-vegetarian/402-%E2%80%A2-2100-%CE%B8%CE%B5%CF%81%CE%BC%CE%B9%CE%B4%CF%89%CE%BD-vegetarian HTTP/2" 404 0 "-" "Mozilla/5.0 (compatible; SemrushBot/7~bl; +http://www.semrush.com/bot.html)"
66.249.75.1 - - [10/Jul/2026:17:30:51 -0400] "GET /attribute/belonging/fyskptgb5mk6li1.htm HTTP/2" 404 18176 "-" "Mozilla/5.0 (Linux; Android 6.0.1; Nexus 5X Build/MMB29P) AppleWebKit/537.36 (KHTML, like Gecko) Chrome/150.0.7871.46 Mobile Safari/537.36 (compatible; GoogleOther)"
66.249.75.8 - - [10/Jul/2026:17:31:40 -0400] "GET /?jp/154019351.html HTTP/2" 200 30899 "-" "Mozilla/5.0 (Linux; Android 6.0.1; Nexus 5X Build/MMB29P) AppleWebKit/537.36 (KHTML, like Gecko) Chrome/150.0.7871.46 Mobile Safari/537.36 (compatible; Googlebot/2.1; +http://www.google.com/bot.html)"
47.128.113.96 - - [10/Jul/2026:17:37:20 -0400] "GET /%CF%83%CF%85%CE%BD%CF%84%CE%B1%CE%B3%CE%B5%CF%83/%CE%BA%CF%8C%CE%BA%CE%BA%CE%B9%CE%BD%CE%BF-%CE%BA%CF%81%CE%AD%CE%B1%CF%82/351-%CF%83%CF%80%CE%B9%CF%84%CE%B9%CE%BA%CE%AE-%CF%80%CE%AF%CF%84%CF%83%CE%B1 HTTP/2" 404 0 "-" "Mozilla/5.0 (Linux; Android 5.0) AppleWebKit/537.36 (KHTML, like Gecko) Mobile Safari/537.36 (compatible; Bytespider; spider-feedback@bytedance.com)"
47.128.114.109 - - [10/Jul/2026:17:24:44 -0400] "GET /%CF%83%CF%85%CE%BD%CF%84%CE%B1%CE%B3%CE%B5%CF%83/%CE%BA%CF%8C%CE%BA%CE%BA%CE%B9%CE%BD%CE%BF-%CE%BA%CF%81%CE%AD%CE%B1%CF%82/448-smoothie-%CE%BC%CE%B5-%CE%BA%CE%B1%CF%81%CF%80%CE%BF%CF%8D%CE%B6%CE%B9-%CE%BA%CE%B1%CE%B9-%CE%BC%CF%80%CE%B1%CE%BD%CE%AC%CE%BD%CE%B1 HTTP/2" 404 0 "-" "Mozilla/5.0 (Linux; Android 5.0) AppleWebKit/537.36 (KHTML, like Gecko) Mobile Safari/537.36 (compatible; Bytespider; spider-feedback@bytedance.com)"
66.249.75.1 - - [10/Jul/2026:17:26:39 -0400] "GET /?jp/020015334.html HTTP/2" 200 30523 "-" "Mozilla/5.0 (Linux; Android 6.0.1; Nexus 5X Build/MMB29P) AppleWebKit/537.36 (KHTML, like Gecko) Chrome/150.0.7871.46 Mobile Safari/537.36 (compatible; Googlebot/2.1; +http://www.google.com/bot.html)"
66.249.75.2 - - [10/Jul/2026:17:35:43 -0400] "GET /group/yield/fwmqjnabz8e0pcv.htm HTTP/2" 200 30527 "-" "Mozilla/5.0 (Linux; Android 6.0.1; Nexus 5X Build/MMB29P) AppleWebKit/537.36 (KHTML, like Gecko) Chrome/150.0.7871.46 Mobile Safari/537.36 (compatible; Googlebot/2.1; +http://www.google.com/bot.html)"
66.249.75.2 - - [10/Jul/2026:17:35:44 -0400] "GET /array/abhelp/fcrkc4fbswv5y5c.htm HTTP/2" 200 31157 "-" "Mozilla/5.0 (Linux; Android 6.0.1; Nexus 5X Build/MMB29P) AppleWebKit/537.36 (KHTML, like Gecko) Chrome/150.0.7871.46 Mobile Safari/537.36 (compatible; Googlebot/2.1; +http://www.google.com/bot.html)"
66.249.75.1 - - [10/Jul/2026:17:35:46 -0400] "GET /design/artwork/eqpnmqdy2adnenu.htm HTTP/2" 200 30417 "-" "Mozilla/5.0 (Linux; Android 6.0.1; Nexus 5X Build/MMB29P) AppleWebKit/537.36 (KHTML, like Gecko) Chrome/150.0.7871.46 Mobile Safari/537.36 (compatible; Googlebot/2.1; +http://www.google.com/bot.html)"
66.249.75.8 - - [10/Jul/2026:17:36:46 -0400] "GET /?jp/072042367.html HTTP/2" 200 31391 "-" "Mozilla/5.0 (Linux; Android 6.0.1; Nexus 5X Build/MMB29P) AppleWebKit/537.36 (KHTML, like Gecko) Chrome/150.0.7871.46 Mobile Safari/537.36 (compatible; Googlebot/2.1; +http://www.google.com/bot.html)"
66.249.75.8 - - [10/Jul/2026:17:37:47 -0400] "GET /pattern/effect/fg2cbrqbrrigs4z.htm HTTP/2" 200 33668 "-" "Mozilla/5.0 (Linux; Android 6.0.1; Nexus 5X Build/MMB29P) AppleWebKit/537.36 (KHTML, like Gecko) Chrome/150.0.7871.46 Mobile Safari/537.36 (compatible; Googlebot/2.1; +http://www.google.com/bot.html)"
66.249.75.8 - - [10/Jul/2026:17:38:10 -0400] "GET /framework/appliance/em2xbrq2rbqc3o7.htm HTTP/2" 200 30440 "-" "Mozilla/5.0 (Linux; Android 6.0.1; Nexus 5X Build/MMB29P) AppleWebKit/537.36 (KHTML, like Gecko) Chrome/150.0.7871.46 Mobile Safari/537.36 (compatible; Googlebot/2.1; +http://www.google.com/bot.html)"
66.249.75.2 - - [10/Jul/2026:17:38:11 -0400] "GET /schema/package/f1lq6y9bmtpzzz6.htm HTTP/2" 200 28759 "-" "Mozilla/5.0 (Linux; Android 6.0.1; Nexus 5X Build/MMB29P) AppleWebKit/537.36 (KHTML, like Gecko) Chrome/150.0.7871.46 Mobile Safari/537.36 (compatible; Googlebot/2.1; +http://www.google.com/bot.html)"
66.249.75.8 - - [10/Jul/2026:17:38:12 -0400] "GET /level/make/ewpwmqdb2adnrnu.htm HTTP/2" 200 30802 "-" "Mozilla/5.0 (Linux; Android 6.0.1; Nexus 5X Build/MMB29P) AppleWebKit/537.36 (KHTML, like Gecko) Chrome/150.0.7871.46 Mobile Safari/537.36 (compatible; Googlebot/2.1; +http://www.google.com/bot.html)"
66.249.75.8 - - [10/Jul/2026:17:41:13 -0400] "GET /?goods/233030864 HTTP/2" 200 31004 "-" "Mozilla/5.0 (Linux; Android 6.0.1; Nexus 5X Build/MMB29P) AppleWebKit/537.36 (KHTML, like Gecko) Chrome/150.0.7871.46 Mobile Safari/537.36 (compatible; Googlebot/2.1; +http://www.google.com/bot.html)"
66.249.75.8 - - [10/Jul/2026:17:41:22 -0400] "GET /grade/type/eegfdh48t14e3el.htm HTTP/2" 200 30552 "-" "Mozilla/5.0 (Linux; Android 6.0.1; Nexus 5X Build/MMB29P) AppleWebKit/537.36 (KHTML, like Gecko) Chrome/150.0.7871.46 Mobile Safari/537.36 (compatible; Googlebot/2.1; +http://www.google.com/bot.html)"
66.249.75.8 - - [10/Jul/2026:17:41:23 -0400] "GET /system/line/fwrdc4fbs4v5i5c.htm HTTP/2" 200 30516 "-" "Mozilla/5.0 (Linux; Android 6.0.1; Nexus 5X Build/MMB29P) AppleWebKit/537.36 (KHTML, like Gecko) Chrome/150.0.7871.46 Mobile Safari/537.36 (compatible; Googlebot/2.1; +http://www.google.com/bot.html)"
66.249.75.8 - - [10/Jul/2026:17:41:25 -0400] "GET /tag/proceeds/feav7bybnl2oa0j.htm HTTP/2" 200 31678 "-" "Mozilla/5.0 (Linux; Android 6.0.1; Nexus 5X Build/MMB29P) AppleWebKit/537.36 (KHTML, like Gecko) Chrome/150.0.7871.46 Mobile Safari/537.36 (compatible; Googlebot/2.1; +http://www.google.com/bot.html)"
66.249.75.8 - - [10/Jul/2026:17:41:26 -0400] "GET /province/project/etppmqdo2adnynu.htm HTTP/2" 200 32035 "-" "Mozilla/5.0 (Linux; Android 6.0.1; Nexus 5X Build/MMB29P) AppleWebKit/537.36 (KHTML, like Gecko) Chrome/150.0.7871.46 Mobile Safari/537.36 (compatible; Googlebot/2.1; +http://www.google.com/bot.html)"
66.249.75.8 - - [10/Jul/2026:17:41:27 -0400] "GET /sort/line/esf80s34gc31ipk.htm HTTP/2" 200 31063 "-" "Mozilla/5.0 (Linux; Android 6.0.1; Nexus 5X Build/MMB29P) AppleWebKit/537.36 (KHTML, like Gecko) Chrome/150.0.7871.46 Mobile Safari/537.36 (compatible; Googlebot/2.1; +http://www.google.com/bot.html)"
66.249.75.5 - - [10/Jul/2026:17:41:48 -0400] "GET /element/return/fj4o15sbhkwi9ud.htm HTTP/2" 200 30686 "-" "Mozilla/5.0 (Linux; Android 6.0.1; Nexus 5X Build/MMB29P) AppleWebKit/537.36 (KHTML, like Gecko) Chrome/150.0.7871.46 Mobile Safari/537.36 (compatible; Googlebot/2.1; +http://www.google.com/bot.html)"
66.249.75.5 - - [10/Jul/2026:17:41:49 -0400] "GET /sorority/goods/frjbgk7bwwbx89s.htm HTTP/2" 200 33934 "-" "Mozilla/5.0 (Linux; Android 6.0.1; Nexus 5X Build/MMB29P) AppleWebKit/537.36 (KHTML, like Gecko) Chrome/150.0.7871.46 Mobile Safari/537.36 (compatible; Googlebot/2.1; +http://www.google.com/bot.html)"
66.249.75.4 - - [10/Jul/2026:17:43:28 -0400] "GET /set/set/f3eln32b35usogb.htm HTTP/2" 200 30683 "-" "Mozilla/5.0 (Linux; Android 6.0.1; Nexus 5X Build/MMB29P) AppleWebKit/537.36 (KHTML, like Gecko) Chrome/150.0.7871.46 Mobile Safari/537.36 (compatible; Googlebot/2.1; +http://www.google.com/bot.html)"
66.249.75.5 - - [10/Jul/2026:17:43:51 -0400] "GET /flock/handicraft/ep9aumxza6xv1je.htm HTTP/2" 200 30037 "-" "Mozilla/5.0 (Linux; Android 6.0.1; Nexus 5X Build/MMB29P) AppleWebKit/537.36 (KHTML, like Gecko) Chrome/150.0.7871.46 Mobile Safari/537.36 (compatible; Googlebot/2.1; +http://www.google.com/bot.html)"
66.249.75.4 - - [10/Jul/2026:17:43:51 -0400] "GET /cohort/cargo/ft3fogrb4x7h9ho.htm HTTP/2" 200 29329 "-" "Mozilla/5.0 (Linux; Android 6.0.1; Nexus 5X Build/MMB29P) AppleWebKit/537.36 (KHTML, like Gecko) Chrome/150.0.7871.46 Mobile Safari/537.36 (compatible; Googlebot/2.1; +http://www.google.com/bot.html)"
185.191.171.6 - - [10/Jul/2026:17:48:27 -0400] "GET /%CF%83%CF%85%CE%BD%CF%84%CE%B1%CE%B3%CE%B5%CF%83/%CE%BA%CF%8C%CE%BA%CE%BA%CE%B9%CE%BD%CE%BF-%CE%BA%CF%81%CE%AD%CE%B1%CF%82/436-%CE%B3%CE%AF%CE%B3%CE%B1%CE%BD%CF%84%CE%B5%CF%82-%CF%83%CF%84%CE%BF%CE%BD-%CF%86%CE%BF%CF%8D%CF%81%CE%BD%CE%BF HTTP/2" 404 0 "-" "Mozilla/5.0 (compatible; SemrushBot/7~bl; +http://www.semrush.com/bot.html)"
66.249.75.5 - - [10/Jul/2026:17:50:55 -0400] "GET /assemblage/creation/etz28onvo8n9rl4.htm HTTP/2" 200 30296 "-" "Mozilla/5.0 (Linux; Android 6.0.1; Nexus 5X Build/MMB29P) AppleWebKit/537.36 (KHTML, like Gecko) Chrome/150.0.7871.46 Mobile Safari/537.36 (compatible; Googlebot/2.1; +http://www.google.com/bot.html)"
66.249.75.2 - - [10/Jul/2026:17:41:12 -0400] "GET /territory/article/fzbak0zb0irpqd8.htm HTTP/2" 200 31207 "-" "Mozilla/5.0 (Linux; Android 6.0.1; Nexus 5X Build/MMB29P) AppleWebKit/537.36 (KHTML, like Gecko) Chrome/150.0.7871.46 Mobile Safari/537.36 (compatible; Googlebot/2.1; +http://www.google.com/bot.html)"
103.200.197.40 - - [10/Jul/2026:17:41:22 -0400] "GET /ranking/functional/cli11xdpe8fslt3he_831.phtml HTTP/2" 404 543 "-" "Mozilla/5.0 (Windows NT 6.1; WOW64) AppleWebKit/537.36 (KHTML, like Gecko) Chrome/90.0.4430.93 Safari/537.36"
66.249.75.4 - - [10/Jul/2026:17:41:47 -0400] "GET /?jp/060033280.html HTTP/2" 200 30417 "-" "Mozilla/5.0 (Linux; Android 6.0.1; Nexus 5X Build/MMB29P) AppleWebKit/537.36 (KHTML, like Gecko) Chrome/150.0.7871.46 Mobile Safari/537.36 (compatible; Googlebot/2.1; +http://www.google.com/bot.html)"
66.249.75.5 - - [10/Jul/2026:17:46:28 -0400] "GET /?goods/058032787 HTTP/2" 200 30840 "-" "Mozilla/5.0 (Linux; Android 6.0.1; Nexus 5X Build/MMB29P) AppleWebKit/537.36 (KHTML, like Gecko) Chrome/150.0.7871.46 Mobile Safari/537.36 (compatible; Googlebot/2.1; +http://www.google.com/bot.html)"
66.249.75.5 - - [10/Jul/2026:17:46:53 -0400] "GET /?detail/1610034096478 HTTP/2" 200 30993 "-" "Mozilla/5.0 (Linux; Android 6.0.1; Nexus 5X Build/MMB29P) AppleWebKit/537.36 (KHTML, like Gecko) Chrome/150.0.7871.46 Mobile Safari/537.36 (compatible; Googlebot/2.1; +http://www.google.com/bot.html)"
66.249.75.6 - - [10/Jul/2026:17:50:54 -0400] "GET /system/return/ecgddh4kt14ejel.htm HTTP/2" 200 30499 "-" "Mozilla/5.0 (Linux; Android 6.0.1; Nexus 5X Build/MMB29P) AppleWebKit/537.36 (KHTML, like Gecko) Chrome/150.0.7871.46 Mobile Safari/537.36 (compatible; Googlebot/2.1; +http://www.google.com/bot.html)"
