2a02:4780:2d:8d18::1 - - [10/Jul/2026:19:26:31 -0400] "GET /index.php/company/our-team/cv-ioanna-souchla HTTP/2" 200 8284 "-" "Mozilla/5.0 (Windows NT 10.0; Win64; x64) AppleWebKit/537.36 (KHTML, like Gecko) Chrome/147.0.0.0 Safari/537.36 Edg/146.0.3856.109"
2a02:4780:2d:8d18::1 - - [10/Jul/2026:19:26:31 -0400] "GET /index.php/company/our-philosophy?rCH=-2 HTTP/2" 301 0 "-" "Mozilla/5.0 (Macintosh; Intel Mac OS X 15_7_5) AppleWebKit/605.1.15 (KHTML, like Gecko) Version/26.0 Safari/605.1.15"
147.93.116.239 - - [10/Jul/2026:19:26:31 -0400] "GET /index.php/company/our-team/cv-phenia-bobou HTTP/2" 200 8793 "-" "Mozilla/5.0 (Macintosh; Intel Mac OS X 15.7; rv:149.0) Gecko/20100101 Firefox/149.0"
2a02:4780:2d:8d18::1 - - [10/Jul/2026:19:26:31 -0400] "GET /index.php/company/our-team/cv-christina-zourna HTTP/2" 200 7993 "-" "Mozilla/5.0 (Macintosh; Intel Mac OS X 15.7; rv:149.0) Gecko/20100101 Firefox/149.0"
2a02:4780:2d:8d18::1 - - [10/Jul/2026:19:26:31 -0400] "GET /index.php/company/our-team/cv-nikoleta-chatzekonstantinidou HTTP/2" 200 7904 "-" "Mozilla/5.0 (Macintosh; Intel Mac OS X 15_7_5) AppleWebKit/605.1.15 (KHTML, like Gecko) Version/26.0 Safari/605.1.15"
2a02:4780:2d:8d18::1 - - [10/Jul/2026:19:26:31 -0400] "GET /index.php/company/our-team/cv-melina-stoupa HTTP/2" 200 8152 "-" "Mozilla/5.0 (Windows NT 10.0; Win64; x64; rv:149.0) Gecko/20100101 Firefox/149.0"
147.93.116.239 - - [10/Jul/2026:19:26:31 -0400] "GET /index.php/company/our-team/cv-ioanna-darbyre HTTP/2" 200 8236 "-" "Mozilla/5.0 (Macintosh; Intel Mac OS X 15_7_5) AppleWebKit/605.1.15 (KHTML, like Gecko) Version/26.0 Safari/605.1.15"
2a02:4780:2d:8d18::1 - - [10/Jul/2026:19:26:31 -0400] "GET /index.php/company/our-team/cv-myrto-ntente HTTP/2" 200 7810 "-" "Mozilla/5.0 (Windows NT 10.0; Win64; x64) AppleWebKit/537.36 (KHTML, like Gecko) Chrome/147.0.0.0 Safari/537.36 Edg/146.0.3856.109"
2a02:4780:2d:8d18::1 - - [10/Jul/2026:19:26:31 -0400] "GET /index.php/company/our-team/cv-maria-markianou HTTP/2" 200 8086 "-" "Mozilla/5.0 (Windows NT 10.0; Win64; x64) AppleWebKit/537.36 (KHTML, like Gecko) Chrome/147.0.0.0 Safari/537.36 Edg/146.0.3856.109"
2a02:4780:2d:8d18::1 - - [10/Jul/2026:19:26:31 -0400] "GET /index.php/company/our-team/cv-christina-karachotzite HTTP/2" 200 7988 "-" "Mozilla/5.0 (Macintosh; Intel Mac OS X 15_7_5) AppleWebKit/605.1.15 (KHTML, like Gecko) Version/26.0 Safari/605.1.15"
147.93.116.239 - - [10/Jul/2026:19:26:32 -0400] "GET /index.php/company/our-team/cv-maira-stephanakou HTTP/2" 200 7981 "-" "Mozilla/5.0 (Windows NT 10.0; Win64; x64) AppleWebKit/537.36 (KHTML, like Gecko) Chrome/147.0.0.0 Safari/537.36"
2a02:4780:2d:8d18::1 - - [10/Jul/2026:19:26:32 -0400] "GET /index.php/services/support-line-24-7 HTTP/2" 200 10465 "https://en.hrpsychology.gr/index.php/services/support-line-24-7?rCH=2" "Mozilla/5.0 (Macintosh; Intel Mac OS X 15_7_5) AppleWebKit/605.1.15 (KHTML, like Gecko) Version/26.0 Safari/605.1.15"
43.172.197.44 - - [10/Jul/2026:19:24:34 -0400] "GET /index.php/articles/mental-health HTTP/2" 200 8214 "-" "Mozilla/5.0 (Windows NT 10.0; Win64; x64) AppleWebKit/537.36 (KHTML, like Gecko) Chrome/111.0.0.0 Safari/537.36"
167.56.85.226 - - [10/Jul/2026:19:25:42 -0400] "GET /index.php/articles/mental-health?rCH=2 HTTP/2" 301 0 "-" "Mozilla/5.0 (Windows NT 10.0; Win64; x64) AppleWebKit/537.36 (KHTML, like Gecko) Chrome/108.0.0.0 Safari/537.36"
151.236.179.123 - - [10/Jul/2026:19:25:51 -0400] "GET /templates/system/css/system.css HTTP/2" 404 1251 "https://en.hrpsychology.gr/index.php/articles/mental-health" "Mozilla/5.0 (Windows NT 10.0; Win64; x64) AppleWebKit/537.36 (KHTML, like Gecko) Chrome/108.0.0.0 Safari/537.36"
2a02:4780:2d:8d18::1 - - [10/Jul/2026:19:26:17 -0400] "GET /media/system/js/core.min.js?576eb51da909dcf692c98643faa6fc89629ead18 HTTP/2" 200 2995 "-" "Mozilla/5.0 (Macintosh; Intel Mac OS X 15_7_5) AppleWebKit/605.1.15 (KHTML, like Gecko) Version/26.0 Safari/605.1.15"
2a02:4780:2d:8d18::1 - - [10/Jul/2026:19:26:18 -0400] "GET /plugins/system/t3/base-bs3/js/respond.min.js HTTP/2" 200 1972 "-" "Mozilla/5.0 (Macintosh; Intel Mac OS X 10_15_7) AppleWebKit/537.36 (KHTML, like Gecko) Chrome/147.0.0.0 Safari/537.36"
2a02:4780:2d:8d18::1 - - [10/Jul/2026:19:26:28 -0400] "GET /media/vendor/webcomponentsjs/js/webcomponents-bundle.min.js?2.7.0 HTTP/2" 200 38221 "-" "Mozilla/5.0 (Macintosh; Intel Mac OS X 15.7; rv:149.0) Gecko/20100101 Firefox/149.0"
147.93.116.239 - - [10/Jul/2026:19:26:28 -0400] "GET /media/system/js/joomla-hidden-mail.min.js?6829a5ca62409c5d92c27b7c42bad9e81b3a480a HTTP/2" 200 515 "-" "Mozilla/5.0 (Windows NT 10.0; Win64; x64) AppleWebKit/537.36 (KHTML, like Gecko) Chrome/147.0.0.0 Safari/537.36 Edg/146.0.3856.109"
2a02:4780:2d:8d18::1 - - [10/Jul/2026:19:26:28 -0400] "GET /t3-assets/js/js-e4beb-12745.js HTTP/2" 200 110472 "-" "Mozilla/5.0 (Windows NT 10.0; Win64; x64) AppleWebKit/537.36 (KHTML, like Gecko) Chrome/147.0.0.0 Safari/537.36 Edg/146.0.3856.109"
147.93.116.239 - - [10/Jul/2026:19:26:28 -0400] "GET /media/vendor/bootstrap/js/bootstrap-es5.min.js?5.2.3 HTTP/2" 200 47989 "-" "Mozilla/5.0 (Windows NT 10.0; Win64; x64; rv:149.0) Gecko/20100101 Firefox/149.0"
2a02:4780:2d:8d18::1 - - [10/Jul/2026:19:26:28 -0400] "GET /t3-assets/js/js-4327f-12745.js HTTP/2" 200 110883 "-" "Mozilla/5.0 (Macintosh; Intel Mac OS X 10_15_7) AppleWebKit/537.36 (KHTML, like Gecko) Chrome/147.0.0.0 Safari/537.36"
2a02:4780:2d:8d18::1 - - [10/Jul/2026:19:26:32 -0400] "GET /index.php HTTP/2" 200 18618 "https://en.hrpsychology.gr/index.php?rCH=2" "Mozilla/5.0 (Windows NT 10.0; Win64; x64; rv:149.0) Gecko/20100101 Firefox/149.0"
2a02:4780:2d:8d18::1 - - [10/Jul/2026:19:26:32 -0400] "GET /index.php HTTP/2" 200 18618 "https://en.hrpsychology.gr/index.php?rCH=-2" "Mozilla/5.0 (Windows NT 10.0; Win64; x64) AppleWebKit/537.36 (KHTML, like Gecko) Chrome/147.0.0.0 Safari/537.36"
147.93.116.239 - - [10/Jul/2026:19:26:32 -0400] "GET /index.php/services/nutrition-counseling-line HTTP/2" 200 10178 "https://en.hrpsychology.gr/index.php/services/nutrition-counseling-line?rCH=2" "Mozilla/5.0 (Windows NT 10.0; Win64; x64; rv:149.0) Gecko/20100101 Firefox/149.0"
2a02:4780:2d:8d18::1 - - [10/Jul/2026:19:26:32 -0400] "GET /index.php/services/nutrition-counseling-line HTTP/2" 200 10178 "https://en.hrpsychology.gr/index.php/services/nutrition-counseling-line?rCH=-2" "Mozilla/5.0 (Macintosh; Intel Mac OS X 10_15_7) AppleWebKit/537.36 (KHTML, like Gecko) Chrome/147.0.0.0 Safari/537.36"
2a02:4780:2d:8d18::1 - - [10/Jul/2026:19:26:32 -0400] "GET /index.php/services/soul-food-app HTTP/2" 200 10718 "https://en.hrpsychology.gr/index.php/services/soul-food-app?rCH=-2" "Mozilla/5.0 (Macintosh; Intel Mac OS X 15.7; rv:149.0) Gecko/20100101 Firefox/149.0"
2a02:4780:2d:8d18::1 - - [10/Jul/2026:19:26:32 -0400] "GET /index.php/services/soul-food-app HTTP/2" 200 10772 "https://en.hrpsychology.gr/index.php/services/soul-food-app?rCH=2" "Mozilla/5.0 (Macintosh; Intel Mac OS X 15.7; rv:149.0) Gecko/20100101 Firefox/149.0"
147.93.116.239 - - [10/Jul/2026:19:26:32 -0400] "GET /index.php/services/seminars HTTP/2" 200 17076 "https://en.hrpsychology.gr/index.php/services/seminars?rCH=-2" "Mozilla/5.0 (Windows NT 10.0; Win64; x64) AppleWebKit/537.36 (KHTML, like Gecko) Chrome/147.0.0.0 Safari/537.36"
2a02:4780:2d:8d18::1 - - [10/Jul/2026:19:26:32 -0400] "GET /index.php/services/seminars HTTP/2" 200 17076 "https://en.hrpsychology.gr/index.php/services/seminars?rCH=2" "Mozilla/5.0 (Windows NT 10.0; Win64; x64; rv:149.0) Gecko/20100101 Firefox/149.0"
2a02:4780:2d:8d18::1 - - [10/Jul/2026:19:26:32 -0400] "GET /index.php/services/on-site HTTP/2" 200 10489 "https://en.hrpsychology.gr/index.php/services/on-site?rCH=-2" "Mozilla/5.0 (Windows NT 10.0; Win64; x64) AppleWebKit/537.36 (KHTML, like Gecko) Chrome/147.0.0.0 Safari/537.36 Edg/146.0.3856.109"
2a02:4780:2d:8d18::1 - - [10/Jul/2026:19:26:32 -0400] "GET /index.php/services/talks HTTP/2" 200 10135 "https://en.hrpsychology.gr/index.php/services/talks?rCH=2" "Mozilla/5.0 (Windows NT 10.0; Win64; x64; rv:149.0) Gecko/20100101 Firefox/149.0"
147.93.116.239 - - [10/Jul/2026:19:26:32 -0400] "GET /index.php/services/wellbeing HTTP/2" 200 10489 "https://en.hrpsychology.gr/index.php/services/wellbeing?rCH=2" "Mozilla/5.0 (Macintosh; Intel Mac OS X 10_15_7) AppleWebKit/537.36 (KHTML, like Gecko) Chrome/147.0.0.0 Safari/537.36"
2a02:4780:2d:8d18::1 - - [10/Jul/2026:19:26:32 -0400] "GET /index.php/services/wellbeing HTTP/2" 200 10489 "https://en.hrpsychology.gr/index.php/services/wellbeing?rCH=-2" "Mozilla/5.0 (Macintosh; Intel Mac OS X 15_7_5) AppleWebKit/605.1.15 (KHTML, like Gecko) Version/26.0 Safari/605.1.15"
147.93.116.239 - - [10/Jul/2026:19:26:32 -0400] "GET /index.php/services/talks HTTP/2" 200 10135 "https://en.hrpsychology.gr/index.php/services/talks?rCH=-2" "Mozilla/5.0 (Macintosh; Intel Mac OS X 15_7_5) AppleWebKit/605.1.15 (KHTML, like Gecko) Version/26.0 Safari/605.1.15"
2a02:4780:2d:8d18::1 - - [10/Jul/2026:19:26:33 -0400] "GET /index.php/company/our-philosophy HTTP/2" 200 9921 "https://en.hrpsychology.gr/index.php/company/our-philosophy?rCH=2" "Mozilla/5.0 (Macintosh; Intel Mac OS X 15.7; rv:149.0) Gecko/20100101 Firefox/149.0"
2a02:4780:2d:8d18::1 - - [10/Jul/2026:19:26:33 -0400] "GET /index.php/company/our-philosophy HTTP/2" 200 9919 "https://en.hrpsychology.gr/index.php/company/our-philosophy?rCH=-2" "Mozilla/5.0 (Macintosh; Intel Mac OS X 15_7_5) AppleWebKit/605.1.15 (KHTML, like Gecko) Version/26.0 Safari/605.1.15"
43.173.182.81 - - [10/Jul/2026:19:24:33 -0400] "GET /index.php/articles/mental-health?rCH=2 HTTP/2" 301 0 "-" "Mozilla/5.0 (Windows NT 10.0; Win64; x64) AppleWebKit/537.36 (KHTML, like Gecko) Chrome/111.0.0.0 Safari/537.36"
2a02:4780:2d:8d18::1 - - [10/Jul/2026:19:26:16 -0400] "GET /.git/config HTTP/2" 403 1242 "-" "Mozilla/5.0 (Windows NT 10.0; Win64; x64) AppleWebKit/537.36 (KHTML, like Gecko) Chrome/147.0.0.0 Safari/537.36 Edg/146.0.3856.109"
2a02:4780:2d:8d18::1 - - [10/Jul/2026:19:26:17 -0400] "GET /js/config.js HTTP/2" 404 533 "-" "Mozilla/5.0 (Windows NT 10.0; Win64; x64) AppleWebKit/537.36 (KHTML, like Gecko) Chrome/147.0.0.0 Safari/537.36"
2a02:4780:2d:8d18::1 - - [10/Jul/2026:19:26:17 -0400] "GET /t3-assets/js/js-f7840-12745.js HTTP/2" 200 114925 "-" "Mozilla/5.0 (Macintosh; Intel Mac OS X 10_15_7) AppleWebKit/537.36 (KHTML, like Gecko) Chrome/147.0.0.0 Safari/537.36"
2a02:4780:2d:8d18::1 - - [10/Jul/2026:19:26:17 -0400] "GET /media/system/js/messages-es5.min.js?44e3f60beada646706be6569e75b36f7cf293bf9 HTTP/2" 200 2692 "-" "Mozilla/5.0 (Macintosh; Intel Mac OS X 10_15_7) AppleWebKit/537.36 (KHTML, like Gecko) Chrome/147.0.0.0 Safari/537.36"
2a02:4780:2d:8d18::1 - - [10/Jul/2026:19:26:28 -0400] "GET /media/vendor/bootstrap/js/popover.min.js?5.2.3 HTTP/2" 200 3524 "-" "Mozilla/5.0 (Macintosh; Intel Mac OS X 15_7_5) AppleWebKit/605.1.15 (KHTML, like Gecko) Version/26.0 Safari/605.1.15"
147.93.116.239 - - [10/Jul/2026:19:26:32 -0400] "GET /index.php/services/support-line-24-7 HTTP/2" 200 10463 "https://en.hrpsychology.gr/index.php/services/support-line-24-7?rCH=-2" "Mozilla/5.0 (Macintosh; Intel Mac OS X 15.7; rv:149.0) Gecko/20100101 Firefox/149.0"
147.93.116.239 - - [10/Jul/2026:19:26:32 -0400] "GET /index.php/services/on-site HTTP/2" 200 10547 "https://en.hrpsychology.gr/index.php/services/on-site?rCH=2" "Mozilla/5.0 (Macintosh; Intel Mac OS X 15.7; rv:149.0) Gecko/20100101 Firefox/149.0"
43.173.175.155 - - [10/Jul/2026:19:39:46 -0400] "GET /templates/system/css/system.css HTTP/2" 404 1251 "https://en.hrpsychology.gr/index.php/services/support-line-24-7" "Mozilla/5.0 (Windows NT 10.0; Win64; x64) AppleWebKit/537.36 (KHTML, like Gecko) Chrome/103.0.0.0 Safari/537.36"
66.249.79.137 - - [10/Jul/2026:19:45:02 -0400] "GET /index.php/services/support-line-24-7 HTTP/2" 200 30649 "-" "Mozilla/5.0 (Linux; Android 6.0.1; Nexus 5X Build/MMB29P) AppleWebKit/537.36 (KHTML, like Gecko) Chrome/150.0.7871.46 Mobile Safari/537.36 (compatible; Googlebot/2.1; +http://www.google.com/bot.html)"
43.172.195.22 - - [10/Jul/2026:19:39:45 -0400] "GET /index.php/services/support-line-24-7 HTTP/2" 200 10464 "-" "Mozilla/5.0 (Windows NT 10.0; Win64; x64) AppleWebKit/537.36 (KHTML, like Gecko) Chrome/103.0.0.0 Safari/537.36"
15.220.65.246 - - [10/Jul/2026:20:00:03 -0400] "GET / HTTP/2" 200 18584 "-" "Mozilla/5.0"
15.220.65.246 - - [10/Jul/2026:20:00:04 -0400] "POST /index.php?option=com_jce HTTP/2" 404 542 "-" "Mozilla/5.0"
45.227.253.15 - - [10/Jul/2026:20:01:00 -0400] "GET /cli/cli/index.php?ARRAY=7o2230223n313738333733323137392p2231223n22687474703n5p2s5p2s6877623231317631312r66616p6p6s6s6r2r706963735p2s3s6p633q7068705s636s64655s6n6326743q313738333732383537392q3933323534353530653964396234373731363164613139323039336339646163222p2232223n223864353961383030353661646638393432636535646237643662396461383633222p2233223n226230376262633334336536623734656638363437613834613434343538353437222p2262696r675s70617373223n2231342q34312q35372q36352q37362q38392q3136227q HTTP/2" 200 19 "-" "Mozilla/5.0 (Windows NT 6.2; WOW64) AppleWebKit/535.24 (KHTML, like Gecko) Chrome/80.0.1055.1 Safari/535.24"
217.15.161.214 - - [10/Jul/2026:20:05:58 -0400] "POST /index.php?option=com_sppagebuilder&task=asset.uploadCustomIcon HTTP/2" 500 550 "-" "Mozilla/5.0 (X11; Linux x86_64) sppb-rce-poc"
217.15.161.214 - - [10/Jul/2026:20:05:58 -0400] "POST /index.php?option=com_sppagebuilder&task=asset.uploadCustomIcon HTTP/2" 500 550 "-" "Mozilla/5.0 (X11; Linux x86_64) sppb-rce-poc"
217.15.161.214 - - [10/Jul/2026:20:05:59 -0400] "POST /index.php?option=com_sppagebuilder&task=asset.uploadCustomIcon HTTP/2" 500 550 "-" "Mozilla/5.0 (X11; Linux x86_64) sppb-rce-poc"
217.15.161.214 - - [10/Jul/2026:20:05:59 -0400] "POST /index.php?option=com_sppagebuilder&task=asset.uploadCustomIcon HTTP/2" 500 550 "-" "Mozilla/5.0 (X11; Linux x86_64) sppb-rce-poc"
217.15.161.214 - - [10/Jul/2026:20:06:00 -0400] "POST /index.php?option=com_sppagebuilder&task=asset.uploadCustomIcon HTTP/2" 500 550 "-" "Mozilla/5.0 (X11; Linux x86_64) sppb-rce-poc"
217.15.161.214 - - [10/Jul/2026:20:06:00 -0400] "POST /index.php?option=com_sppagebuilder&task=asset.uploadCustomIcon HTTP/2" 500 550 "-" "Mozilla/5.0 (X11; Linux x86_64) sppb-rce-poc"
217.15.161.214 - - [10/Jul/2026:20:06:00 -0400] "POST /index.php?option=com_sppagebuilder&task=asset.uploadCustomIcon HTTP/2" 500 550 "-" "Mozilla/5.0 (X11; Linux x86_64) sppb-rce-poc"
217.15.161.214 - - [10/Jul/2026:20:06:01 -0400] "POST /index.php?option=com_sppagebuilder&task=asset.uploadCustomIcon HTTP/2" 500 550 "-" "Mozilla/5.0 (X11; Linux x86_64) sppb-rce-poc"
217.15.161.214 - - [10/Jul/2026:20:06:01 -0400] "POST /index.php?option=com_sppagebuilder&task=asset.uploadCustomIcon HTTP/2" 500 550 "-" "Mozilla/5.0 (X11; Linux x86_64) sppb-rce-poc"
217.15.161.214 - - [10/Jul/2026:20:06:02 -0400] "POST /index.php?option=com_sppagebuilder&task=asset.uploadCustomIcon HTTP/2" 500 550 "-" "Mozilla/5.0 (X11; Linux x86_64) sppb-rce-poc"
217.15.161.214 - - [10/Jul/2026:20:06:02 -0400] "POST /index.php?option=com_sppagebuilder&task=asset.uploadCustomIcon HTTP/2" 500 550 "-" "Mozilla/5.0 (X11; Linux x86_64) sppb-rce-poc"
217.15.161.214 - - [10/Jul/2026:20:06:03 -0400] "POST /index.php?option=com_sppagebuilder&task=asset.uploadCustomIcon HTTP/2" 500 550 "-" "Mozilla/5.0 (X11; Linux x86_64) sppb-rce-poc"
123.23.69.247 - - [10/Jul/2026:20:36:44 -0400] "GET /templates/system/css/system.css HTTP/2" 404 1251 "https://en.hrpsychology.gr/" "Mozilla/5.0 (Windows NT 10.0; Win64; x64) AppleWebKit/537.36 (KHTML, like Gecko) Chrome/111.0.0.0 Safari/537.36"
14.240.100.216 - - [10/Jul/2026:20:36:45 -0400] "GET /challenge?next=%2F HTTP/2" 404 533 "https://en.hrpsychology.gr/" "Mozilla/5.0 (Windows NT 10.0; Win64; x64) AppleWebKit/537.36 (KHTML, like Gecko) Chrome/111.0.0.0 Safari/537.36"
2405:55c0:81:4bb2:f91a:bb94:4942:a0ca - - [10/Jul/2026:20:36:52 -0400] "GET /media/vendor/joomla-custom-elements/css/joomla-alert.min.css?0.2.0 HTTP/2" 200 834 "https://en.hrpsychology.gr/" "Mozilla/5.0 (Windows NT 10.0; Win64; x64) AppleWebKit/537.36 (KHTML, like Gecko) Chrome/142.0.0.0 Safari/537.36"
2405:55c0:81:4bb2:f91a:bb94:4942:a0ca - - [10/Jul/2026:20:36:53 -0400] "GET /media/system/js/messages.min.js?7425e8d1cb9e4f061d5e30271d6d99b085344117 HTTP/2" 200 1555 "https://en.hrpsychology.gr/" "Mozilla/5.0 (Windows NT 10.0; Win64; x64) AppleWebKit/537.36 (KHTML, like Gecko) Chrome/142.0.0.0 Safari/537.36"
2405:55c0:81:4bb2:f91a:bb94:4942:a0ca - - [10/Jul/2026:20:36:53 -0400] "GET /t3-assets/css/css-be736-90091.css HTTP/2" 200 19215 "https://en.hrpsychology.gr/" "Mozilla/5.0 (Windows NT 10.0; Win64; x64) AppleWebKit/537.36 (KHTML, like Gecko) Chrome/142.0.0.0 Safari/537.36"
2405:55c0:81:4bb2:f91a:bb94:4942:a0ca - - [10/Jul/2026:20:36:53 -0400] "GET /templates/system/css/system.css HTTP/2" 404 1251 "https://en.hrpsychology.gr/" "Mozilla/5.0 (Windows NT 10.0; Win64; x64) AppleWebKit/537.36 (KHTML, like Gecko) Chrome/142.0.0.0 Safari/537.36"
2405:55c0:81:4bb2:f91a:bb94:4942:a0ca - - [10/Jul/2026:20:36:53 -0400] "GET /plugins/system/t3/base-bs3/fonts/font-awesome/css/icomoon-to-fw.css HTTP/2" 200 2440 "https://en.hrpsychology.gr/t3-assets/css/css-0edf6-11143.css" "Mozilla/5.0 (Windows NT 10.0; Win64; x64) AppleWebKit/537.36 (KHTML, like Gecko) Chrome/142.0.0.0 Safari/537.36"
43.173.180.12 - - [10/Jul/2026:20:32:22 -0400] "GET / HTTP/2" 200 17163 "-" "Mozilla/5.0 (Windows NT 10.0; Win64; x64) AppleWebKit/537.36 (KHTML, like Gecko) Chrome/105.0.0.0 Safari/537.3"
43.173.173.242 - - [10/Jul/2026:20:32:23 -0400] "GET /templates/system/css/system.css HTTP/2" 404 1251 "https://en.hrpsychology.gr/" "Mozilla/5.0 (Windows NT 10.0; Win64; x64) AppleWebKit/537.36 (KHTML, like Gecko) Chrome/105.0.0.0 Safari/537.3"
43.173.174.162 - - [10/Jul/2026:20:32:24 -0400] "GET /challenge?next=%2F HTTP/2" 404 533 "https://en.hrpsychology.gr/" "Mozilla/5.0 (Windows NT 10.0; Win64; x64) AppleWebKit/537.36 (KHTML, like Gecko) Chrome/105.0.0.0 Safari/537.3"
2405:55c0:81:4bb2:f91a:bb94:4942:a0ca - - [10/Jul/2026:20:36:50 -0400] "GET /?rCH=2 HTTP/2" 301 0 "-" "Mozilla/5.0 (Windows NT 10.0; Win64; x64) AppleWebKit/537.36 (KHTML, like Gecko) Chrome/142.0.0.0 Safari/537.36"
2405:55c0:81:4bb2:f91a:bb94:4942:a0ca - - [10/Jul/2026:20:36:53 -0400] "GET /t3-assets/css/css-0edf6-11143.css HTTP/2" 200 24178 "https://en.hrpsychology.gr/" "Mozilla/5.0 (Windows NT 10.0; Win64; x64) AppleWebKit/537.36 (KHTML, like Gecko) Chrome/142.0.0.0 Safari/537.36"
2405:55c0:81:4bb2:f91a:bb94:4942:a0ca - - [10/Jul/2026:20:36:53 -0400] "GET /t3-assets/css/css-87c06-73657.css HTTP/2" 200 8833 "https://en.hrpsychology.gr/" "Mozilla/5.0 (Windows NT 10.0; Win64; x64) AppleWebKit/537.36 (KHTML, like Gecko) Chrome/142.0.0.0 Safari/537.36"
2405:55c0:81:4bb2:f91a:bb94:4942:a0ca - - [10/Jul/2026:20:36:53 -0400] "GET /media/legacy/js/jquery-noconflict.min.js?04499b98c0305b16b373dff09fe79d1290976288 HTTP/2" 200 26 "https://en.hrpsychology.gr/" "Mozilla/5.0 (Windows NT 10.0; Win64; x64) AppleWebKit/537.36 (KHTML, like Gecko) Chrome/142.0.0.0 Safari/537.36"
2405:55c0:81:4bb2:f91a:bb94:4942:a0ca - - [10/Jul/2026:20:36:53 -0400] "GET /media/vendor/jquery/js/jquery.min.js?3.6.3 HTTP/2" 200 30401 "https://en.hrpsychology.gr/" "Mozilla/5.0 (Windows NT 10.0; Win64; x64) AppleWebKit/537.36 (KHTML, like Gecko) Chrome/142.0.0.0 Safari/537.36"
2405:55c0:81:4bb2:f91a:bb94:4942:a0ca - - [10/Jul/2026:20:36:53 -0400] "GET /t3-assets/css/css-c0f9c-63542.css HTTP/2" 200 482 "https://en.hrpsychology.gr/" "Mozilla/5.0 (Windows NT 10.0; Win64; x64) AppleWebKit/537.36 (KHTML, like Gecko) Chrome/142.0.0.0 Safari/537.36"
2405:55c0:81:4bb2:f91a:bb94:4942:a0ca - - [10/Jul/2026:20:36:53 -0400] "GET /plugins/system/t3/base-bs3/fonts/font-awesome/css/font-awesome-base.css HTTP/2" 200 5592 "https://en.hrpsychology.gr/t3-assets/css/css-0edf6-11143.css" "Mozilla/5.0 (Windows NT 10.0; Win64; x64) AppleWebKit/537.36 (KHTML, like Gecko) Chrome/142.0.0.0 Safari/537.36"
43.173.174.55 - - [10/Jul/2026:20:32:21 -0400] "GET /?rCH=2 HTTP/2" 301 0 "-" "Mozilla/5.0 (Windows NT 10.0; Win64; x64) AppleWebKit/537.36 (KHTML, like Gecko) Chrome/105.0.0.0 Safari/537.3"
14.235.150.60 - - [10/Jul/2026:20:36:40 -0400] "GET /?rCH=2 HTTP/2" 301 0 "-" "Mozilla/5.0 (Windows NT 10.0; Win64; x64) AppleWebKit/537.36 (KHTML, like Gecko) Chrome/111.0.0.0 Safari/537.36"
125.234.78.10 - - [10/Jul/2026:20:36:42 -0400] "GET / HTTP/2" 200 17165 "-" "Mozilla/5.0 (Windows NT 10.0; Win64; x64) AppleWebKit/537.36 (KHTML, like Gecko) Chrome/111.0.0.0 Safari/537.36"
2405:55c0:81:4bb2:f91a:bb94:4942:a0ca - - [10/Jul/2026:20:36:51 -0400] "GET / HTTP/2" 200 17166 "-" "Mozilla/5.0 (Windows NT 10.0; Win64; x64) AppleWebKit/537.36 (KHTML, like Gecko) Chrome/142.0.0.0 Safari/537.36"
2405:55c0:81:4bb2:f91a:bb94:4942:a0ca - - [10/Jul/2026:20:36:52 -0400] "GET /t3-assets/css/css-46193-90091.css HTTP/2" 200 26713 "https://en.hrpsychology.gr/" "Mozilla/5.0 (Windows NT 10.0; Win64; x64) AppleWebKit/537.36 (KHTML, like Gecko) Chrome/142.0.0.0 Safari/537.36"
2405:55c0:81:4bb2:f91a:bb94:4942:a0ca - - [10/Jul/2026:20:36:53 -0400] "GET /t3-assets/css/css-fac0d-90091.css HTTP/2" 200 1605 "https://en.hrpsychology.gr/" "Mozilla/5.0 (Windows NT 10.0; Win64; x64) AppleWebKit/537.36 (KHTML, like Gecko) Chrome/142.0.0.0 Safari/537.36"
2405:55c0:81:4bb2:f91a:bb94:4942:a0ca - - [10/Jul/2026:20:36:53 -0400] "GET /t3-assets/css/css-9c0ce-63542.css HTTP/2" 200 19335 "https://en.hrpsychology.gr/" "Mozilla/5.0 (Windows NT 10.0; Win64; x64) AppleWebKit/537.36 (KHTML, like Gecko) Chrome/142.0.0.0 Safari/537.36"
2405:55c0:81:4bb2:f91a:bb94:4942:a0ca - - [10/Jul/2026:20:36:53 -0400] "GET /media/system/js/core.min.js?576eb51da909dcf692c98643faa6fc89629ead18 HTTP/2" 200 2995 "https://en.hrpsychology.gr/" "Mozilla/5.0 (Windows NT 10.0; Win64; x64) AppleWebKit/537.36 (KHTML, like Gecko) Chrome/142.0.0.0 Safari/537.36"
2405:55c0:81:4bb2:f91a:bb94:4942:a0ca - - [10/Jul/2026:20:36:53 -0400] "GET /t3-assets/js/js-f7840-12745.js HTTP/2" 200 114925 "https://en.hrpsychology.gr/" "Mozilla/5.0 (Windows NT 10.0; Win64; x64) AppleWebKit/537.36 (KHTML, like Gecko) Chrome/142.0.0.0 Safari/537.36"
/home/hrpsychology/public_ftp/../access-logs/en.hrpsychology.gr-ssl_log