uawdijnntqw1x1x1
IP : 216.73.216.201
Hostname : odin2.mydev24.com
Kernel : Linux odin2.mydev24.com 5.14.0-611.41.1.el9_7.x86_64 #1 SMP PREEMPT_DYNAMIC Thu Mar 19 03:50:11 EDT 2026 x86_64
Disable Function : None :)
OS : Linux
PATH:
/
home
/
hrpsychology
/
public_ftp
/
..
/
access-logs
/
en.hrpsychology.gr-ssl_log
/
/
206.189.35.0 - - [10/Jul/2026:08:16:12 -0400] "GET /plugins/editors/jce/jce.xml HTTP/2" 404 1251 "-" "Mozilla/5.0 (Windows NT 10.0; Win64; x64) AppleWebKit/537.36 (KHTML, like Gecko) Chrome/126.0.0.0 Safari/537.36"
206.189.35.0 - - [10/Jul/2026:08:16:14 -0400] "GET /administrator/components/com_jce/jce.xml HTTP/2" 200 5203 "-" "Mozilla/5.0 (Windows NT 10.0; Win64; x64) AppleWebKit/537.36 (KHTML, like Gecko) Chrome/126.0.0.0 Safari/537.36"
206.189.35.0 - - [10/Jul/2026:08:16:15 -0400] "GET / HTTP/2" 200 18584 "-" "Mozilla/5.0 (Windows NT 10.0; Win64; x64) AppleWebKit/537.36 (KHTML, like Gecko) Chrome/126.0.0.0 Safari/537.36"
206.189.35.0 - - [10/Jul/2026:08:16:15 -0400] "POST /index.php?option=com_jce HTTP/2" 404 542 "-" "Mozilla/5.0 (Windows NT 10.0; Win64; x64) AppleWebKit/537.36 (KHTML, like Gecko) Chrome/126.0.0.0 Safari/537.36"
188.166.236.5 - - [10/Jul/2026:08:28:46 -0400] "POST /index.php?option=com_sppagebuilder&task=asset.uploadCustomIcon HTTP/2" 500 550 "-" "Mozilla/5.0 (Windows NT 10.0; Win64; x64) AppleWebKit/537.36"
74.7.241.176 - - [10/Jul/2026:08:12:45 -0400] "GET /robots.txt HTTP/2" 304 0 "-" "Mozilla/5.0 (Macintosh; Intel Mac OS X 10_15_7) AppleWebKit/537.36 (KHTML, like Gecko) Chrome/131.0.0.0 Safari/537.36; compatible; OAI-SearchBot/1.4; robots.txt; +https://openai.com/searchbot"
206.189.35.0 - - [10/Jul/2026:08:16:13 -0400] "GET /plugins/system/jcemediabox/js/jcemediabox.js HTTP/2" 404 1251 "-" "Mozilla/5.0 (Windows NT 10.0; Win64; x64) AppleWebKit/537.36 (KHTML, like Gecko) Chrome/126.0.0.0 Safari/537.36"
206.189.35.0 - - [10/Jul/2026:08:16:13 -0400] "GET /plugins/system/jce/css/content.css HTTP/2" 404 1251 "-" "Mozilla/5.0 (Windows NT 10.0; Win64; x64) AppleWebKit/537.36 (KHTML, like Gecko) Chrome/126.0.0.0 Safari/537.36"
74.7.242.29 - - [10/Jul/2026:08:12:45 -0400] "GET / HTTP/2" 404 18584 "-" "Mozilla/5.0 AppleWebKit/537.36 (KHTML, like Gecko; compatible; GPTBot/1.4; +https://openai.com/gptbot)"
184.72.231.133 - - [10/Jul/2026:08:19:16 -0400] "GET /robots.txt HTTP/2" 304 0 "-" "Mozilla/5.0 (Macintosh; Intel Mac OS X 10_10_1) AppleWebKit/600.2.5 (KHTML, like Gecko) Version/8.0.2 Safari/600.2.5 (Gort)"
188.166.236.5 - - [10/Jul/2026:08:28:45 -0400] "POST /index.php?option=com_sppagebuilder&task=asset.uploadCustomIcon HTTP/2" 500 550 "-" "Mozilla/5.0 (Windows NT 10.0; Win64; x64) AppleWebKit/537.36"
38.165.231.219 - - [10/Jul/2026:08:37:38 -0400] "POST /index.php?option=com_jce HTTP/2" 404 542 "-" "Mozilla/5.0 (Macintosh; Intel Mac OS X 10_15_7) AppleWebKit/605.1.15 (KHTML, like Gecko) Version/17.2 Safari/605.1.15"
38.165.231.219 - - [10/Jul/2026:08:37:40 -0400] "POST /index.php?option=com_jce HTTP/2" 404 542 "-" "Mozilla/5.0 (Macintosh; Intel Mac OS X 10_15_7) AppleWebKit/605.1.15 (KHTML, like Gecko) Version/17.2 Safari/605.1.15"
38.165.231.219 - - [10/Jul/2026:08:37:42 -0400] "POST /index.php?option=com_jce HTTP/2" 404 542 "-" "Mozilla/5.0 (Macintosh; Intel Mac OS X 10_15_7) AppleWebKit/605.1.15 (KHTML, like Gecko) Version/17.2 Safari/605.1.15"
47.128.118.53 - - [10/Jul/2026:08:33:17 -0400] "GET /robots.txt HTTP/2" 304 0 "-" "Mozilla/5.0 (Linux; Android 5.0) AppleWebKit/537.36 (KHTML, like Gecko) Mobile Safari/537.36 (compatible; Bytespider; spider-feedback@bytedance.com)"
38.165.231.219 - - [10/Jul/2026:08:37:35 -0400] "GET / HTTP/2" 200 18584 "-" "Mozilla/5.0 (Macintosh; Intel Mac OS X 10_15_7) AppleWebKit/605.1.15 (KHTML, like Gecko) Version/17.2 Safari/605.1.15"
66.249.79.137 - - [10/Jul/2026:09:15:55 -0400] "GET / HTTP/2" 200 31270 "-" "Mozilla/5.0 (Linux; Android 6.0.1; Nexus 5X Build/MMB29P) AppleWebKit/537.36 (KHTML, like Gecko) Chrome/150.0.7871.46 Mobile Safari/537.36 (compatible; Googlebot/2.1; +http://www.google.com/bot.html)"
2a03:2880:f800:6:: - - [10/Jul/2026:09:59:01 -0400] "GET /index.php/articles/mental-health/71-men-emotions HTTP/2" 404 8726 "-" "Mozilla/5.0 (X11; Linux x86_64) AppleWebKit/537.36 (KHTML, like Gecko) Chrome/145.0.0.0 Safari/537.36 (compatible; meta-webindexer/1.1 (+https://developers.facebook.com/docs/sharing/webmasters/crawler))"
66.249.79.137 - - [10/Jul/2026:10:20:55 -0400] "GET /index.php/articles/mental-health/52-positive-assertiveness-confidence?rCH=2 HTTP/2" 200 34425 "-" "Mozilla/5.0 (Linux; Android 6.0.1; Nexus 5X Build/MMB29P) AppleWebKit/537.36 (KHTML, like Gecko) Chrome/150.0.7871.46 Mobile Safari/537.36 (compatible; Googlebot/2.1; +http://www.google.com/bot.html)"
66.249.79.132 - - [10/Jul/2026:10:31:55 -0400] "GET /roster/fabrication/ed1zy2pvempz1z6.shtml HTTP/2" 200 30105 "-" "Mozilla/5.0 (Linux; Android 6.0.1; Nexus 5X Build/MMB29P) AppleWebKit/537.36 (KHTML, like Gecko) Chrome/150.0.7871.46 Mobile Safari/537.36 (compatible; Googlebot/2.1; +http://www.google.com/bot.html)"
54.151.246.121 - - [10/Jul/2026:10:35:16 -0400] "GET / HTTP/2" 200 18584 "-" "Mozilla/5.0"
54.151.246.121 - - [10/Jul/2026:10:35:17 -0400] "POST /index.php?option=com_jce HTTP/2" 404 542 "-" "Mozilla/5.0"
134.209.105.158 - - [10/Jul/2026:10:47:24 -0400] "POST /index.php?option=com_sppagebuilder&task=asset.uploadCustomIcon HTTP/2" 500 550 "-" "Mozilla/5.0 (Windows NT 10.0; Win64; x64) SADBOY/1.0"
152.42.193.148 - - [10/Jul/2026:11:06:07 -0400] "POST /index.php?option=com_sppagebuilder&task=asset.uploadCustomIcon HTTP/2" 500 550 "-" "Mozilla/5.0 (X11; Linux x86_64) AppleWebKit/537.36 Chrome/121.0.0.0 Safari/537.36"
152.42.193.148 - - [10/Jul/2026:11:06:07 -0400] "POST /index.php?option=com_sppagebuilder&task=asset.uploadCustomIcon HTTP/2" 500 550 "-" "Mozilla/5.0 (X11; Linux x86_64) AppleWebKit/537.36 Chrome/121.0.0.0 Safari/537.36"
40.77.167.21 - - [10/Jul/2026:11:29:47 -0400] "GET / HTTP/2" 404 18584 "-" "Mozilla/5.0 AppleWebKit/537.36 (KHTML, like Gecko; compatible; bingbot/2.0; +http://www.bing.com/bingbot.htm) Chrome/116.0.1938.76 Safari/537.36"
66.249.79.131 - - [10/Jul/2026:11:45:56 -0400] "GET /index.php/company/our-team HTTP/2" 200 32639 "-" "Mozilla/5.0 (Linux; Android 6.0.1; Nexus 5X Build/MMB29P) AppleWebKit/537.36 (KHTML, like Gecko) Chrome/150.0.7871.46 Mobile Safari/537.36 (compatible; Googlebot/2.1; +http://www.google.com/bot.html)"
66.249.79.131 - - [10/Jul/2026:11:45:56 -0400] "GET /robots.txt HTTP/2" 304 0 "-" "Mozilla/5.0 (compatible; Googlebot/2.1; +http://www.google.com/bot.html)"
43.173.177.9 - - [10/Jul/2026:11:47:50 -0400] "GET /index.php/services/on-site HTTP/2" 200 10486 "-" "Mozilla/5.0 (Windows NT 10.0; Win64; x64) AppleWebKit/537.36 (KHTML, like Gecko) Chrome/124.0.0.0 Safari/537.36"
43.173.180.154 - - [10/Jul/2026:11:47:51 -0400] "GET /templates/system/css/system.css HTTP/2" 404 1251 "https://en.hrpsychology.gr/index.php/services/on-site" "Mozilla/5.0 (Windows NT 10.0; Win64; x64) AppleWebKit/537.36 (KHTML, like Gecko) Chrome/124.0.0.0 Safari/537.36"
66.249.79.137 - - [10/Jul/2026:12:06:56 -0400] "GET /lot/freight/eq1hy2pkempzoz6.shtml HTTP/2" 200 31471 "-" "Mozilla/5.0 (Linux; Android 6.0.1; Nexus 5X Build/MMB29P) AppleWebKit/537.36 (KHTML, like Gecko) Chrome/150.0.7871.46 Mobile Safari/537.36 (compatible; Googlebot/2.1; +http://www.google.com/bot.html)"
66.249.79.137 - - [10/Jul/2026:12:11:48 -0400] "GET /genus/cargo/etk8t9859t8uy6p.shtml HTTP/2" 200 31098 "-" "Mozilla/5.0 (Linux; Android 6.0.1; Nexus 5X Build/MMB29P) AppleWebKit/537.36 (KHTML, like Gecko) Chrome/150.0.7871.46 Mobile Safari/537.36 (compatible; Googlebot/2.1; +http://www.google.com/bot.html)"
103.119.154.58 - - [10/Jul/2026:12:22:34 -0400] "POST /index.php?option=com_sppagebuilder&task=asset.uploadCustomIcon HTTP/2" 500 550 "-" "Mozilla/5.0 (Windows NT 10.0; Win64; x64) SADBOY/5.0"
74.7.242.29 - - [10/Jul/2026:12:40:19 -0400] "GET /?rCH=-2 HTTP/2" 404 0 "https://en.hrpsychology.gr/" "Mozilla/5.0 AppleWebKit/537.36 (KHTML, like Gecko; compatible; GPTBot/1.4; +https://openai.com/gptbot)"
74.7.242.29 - - [10/Jul/2026:12:40:22 -0400] "GET /?rCH=2 HTTP/2" 404 0 "https://en.hrpsychology.gr/" "Mozilla/5.0 AppleWebKit/537.36 (KHTML, like Gecko; compatible; GPTBot/1.4; +https://openai.com/gptbot)"
74.7.228.199 - - [10/Jul/2026:12:40:18 -0400] "GET / HTTP/2" 200 18583 "-" "Mozilla/5.0 (Macintosh; Intel Mac OS X 10_15_7) AppleWebKit/537.36 (KHTML, like Gecko) Chrome/131.0.0.0 Safari/537.36; compatible; OAI-SearchBot/1.4; +https://openai.com/searchbot"
172.213.21.25 - - [10/Jul/2026:12:42:05 -0400] "GET /index.php/services/support-line-24-7 HTTP/2" 200 10464 "-" "Mozilla/5.0 AppleWebKit/537.36 (KHTML, like Gecko); compatible; ChatGPT-User/1.0; +https://openai.com/bot"
172.213.21.25 - - [10/Jul/2026:12:42:13 -0400] "GET / HTTP/2" 200 18584 "-" "Mozilla/5.0 AppleWebKit/537.36 (KHTML, like Gecko); compatible; ChatGPT-User/1.0; +https://openai.com/bot"
146.190.98.216 - - [10/Jul/2026:12:55:03 -0400] "POST /index.php?option=com_ajax&plugin=helix3&format=json HTTP/2" 200 48 "-" "Mozilla/5.0 (Windows NT 10.0; Win64; x64) AppleWebKit/537.36"
146.190.98.216 - - [10/Jul/2026:12:55:03 -0400] "POST /index.php?option=com_ajax&plugin=helix3&format=json HTTP/2" 200 48 "-" "Mozilla/5.0 (Windows NT 10.0; Win64; x64) AppleWebKit/537.36"
146.190.98.216 - - [10/Jul/2026:12:55:04 -0400] "GET /_h3x_jef9d1gy.php.json?c=echo+TEST HTTP/2" 404 533 "-" "Mozilla/5.0 (Windows NT 10.0; Win64; x64) AppleWebKit/537.36"
146.190.98.216 - - [10/Jul/2026:12:55:04 -0400] "POST /index.php?option=com_ajax&plugin=helix3&format=json HTTP/2" 200 48 "-" "Mozilla/5.0 (Windows NT 10.0; Win64; x64) AppleWebKit/537.36"
146.190.98.216 - - [10/Jul/2026:12:55:05 -0400] "GET /images/_h3x_8ba3rl5g.php.json?c=echo+TEST HTTP/2" 404 1251 "-" "Mozilla/5.0 (Windows NT 10.0; Win64; x64) AppleWebKit/537.36"
146.190.98.216 - - [10/Jul/2026:12:55:05 -0400] "POST /index.php?option=com_ajax&plugin=helix3&format=json HTTP/2" 200 48 "-" "Mozilla/5.0 (Windows NT 10.0; Win64; x64) AppleWebKit/537.36"
146.190.98.216 - - [10/Jul/2026:12:55:05 -0400] "GET /tmp/_h3x_eck7eqqb.php.json?c=echo+TEST HTTP/2" 404 1251 "-" "Mozilla/5.0 (Windows NT 10.0; Win64; x64) AppleWebKit/537.36"
146.190.98.216 - - [10/Jul/2026:12:55:06 -0400] "POST /index.php?option=com_ajax&plugin=helix3&format=json HTTP/2" 200 48 "-" "Mozilla/5.0 (Windows NT 10.0; Win64; x64) AppleWebKit/537.36"
146.190.98.216 - - [10/Jul/2026:12:55:06 -0400] "GET /cache/_h3x_hjqi9472.php.json?c=echo+TEST HTTP/2" 404 1251 "-" "Mozilla/5.0 (Windows NT 10.0; Win64; x64) AppleWebKit/537.36"
146.190.98.216 - - [10/Jul/2026:12:55:06 -0400] "POST /index.php?option=com_ajax&plugin=helix3&format=json HTTP/2" 200 48 "-" "Mozilla/5.0 (Windows NT 10.0; Win64; x64) AppleWebKit/537.36"
146.190.98.216 - - [10/Jul/2026:12:55:07 -0400] "GET /media/_h3x_iwaht6k0.php.json?c=echo+TEST HTTP/2" 404 1251 "-" "Mozilla/5.0 (Windows NT 10.0; Win64; x64) AppleWebKit/537.36"
146.190.98.216 - - [10/Jul/2026:12:55:07 -0400] "POST /index.php?option=com_ajax&plugin=helix3&format=json HTTP/2" 200 48 "-" "Mozilla/5.0 (Windows NT 10.0; Win64; x64) AppleWebKit/537.36"
146.190.98.216 - - [10/Jul/2026:12:55:07 -0400] "GET /logs/_h3x_a4lffy9l.php.json?c=echo+TEST HTTP/2" 404 533 "-" "Mozilla/5.0 (Windows NT 10.0; Win64; x64) AppleWebKit/537.36"
146.190.98.216 - - [10/Jul/2026:12:55:08 -0400] "POST /index.php?option=com_ajax&plugin=helix3&format=json HTTP/2" 200 48 "-" "Mozilla/5.0 (Windows NT 10.0; Win64; x64) AppleWebKit/537.36"
146.190.98.216 - - [10/Jul/2026:12:55:08 -0400] "GET /uploads/_h3x_ykbhdw3d.php.json?c=echo+TEST HTTP/2" 404 533 "-" "Mozilla/5.0 (Windows NT 10.0; Win64; x64) AppleWebKit/537.36"
146.190.98.216 - - [10/Jul/2026:12:55:09 -0400] "POST /index.php?option=com_ajax&plugin=helix3&format=json HTTP/2" 200 48 "-" "Mozilla/5.0 (Windows NT 10.0; Win64; x64) AppleWebKit/537.36"
146.190.98.216 - - [10/Jul/2026:12:55:09 -0400] "GET /files/_h3x_ld3rge4t.php.json?c=echo+TEST HTTP/2" 404 533 "-" "Mozilla/5.0 (Windows NT 10.0; Win64; x64) AppleWebKit/537.36"
66.249.79.136 - - [10/Jul/2026:13:01:56 -0400] "GET /taxonomy/byproduct/eyhzq6506q5rg3m.shtml HTTP/2" 200 31036 "-" "Mozilla/5.0 (Linux; Android 6.0.1; Nexus 5X Build/MMB29P) AppleWebKit/537.36 (KHTML, like Gecko) Chrome/150.0.7871.46 Mobile Safari/537.36 (compatible; Googlebot/2.1; +http://www.google.com/bot.html)"
43.172.196.203 - - [10/Jul/2026:13:25:09 -0400] "GET /templates/system/css/system.css HTTP/2" 404 1251 "https://en.hrpsychology.gr/index.php/services/talks" "Mozilla/5.0 (Windows NT 10.0; Win64; x64) AppleWebKit/537.36 (KHTML, like Gecko) Chrome/104.0.5112.81 Safari/537.36"
43.172.198.144 - - [10/Jul/2026:13:28:16 -0400] "GET /media/vendor/bootstrap/js/popover.min.js?5.2.3 HTTP/2" 200 3524 "https://en.hrpsychology.gr/index.php/articles/mental-health?start=8" "Mozilla/5.0 (Windows NT 10.0; Win64; x64) AppleWebKit/537.36 (KHTML, like Gecko) Chrome/111.0.0.0 Safari/537.36"
134.209.105.158 - - [10/Jul/2026:13:15:26 -0400] "GET /plugins/editors/jce/jce.xml HTTP/2" 404 1251 "-" "Mozilla/5.0 (Windows NT 10.0; Win64; x64) AppleWebKit/537.36"
134.209.105.158 - - [10/Jul/2026:13:15:26 -0400] "GET /plugins/editors/jce/joomla.xml HTTP/2" 404 1251 "-" "Mozilla/5.0 (Windows NT 10.0; Win64; x64) AppleWebKit/537.36"
43.173.180.163 - - [10/Jul/2026:13:25:07 -0400] "GET /index.php/services/talks HTTP/2" 200 10135 "-" "Mozilla/5.0 (Windows NT 10.0; Win64; x64) AppleWebKit/537.36 (KHTML, like Gecko) Chrome/104.0.5112.81 Safari/537.36"
43.173.173.251 - - [10/Jul/2026:13:28:15 -0400] "GET /index.php/articles/mental-health?start=8 HTTP/2" 200 9376 "-" "Mozilla/5.0 (Windows NT 10.0; Win64; x64) AppleWebKit/537.36 (KHTML, like Gecko) Chrome/111.0.0.0 Safari/537.36"
43.173.173.227 - - [10/Jul/2026:13:28:16 -0400] "GET /templates/system/css/system.css HTTP/2" 404 1251 "https://en.hrpsychology.gr/index.php/articles/mental-health?start=8" "Mozilla/5.0 (Windows NT 10.0; Win64; x64) AppleWebKit/537.36 (KHTML, like Gecko) Chrome/111.0.0.0 Safari/537.36"
43.173.182.237 - - [10/Jul/2026:13:28:17 -0400] "GET /media/vendor/bootstrap/js/popper.min.js?5.2.3 HTTP/2" 200 7807 "https://en.hrpsychology.gr/media/vendor/bootstrap/js/popover.min.js?5.2.3" "Mozilla/5.0 (Windows NT 10.0; Win64; x64) AppleWebKit/537.36 (KHTML, like Gecko) Chrome/111.0.0.0 Safari/537.36"
134.209.105.158 - - [10/Jul/2026:13:15:27 -0400] "GET /administrator/components/com_jce/jce.xml HTTP/2" 200 5206 "-" "Mozilla/5.0 (Windows NT 10.0; Win64; x64) AppleWebKit/537.36"
43.173.180.184 - - [10/Jul/2026:13:28:17 -0400] "GET /media/vendor/bootstrap/js/dom.min.js?5.2.3 HTTP/2" 200 7048 "https://en.hrpsychology.gr/media/vendor/bootstrap/js/popover.min.js?5.2.3" "Mozilla/5.0 (Windows NT 10.0; Win64; x64) AppleWebKit/537.36 (KHTML, like Gecko) Chrome/111.0.0.0 Safari/537.36"
66.249.79.131 - - [10/Jul/2026:13:44:56 -0400] "GET /type/kit/e2jtgk7jw47h5ho.shtml HTTP/2" 200 32815 "-" "Mozilla/5.0 (Linux; Android 6.0.1; Nexus 5X Build/MMB29P) AppleWebKit/537.36 (KHTML, like Gecko) Chrome/150.0.7871.46 Mobile Safari/537.36 (compatible; Googlebot/2.1; +http://www.google.com/bot.html)"
66.249.79.132 - - [10/Jul/2026:13:48:57 -0400] "GET /unit/possession/f56grjub7xakckr.shtml HTTP/2" 200 30011 "-" "Mozilla/5.0 (Linux; Android 6.0.1; Nexus 5X Build/MMB29P) AppleWebKit/537.36 (KHTML, like Gecko) Chrome/150.0.7871.46 Mobile Safari/537.36 (compatible; Googlebot/2.1; +http://www.google.com/bot.html)"
206.189.35.0 - - [10/Jul/2026:14:11:18 -0400] "GET / HTTP/2" 200 18584 "-" "Mozilla/5.0"
206.189.35.0 - - [10/Jul/2026:14:11:19 -0400] "POST /index.php?option=com_jce HTTP/2" 404 542 "-" "Mozilla/5.0"
43.173.182.244 - - [10/Jul/2026:14:29:54 -0400] "GET /index.php/services/wellbeing?rCH=-2 HTTP/2" 301 0 "-" "Mozilla/5.0 (Windows NT 10.0; Win64; x64) AppleWebKit/537.36 (KHTML, like Gecko) Chrome/111.0.0.0 Safari/537.36"
66.249.79.132 - - [10/Jul/2026:14:26:57 -0400] "GET /lot/publication/fj7d48vbk2zlixg.shtml HTTP/2" 200 29533 "-" "Mozilla/5.0 (Linux; Android 6.0.1; Nexus 5X Build/MMB29P) AppleWebKit/537.36 (KHTML, like Gecko) Chrome/150.0.7871.46 Mobile Safari/537.36 (compatible; Googlebot/2.1; +http://www.google.com/bot.html)"
43.173.175.130 - - [10/Jul/2026:14:29:56 -0400] "GET /templates/system/css/system.css HTTP/2" 404 1251 "https://en.hrpsychology.gr/index.php/services/wellbeing" "Mozilla/5.0 (Windows NT 10.0; Win64; x64) AppleWebKit/537.36 (KHTML, like Gecko) Chrome/111.0.0.0 Safari/537.36"
43.173.180.182 - - [10/Jul/2026:14:30:53 -0400] "GET /templates/system/css/system.css HTTP/2" 404 1251 "https://en.hrpsychology.gr/index.php/articles/mental-health" "Mozilla/5.0 (Windows NT 10.0; Win64; x64) AppleWebKit/537.36 (KHTML, like Gecko) Chrome/111.0.0.0 Safari/537.36"
43.173.178.247 - - [10/Jul/2026:14:29:55 -0400] "GET /index.php/services/wellbeing HTTP/2" 200 9631 "-" "Mozilla/5.0 (Windows NT 10.0; Win64; x64) AppleWebKit/537.36 (KHTML, like Gecko) Chrome/111.0.0.0 Safari/537.36"
43.172.195.4 - - [10/Jul/2026:14:30:52 -0400] "GET /index.php/articles/mental-health HTTP/2" 200 9619 "-" "Mozilla/5.0 (Windows NT 10.0; Win64; x64) AppleWebKit/537.36 (KHTML, like Gecko) Chrome/111.0.0.0 Safari/537.36"
66.249.79.132 - - [10/Jul/2026:15:08:27 -0400] "GET /categorization/section/ekj9gk7uw47hsho.shtml HTTP/2" 200 31542 "-" "Mozilla/5.0 (Linux; Android 6.0.1; Nexus 5X Build/MMB29P) AppleWebKit/537.36 (KHTML, like Gecko) Chrome/150.0.7871.46 Mobile Safari/537.36 (compatible; Googlebot/2.1; +http://www.google.com/bot.html)"
66.249.79.130 - - [10/Jul/2026:15:03:57 -0400] "GET /index.php/company/our-team/cv-maira-stephanakou HTTP/2" 200 30521 "-" "Mozilla/5.0 (Linux; Android 6.0.1; Nexus 5X Build/MMB29P) AppleWebKit/537.36 (KHTML, like Gecko) Chrome/150.0.7871.46 Mobile Safari/537.36 (compatible; Googlebot/2.1; +http://www.google.com/bot.html)"
16.174.127.183 - - [10/Jul/2026:15:05:16 -0400] "GET / HTTP/2" 200 18584 "-" "Mozilla/5.0"
16.174.127.183 - - [10/Jul/2026:15:05:17 -0400] "POST /index.php?option=com_jce HTTP/2" 404 542 "-" "Mozilla/5.0"
66.249.79.138 - - [10/Jul/2026:15:50:58 -0400] "GET /make/proceeds/ep6brjuj73usugb.shtml HTTP/2" 200 33613 "-" "Mozilla/5.0 (Linux; Android 6.0.1; Nexus 5X Build/MMB29P) AppleWebKit/537.36 (KHTML, like Gecko) Chrome/150.0.7871.46 Mobile Safari/537.36 (compatible; Googlebot/2.1; +http://www.google.com/bot.html)"
66.249.79.136 - - [10/Jul/2026:15:50:58 -0400] "GET /robots.txt HTTP/2" 304 0 "-" "Mozilla/5.0 (compatible; Googlebot/2.1; +http://www.google.com/bot.html)"
17.22.245.139 - - [10/Jul/2026:16:14:27 -0400] "GET /index.php/articles/nutrition/89-what-is-personalised-nutrition HTTP/2" 404 8944 "-" "Mozilla/5.0 (Macintosh; Intel Mac OS X 10_15_7) AppleWebKit/605.1.15 (KHTML, like Gecko) Version/17.4 Safari/605.1.15 (Applebot/0.1; +http://www.apple.com/go/applebot)"
85.208.96.206 - - [10/Jul/2026:16:09:32 -0400] "GET /robots.txt HTTP/2" 304 0 "-" "Mozilla/5.0 (compatible; SemrushBot/7~bl; +http://www.semrush.com/bot.html)"
85.208.96.193 - - [10/Jul/2026:16:09:32 -0400] "GET /index.php/contact-us HTTP/2" 404 9768 "-" "Mozilla/5.0 (compatible; SemrushBot/7~bl; +http://www.semrush.com/bot.html)"
66.249.79.130 - - [10/Jul/2026:16:19:27 -0400] "GET /index.php/articles/mental-health HTTP/2" 200 31107 "-" "Mozilla/5.0 (Linux; Android 6.0.1; Nexus 5X Build/MMB29P) AppleWebKit/537.36 (KHTML, like Gecko) Chrome/150.0.7871.46 Mobile Safari/537.36 (compatible; Googlebot/2.1; +http://www.google.com/bot.html)"
85.208.96.193 - - [10/Jul/2026:16:22:01 -0400] "GET /index.php/gdpr HTTP/2" 404 12524 "-" "Mozilla/5.0 (compatible; SemrushBot/7~bl; +http://www.semrush.com/bot.html)"
66.249.79.138 - - [10/Jul/2026:16:28:28 -0400] "GET /swarm/component/fgta2ihbiw974vq.shtml HTTP/2" 200 31230 "-" "Mozilla/5.0 (Linux; Android 6.0.1; Nexus 5X Build/MMB29P) AppleWebKit/537.36 (KHTML, like Gecko) Chrome/150.0.7871.46 Mobile Safari/537.36 (compatible; Googlebot/2.1; +http://www.google.com/bot.html)"
198.244.168.225 - - [10/Jul/2026:16:20:21 -0400] "GET /robots.txt HTTP/2" 304 0 "-" "Mozilla/5.0 (compatible; AhrefsBot/7.0; +http://ahrefs.com/robot/)"
176.31.139.2 - - [10/Jul/2026:16:20:24 -0400] "GET /index.php/services/nutrition-counseling-line?rCH=-2 HTTP/2" 404 0 "-" "Mozilla/5.0 (compatible; AhrefsBot/7.0; +http://ahrefs.com/robot/)"
152.42.226.103 - - [10/Jul/2026:16:25:32 -0400] "POST /index.php?option=com_sppagebuilder&task=asset.uploadCustomIcon HTTP/2" 500 550 "-" "Mozilla/5.0 (X11; Linux x86_64) AppleWebKit/537.36 Chrome/121.0.0.0 Safari/537.36"
152.42.226.103 - - [10/Jul/2026:16:25:32 -0400] "POST /index.php?option=com_sppagebuilder&task=asset.uploadCustomIcon HTTP/2" 500 550 "-" "Mozilla/5.0 (X11; Linux x86_64) AppleWebKit/537.36 Chrome/121.0.0.0 Safari/537.36"
66.116.196.135 - - [10/Jul/2026:16:39:23 -0400] "POST /index.php?option=com_ajax&plugin=helix3&format=json HTTP/2" 200 48 "-" "python-requests/2.34.2"
66.116.196.135 - - [10/Jul/2026:16:39:23 -0400] "GET /84467201.php.json?c=id HTTP/2" 404 533 "-" "python-requests/2.34.2"
17.22.237.13 - - [10/Jul/2026:16:42:51 -0400] "GET /t3-assets/css/css-be736-90091.css HTTP/2" 200 19215 "https://en.hrpsychology.gr/index.php/articles/nutrition/89-what-is-personalised-nutrition" "Mozilla/5.0 (Macintosh; Intel Mac OS X 10_15_7) AppleWebKit/605.1.15 (KHTML, like Gecko) Version/17.4 Safari/605.1.15 (Applebot/0.1; +http://www.apple.com/go/applebot)"
17.22.237.13 - - [10/Jul/2026:16:42:53 -0400] "GET /t3-assets/css/css-900a4-90091.css HTTP/2" 200 2374 "https://en.hrpsychology.gr/index.php/articles/nutrition/89-what-is-personalised-nutrition" "Mozilla/5.0 (Macintosh; Intel Mac OS X 10_15_7) AppleWebKit/605.1.15 (KHTML, like Gecko) Version/17.4 Safari/605.1.15 (Applebot/0.1; +http://www.apple.com/go/applebot)"
17.22.237.122 - - [10/Jul/2026:16:42:54 -0400] "GET /t3-assets/css/css-f22d7-90091.css HTTP/2" 200 28099 "https://en.hrpsychology.gr/index.php/articles/nutrition/89-what-is-personalised-nutrition" "Mozilla/5.0 (Macintosh; Intel Mac OS X 10_15_7) AppleWebKit/605.1.15 (KHTML, like Gecko) Version/17.4 Safari/605.1.15 (Applebot/0.1; +http://www.apple.com/go/applebot)"
17.22.237.122 - - [10/Jul/2026:16:42:57 -0400] "GET /media/legacy/js/jquery-noconflict.min.js?04499b98c0305b16b373dff09fe79d1290976288 HTTP/2" 200 26 "https://en.hrpsychology.gr/index.php/articles/nutrition/89-what-is-personalised-nutrition" "Mozilla/5.0 (Macintosh; Intel Mac OS X 10_15_7) AppleWebKit/605.1.15 (KHTML, like Gecko) Version/17.4 Safari/605.1.15 (Applebot/0.1; +http://www.apple.com/go/applebot)"
17.22.237.122 - - [10/Jul/2026:16:43:03 -0400] "GET /media/vendor/bootstrap/js/popper.min.js?5.2.3 HTTP/2" 200 7807 "https://en.hrpsychology.gr/index.php/articles/nutrition/89-what-is-personalised-nutrition" "Mozilla/5.0 (Macintosh; Intel Mac OS X 10_15_7) AppleWebKit/605.1.15 (KHTML, like Gecko) Version/17.4 Safari/605.1.15 (Applebot/0.1; +http://www.apple.com/go/applebot)"
17.22.237.13 - - [10/Jul/2026:16:42:48 -0400] "GET /templates/system/css/system.css HTTP/2" 404 1251 "https://en.hrpsychology.gr/index.php/articles/nutrition/89-what-is-personalised-nutrition" "Mozilla/5.0 (Macintosh; Intel Mac OS X 10_15_7) AppleWebKit/605.1.15 (KHTML, like Gecko) Version/17.4 Safari/605.1.15 (Applebot/0.1; +http://www.apple.com/go/applebot)"
17.22.237.122 - - [10/Jul/2026:16:42:51 -0400] "GET /plugins/system/cookiehint/css/redimstyle.css?1703aadefdd6f694f55e319b9e3fc6d5 HTTP/2" 200 928 "https://en.hrpsychology.gr/index.php/articles/nutrition/89-what-is-personalised-nutrition" "Mozilla/5.0 (Macintosh; Intel Mac OS X 10_15_7) AppleWebKit/605.1.15 (KHTML, like Gecko) Version/17.4 Safari/605.1.15 (Applebot/0.1; +http://www.apple.com/go/applebot)"
17.22.237.13 - - [10/Jul/2026:16:42:59 -0400] "GET /plugins/system/t3/base-bs3/fonts/font-awesome/css/icomoon-to-fw.css HTTP/2" 200 2440 "https://en.hrpsychology.gr/index.php/articles/nutrition/89-what-is-personalised-nutrition" "Mozilla/5.0 (Macintosh; Intel Mac OS X 10_15_7) AppleWebKit/605.1.15 (KHTML, like Gecko) Version/17.4 Safari/605.1.15 (Applebot/0.1; +http://www.apple.com/go/applebot)"
17.22.237.122 - - [10/Jul/2026:16:42:59 -0400] "GET /t3-assets/js/js-e4beb-12745.js HTTP/2" 200 110472 "https://en.hrpsychology.gr/index.php/articles/nutrition/89-what-is-personalised-nutrition" "Mozilla/5.0 (Macintosh; Intel Mac OS X 10_15_7) AppleWebKit/605.1.15 (KHTML, like Gecko) Version/17.4 Safari/605.1.15 (Applebot/0.1; +http://www.apple.com/go/applebot)"
17.22.237.122 - - [10/Jul/2026:16:42:49 -0400] "GET /t3-assets/css/css-9c0ce-63542.css HTTP/2" 200 19335 "https://en.hrpsychology.gr/index.php/articles/nutrition/89-what-is-personalised-nutrition" "Mozilla/5.0 (Macintosh; Intel Mac OS X 10_15_7) AppleWebKit/605.1.15 (KHTML, like Gecko) Version/17.4 Safari/605.1.15 (Applebot/0.1; +http://www.apple.com/go/applebot)"
17.22.237.122 - - [10/Jul/2026:16:42:50 -0400] "GET /t3-assets/css/css-c0f9c-63542.css HTTP/2" 200 482 "https://en.hrpsychology.gr/index.php/articles/nutrition/89-what-is-personalised-nutrition" "Mozilla/5.0 (Macintosh; Intel Mac OS X 10_15_7) AppleWebKit/605.1.15 (KHTML, like Gecko) Version/17.4 Safari/605.1.15 (Applebot/0.1; +http://www.apple.com/go/applebot)"
17.22.237.13 - - [10/Jul/2026:16:42:50 -0400] "GET /t3-assets/css/css-5edb3-73657.css HTTP/2" 200 6668 "https://en.hrpsychology.gr/index.php/articles/nutrition/89-what-is-personalised-nutrition" "Mozilla/5.0 (Macintosh; Intel Mac OS X 10_15_7) AppleWebKit/605.1.15 (KHTML, like Gecko) Version/17.4 Safari/605.1.15 (Applebot/0.1; +http://www.apple.com/go/applebot)"
17.22.237.122 - - [10/Jul/2026:16:42:53 -0400] "GET /t3-assets/css/css-0edf6-11143.css HTTP/2" 200 24178 "https://en.hrpsychology.gr/index.php/articles/nutrition/89-what-is-personalised-nutrition" "Mozilla/5.0 (Macintosh; Intel Mac OS X 10_15_7) AppleWebKit/605.1.15 (KHTML, like Gecko) Version/17.4 Safari/605.1.15 (Applebot/0.1; +http://www.apple.com/go/applebot)"
17.22.237.13 - - [10/Jul/2026:16:42:54 -0400] "GET /media/system/js/core.min.js?576eb51da909dcf692c98643faa6fc89629ead18 HTTP/2" 200 2995 "https://en.hrpsychology.gr/index.php/articles/nutrition/89-what-is-personalised-nutrition" "Mozilla/5.0 (Macintosh; Intel Mac OS X 10_15_7) AppleWebKit/605.1.15 (KHTML, like Gecko) Version/17.4 Safari/605.1.15 (Applebot/0.1; +http://www.apple.com/go/applebot)"
17.22.237.13 - - [10/Jul/2026:16:42:56 -0400] "GET /media/vendor/jquery/js/jquery.min.js?3.6.3 HTTP/2" 200 30401 "https://en.hrpsychology.gr/index.php/articles/nutrition/89-what-is-personalised-nutrition" "Mozilla/5.0 (Macintosh; Intel Mac OS X 10_15_7) AppleWebKit/605.1.15 (KHTML, like Gecko) Version/17.4 Safari/605.1.15 (Applebot/0.1; +http://www.apple.com/go/applebot)"
17.22.237.122 - - [10/Jul/2026:16:42:56 -0400] "GET /media/vendor/bootstrap/js/popover.min.js?5.2.3 HTTP/2" 200 3524 "https://en.hrpsychology.gr/index.php/articles/nutrition/89-what-is-personalised-nutrition" "Mozilla/5.0 (Macintosh; Intel Mac OS X 10_15_7) AppleWebKit/605.1.15 (KHTML, like Gecko) Version/17.4 Safari/605.1.15 (Applebot/0.1; +http://www.apple.com/go/applebot)"
17.22.237.122 - - [10/Jul/2026:16:43:00 -0400] "GET /plugins/system/t3/base-bs3/fonts/font-awesome/css/font-awesome-base.css HTTP/2" 200 5592 "https://en.hrpsychology.gr/index.php/articles/nutrition/89-what-is-personalised-nutrition" "Mozilla/5.0 (Macintosh; Intel Mac OS X 10_15_7) AppleWebKit/605.1.15 (KHTML, like Gecko) Version/17.4 Safari/605.1.15 (Applebot/0.1; +http://www.apple.com/go/applebot)"
17.22.237.122 - - [10/Jul/2026:16:43:02 -0400] "GET /media/vendor/bootstrap/js/dom.min.js?5.2.3 HTTP/2" 200 7048 "https://en.hrpsychology.gr/index.php/articles/nutrition/89-what-is-personalised-nutrition" "Mozilla/5.0 (Macintosh; Intel Mac OS X 10_15_7) AppleWebKit/605.1.15 (KHTML, like Gecko) Version/17.4 Safari/605.1.15 (Applebot/0.1; +http://www.apple.com/go/applebot)"
103.119.154.58 - - [10/Jul/2026:17:05:39 -0400] "POST /index.php?option=com_sppagebuilder&task=asset.uploadCustomIcon HTTP/2" 500 550 "-" "Mozilla/5.0 (Windows NT 10.0; Win64; x64) SADBOY/5.0"
17.246.23.29 - - [10/Jul/2026:17:07:51 -0400] "GET /robots.txt HTTP/2" 200 97 "-" "Mozilla/5.0 (Macintosh; Intel Mac OS X 10_15_7) AppleWebKit/605.1.15 (KHTML, like Gecko) Version/17.4 Safari/605.1.15 (Applebot/0.1; +http://www.apple.com/go/applebot)"
66.249.79.131 - - [10/Jul/2026:17:09:27 -0400] "GET /index.php/services/nutrition-counseling-line HTTP/2" 200 34871 "-" "Mozilla/5.0 (Linux; Android 6.0.1; Nexus 5X Build/MMB29P) AppleWebKit/537.36 (KHTML, like Gecko) Chrome/150.0.7871.46 Mobile Safari/537.36 (compatible; Googlebot/2.1; +http://www.google.com/bot.html)"
17.246.23.29 - - [10/Jul/2026:17:07:51 -0400] "GET /index.php/articles/mental-health/77-the-benefits-of-laughter-in-our-everyday-life HTTP/2" 404 9146 "-" "Mozilla/5.0 (Macintosh; Intel Mac OS X 10_15_7) AppleWebKit/605.1.15 (KHTML, like Gecko) Version/17.4 Safari/605.1.15 (Applebot/0.1; +http://www.apple.com/go/applebot)"
17.246.19.192 - - [10/Jul/2026:17:21:47 -0400] "GET /templates/system/css/system.css HTTP/2" 404 1251 "https://en.hrpsychology.gr/index.php/articles/mental-health/77-the-benefits-of-laughter-in-our-everyday-life" "Mozilla/5.0 (Macintosh; Intel Mac OS X 10_15_7) AppleWebKit/605.1.15 (KHTML, like Gecko) Version/17.4 Safari/605.1.15 (Applebot/0.1; +http://www.apple.com/go/applebot)"
17.246.23.73 - - [10/Jul/2026:17:21:48 -0400] "GET /t3-assets/css/css-5edb3-73657.css HTTP/2" 200 6668 "https://en.hrpsychology.gr/index.php/articles/mental-health/77-the-benefits-of-laughter-in-our-everyday-life" "Mozilla/5.0 (Macintosh; Intel Mac OS X 10_15_7) AppleWebKit/605.1.15 (KHTML, like Gecko) Version/17.4 Safari/605.1.15 (Applebot/0.1; +http://www.apple.com/go/applebot)"
17.246.23.73 - - [10/Jul/2026:17:21:53 -0400] "GET /media/system/js/core.min.js?576eb51da909dcf692c98643faa6fc89629ead18 HTTP/2" 200 2995 "https://en.hrpsychology.gr/index.php/articles/mental-health/77-the-benefits-of-laughter-in-our-everyday-life" "Mozilla/5.0 (Macintosh; Intel Mac OS X 10_15_7) AppleWebKit/605.1.15 (KHTML, like Gecko) Version/17.4 Safari/605.1.15 (Applebot/0.1; +http://www.apple.com/go/applebot)"
17.246.19.192 - - [10/Jul/2026:17:21:57 -0400] "GET /media/legacy/js/jquery-noconflict.min.js?04499b98c0305b16b373dff09fe79d1290976288 HTTP/2" 200 26 "https://en.hrpsychology.gr/index.php/articles/mental-health/77-the-benefits-of-laughter-in-our-everyday-life" "Mozilla/5.0 (Macintosh; Intel Mac OS X 10_15_7) AppleWebKit/605.1.15 (KHTML, like Gecko) Version/17.4 Safari/605.1.15 (Applebot/0.1; +http://www.apple.com/go/applebot)"
17.246.19.192 - - [10/Jul/2026:17:22:00 -0400] "GET /plugins/system/t3/base-bs3/fonts/font-awesome/css/font-awesome-base.css HTTP/2" 200 5592 "https://en.hrpsychology.gr/index.php/articles/mental-health/77-the-benefits-of-laughter-in-our-everyday-life" "Mozilla/5.0 (Macintosh; Intel Mac OS X 10_15_7) AppleWebKit/605.1.15 (KHTML, like Gecko) Version/17.4 Safari/605.1.15 (Applebot/0.1; +http://www.apple.com/go/applebot)"
17.246.19.192 - - [10/Jul/2026:17:22:03 -0400] "GET /media/vendor/bootstrap/js/popper.min.js?5.2.3 HTTP/2" 200 7807 "https://en.hrpsychology.gr/index.php/articles/mental-health/77-the-benefits-of-laughter-in-our-everyday-life" "Mozilla/5.0 (Macintosh; Intel Mac OS X 10_15_7) AppleWebKit/605.1.15 (KHTML, like Gecko) Version/17.4 Safari/605.1.15 (Applebot/0.1; +http://www.apple.com/go/applebot)"
17.246.19.192 - - [10/Jul/2026:17:21:48 -0400] "GET /t3-assets/css/css-0edf6-11143.css HTTP/2" 200 24178 "https://en.hrpsychology.gr/index.php/articles/mental-health/77-the-benefits-of-laughter-in-our-everyday-life" "Mozilla/5.0 (Macintosh; Intel Mac OS X 10_15_7) AppleWebKit/605.1.15 (KHTML, like Gecko) Version/17.4 Safari/605.1.15 (Applebot/0.1; +http://www.apple.com/go/applebot)"
17.246.23.73 - - [10/Jul/2026:17:21:51 -0400] "GET /t3-assets/css/css-9c0ce-63542.css HTTP/2" 200 19335 "https://en.hrpsychology.gr/index.php/articles/mental-health/77-the-benefits-of-laughter-in-our-everyday-life" "Mozilla/5.0 (Macintosh; Intel Mac OS X 10_15_7) AppleWebKit/605.1.15 (KHTML, like Gecko) Version/17.4 Safari/605.1.15 (Applebot/0.1; +http://www.apple.com/go/applebot)"
17.246.19.192 - - [10/Jul/2026:17:21:54 -0400] "GET /media/vendor/bootstrap/js/popover.min.js?5.2.3 HTTP/2" 200 3524 "https://en.hrpsychology.gr/index.php/articles/mental-health/77-the-benefits-of-laughter-in-our-everyday-life" "Mozilla/5.0 (Macintosh; Intel Mac OS X 10_15_7) AppleWebKit/605.1.15 (KHTML, like Gecko) Version/17.4 Safari/605.1.15 (Applebot/0.1; +http://www.apple.com/go/applebot)"
17.246.23.73 - - [10/Jul/2026:17:21:54 -0400] "GET /plugins/system/t3/base-bs3/fonts/font-awesome/css/icomoon-to-fw.css HTTP/2" 200 2440 "https://en.hrpsychology.gr/index.php/articles/mental-health/77-the-benefits-of-laughter-in-our-everyday-life" "Mozilla/5.0 (Macintosh; Intel Mac OS X 10_15_7) AppleWebKit/605.1.15 (KHTML, like Gecko) Version/17.4 Safari/605.1.15 (Applebot/0.1; +http://www.apple.com/go/applebot)"
17.246.19.192 - - [10/Jul/2026:17:21:55 -0400] "GET /media/vendor/jquery/js/jquery.min.js?3.6.3 HTTP/2" 200 30401 "https://en.hrpsychology.gr/index.php/articles/mental-health/77-the-benefits-of-laughter-in-our-everyday-life" "Mozilla/5.0 (Macintosh; Intel Mac OS X 10_15_7) AppleWebKit/605.1.15 (KHTML, like Gecko) Version/17.4 Safari/605.1.15 (Applebot/0.1; +http://www.apple.com/go/applebot)"
17.246.19.192 - - [10/Jul/2026:17:21:58 -0400] "GET /t3-assets/js/js-e4beb-12745.js HTTP/2" 200 110472 "https://en.hrpsychology.gr/index.php/articles/mental-health/77-the-benefits-of-laughter-in-our-everyday-life" "Mozilla/5.0 (Macintosh; Intel Mac OS X 10_15_7) AppleWebKit/605.1.15 (KHTML, like Gecko) Version/17.4 Safari/605.1.15 (Applebot/0.1; +http://www.apple.com/go/applebot)"
17.246.19.192 - - [10/Jul/2026:17:22:04 -0400] "GET /media/vendor/bootstrap/js/dom.min.js?5.2.3 HTTP/2" 200 7048 "https://en.hrpsychology.gr/index.php/articles/mental-health/77-the-benefits-of-laughter-in-our-everyday-life" "Mozilla/5.0 (Macintosh; Intel Mac OS X 10_15_7) AppleWebKit/605.1.15 (KHTML, like Gecko) Version/17.4 Safari/605.1.15 (Applebot/0.1; +http://www.apple.com/go/applebot)"
17.246.23.73 - - [10/Jul/2026:17:21:48 -0400] "GET /plugins/system/cookiehint/css/redimstyle.css?1703aadefdd6f694f55e319b9e3fc6d5 HTTP/2" 200 928 "https://en.hrpsychology.gr/index.php/articles/mental-health/77-the-benefits-of-laughter-in-our-everyday-life" "Mozilla/5.0 (Macintosh; Intel Mac OS X 10_15_7) AppleWebKit/605.1.15 (KHTML, like Gecko) Version/17.4 Safari/605.1.15 (Applebot/0.1; +http://www.apple.com/go/applebot)"
17.246.19.192 - - [10/Jul/2026:17:21:49 -0400] "GET /t3-assets/css/css-be736-90091.css HTTP/2" 200 19215 "https://en.hrpsychology.gr/index.php/articles/mental-health/77-the-benefits-of-laughter-in-our-everyday-life" "Mozilla/5.0 (Macintosh; Intel Mac OS X 10_15_7) AppleWebKit/605.1.15 (KHTML, like Gecko) Version/17.4 Safari/605.1.15 (Applebot/0.1; +http://www.apple.com/go/applebot)"
17.246.23.73 - - [10/Jul/2026:17:21:50 -0400] "GET /t3-assets/css/css-c0f9c-63542.css HTTP/2" 200 482 "https://en.hrpsychology.gr/index.php/articles/mental-health/77-the-benefits-of-laughter-in-our-everyday-life" "Mozilla/5.0 (Macintosh; Intel Mac OS X 10_15_7) AppleWebKit/605.1.15 (KHTML, like Gecko) Version/17.4 Safari/605.1.15 (Applebot/0.1; +http://www.apple.com/go/applebot)"
17.246.19.192 - - [10/Jul/2026:17:21:51 -0400] "GET /t3-assets/css/css-f22d7-90091.css HTTP/2" 200 28099 "https://en.hrpsychology.gr/index.php/articles/mental-health/77-the-benefits-of-laughter-in-our-everyday-life" "Mozilla/5.0 (Macintosh; Intel Mac OS X 10_15_7) AppleWebKit/605.1.15 (KHTML, like Gecko) Version/17.4 Safari/605.1.15 (Applebot/0.1; +http://www.apple.com/go/applebot)"
17.246.19.192 - - [10/Jul/2026:17:21:52 -0400] "GET /t3-assets/css/css-900a4-90091.css HTTP/2" 200 2374 "https://en.hrpsychology.gr/index.php/articles/mental-health/77-the-benefits-of-laughter-in-our-everyday-life" "Mozilla/5.0 (Macintosh; Intel Mac OS X 10_15_7) AppleWebKit/605.1.15 (KHTML, like Gecko) Version/17.4 Safari/605.1.15 (Applebot/0.1; +http://www.apple.com/go/applebot)"
51.75.236.128 - - [10/Jul/2026:17:27:57 -0400] "GET /index.php/services/wellbeing?rCH=2 HTTP/2" 404 0 "-" "Mozilla/5.0 (compatible; AhrefsBot/7.0; +http://ahrefs.com/robot/)"
85.208.96.200 - - [10/Jul/2026:17:55:23 -0400] "GET /index.php/company/our-philosophy HTTP/2" 404 9915 "-" "Mozilla/5.0 (compatible; SemrushBot/7~bl; +http://www.semrush.com/bot.html)"
66.249.79.131 - - [10/Jul/2026:17:59:27 -0400] "GET /index.php/articles/mental-health/71-men-emotions HTTP/2" 200 31668 "-" "Mozilla/5.0 (Linux; Android 6.0.1; Nexus 5X Build/MMB29P) AppleWebKit/537.36 (KHTML, like Gecko) Chrome/150.0.7871.46 Mobile Safari/537.36 (compatible; Googlebot/2.1; +http://www.google.com/bot.html)"
66.249.79.138 - - [10/Jul/2026:18:32:02 -0400] "GET /structure/assortment/en8ihxwgxhwilud.shtml HTTP/2" 200 35181 "-" "Mozilla/5.0 (Linux; Android 6.0.1; Nexus 5X Build/MMB29P) AppleWebKit/537.36 (KHTML, like Gecko) Chrome/150.0.7871.46 Mobile Safari/537.36 (compatible; Googlebot/2.1; +http://www.google.com/bot.html)"
43.173.173.53 - - [10/Jul/2026:19:24:35 -0400] "GET /templates/system/css/system.css HTTP/2" 404 1251 "https://en.hrpsychology.gr/index.php/articles/mental-health" "Mozilla/5.0 (Windows NT 10.0; Win64; x64) AppleWebKit/537.36 (KHTML, like Gecko) Chrome/111.0.0.0 Safari/537.36"
43.173.173.65 - - [10/Jul/2026:19:24:36 -0400] "GET /challenge?next=%2Findex.php%2Farticles%2Fmental-health HTTP/2" 404 533 "https://en.hrpsychology.gr/index.php/articles/mental-health" "Mozilla/5.0 (Windows NT 10.0; Win64; x64) AppleWebKit/537.36 (KHTML, like Gecko) Chrome/111.0.0.0 Safari/537.36"
45.188.91.212 - - [10/Jul/2026:19:25:46 -0400] "GET /index.php/articles/mental-health HTTP/2" 200 8214 "-" "Mozilla/5.0 (Windows NT 10.0; Win64; x64) AppleWebKit/537.36 (KHTML, like Gecko) Chrome/108.0.0.0 Safari/537.36"
192.241.137.43 - - [10/Jul/2026:19:25:50 -0400] "GET / HTTP/2" 200 18583 "172.67.218.151" "Mozilla/5.0 (Windows NT 6.1; WOW64; rv:59.0) Gecko/20100101 Firefox/59.0"
2a02:4780:2d:8d18::1 - - [10/Jul/2026:19:26:15 -0400] "HEAD / HTTP/2" 200 0 "-" "Mozilla/5.0 (Windows NT 10.0; Win64; x64) AppleWebKit/537.36 (KHTML, like Gecko) Chrome/147.0.0.0 Safari/537.36"
2a02:4780:2d:8d18::1 - - [10/Jul/2026:19:26:15 -0400] "GET / HTTP/2" 200 18678 "-" "Mozilla/5.0 (Macintosh; Intel Mac OS X 10_15_7) AppleWebKit/537.36 (KHTML, like Gecko) Chrome/147.0.0.0 Safari/537.36"
2a02:4780:2d:8d18::1 - - [10/Jul/2026:19:26:16 -0400] "GET /.git/HEAD HTTP/2" 403 1242 "-" "Mozilla/5.0 (Windows NT 10.0; Win64; x64) AppleWebKit/537.36 (KHTML, like Gecko) Chrome/147.0.0.0 Safari/537.36"
2a02:4780:2d:8d18::1 - - [10/Jul/2026:19:26:16 -0400] "GET /backend/.env HTTP/2" 404 533 "-" "Mozilla/5.0 (Macintosh; Intel Mac OS X 15.7; rv:149.0) Gecko/20100101 Firefox/149.0"
2a02:4780:2d:8d18::1 - - [10/Jul/2026:19:26:16 -0400] "GET /.env HTTP/2" 404 533 "-" "Mozilla/5.0 (Windows NT 10.0; Win64; x64) AppleWebKit/537.36 (KHTML, like Gecko) Chrome/147.0.0.0 Safari/537.36 Edg/146.0.3856.109"
2a02:4780:2d:8d18::1 - - [10/Jul/2026:19:26:16 -0400] "GET /env HTTP/2" 404 533 "-" "Mozilla/5.0 (Windows NT 10.0; Win64; x64) AppleWebKit/537.36 (KHTML, like Gecko) Chrome/147.0.0.0 Safari/537.36 Edg/146.0.3856.109"
2a02:4780:2d:8d18::1 - - [10/Jul/2026:19:26:16 -0400] "GET /.env.local HTTP/2" 404 533 "-" "Mozilla/5.0 (Macintosh; Intel Mac OS X 15_7_5) AppleWebKit/605.1.15 (KHTML, like Gecko) Version/26.0 Safari/605.1.15"
2a02:4780:2d:8d18::1 - - [10/Jul/2026:19:26:16 -0400] "GET /.env.production HTTP/2" 404 533 "-" "Mozilla/5.0 (Windows NT 10.0; Win64; x64) AppleWebKit/537.36 (KHTML, like Gecko) Chrome/147.0.0.0 Safari/537.36 Edg/146.0.3856.109"
2a02:4780:2d:8d18::1 - - [10/Jul/2026:19:26:16 -0400] "GET /.env.development HTTP/2" 404 533 "-" "Mozilla/5.0 (Macintosh; Intel Mac OS X 15_7_5) AppleWebKit/605.1.15 (KHTML, like Gecko) Version/26.0 Safari/605.1.15"
2a02:4780:2d:8d18::1 - - [10/Jul/2026:19:26:17 -0400] "GET /.aws/credentials HTTP/2" 404 533 "-" "Mozilla/5.0 (Windows NT 10.0; Win64; x64) AppleWebKit/537.36 (KHTML, like Gecko) Chrome/147.0.0.0 Safari/537.36 Edg/146.0.3856.109"
2a02:4780:2d:8d18::1 - - [10/Jul/2026:19:26:17 -0400] "GET /api/.env HTTP/2" 404 54 "-" "Mozilla/5.0 (Macintosh; Intel Mac OS X 15.7; rv:149.0) Gecko/20100101 Firefox/149.0"
2a02:4780:2d:8d18::1 - - [10/Jul/2026:19:26:17 -0400] "GET /config.json HTTP/2" 404 533 "-" "Mozilla/5.0 (Macintosh; Intel Mac OS X 15.7; rv:149.0) Gecko/20100101 Firefox/149.0"
2a02:4780:2d:8d18::1 - - [10/Jul/2026:19:26:17 -0400] "GET /media/system/js/messages.min.js?7425e8d1cb9e4f061d5e30271d6d99b085344117 HTTP/2" 200 1555 "-" "Mozilla/5.0 (Windows NT 10.0; Win64; x64) AppleWebKit/537.36 (KHTML, like Gecko) Chrome/147.0.0.0 Safari/537.36 Edg/146.0.3856.109"
2a02:4780:2d:8d18::1 - - [10/Jul/2026:19:26:24 -0400] "GET /index.php/services/support-line-24-7 HTTP/2" 200 10466 "-" "Mozilla/5.0 (Macintosh; Intel Mac OS X 15_7_5) AppleWebKit/605.1.15 (KHTML, like Gecko) Version/26.0 Safari/605.1.15"
2a02:4780:2d:8d18::1 - - [10/Jul/2026:19:26:24 -0400] "GET /index.php/services/nutrition-counseling-line HTTP/2" 200 10178 "-" "Mozilla/5.0 (Windows NT 10.0; Win64; x64) AppleWebKit/537.36 (KHTML, like Gecko) Chrome/147.0.0.0 Safari/537.36"
2a02:4780:2d:8d18::1 - - [10/Jul/2026:19:26:24 -0400] "GET / HTTP/2" 200 18583 "-" "Mozilla/5.0 (Macintosh; Intel Mac OS X 10_15_7) AppleWebKit/537.36 (KHTML, like Gecko) Chrome/147.0.0.0 Safari/537.36"
2a02:4780:2d:8d18::1 - - [10/Jul/2026:19:26:24 -0400] "GET /index.php HTTP/2" 200 18618 "-" "Mozilla/5.0 (Windows NT 10.0; Win64; x64) AppleWebKit/537.36 (KHTML, like Gecko) Chrome/147.0.0.0 Safari/537.36"
2a02:4780:2d:8d18::1 - - [10/Jul/2026:19:26:25 -0400] "GET /index.php/services/soul-food-app HTTP/2" 200 10718 "-" "Mozilla/5.0 (Macintosh; Intel Mac OS X 15_7_5) AppleWebKit/605.1.15 (KHTML, like Gecko) Version/26.0 Safari/605.1.15"
2a02:4780:2d:8d18::1 - - [10/Jul/2026:19:26:25 -0400] "GET /index.php/articles/nutrition HTTP/2" 200 9431 "-" "Mozilla/5.0 (Macintosh; Intel Mac OS X 15.7; rv:149.0) Gecko/20100101 Firefox/149.0"
2a02:4780:2d:8d18::1 - - [10/Jul/2026:19:26:25 -0400] "GET /index.php/gdpr HTTP/2" 200 12491 "-" "Mozilla/5.0 (Macintosh; Intel Mac OS X 15_7_5) AppleWebKit/605.1.15 (KHTML, like Gecko) Version/26.0 Safari/605.1.15"
2a02:4780:2d:8d18::1 - - [10/Jul/2026:19:26:25 -0400] "GET /index.php/contact-us HTTP/2" 200 9792 "-" "Mozilla/5.0 (Macintosh; Intel Mac OS X 15.7; rv:149.0) Gecko/20100101 Firefox/149.0"
2a02:4780:2d:8d18::1 - - [10/Jul/2026:19:26:26 -0400] "GET /index.php/services/seminars HTTP/2" 200 17183 "-" "Mozilla/5.0 (Macintosh; Intel Mac OS X 10_15_7) AppleWebKit/537.36 (KHTML, like Gecko) Chrome/147.0.0.0 Safari/537.36"
2a02:4780:2d:8d18::1 - - [10/Jul/2026:19:26:26 -0400] "GET /index.php/services/psychology-nutrition HTTP/2" 404 533 "-" "Mozilla/5.0 (Macintosh; Intel Mac OS X 15.7; rv:149.0) Gecko/20100101 Firefox/149.0"
2a02:4780:2d:8d18::1 - - [10/Jul/2026:19:26:26 -0400] "GET /index.php/services/on-site HTTP/2" 200 10547 "-" "Mozilla/5.0 (Macintosh; Intel Mac OS X 15_7_5) AppleWebKit/605.1.15 (KHTML, like Gecko) Version/26.0 Safari/605.1.15"
2a02:4780:2d:8d18::1 - - [10/Jul/2026:19:26:26 -0400] "GET /index.php/services/wellbeing HTTP/2" 200 10489 "-" "Mozilla/5.0 (Windows NT 10.0; Win64; x64) AppleWebKit/537.36 (KHTML, like Gecko) Chrome/147.0.0.0 Safari/537.36"
2a02:4780:2d:8d18::1 - - [10/Jul/2026:19:26:27 -0400] "GET /index.php/services/counseling-services HTTP/2" 404 533 "-" "Mozilla/5.0 (Windows NT 10.0; Win64; x64) AppleWebKit/537.36 (KHTML, like Gecko) Chrome/147.0.0.0 Safari/537.36 Edg/146.0.3856.109"
2a02:4780:2d:8d18::1 - - [10/Jul/2026:19:26:27 -0400] "GET /index.php/services/talks HTTP/2" 200 10135 "-" "Mozilla/5.0 (Windows NT 10.0; Win64; x64) AppleWebKit/537.36 (KHTML, like Gecko) Chrome/147.0.0.0 Safari/537.36"
2a02:4780:2d:8d18::1 - - [10/Jul/2026:19:26:27 -0400] "GET /index.php/company/our-philosophy HTTP/2" 200 9920 "-" "Mozilla/5.0 (Windows NT 10.0; Win64; x64; rv:149.0) Gecko/20100101 Firefox/149.0"
2a02:4780:2d:8d18::1 - - [10/Jul/2026:19:26:27 -0400] "GET /?rCH=2 HTTP/2" 301 0 "-" "Mozilla/5.0 (Windows NT 10.0; Win64; x64) AppleWebKit/537.36 (KHTML, like Gecko) Chrome/147.0.0.0 Safari/537.36"
2a02:4780:2d:8d18::1 - - [10/Jul/2026:19:26:27 -0400] "GET /index.php/company/our-team HTTP/2" 200 10624 "-" "Mozilla/5.0 (Macintosh; Intel Mac OS X 10_15_7) AppleWebKit/537.36 (KHTML, like Gecko) Chrome/147.0.0.0 Safari/537.36"
2a02:4780:2d:8d18::1 - - [10/Jul/2026:19:26:27 -0400] "GET /?rCH=-2 HTTP/2" 301 0 "-" "Mozilla/5.0 (Windows NT 10.0; Win64; x64) AppleWebKit/537.36 (KHTML, like Gecko) Chrome/147.0.0.0 Safari/537.36"
2a02:4780:2d:8d18::1 - - [10/Jul/2026:19:26:27 -0400] "GET /index.php/articles/mental-health HTTP/2" 200 9598 "-" "Mozilla/5.0 (Windows NT 10.0; Win64; x64; rv:149.0) Gecko/20100101 Firefox/149.0"
2a02:4780:2d:8d18::1 - - [10/Jul/2026:19:26:27 -0400] "GET / HTTP/2" 200 18584 "https://en.hrpsychology.gr/?rCH=2" "Mozilla/5.0 (Windows NT 10.0; Win64; x64) AppleWebKit/537.36 (KHTML, like Gecko) Chrome/147.0.0.0 Safari/537.36"
2a02:4780:2d:8d18::1 - - [10/Jul/2026:19:26:28 -0400] "GET / HTTP/2" 200 18584 "https://en.hrpsychology.gr/?rCH=-2" "Mozilla/5.0 (Windows NT 10.0; Win64; x64) AppleWebKit/537.36 (KHTML, like Gecko) Chrome/147.0.0.0 Safari/537.36"
2a02:4780:2d:8d18::1 - - [10/Jul/2026:19:26:28 -0400] "GET /media/system/js/joomla-hidden-mail-es5.min.js?86544755a5c7287d31511970d36b3906e8e22dba HTTP/2" 200 1046 "-" "Mozilla/5.0 (Macintosh; Intel Mac OS X 15_7_5) AppleWebKit/605.1.15 (KHTML, like Gecko) Version/26.0 Safari/605.1.15"
2a02:4780:2d:8d18::1 - - [10/Jul/2026:19:26:28 -0400] "GET /t3-assets/js/js-4556f-12745.js HTTP/2" 200 110709 "-" "Mozilla/5.0 (Windows NT 10.0; Win64; x64) AppleWebKit/537.36 (KHTML, like Gecko) Chrome/147.0.0.0 Safari/537.36 Edg/146.0.3856.109"
2a02:4780:2d:8d18::1 - - [10/Jul/2026:19:26:28 -0400] "GET /t3-assets/js/js-48ca0-12745.js HTTP/2" 200 117470 "-" "Mozilla/5.0 (Macintosh; Intel Mac OS X 15_7_5) AppleWebKit/605.1.15 (KHTML, like Gecko) Version/26.0 Safari/605.1.15"
147.93.116.239 - - [10/Jul/2026:19:26:30 -0400] "GET /index.php/services/support-line-24-7?rCH=2 HTTP/2" 301 0 "-" "Mozilla/5.0 (Macintosh; Intel Mac OS X 15_7_5) AppleWebKit/605.1.15 (KHTML, like Gecko) Version/26.0 Safari/605.1.15"
2a02:4780:2d:8d18::1 - - [10/Jul/2026:19:26:30 -0400] "GET /index.php?rCH=2 HTTP/2" 301 0 "-" "Mozilla/5.0 (Windows NT 10.0; Win64; x64; rv:149.0) Gecko/20100101 Firefox/149.0"
2a02:4780:2d:8d18::1 - - [10/Jul/2026:19:26:30 -0400] "GET /index.php/company/our-team/cv-nikolaos-chantzeas HTTP/2" 200 8026 "-" "Mozilla/5.0 (Windows NT 10.0; Win64; x64) AppleWebKit/537.36 (KHTML, like Gecko) Chrome/147.0.0.0 Safari/537.36"
2a02:4780:2d:8d18::1 - - [10/Jul/2026:19:26:30 -0400] "GET /index.php?rCH=-2 HTTP/2" 301 0 "-" "Mozilla/5.0 (Windows NT 10.0; Win64; x64) AppleWebKit/537.36 (KHTML, like Gecko) Chrome/147.0.0.0 Safari/537.36"
147.93.116.239 - - [10/Jul/2026:19:26:30 -0400] "GET /index.php/services/support-line-24-7?rCH=-2 HTTP/2" 301 0 "-" "Mozilla/5.0 (Macintosh; Intel Mac OS X 15.7; rv:149.0) Gecko/20100101 Firefox/149.0"
2a02:4780:2d:8d18::1 - - [10/Jul/2026:19:26:30 -0400] "GET /index.php/services/nutrition-counseling-line?rCH=2 HTTP/2" 301 0 "-" "Mozilla/5.0 (Windows NT 10.0; Win64; x64; rv:149.0) Gecko/20100101 Firefox/149.0"
2a02:4780:2d:8d18::1 - - [10/Jul/2026:19:26:30 -0400] "GET /index.php/services/nutrition-counseling-line?rCH=-2 HTTP/2" 301 0 "-" "Mozilla/5.0 (Macintosh; Intel Mac OS X 10_15_7) AppleWebKit/537.36 (KHTML, like Gecko) Chrome/147.0.0.0 Safari/537.36"
2a02:4780:2d:8d18::1 - - [10/Jul/2026:19:26:30 -0400] "GET /index.php/services/soul-food-app?rCH=2 HTTP/2" 301 0 "-" "Mozilla/5.0 (Macintosh; Intel Mac OS X 15.7; rv:149.0) Gecko/20100101 Firefox/149.0"
147.93.116.239 - - [10/Jul/2026:19:26:30 -0400] "GET /index.php/services/soul-food-app?rCH=-2 HTTP/2" 301 0 "-" "Mozilla/5.0 (Macintosh; Intel Mac OS X 15.7; rv:149.0) Gecko/20100101 Firefox/149.0"
2a02:4780:2d:8d18::1 - - [10/Jul/2026:19:26:31 -0400] "GET /index.php/services/seminars?rCH=-2 HTTP/2" 301 0 "-" "Mozilla/5.0 (Windows NT 10.0; Win64; x64) AppleWebKit/537.36 (KHTML, like Gecko) Chrome/147.0.0.0 Safari/537.36"
2a02:4780:2d:8d18::1 - - [10/Jul/2026:19:26:31 -0400] "GET /index.php/services/on-site?rCH=2 HTTP/2" 301 0 "-" "Mozilla/5.0 (Macintosh; Intel Mac OS X 15.7; rv:149.0) Gecko/20100101 Firefox/149.0"
2a02:4780:2d:8d18::1 - - [10/Jul/2026:19:26:31 -0400] "GET /index.php/services/seminars?rCH=2 HTTP/2" 301 0 "-" "Mozilla/5.0 (Windows NT 10.0; Win64; x64; rv:149.0) Gecko/20100101 Firefox/149.0"
147.93.116.239 - - [10/Jul/2026:19:26:31 -0400] "GET /index.php/services/on-site?rCH=-2 HTTP/2" 301 0 "-" "Mozilla/5.0 (Windows NT 10.0; Win64; x64) AppleWebKit/537.36 (KHTML, like Gecko) Chrome/147.0.0.0 Safari/537.36 Edg/146.0.3856.109"
2a02:4780:2d:8d18::1 - - [10/Jul/2026:19:26:31 -0400] "GET /index.php/services/talks?rCH=2 HTTP/2" 301 0 "-" "Mozilla/5.0 (Windows NT 10.0; Win64; x64; rv:149.0) Gecko/20100101 Firefox/149.0"
2a02:4780:2d:8d18::1 - - [10/Jul/2026:19:26:31 -0400] "GET /index.php/services/wellbeing?rCH=2 HTTP/2" 301 0 "-" "Mozilla/5.0 (Macintosh; Intel Mac OS X 10_15_7) AppleWebKit/537.36 (KHTML, like Gecko) Chrome/147.0.0.0 Safari/537.36"
2a02:4780:2d:8d18::1 - - [10/Jul/2026:19:26:31 -0400] "GET /index.php/services/wellbeing?rCH=-2 HTTP/2" 301 0 "-" "Mozilla/5.0 (Macintosh; Intel Mac OS X 15_7_5) AppleWebKit/605.1.15 (KHTML, like Gecko) Version/26.0 Safari/605.1.15"
147.93.116.239 - - [10/Jul/2026:19:26:31 -0400] "GET /index.php/services/talks?rCH=-2 HTTP/2" 301 0 "-" "Mozilla/5.0 (Macintosh; Intel Mac OS X 15_7_5) AppleWebKit/605.1.15 (KHTML, like Gecko) Version/26.0 Safari/605.1.15"
2a02:4780:2d:8d18::1 - - [10/Jul/2026:19:26:31 -0400] "GET /index.php/company/our-philosophy?rCH=2 HTTP/2" 301 0 "-" "Mozilla/5.0 (Macintosh; Intel Mac OS X 15.7; rv:149.0) Gecko/20100101 Firefox/149.0"
