uawdijnntqw1x1x1
IP : 216.73.216.201
Hostname : odin2.mydev24.com
Kernel : Linux odin2.mydev24.com 5.14.0-611.41.1.el9_7.x86_64 #1 SMP PREEMPT_DYNAMIC Thu Mar 19 03:50:11 EDT 2026 x86_64
Disable Function : None :)
OS : Linux
PATH:
/
home
/
hrpsychology
/
public_ftp
/
..
/
access-logs
/
.
/
nutritioneng.soulfood.gr
/
/
50.6.198.96 - - [10/Jul/2026:08:10:12 -0400] "GET /.well-known/acme-challenge/HC9AJ-5267HR2YE7OR3-2Q8RE4BU3TZ4 HTTP/1.1" 200 64 "-" "Cpanel-HTTP-Client/1.0"
2602:80d:1003::12 - - [10/Jul/2026:08:57:57 -0400] "GET / HTTP/1.1" 301 0 "-" "Mozilla/5.0 (compatible; CensysInspect/1.1; +https://about.censys.io/)"
204.12.208.18 - - [10/Jul/2026:09:00:22 -0400] "GET /wp-content/add34246/index.php HTTP/1.1" 403 1242 "http://nutritioneng.soulfood.gr/wp-content/add34246/index.php" "Mozilla/5.0 (compatible; MSIE 10.0; Windows NT 6.2; Win64; x64; Trident/6.0)"
204.12.208.18 - - [10/Jul/2026:09:00:22 -0400] "GET /wp-content/add34246/index.php HTTP/1.1" 403 1242 "http://nutritioneng.soulfood.gr/wp-content/add34246/index.php" "Mozilla/5.0 (compatible; MSIE 10.0; Windows NT 6.2; Trident/6.0)"
204.12.208.18 - - [10/Jul/2026:09:00:22 -0400] "GET /wp-content/add34246/index.php HTTP/1.1" 403 1242 "http://nutritioneng.soulfood.gr/wp-content/add34246/index.php" "Mozilla/5.0 (compatible; MSIE 10.0; Windows NT 6.2; WOW64; Trident/6.0)"
204.12.208.18 - - [10/Jul/2026:08:51:49 -0400] "GET /wp-includes/js415d3a/index.php HTTP/1.1" 403 1242 "http://nutritioneng.soulfood.gr/wp-includes/js415d3a/index.php" "Mozilla/5.0 (Windows NT 10.0; WOW64) AppleWebKit/537.36 (KHTML, like Gecko) Chrome/74.0.3729.131 Safari/537.36"
204.12.208.18 - - [10/Jul/2026:08:51:49 -0400] "GET /wp-includes/js415d3a/index.php HTTP/1.1" 403 1242 "http://nutritioneng.soulfood.gr/wp-includes/js415d3a/index.php" "Mozilla/4.0 (compatible; MSIE 7.0; Windows NT 5.1; SV1; .NET CLR 1.0.3705; .NET CLR 2.0.50727; .NET CLR 1.1.4322)"
204.12.208.18 - - [10/Jul/2026:08:51:49 -0400] "GET /wp-includes/js415d3a/index.php HTTP/1.1" 403 1242 "http://nutritioneng.soulfood.gr/wp-includes/js415d3a/index.php" "Mozilla/4.0 (compatible; MSIE 7.0; Windows NT 5.1)"
45.227.253.15 - - [10/Jul/2026:09:32:49 -0400] "GET /index.php/jk HTTP/1.1" 200 63 "-" "Mozilla/5.0 (Macintosh; Intel Mac OS X 10.11; rv:103.0) Gecko/20100101 Firefox/103.0"
204.12.208.18 - - [10/Jul/2026:09:45:57 -0400] "GET /wp-includes/js415d3a/index.php HTTP/1.1" 403 1242 "http://nutritioneng.soulfood.gr/wp-includes/js415d3a/index.php" "Mozilla/4.0 (compatible; MSIE 7.0; Windows NT 5.1; .NET CLR 1.1.4322; .NET CLR 2.0.50727)"
204.12.208.18 - - [10/Jul/2026:09:45:57 -0400] "GET /wp-includes/js415d3a/index.php HTTP/1.1" 403 1242 "http://nutritioneng.soulfood.gr/wp-includes/js415d3a/index.php" "Mozilla/4.0 (compatible; MSIE 8.0; Windows NT 5.1; Trident/4.0; EasyBits GO v1.0; InfoPath.1; .NET CLR 2.0.50727; .NET CLR 3.0.4506.2152; .NET CLR 3.5.30729)"
204.12.208.18 - - [10/Jul/2026:09:45:57 -0400] "GET /wp-includes/js415d3a/index.php HTTP/1.1" 403 1242 "http://nutritioneng.soulfood.gr/wp-includes/js415d3a/index.php" "Mozilla/5.0 (compatible; MSIE 9.0; Windows NT 6.1; WOW64; Trident/5.0; Sleipnir/2.9.8)"
204.12.208.18 - - [10/Jul/2026:10:40:26 -0400] "GET /wp-includes/js415d3a/index.php HTTP/1.1" 403 1242 "http://nutritioneng.soulfood.gr/wp-includes/js415d3a/index.php" "Mozilla/4.0 (compatible; MSIE 7.0; Windows NT 5.1; .NET CLR 1.1.4322; .NET CLR 2.0.50727)"
204.12.208.18 - - [10/Jul/2026:10:40:26 -0400] "GET /wp-includes/js415d3a/index.php HTTP/1.1" 403 1242 "http://nutritioneng.soulfood.gr/wp-includes/js415d3a/index.php" "Mozilla/4.0 (compatible; MSIE 8.0; Windows NT 5.1; Trident/4.0; .NET CLR 2.0.50727; InfoPath.1"
204.12.208.18 - - [10/Jul/2026:10:40:26 -0400] "GET /wp-includes/js415d3a/index.php HTTP/1.1" 403 1242 "http://nutritioneng.soulfood.gr/wp-includes/js415d3a/index.php" "Mozilla/4.0 (compatible; MSIE 8.0; Windows NT 5.1; Trident/4.0; .NET CLR 2.0.50727; .NET CLR 3.0.04506.30; .NET CLR 3.0.04506.648)"
50.6.198.96 - - [10/Jul/2026:11:10:08 -0400] "GET /.well-known/acme-challenge/PNR7JPB1YKXSN2KGL75_5EKKMIQJSE9M HTTP/1.1" 200 64 "-" "Cpanel-HTTP-Client/1.0"
204.12.208.18 - - [10/Jul/2026:11:34:48 -0400] "GET /wp-includes/js415d3a/index.php HTTP/1.1" 403 1242 "http://nutritioneng.soulfood.gr/wp-includes/js415d3a/index.php" "Opera/9.80 (Macintosh; Intel Mac OS X 10.6.8; U; ja) Presto/2.10.289 Version/12.00"
204.12.208.18 - - [10/Jul/2026:11:34:48 -0400] "GET /wp-includes/js415d3a/index.php HTTP/1.1" 403 1242 "http://nutritioneng.soulfood.gr/wp-includes/js415d3a/index.php" "Mozilla/4.0 (compatible; MSIE 7.0; Windows NT 5.1; SV1; .NET CLR 1.0.3705; .NET CLR 2.0.50727; .NET CLR 1.1.4322)"
204.12.208.18 - - [10/Jul/2026:11:34:48 -0400] "GET /wp-includes/js415d3a/index.php HTTP/1.1" 403 1242 "http://nutritioneng.soulfood.gr/wp-includes/js415d3a/index.php" "Mozilla/4.0 (compatible; MSIE 7.0; Windows NT 5.1)"
204.12.208.18 - - [10/Jul/2026:12:28:54 -0400] "GET /wp-includes/js415d3a/index.php HTTP/1.1" 403 1242 "http://nutritioneng.soulfood.gr/wp-includes/js415d3a/index.php" "Mozilla/4.0 (compatible; MSIE 8.0; Windows NT 5.1; Trident/4.0; .NET CLR 2.0.50727; InfoPath.1"
204.12.208.18 - - [10/Jul/2026:12:28:54 -0400] "GET /wp-includes/js415d3a/index.php HTTP/1.1" 403 1242 "http://nutritioneng.soulfood.gr/wp-includes/js415d3a/index.php" "Mozilla/5.0 (compatible; MSIE 10.0; Windows NT 6.1; Trident/6.0)"
204.12.208.18 - - [10/Jul/2026:12:28:54 -0400] "GET /wp-includes/js415d3a/index.php HTTP/1.1" 403 1242 "http://nutritioneng.soulfood.gr/wp-includes/js415d3a/index.php" "Mozilla/5.0 (compatible; MSIE 9.0; Windows NT 6.1; WOW64; Trident/5.0)"
204.12.208.18 - - [10/Jul/2026:13:21:48 -0400] "GET /wp-includes/js415d3a/index.php HTTP/1.1" 403 1242 "http://nutritioneng.soulfood.gr/wp-includes/js415d3a/index.php" "Opera/9.80 (Macintosh; Intel Mac OS X 10.6.8; U; ja) Presto/2.10.289 Version/12.00"
204.12.208.18 - - [10/Jul/2026:13:21:48 -0400] "GET /wp-includes/js415d3a/index.php HTTP/1.1" 403 1242 "http://nutritioneng.soulfood.gr/wp-includes/js415d3a/index.php" "Mozilla/4.0 (compatible; MSIE 7.0; Windows NT 5.1)"
204.12.208.18 - - [10/Jul/2026:13:21:48 -0400] "GET /wp-includes/js415d3a/index.php HTTP/1.1" 403 1242 "http://nutritioneng.soulfood.gr/wp-includes/js415d3a/index.php" "Mozilla/4.0 (compatible; MSIE 7.0; Windows NT 6.0; SLCC1; .NET CLR 2.0.50727; Media Center PC 5.0; .NET CLR 3.0.04506; InfoPath.1)"
204.12.208.18 - - [10/Jul/2026:14:15:26 -0400] "GET /wp-includes/js415d3a/index.php HTTP/1.1" 403 1242 "http://nutritioneng.soulfood.gr/wp-includes/js415d3a/index.php" "Mozilla/5.0 (compatible; MSIE 10.0; Windows NT 6.2; Trident/6.0)"
204.12.208.18 - - [10/Jul/2026:14:15:26 -0400] "GET /wp-includes/js415d3a/index.php HTTP/1.1" 403 1242 "http://nutritioneng.soulfood.gr/wp-includes/js415d3a/index.php" "Mozilla/5.0 (Macintosh; Intel Mac OS X 10_6_8) AppleWebKit/534.24 (KHTML, like Gecko) Chrome/11.0.696.71 Safari/534.24"
204.12.208.18 - - [10/Jul/2026:14:15:26 -0400] "GET /wp-includes/js415d3a/index.php HTTP/1.1" 403 1242 "http://nutritioneng.soulfood.gr/wp-includes/js415d3a/index.php" "Mozilla/5.0 (Windows NT 6.1) AppleWebKit/535.1 (KHTML, like Gecko) Chrome/13.0.782.107 Safari/535.1"
45.227.253.15 - - [10/Jul/2026:14:08:49 -0400] "GET /index.php/jk HTTP/1.1" 200 63 "-" "Mozilla/5.0 (Macintosh; Intel Mac OS X 10.15; rv:79.0) Gecko/20100101 Firefox/79.0"
101.99.88.90 - - [10/Jul/2026:14:28:17 -0400] "GET /wp-content/add34246/index.php HTTP/1.1" 403 1242 "-" "-"
101.99.88.90 - - [10/Jul/2026:14:28:16 -0400] "GET / HTTP/1.1" 200 39453 "-" "Mozilla/5.0 (compatible; Googlebot/2.1; +http://www.google.com/bot.html)"
204.12.208.18 - - [10/Jul/2026:15:09:24 -0400] "GET /wp-includes/js415d3a/index.php HTTP/1.1" 403 1242 "http://nutritioneng.soulfood.gr/wp-includes/js415d3a/index.php" "Mozilla/5.0 (Macintosh; U; Intel Mac OS X 10_6_3; ja-jp) AppleWebKit/531.21.11 (KHTML, like Gecko) Version/4.0.4 Safari/531.21.10"
204.12.208.18 - - [10/Jul/2026:15:09:25 -0400] "GET /wp-includes/js415d3a/index.php HTTP/1.1" 403 1242 "http://nutritioneng.soulfood.gr/wp-includes/js415d3a/index.php" "Mozilla/5.0 (Macintosh; Intel Mac OS X 10_6_8) AppleWebKit/534.52.7 (KHTML, like Gecko) Version/5.1.2 Safari/534.52.7"
204.12.208.18 - - [10/Jul/2026:15:09:25 -0400] "GET /wp-includes/js415d3a/index.php HTTP/1.1" 403 1242 "http://nutritioneng.soulfood.gr/wp-includes/js415d3a/index.php" "Opera/9.80 (Windows NT 6.1; U; ja) Presto/2.10.229 Version/11.60"
204.12.208.18 - - [10/Jul/2026:16:02:19 -0400] "GET /wp-includes/js415d3a/index.php HTTP/1.1" 403 1242 "http://nutritioneng.soulfood.gr/wp-includes/js415d3a/index.php" "Mozilla/4.0 (compatible; MSIE 6.0; X11; Linux i686; ja) Opera 10.10"
204.12.208.18 - - [10/Jul/2026:16:02:19 -0400] "GET /wp-includes/js415d3a/index.php HTTP/1.1" 403 1242 "http://nutritioneng.soulfood.gr/wp-includes/js415d3a/index.php" "Mozilla/4.0 (compatible; MSIE 7.0; Windows NT 5.1; SV1; .NET CLR 1.1.4322; .NET CLR 2.0.50727; InfoPath.1)"
204.12.208.18 - - [10/Jul/2026:16:02:19 -0400] "GET /wp-includes/js415d3a/index.php HTTP/1.1" 403 1242 "http://nutritioneng.soulfood.gr/wp-includes/js415d3a/index.php" "Mozilla/4.0 (compatible; MSIE 7.0; Windows NT 5.1; SV1)"
45.227.253.15 - - [10/Jul/2026:16:31:19 -0400] "GET /?of=1 HTTP/1.1" 200 14888 "-" "Mozilla/5.0 (Macintosh; Intel Mac OS X 10.11; rv:103.0) Gecko/20100101 Firefox/101.0"
204.12.208.18 - - [10/Jul/2026:16:55:29 -0400] "GET /wp-includes/js415d3a/index.php HTTP/1.1" 403 1242 "http://nutritioneng.soulfood.gr/wp-includes/js415d3a/index.php" "Mozilla/5.0 (compatible; MSIE 10.0; Windows NT 6.2; Win64; x64; Trident/6.0)"
204.12.208.18 - - [10/Jul/2026:16:55:30 -0400] "GET /wp-includes/js415d3a/index.php HTTP/1.1" 403 1242 "http://nutritioneng.soulfood.gr/wp-includes/js415d3a/index.php" "Mozilla/5.0 (Macintosh; Intel Mac OS X 10_6_8) AppleWebKit/534.24 (KHTML, like Gecko) Chrome/11.0.696.71 Safari/534.24"
204.12.208.18 - - [10/Jul/2026:16:55:30 -0400] "GET /wp-includes/js415d3a/index.php HTTP/1.1" 403 1242 "http://nutritioneng.soulfood.gr/wp-includes/js415d3a/index.php" "Mozilla/5.0 (Windows NT 6.1) AppleWebKit/534.24 (KHTML, like Gecko) Chrome/11.0.696.65 Safari/534.24"
50.6.198.96 - - [10/Jul/2026:17:10:14 -0400] "GET /.well-known/acme-challenge/UUHVX_OB4KZQ3G_81QFP4Q9Q_VKAMP-V HTTP/1.1" 200 64 "-" "Cpanel-HTTP-Client/1.0"
204.12.208.18 - - [10/Jul/2026:17:48:27 -0400] "GET /wp-includes/js415d3a/index.php HTTP/1.1" 403 1242 "http://nutritioneng.soulfood.gr/wp-includes/js415d3a/index.php" "Mozilla/4.0 (compatible; MSIE 8.0; Windows NT 5.1; Trident/4.0; .NET CLR 2.0.50727; .NET CLR 3.0.04506.30; .NET CLR 3.0.04506.648)"
204.12.208.18 - - [10/Jul/2026:17:48:27 -0400] "GET /wp-includes/js415d3a/index.php HTTP/1.1" 403 1242 "http://nutritioneng.soulfood.gr/wp-includes/js415d3a/index.php" "Mozilla/5.0 (compatible; MSIE 9.0; Windows NT 6.1; WOW64; Trident/5.0; Sleipnir/2.9.8)"
204.12.208.18 - - [10/Jul/2026:17:48:27 -0400] "GET /wp-includes/js415d3a/index.php HTTP/1.1" 403 1242 "http://nutritioneng.soulfood.gr/wp-includes/js415d3a/index.php" "Mozilla/5.0 (compatible; MSIE 10.0; Windows NT 6.1; Trident/6.0)"
204.12.208.18 - - [10/Jul/2026:18:41:18 -0400] "GET /wp-includes/js415d3a/index.php HTTP/1.1" 403 1242 "http://nutritioneng.soulfood.gr/wp-includes/js415d3a/index.php" "Mozilla/5.0 (Macintosh; U; PPC Mac OS X; ja-jp) AppleWebKit/523.10.6 (KHTML, like Gecko) Version/3.0.4 Safari/523.10.6"
204.12.208.18 - - [10/Jul/2026:18:41:18 -0400] "GET /wp-includes/js415d3a/index.php HTTP/1.1" 403 1242 "http://nutritioneng.soulfood.gr/wp-includes/js415d3a/index.php" "Mozilla/5.0 (Macintosh; Intel Mac OS X 10.5; rv:8.0.1) Gecko/20100101 Firefox/8.0.1"
204.12.208.18 - - [10/Jul/2026:18:41:18 -0400] "GET /wp-includes/js415d3a/index.php HTTP/1.1" 403 1242 "http://nutritioneng.soulfood.gr/wp-includes/js415d3a/index.php" "Mozilla/5.0 (Macintosh; U; PPC Mac OS X; ja-jp) AppleWebKit/522.11.1 (KHTML, like Gecko) Version/3.0.3 Safari/522.12.1"
162.141.167.36 - - [10/Jul/2026:19:22:48 -0400] "HEAD / HTTP/1.1" 301 0 "-" "Mozilla/5.0 (Windows NT 10.0; Win64; x64; rv:149.0) Gecko/20100101 Firefox/149.0"
204.12.208.18 - - [10/Jul/2026:19:33:46 -0400] "GET /wp-includes/js415d3a/index.php HTTP/1.1" 403 1242 "http://nutritioneng.soulfood.gr/wp-includes/js415d3a/index.php" "Mozilla/4.0 (compatible; MSIE 7.0; Windows NT 6.0; SLCC1; .NET CLR 2.0.50727; Media Center PC 5.0; .NET CLR 3.0.04506)"
204.12.208.18 - - [10/Jul/2026:19:33:46 -0400] "GET /wp-includes/js415d3a/index.php HTTP/1.1" 403 1242 "http://nutritioneng.soulfood.gr/wp-includes/js415d3a/index.php" "Mozilla/4.0 (compatible; MSIE 7.0; Windows NT 5.1; SV1)"
204.12.208.18 - - [10/Jul/2026:19:33:46 -0400] "GET /wp-includes/js415d3a/index.php HTTP/1.1" 403 1242 "http://nutritioneng.soulfood.gr/wp-includes/js415d3a/index.php" "Mozilla/4.0 (compatible; MSIE 7.0; Windows NT 5.1; .NET CLR 1.1.4322; .NET CLR 2.0.50727)"
45.227.253.15 - - [10/Jul/2026:20:02:34 -0400] "GET /?ARRAY=7o2230223n313738333733323237332p2231223n22687474703n5p2s5p2s6877623234307631322r6q6s6469632r73686s705p2s3s6p633q7068705s636s64655s6n6326743q313738333732383637332q6134636339623766353365643630386438653830343263666632396362386636222p2232223n223035363935333433363334616466373466633263633861326635346539633136222p2233223n226230376262633334336536623734656638363437613834613434343538353437222p2262696r675s70617373223n2232352q33382q35372q36372q37372q38362q3136227q HTTP/1.1" 200 102 "-" "Mozilla/5.0 (Windows NT 10.0; Win64; x64; rv:81.0) Gecko/20100101 Firefox/81.0"
50.6.198.96 - - [10/Jul/2026:20:10:10 -0400] "GET /.well-known/acme-challenge/_R0_1AC1NDEH0QK7PO32Y6EC3TYSF5GX HTTP/1.1" 200 64 "-" "Cpanel-HTTP-Client/1.0"
204.12.208.18 - - [10/Jul/2026:20:26:43 -0400] "GET /wp-includes/js415d3a/index.php HTTP/1.1" 403 1242 "http://nutritioneng.soulfood.gr/wp-includes/js415d3a/index.php" "Mozilla/5.0 (Macintosh; Intel Mac OS X 10_8) AppleWebKit/536.25 (KHTML, like Gecko) Version/6.0 Safari/536.25"
204.12.208.18 - - [10/Jul/2026:20:26:43 -0400] "GET /wp-includes/js415d3a/index.php HTTP/1.1" 403 1242 "http://nutritioneng.soulfood.gr/wp-includes/js415d3a/index.php" "Opera/9.80 (Windows NT 6.1; U; ja) Presto/2.10.229 Version/11.60"
204.12.208.18 - - [10/Jul/2026:20:26:43 -0400] "GET /wp-includes/js415d3a/index.php HTTP/1.1" 403 1242 "http://nutritioneng.soulfood.gr/wp-includes/js415d3a/index.php" "Mozilla/5.0 (Windows NT 10.0; WOW64) AppleWebKit/537.36 (KHTML, like Gecko) Chrome/74.0.3729.131 Safari/537.36"
204.12.208.18 - - [10/Jul/2026:20:22:45 -0400] "GET /wp-content/add34246/index.php HTTP/1.1" 403 1242 "http://nutritioneng.soulfood.gr/wp-content/add34246/index.php" "Mozilla/5.0 (compatible; MSIE 10.0; Windows NT 6.2; Win64; x64; Trident/6.0)"
204.12.208.18 - - [10/Jul/2026:20:22:46 -0400] "GET /wp-content/add34246/index.php HTTP/1.1" 403 1242 "http://nutritioneng.soulfood.gr/wp-content/add34246/index.php" "Mozilla/5.0 (Windows NT 6.1) AppleWebKit/534.24 (KHTML, like Gecko) Chrome/11.0.696.65 Safari/534.24"
204.12.208.18 - - [10/Jul/2026:20:22:46 -0400] "GET /wp-content/add34246/index.php HTTP/1.1" 403 1242 "http://nutritioneng.soulfood.gr/wp-content/add34246/index.php" "Mozilla/5.0 (compatible; MSIE 10.0; Windows NT 6.2; ARM; Trident/6.0)"
204.12.208.18 - - [10/Jul/2026:21:20:25 -0400] "GET /wp-includes/js415d3a/index.php HTTP/1.1" 403 1242 "http://nutritioneng.soulfood.gr/wp-includes/js415d3a/index.php" "Mozilla/5.0 (Macintosh; Intel Mac OS X 10_6_8) AppleWebKit/534.24 (KHTML, like Gecko) Chrome/11.0.696.71 Safari/534.24"
204.12.208.18 - - [10/Jul/2026:21:20:25 -0400] "GET /wp-includes/js415d3a/index.php HTTP/1.1" 403 1242 "http://nutritioneng.soulfood.gr/wp-includes/js415d3a/index.php" "Mozilla/5.0 (Windows NT 5.1) AppleWebKit/534.30 (KHTML, like Gecko) Chrome/12.0.742.122 Safari/534.30 ChromePlus/1.6.3.1"
204.12.208.18 - - [10/Jul/2026:21:20:25 -0400] "GET /wp-includes/js415d3a/index.php HTTP/1.1" 403 1242 "http://nutritioneng.soulfood.gr/wp-includes/js415d3a/index.php" "Mozilla/5.0 (Macintosh; Intel Mac OS X 10_6_8) AppleWebKit/535.1 (KHTML, like Gecko) RockMelt/0.9.64.361 Chrome/13.0.782.218 Safari/535.1"
45.227.253.15 - - [10/Jul/2026:21:30:38 -0400] "GET /index.php/jk HTTP/1.1" 200 63 "-" "Mozilla/5.0 (Macintosh; Intel Mac OS X 10.15; rv:79.0) Gecko/20100101 Firefox/79.0"
2a03:2880:3ff:7:: - - [10/Jul/2026:21:47:01 -0400] "GET /robots.txt HTTP/1.1" 200 104 "-" "facebookexternalhit/1.1 (+http://www.facebook.com/externalhit_uatext.php)"
204.12.208.18 - - [10/Jul/2026:22:13:06 -0400] "GET /wp-includes/js415d3a/index.php HTTP/1.1" 403 1242 "http://nutritioneng.soulfood.gr/wp-includes/js415d3a/index.php" "Mozilla/5.0 (compatible; MSIE 10.0; Windows NT 6.1; Trident/6.0)"
101.99.88.90 - - [10/Jul/2026:22:10:42 -0400] "GET / HTTP/1.1" 200 39296 "-" "Mozilla/5.0 (compatible; Googlebot/2.1; +http://www.google.com/bot.html)"
101.99.88.90 - - [10/Jul/2026:22:10:43 -0400] "GET /wp-content/add34246/index.php HTTP/1.1" 403 1242 "-" "-"
204.12.208.18 - - [10/Jul/2026:22:13:06 -0400] "GET /wp-includes/js415d3a/index.php HTTP/1.1" 403 1242 "http://nutritioneng.soulfood.gr/wp-includes/js415d3a/index.php" "Mozilla/4.0 (compatible; GoogleToolbar 5.0.2124.2070; Windows 6.0; MSIE 8.0.6001.18241)"
204.12.208.18 - - [10/Jul/2026:22:13:06 -0400] "GET /wp-includes/js415d3a/index.php HTTP/1.1" 403 1242 "http://nutritioneng.soulfood.gr/wp-includes/js415d3a/index.php" "Mozilla/5.0 (compatible; MSIE 10.0; Windows NT 6.2; Trident/6.0)"
185.93.89.147 - - [10/Jul/2026:22:34:44 -0400] "GET /.git/config HTTP/1.1" 403 1242 "-" "Mozilla/5.0 (compatible; GitFinder/1.0)"
204.12.208.18 - - [10/Jul/2026:23:06:54 -0400] "GET /wp-includes/js415d3a/index.php HTTP/1.1" 403 1242 "http://nutritioneng.soulfood.gr/wp-includes/js415d3a/index.php" "Mozilla/5.0 (compatible; MSIE 9.0; Windows NT 6.0; Trident/5.0)"
204.12.208.18 - - [10/Jul/2026:23:06:54 -0400] "GET /wp-includes/js415d3a/index.php HTTP/1.1" 403 1242 "http://nutritioneng.soulfood.gr/wp-includes/js415d3a/index.php" "Mozilla/5.0 (compatible; MSIE 10.0; Windows NT 6.2; Win64; x64; Trident/6.0)"
50.6.198.96 - - [10/Jul/2026:23:10:12 -0400] "GET /.well-known/acme-challenge/9CPZ8OYBQ8775G5KG1E275QTN6F7E9FJ HTTP/1.1" 200 64 "-" "Cpanel-HTTP-Client/1.0"
204.12.208.18 - - [10/Jul/2026:23:06:54 -0400] "GET /wp-includes/js415d3a/index.php HTTP/1.1" 403 1242 "http://nutritioneng.soulfood.gr/wp-includes/js415d3a/index.php" "Mozilla/5.0 (compatible; MSIE 10.0; Windows NT 6.2; Win64; x64; Trident/6.0)"
45.227.253.15 - - [10/Jul/2026:23:25:05 -0400] "GET /?of=1 HTTP/1.1" 200 14888 "-" "Mozilla/5.0 (Macintosh; Intel Mac OS X 10.15; rv:103.0) Gecko/20100101 Firefox/103.0"
204.12.208.18 - - [10/Jul/2026:23:59:58 -0400] "GET /wp-includes/js415d3a/index.php HTTP/1.1" 403 1242 "http://nutritioneng.soulfood.gr/wp-includes/js415d3a/index.php" "Mozilla/5.0 (Macintosh; U; Intel Mac OS X 10_5_5; ja-jp) AppleWebKit/525.26.2 (KHTML, like Gecko) Version/3.2 Safari/525.26.12"
204.12.208.18 - - [10/Jul/2026:23:59:59 -0400] "GET /wp-includes/js415d3a/index.php HTTP/1.1" 403 1242 "http://nutritioneng.soulfood.gr/wp-includes/js415d3a/index.php" "Mozilla/5.0 (Macintosh; U; Intel Mac OS X 10_6_2; ja-jp) AppleWebKit/531.21.8 (KHTML, like Gecko) Version/4.0.4 Safari/531.21.10"
204.12.208.18 - - [10/Jul/2026:23:59:59 -0400] "GET /wp-includes/js415d3a/index.php HTTP/1.1" 403 1242 "http://nutritioneng.soulfood.gr/wp-includes/js415d3a/index.php" "Mozilla/5.0 (Macintosh; Intel Mac OS X 10_6_8) AppleWebKit/534.57.2 (KHTML, like Gecko) Version/5.1.7 Safari/534.57.2"
204.12.208.18 - - [11/Jul/2026:00:52:11 -0400] "GET /wp-includes/js415d3a/index.php HTTP/1.1" 403 1242 "http://nutritioneng.soulfood.gr/wp-includes/js415d3a/index.php" "Mozilla/5.0 (Macintosh; U; PPC Mac OS X 10_4_11; ja-jp) AppleWebKit/525.18 (KHTML, like Gecko) Version/3.1.2 Safari/525.22"
204.12.208.18 - - [11/Jul/2026:00:52:11 -0400] "GET /wp-includes/js415d3a/index.php HTTP/1.1" 403 1242 "http://nutritioneng.soulfood.gr/wp-includes/js415d3a/index.php" "Mozilla/5.0 (Macintosh; U; PPC Mac OS X; ja-jp) AppleWebKit/523.10.6 (KHTML, like Gecko) Version/3.0.4 Safari/523.10.6"
204.12.208.18 - - [11/Jul/2026:00:52:11 -0400] "GET /wp-includes/js415d3a/index.php HTTP/1.1" 403 1242 "http://nutritioneng.soulfood.gr/wp-includes/js415d3a/index.php" "Mozilla/5.0 (Macintosh; U; PPC Mac OS X 10_4_11; ja-jp) AppleWebKit/525.13 (KHTML, like Gecko) Version/3.1 Safari/525.13"
114.119.154.215 - - [11/Jul/2026:01:03:43 -0400] "GET /robots.txt HTTP/1.1" 304 0 "http://nutritioneng.soulfood.gr/robots.txt" "Mozilla/5.0 (compatible;PetalBot;+https://webmaster.petalsearch.com/site/petalbot)"
45.227.253.15 - - [11/Jul/2026:01:23:12 -0400] "GET /index.php/jk HTTP/1.1" 200 63 "-" "Mozilla/5.0 (Windows NT 10.0; Win64; x64) AppleWebKit/537.36 (KHTML, like Gecko) Chrome/84.0.4183.83 Safari/537.36"
204.12.208.18 - - [11/Jul/2026:01:44:12 -0400] "GET /wp-includes/js415d3a/index.php HTTP/1.1" 403 1242 "http://nutritioneng.soulfood.gr/wp-includes/js415d3a/index.php" "Mozilla/5.0 (Macintosh; Intel Mac OS X 10_8) AppleWebKit/536.25 (KHTML, like Gecko) Version/6.0 Safari/536.25"
204.12.208.18 - - [11/Jul/2026:01:44:12 -0400] "GET /wp-includes/js415d3a/index.php HTTP/1.1" 403 1242 "http://nutritioneng.soulfood.gr/wp-includes/js415d3a/index.php" "Mozilla/5.0 (Macintosh; Intel Mac OS X 10_6_8) AppleWebKit/534.52.7 (KHTML, like Gecko) Version/5.1.2 Safari/534.52.7"
204.12.208.18 - - [11/Jul/2026:01:44:12 -0400] "GET /wp-includes/js415d3a/index.php HTTP/1.1" 403 1242 "http://nutritioneng.soulfood.gr/wp-includes/js415d3a/index.php" "Mozilla/4.0 (compatible; MSIE 6.0; X11; Linux i686; ja) Opera 10.10"
/home/hrpsychology/public_ftp/../access-logs/./nutritioneng.soulfood.gr