223.123.32.154 - - [11/Jul/2026:02:50:14 -0400] "POST /xmlrpc.php HTTP/2" 404 1251 "-" "Mozilla/5.0 (Windows NT 10.0; x64) AppleWebKit/537.36 (KHTML, like Gecko) Opera/62.0.0.0 Safari/537.36"
2a03:2880:f800:29:: - - [11/Jul/2026:02:57:23 -0400] "GET / HTTP/2" 301 795 "-" "Mozilla/5.0 (Windows NT 10.0; Win64; x64) AppleWebKit/537.36 (KHTML, like Gecko) Chrome/145.0.0.0 Safari/537.36 (compatible; meta-externalagent/1.1 (+https://developers.facebook.com/docs/sharing/webmasters/crawler))"
96.0.146.208 - - [11/Jul/2026:03:05:39 -0400] "GET / HTTP/2" 301 795 "-" "Mozilla/5.0 (Macintosh; Intel Mac OS X 10_15_7) AppleWebKit/605.1.15 (KHTML, like Gecko) Version/17.2 Safari/605.1.15"
96.0.146.208 - - [11/Jul/2026:03:05:50 -0400] "GET /administrator/index.php?option=com_jce HTTP/2" 404 1251 "-" "Mozilla/5.0 (Macintosh; Intel Mac OS X 10_15_7) AppleWebKit/605.1.15 (KHTML, like Gecko) Version/17.2 Safari/605.1.15"
74.7.228.43 - - [11/Jul/2026:02:57:20 -0400] "GET /robots.txt HTTP/2" 301 795 "-" "Mozilla/5.0 (Macintosh; Intel Mac OS X 10_15_7) AppleWebKit/537.36 (KHTML, like Gecko) Chrome/131.0.0.0 Safari/537.36; compatible; OAI-SearchBot/1.4; robots.txt; +https://openai.com/searchbot"
96.0.146.208 - - [11/Jul/2026:03:05:47 -0400] "GET / HTTP/2" 301 795 "-" "Mozilla/5.0 (Macintosh; Intel Mac OS X 10_15_7) AppleWebKit/605.1.15 (KHTML, like Gecko) Version/17.2 Safari/605.1.15"
96.0.146.208 - - [11/Jul/2026:03:05:47 -0400] "GET / HTTP/2" 301 795 "-" "Mozilla/5.0 (Macintosh; Intel Mac OS X 10_15_7) AppleWebKit/605.1.15 (KHTML, like Gecko) Version/17.2 Safari/605.1.15"
96.0.146.208 - - [11/Jul/2026:03:05:48 -0400] "GET /administrator/ HTTP/2" 404 1251 "-" "Mozilla/5.0 (Macintosh; Intel Mac OS X 10_15_7) AppleWebKit/605.1.15 (KHTML, like Gecko) Version/17.2 Safari/605.1.15"
96.0.146.208 - - [11/Jul/2026:03:05:48 -0400] "GET /administrator/ HTTP/2" 404 1251 "-" "Mozilla/5.0 (Macintosh; Intel Mac OS X 10_15_7) AppleWebKit/605.1.15 (KHTML, like Gecko) Version/17.2 Safari/605.1.15"
96.0.146.208 - - [11/Jul/2026:03:05:49 -0400] "GET /joomla/ HTTP/2" 404 1251 "-" "Mozilla/5.0 (Macintosh; Intel Mac OS X 10_15_7) AppleWebKit/605.1.15 (KHTML, like Gecko) Version/17.2 Safari/605.1.15"
96.0.146.208 - - [11/Jul/2026:03:05:49 -0400] "GET /administrator/index.php?option=com_jce HTTP/2" 404 1251 "-" "Mozilla/5.0 (Macintosh; Intel Mac OS X 10_15_7) AppleWebKit/605.1.15 (KHTML, like Gecko) Version/17.2 Safari/605.1.15"
96.0.146.208 - - [11/Jul/2026:03:05:49 -0400] "GET /administrator/index.php?option=com_jce HTTP/2" 404 1251 "-" "Mozilla/5.0 (Macintosh; Intel Mac OS X 10_15_7) AppleWebKit/605.1.15 (KHTML, like Gecko) Version/17.2 Safari/605.1.15"
74.7.228.174 - - [11/Jul/2026:02:57:20 -0400] "GET / HTTP/2" 301 795 "-" "Mozilla/5.0 (Macintosh; Intel Mac OS X 10_15_7) AppleWebKit/537.36 (KHTML, like Gecko) Chrome/131.0.0.0 Safari/537.36; compatible; OAI-SearchBot/1.4; +https://openai.com/searchbot"
96.0.146.208 - - [11/Jul/2026:03:05:43 -0400] "GET /administrator/ HTTP/2" 404 1251 "-" "Mozilla/5.0 (Macintosh; Intel Mac OS X 10_15_7) AppleWebKit/605.1.15 (KHTML, like Gecko) Version/17.2 Safari/605.1.15"
96.0.146.208 - - [11/Jul/2026:03:05:44 -0400] "GET /joomla/ HTTP/2" 404 1251 "-" "Mozilla/5.0 (Macintosh; Intel Mac OS X 10_15_7) AppleWebKit/605.1.15 (KHTML, like Gecko) Version/17.2 Safari/605.1.15"
96.0.146.208 - - [11/Jul/2026:03:05:45 -0400] "GET /administrator/index.php?option=com_jce HTTP/2" 404 1251 "-" "Mozilla/5.0 (Macintosh; Intel Mac OS X 10_15_7) AppleWebKit/605.1.15 (KHTML, like Gecko) Version/17.2 Safari/605.1.15"
96.0.146.208 - - [11/Jul/2026:03:05:47 -0400] "GET / HTTP/2" 301 795 "-" "Mozilla/5.0 (Macintosh; Intel Mac OS X 10_15_7) AppleWebKit/605.1.15 (KHTML, like Gecko) Version/17.2 Safari/605.1.15"
96.0.146.208 - - [11/Jul/2026:03:05:48 -0400] "GET /administrator/ HTTP/2" 404 1251 "-" "Mozilla/5.0 (Macintosh; Intel Mac OS X 10_15_7) AppleWebKit/605.1.15 (KHTML, like Gecko) Version/17.2 Safari/605.1.15"
96.0.146.208 - - [11/Jul/2026:03:05:48 -0400] "GET /joomla/ HTTP/2" 404 1251 "-" "Mozilla/5.0 (Macintosh; Intel Mac OS X 10_15_7) AppleWebKit/605.1.15 (KHTML, like Gecko) Version/17.2 Safari/605.1.15"
96.0.146.208 - - [11/Jul/2026:03:05:48 -0400] "GET /joomla/ HTTP/2" 404 1251 "-" "Mozilla/5.0 (Macintosh; Intel Mac OS X 10_15_7) AppleWebKit/605.1.15 (KHTML, like Gecko) Version/17.2 Safari/605.1.15"
31.171.51.200 - - [11/Jul/2026:03:09:38 -0400] "GET /seminaria-ergazomenon/index.php/articles/psychike-ygeia?start=8&rCH=-2 HTTP/2" 301 795 "-" "Mozilla/5.0 (Windows NT 10.0; Win64; x64) AppleWebKit/537.36 (KHTML, like Gecko) Chrome/109.0.0.0 Safari/537.36"
193.142.147.92 - - [11/Jul/2026:03:08:22 -0400] "GET /RDWeb/Pages/ HTTP/1.1" 404 1251 "-" "Mozilla/5.0 (Macintosh; Intel Mac OS X 10_15_7) AppleWebKit/605.1.15 (KHTML, like Gecko) Version/17.6 Safari/605.1.15"
38.129.40.21 - - [11/Jul/2026:03:09:14 -0400] "GET /seminaria-ergazomenon/index.php/articles/psychike-ygeia?start=8&rCH=-2 HTTP/2" 301 795 "-" "Mozilla/5.0 (Windows NT 10.0; Win64; x64) AppleWebKit/537.36 (KHTML, like Gecko) Chrome/133.0.0.0 Safari/537.36"
37.106.157.154 - - [11/Jul/2026:03:09:29 -0400] "GET /seminaria-ergazomenon/index.php/articles/psychike-ygeia?start=8&rCH=-2 HTTP/2" 301 795 "-" "Mozilla/5.0 (Windows NT 10.0; Win64; x64) AppleWebKit/537.36 (KHTML, like Gecko) Chrome/109.0.0.0 Safari/537.36"
193.142.147.92 - - [11/Jul/2026:03:08:22 -0400] "GET /RDWeb/Pages/ HTTP/1.1" 404 1251 "-" "Mozilla/5.0 (Macintosh; Intel Mac OS X 10_15_7) AppleWebKit/605.1.15 (KHTML, like Gecko) Version/17.6 Safari/605.1.15"
103.77.107.71 - - [11/Jul/2026:03:18:44 -0400] "POST /index.php?option=com_sppagebuilder&task=asset.uploadCustomIcon HTTP/2" 404 1251 "-" "Mozilla/5.0 (X11; Linux x86_64) sppb-rce-poc"
103.77.107.71 - - [11/Jul/2026:03:18:44 -0400] "POST /index.php?option=com_sppagebuilder&task=asset.uploadCustomIcon HTTP/2" 404 1251 "-" "Mozilla/5.0 (X11; Linux x86_64) sppb-rce-poc"
103.77.107.71 - - [11/Jul/2026:03:18:45 -0400] "POST /index.php?option=com_sppagebuilder&task=asset.uploadCustomIcon HTTP/2" 404 1251 "-" "Mozilla/5.0 (X11; Linux x86_64) sppb-rce-poc"
103.77.107.71 - - [11/Jul/2026:03:18:45 -0400] "POST /index.php?option=com_sppagebuilder&task=asset.uploadCustomIcon HTTP/2" 404 1251 "-" "Mozilla/5.0 (X11; Linux x86_64) sppb-rce-poc"
103.77.107.71 - - [11/Jul/2026:03:18:45 -0400] "POST /index.php?option=com_sppagebuilder&task=asset.uploadCustomIcon HTTP/2" 404 1251 "-" "Mozilla/5.0 (X11; Linux x86_64) sppb-rce-poc"
103.77.107.71 - - [11/Jul/2026:03:18:45 -0400] "POST /index.php?option=com_sppagebuilder&task=asset.uploadCustomIcon HTTP/2" 404 1251 "-" "Mozilla/5.0 (X11; Linux x86_64) sppb-rce-poc"
103.77.107.71 - - [11/Jul/2026:03:18:46 -0400] "POST /index.php?option=com_sppagebuilder&task=asset.uploadCustomIcon HTTP/2" 404 1251 "-" "Mozilla/5.0 (X11; Linux x86_64) sppb-rce-poc"
103.77.107.71 - - [11/Jul/2026:03:18:46 -0400] "POST /index.php?option=com_sppagebuilder&task=asset.uploadCustomIcon HTTP/2" 404 1251 "-" "Mozilla/5.0 (X11; Linux x86_64) sppb-rce-poc"
103.77.107.71 - - [11/Jul/2026:03:18:46 -0400] "POST /index.php?option=com_sppagebuilder&task=asset.uploadCustomIcon HTTP/2" 404 1251 "-" "Mozilla/5.0 (X11; Linux x86_64) sppb-rce-poc"
103.77.107.71 - - [11/Jul/2026:03:18:46 -0400] "POST /index.php?option=com_sppagebuilder&task=asset.uploadCustomIcon HTTP/2" 404 1251 "-" "Mozilla/5.0 (X11; Linux x86_64) sppb-rce-poc"
103.77.107.71 - - [11/Jul/2026:03:18:47 -0400] "POST /index.php?option=com_sppagebuilder&task=asset.uploadCustomIcon HTTP/2" 404 1251 "-" "Mozilla/5.0 (X11; Linux x86_64) sppb-rce-poc"
103.77.107.71 - - [11/Jul/2026:03:18:47 -0400] "POST /index.php?option=com_sppagebuilder&task=asset.uploadCustomIcon HTTP/2" 404 1251 "-" "Mozilla/5.0 (X11; Linux x86_64) sppb-rce-poc"
96.0.146.208 - - [11/Jul/2026:03:30:24 -0400] "GET / HTTP/2" 200 287 "-" "Mozilla/5.0 (Macintosh; Intel Mac OS X 10_15_7) AppleWebKit/605.1.15 (KHTML, like Gecko) Version/17.2 Safari/605.1.15"
96.0.146.208 - - [11/Jul/2026:03:30:25 -0400] "GET /administrator/ HTTP/2" 404 1251 "-" "Mozilla/5.0 (Macintosh; Intel Mac OS X 10_15_7) AppleWebKit/605.1.15 (KHTML, like Gecko) Version/17.2 Safari/605.1.15"
96.0.146.208 - - [11/Jul/2026:03:30:25 -0400] "GET /joomla/ HTTP/2" 404 1251 "-" "Mozilla/5.0 (Macintosh; Intel Mac OS X 10_15_7) AppleWebKit/605.1.15 (KHTML, like Gecko) Version/17.2 Safari/605.1.15"
96.0.146.208 - - [11/Jul/2026:03:30:26 -0400] "GET /administrator/index.php?option=com_jce HTTP/2" 404 1251 "-" "Mozilla/5.0 (Macintosh; Intel Mac OS X 10_15_7) AppleWebKit/605.1.15 (KHTML, like Gecko) Version/17.2 Safari/605.1.15"
85.217.140.3 - - [11/Jul/2026:03:48:24 -0400] "GET / HTTP/1.1" 200 398 "-" "Mozilla/5.0 (compatible; ModatScanner/1.2; +https://modat.io/)"
20.169.85.114 - - [11/Jul/2026:03:57:50 -0400] "GET /owa/auth/x.js HTTP/1.1" 404 1251 "-" "Mozilla/5.0 zgrab/0.x"
72.14.199.198 - - [11/Jul/2026:03:48:47 -0400] "GET /seminaria-ergazomenon/index.php/gdpr HTTP/2" 301 795 "-" "PlayStore-Google"
72.14.199.198 - - [11/Jul/2026:03:49:12 -0400] "GET /seminaria-ergazomenon/index.php/gdpr HTTP/2" 301 795 "-" "PlayStore-Google"
103.253.27.229 - - [11/Jul/2026:03:54:28 -0400] "POST /index.php?option=com_sppagebuilder&task=asset.uploadCustomIcon HTTP/1.1" 404 1251 "-" "Mozilla/5.0 (X11; Linux x86_64) sppb-rce-poc"
94.158.245.66 - - [11/Jul/2026:04:11:05 -0400] "GET / HTTP/1.1" 200 787 "-" "Mozilla/5.0"
96.0.146.208 - - [11/Jul/2026:03:58:10 -0400] "GET / HTTP/2" 200 287 "-" "Mozilla/5.0 (Macintosh; Intel Mac OS X 10_15_7) AppleWebKit/605.1.15 (KHTML, like Gecko) Version/17.2 Safari/605.1.15"
96.0.146.208 - - [11/Jul/2026:03:58:10 -0400] "GET /administrator/ HTTP/2" 404 1251 "-" "Mozilla/5.0 (Macintosh; Intel Mac OS X 10_15_7) AppleWebKit/605.1.15 (KHTML, like Gecko) Version/17.2 Safari/605.1.15"
96.0.146.208 - - [11/Jul/2026:03:58:11 -0400] "GET /joomla/ HTTP/2" 404 1251 "-" "Mozilla/5.0 (Macintosh; Intel Mac OS X 10_15_7) AppleWebKit/605.1.15 (KHTML, like Gecko) Version/17.2 Safari/605.1.15"
96.0.146.208 - - [11/Jul/2026:03:58:11 -0400] "GET /administrator/index.php?option=com_jce HTTP/2" 404 1251 "-" "Mozilla/5.0 (Macintosh; Intel Mac OS X 10_15_7) AppleWebKit/605.1.15 (KHTML, like Gecko) Version/17.2 Safari/605.1.15"
172.203.190.142 - - [11/Jul/2026:04:02:29 -0400] "GET /robots.txt HTTP/2" 301 795 "-" "Mozilla/5.0 (Macintosh; Intel Mac OS X 10_15_7) AppleWebKit/537.36 (KHTML, like Gecko) Chrome/131.0.0.0 Safari/537.36; compatible; OAI-SearchBot/1.0; +https://openai.com/searchbot"
54.211.226.193 - - [11/Jul/2026:04:24:07 -0400] "GET /robots.txt HTTP/2" 301 795 "-" "Mozilla/5.0 (Macintosh; Intel Mac OS X 10_10_1) AppleWebKit/600.2.5 (KHTML, like Gecko) Version/8.0.2 Safari/600.2.5 (Gort)"
45.205.1.223 - - [11/Jul/2026:04:26:33 -0400] "GET /favicon.ico HTTP/1.1" 404 1251 "-" "Mozilla/5.0 (compatible; FlowIQLabsBot/1.0; +https://flowiq-labs.com/scanning-info)"
138.246.253.7 - - [11/Jul/2026:04:25:00 -0400] "HEAD / HTTP/2" 401 0 "-" "quic-go-HTTP/3"
45.205.1.223 - - [11/Jul/2026:04:26:31 -0400] "GET / HTTP/1.1" 200 787 "-" "Mozilla/5.0 (compatible; FlowIQLabsBot/1.0; +https://flowiq-labs.com/scanning-info)"
223.255.224.109 - - [11/Jul/2026:04:34:23 -0400] "GET /administrator/components/com_jce/jce.xml HTTP/1.1" 404 1251 "-" "Mozilla/5.0 (Windows NT 10.0; Win64; x64) AppleWebKit/537.36"
223.255.224.109 - - [11/Jul/2026:04:34:24 -0400] "GET /plugins/system/jcemediabox/js/jcemediabox.js HTTP/1.1" 404 1251 "-" "Mozilla/5.0 (Windows NT 10.0; Win64; x64) AppleWebKit/537.36"
223.255.224.109 - - [11/Jul/2026:04:34:25 -0400] "GET /plugins/system/jce/css/content.css HTTP/1.1" 404 1251 "-" "Mozilla/5.0 (Windows NT 10.0; Win64; x64) AppleWebKit/537.36"
20.163.10.186 - - [11/Jul/2026:04:41:38 -0400] "GET /login HTTP/1.1" 404 1251 "-" "Mozilla/5.0 zgrab/0.x"
198.235.24.139 - - [11/Jul/2026:04:46:42 -0400] "GET / HTTP/2" 200 287 "-" "Hello from Palo Alto Networks, find out more about our scans in https://docs-cortex.paloaltonetworks.com/r/1/Cortex-Xpanse/Scanning-activity"
223.255.224.109 - - [11/Jul/2026:04:34:22 -0400] "GET /plugins/editors/jce/jce.xml HTTP/1.1" 404 1251 "-" "Mozilla/5.0 (Windows NT 10.0; Win64; x64) AppleWebKit/537.36"
66.249.68.32 - - [11/Jul/2026:04:50:05 -0400] "GET / HTTP/2" 301 795 "-" "Mozilla/5.0 (Linux; Android 6.0.1; Nexus 5X Build/MMB29P) AppleWebKit/537.36 (KHTML, like Gecko) Chrome/150.0.7871.46 Mobile Safari/537.36 (compatible; Googlebot/2.1; +http://www.google.com/bot.html)"
217.217.253.159 - - [11/Jul/2026:04:58:44 -0400] "POST /index.php?option=com_sppagebuilder&task=asset.uploadCustomIcon HTTP/2" 404 1251 "-" "Mozilla/5.0 (X11; Linux x86_64) sppb-rce-poc"
217.217.253.159 - - [11/Jul/2026:04:58:45 -0400] "POST /index.php?option=com_sppagebuilder&task=asset.uploadCustomIcon HTTP/2" 404 1251 "-" "Mozilla/5.0 (X11; Linux x86_64) sppb-rce-poc"
217.217.253.159 - - [11/Jul/2026:04:58:45 -0400] "POST /index.php?option=com_sppagebuilder&task=asset.uploadCustomIcon HTTP/2" 404 1251 "-" "Mozilla/5.0 (X11; Linux x86_64) sppb-rce-poc"
217.217.253.159 - - [11/Jul/2026:04:58:46 -0400] "POST /index.php?option=com_sppagebuilder&task=asset.uploadCustomIcon HTTP/2" 404 1251 "-" "Mozilla/5.0 (X11; Linux x86_64) sppb-rce-poc"
217.217.253.159 - - [11/Jul/2026:04:58:46 -0400] "POST /index.php?option=com_sppagebuilder&task=asset.uploadCustomIcon HTTP/2" 404 1251 "-" "Mozilla/5.0 (X11; Linux x86_64) sppb-rce-poc"
217.217.253.159 - - [11/Jul/2026:04:58:47 -0400] "POST /index.php?option=com_sppagebuilder&task=asset.uploadCustomIcon HTTP/2" 404 1251 "-" "Mozilla/5.0 (X11; Linux x86_64) sppb-rce-poc"
217.217.253.159 - - [11/Jul/2026:04:59:09 -0400] "POST /index.php?option=com_sppagebuilder&task=asset.uploadCustomIcon HTTP/2" 404 1251 "-" "Mozilla/5.0 (X11; Linux x86_64) sppb-rce-poc"
217.217.253.159 - - [11/Jul/2026:04:59:10 -0400] "POST /index.php?option=com_sppagebuilder&task=asset.uploadCustomIcon HTTP/2" 404 1251 "-" "Mozilla/5.0 (X11; Linux x86_64) sppb-rce-poc"
217.217.253.159 - - [11/Jul/2026:04:59:10 -0400] "POST /index.php?option=com_sppagebuilder&task=asset.uploadCustomIcon HTTP/2" 404 1251 "-" "Mozilla/5.0 (X11; Linux x86_64) sppb-rce-poc"
217.217.253.159 - - [11/Jul/2026:04:59:10 -0400] "POST /index.php?option=com_sppagebuilder&task=asset.uploadCustomIcon HTTP/2" 404 1251 "-" "Mozilla/5.0 (X11; Linux x86_64) sppb-rce-poc"
217.217.253.159 - - [11/Jul/2026:04:59:11 -0400] "POST /index.php?option=com_sppagebuilder&task=asset.uploadCustomIcon HTTP/2" 404 1251 "-" "Mozilla/5.0 (X11; Linux x86_64) sppb-rce-poc"
217.217.253.159 - - [11/Jul/2026:04:59:11 -0400] "POST /index.php?option=com_sppagebuilder&task=asset.uploadCustomIcon HTTP/2" 404 1251 "-" "Mozilla/5.0 (X11; Linux x86_64) sppb-rce-poc"
217.217.253.159 - - [11/Jul/2026:04:59:11 -0400] "POST /index.php?option=com_sppagebuilder&task=asset.uploadCustomIcon HTTP/2" 404 1251 "-" "Mozilla/5.0 (X11; Linux x86_64) sppb-rce-poc"
217.217.253.159 - - [11/Jul/2026:04:59:11 -0400] "POST /index.php?option=com_sppagebuilder&task=asset.uploadCustomIcon HTTP/2" 404 1251 "-" "Mozilla/5.0 (X11; Linux x86_64) sppb-rce-poc"
217.217.253.159 - - [11/Jul/2026:04:59:11 -0400] "POST /index.php?option=com_sppagebuilder&task=asset.uploadCustomIcon HTTP/2" 404 1251 "-" "Mozilla/5.0 (X11; Linux x86_64) sppb-rce-poc"
217.217.253.159 - - [11/Jul/2026:04:59:11 -0400] "POST /index.php?option=com_sppagebuilder&task=asset.uploadCustomIcon HTTP/2" 404 1251 "-" "Mozilla/5.0 (X11; Linux x86_64) sppb-rce-poc"
217.217.253.159 - - [11/Jul/2026:04:59:12 -0400] "POST /index.php?option=com_sppagebuilder&task=asset.uploadCustomIcon HTTP/2" 404 1251 "-" "Mozilla/5.0 (X11; Linux x86_64) sppb-rce-poc"
217.217.253.159 - - [11/Jul/2026:04:59:12 -0400] "POST /index.php?option=com_sppagebuilder&task=asset.uploadCustomIcon HTTP/2" 404 1251 "-" "Mozilla/5.0 (X11; Linux x86_64) sppb-rce-poc"
217.217.253.159 - - [11/Jul/2026:04:59:12 -0400] "POST /index.php?option=com_sppagebuilder&task=asset.uploadCustomIcon HTTP/2" 404 1251 "-" "Mozilla/5.0 (X11; Linux x86_64) sppb-rce-poc"
217.217.253.159 - - [11/Jul/2026:04:59:12 -0400] "POST /index.php?option=com_sppagebuilder&task=asset.uploadCustomIcon HTTP/2" 404 1251 "-" "Mozilla/5.0 (X11; Linux x86_64) sppb-rce-poc"
144.76.19.75 - - [11/Jul/2026:04:57:12 -0400] "GET /seminaria-ergazomenon/index.php/company/our-team/cv-christina-karachotzite?rCH=-2 HTTP/2" 301 795 "-" "Mozilla/5.0 (compatible; SERankingBacklinksBot/1.0; +https://seranking.com/backlinks-crawler)"
217.217.253.159 - - [11/Jul/2026:04:58:44 -0400] "POST /index.php?option=com_sppagebuilder&task=asset.uploadCustomIcon HTTP/2" 404 1251 "-" "Mozilla/5.0 (X11; Linux x86_64) sppb-rce-poc"
217.217.253.159 - - [11/Jul/2026:04:58:45 -0400] "POST /index.php?option=com_sppagebuilder&task=asset.uploadCustomIcon HTTP/2" 404 1251 "-" "Mozilla/5.0 (X11; Linux x86_64) sppb-rce-poc"
217.217.253.159 - - [11/Jul/2026:04:58:45 -0400] "POST /index.php?option=com_sppagebuilder&task=asset.uploadCustomIcon HTTP/2" 404 1251 "-" "Mozilla/5.0 (X11; Linux x86_64) sppb-rce-poc"
217.217.253.159 - - [11/Jul/2026:04:58:46 -0400] "POST /index.php?option=com_sppagebuilder&task=asset.uploadCustomIcon HTTP/2" 404 1251 "-" "Mozilla/5.0 (X11; Linux x86_64) sppb-rce-poc"
217.217.253.159 - - [11/Jul/2026:04:58:46 -0400] "POST /index.php?option=com_sppagebuilder&task=asset.uploadCustomIcon HTTP/2" 404 1251 "-" "Mozilla/5.0 (X11; Linux x86_64) sppb-rce-poc"
217.217.253.159 - - [11/Jul/2026:04:58:47 -0400] "POST /index.php?option=com_sppagebuilder&task=asset.uploadCustomIcon HTTP/2" 404 1251 "-" "Mozilla/5.0 (X11; Linux x86_64) sppb-rce-poc"
217.217.253.159 - - [11/Jul/2026:04:59:08 -0400] "POST /index.php?option=com_sppagebuilder&task=asset.uploadCustomIcon HTTP/2" 404 1251 "-" "Mozilla/5.0 (X11; Linux x86_64) sppb-rce-poc"
217.217.253.159 - - [11/Jul/2026:04:59:09 -0400] "POST /index.php?option=com_sppagebuilder&task=asset.uploadCustomIcon HTTP/2" 404 1251 "-" "Mozilla/5.0 (X11; Linux x86_64) sppb-rce-poc"
217.217.253.159 - - [11/Jul/2026:04:59:10 -0400] "POST /index.php?option=com_sppagebuilder&task=asset.uploadCustomIcon HTTP/2" 404 1251 "-" "Mozilla/5.0 (X11; Linux x86_64) sppb-rce-poc"
217.217.253.159 - - [11/Jul/2026:04:59:10 -0400] "POST /index.php?option=com_sppagebuilder&task=asset.uploadCustomIcon HTTP/2" 404 1251 "-" "Mozilla/5.0 (X11; Linux x86_64) sppb-rce-poc"
217.217.253.159 - - [11/Jul/2026:04:59:10 -0400] "POST /index.php?option=com_sppagebuilder&task=asset.uploadCustomIcon HTTP/2" 404 1251 "-" "Mozilla/5.0 (X11; Linux x86_64) sppb-rce-poc"
217.217.253.159 - - [11/Jul/2026:04:59:10 -0400] "POST /index.php?option=com_sppagebuilder&task=asset.uploadCustomIcon HTTP/2" 404 1251 "-" "Mozilla/5.0 (X11; Linux x86_64) sppb-rce-poc"
217.217.253.159 - - [11/Jul/2026:04:59:11 -0400] "POST /index.php?option=com_sppagebuilder&task=asset.uploadCustomIcon HTTP/2" 404 1251 "-" "Mozilla/5.0 (X11; Linux x86_64) sppb-rce-poc"
217.217.253.159 - - [11/Jul/2026:04:59:11 -0400] "POST /index.php?option=com_sppagebuilder&task=asset.uploadCustomIcon HTTP/2" 404 1251 "-" "Mozilla/5.0 (X11; Linux x86_64) sppb-rce-poc"
217.217.253.159 - - [11/Jul/2026:04:59:11 -0400] "POST /index.php?option=com_sppagebuilder&task=asset.uploadCustomIcon HTTP/2" 404 1251 "-" "Mozilla/5.0 (X11; Linux x86_64) sppb-rce-poc"
217.217.253.159 - - [11/Jul/2026:04:59:11 -0400] "POST /index.php?option=com_sppagebuilder&task=asset.uploadCustomIcon HTTP/2" 404 1251 "-" "Mozilla/5.0 (X11; Linux x86_64) sppb-rce-poc"
217.217.253.159 - - [11/Jul/2026:04:59:12 -0400] "POST /index.php?option=com_sppagebuilder&task=asset.uploadCustomIcon HTTP/2" 404 1251 "-" "Mozilla/5.0 (X11; Linux x86_64) sppb-rce-poc"
217.217.253.159 - - [11/Jul/2026:04:59:12 -0400] "POST /index.php?option=com_sppagebuilder&task=asset.uploadCustomIcon HTTP/2" 404 1251 "-" "Mozilla/5.0 (X11; Linux x86_64) sppb-rce-poc"
144.76.19.75 - - [11/Jul/2026:04:57:12 -0400] "GET /robots.txt HTTP/2" 301 795 "-" "Mozilla/5.0 (compatible; SERankingBacklinksBot/1.0; +https://seranking.com/backlinks-crawler)"
217.217.253.159 - - [11/Jul/2026:04:59:10 -0400] "POST /index.php?option=com_sppagebuilder&task=asset.uploadCustomIcon HTTP/2" 404 1251 "-" "Mozilla/5.0 (X11; Linux x86_64) sppb-rce-poc"
217.217.253.159 - - [11/Jul/2026:04:59:11 -0400] "POST /index.php?option=com_sppagebuilder&task=asset.uploadCustomIcon HTTP/2" 404 1251 "-" "Mozilla/5.0 (X11; Linux x86_64) sppb-rce-poc"
217.217.253.159 - - [11/Jul/2026:04:59:11 -0400] "POST /index.php?option=com_sppagebuilder&task=asset.uploadCustomIcon HTTP/2" 404 1251 "-" "Mozilla/5.0 (X11; Linux x86_64) sppb-rce-poc"
217.217.253.159 - - [11/Jul/2026:04:59:12 -0400] "POST /index.php?option=com_sppagebuilder&task=asset.uploadCustomIcon HTTP/2" 404 1251 "-" "Mozilla/5.0 (X11; Linux x86_64) sppb-rce-poc"
217.217.253.159 - - [11/Jul/2026:04:59:12 -0400] "POST /index.php?option=com_sppagebuilder&task=asset.uploadCustomIcon HTTP/2" 404 1251 "-" "Mozilla/5.0 (X11; Linux x86_64) sppb-rce-poc"
217.217.253.159 - - [11/Jul/2026:04:59:13 -0400] "POST /index.php?option=com_sppagebuilder&task=asset.uploadCustomIcon HTTP/2" 404 1251 "-" "Mozilla/5.0 (X11; Linux x86_64) sppb-rce-poc"
144.76.19.75 - - [11/Jul/2026:05:01:38 -0400] "GET /seminaria-ergazomenon/index.php/company/our-team/cv-christina-karachotzite?rCH=2 HTTP/2" 301 795 "-" "Mozilla/5.0 (compatible; SERankingBacklinksBot/1.0; +https://seranking.com/backlinks-crawler)"
2400:8d60:6::575a:543a - - [11/Jul/2026:05:04:37 -0400] "POST /index.php?option=com_sppagebuilder&task=asset.uploadCustomIcon HTTP/2" 404 1251 "-" "python-requests/2.31.0"
217.217.253.159 - - [11/Jul/2026:04:59:12 -0400] "POST /index.php?option=com_sppagebuilder&task=asset.uploadCustomIcon HTTP/2" 404 1251 "-" "Mozilla/5.0 (X11; Linux x86_64) sppb-rce-poc"
217.217.253.159 - - [11/Jul/2026:04:59:12 -0400] "POST /index.php?option=com_sppagebuilder&task=asset.uploadCustomIcon HTTP/2" 404 1251 "-" "Mozilla/5.0 (X11; Linux x86_64) sppb-rce-poc"
217.217.253.159 - - [11/Jul/2026:04:59:13 -0400] "POST /index.php?option=com_sppagebuilder&task=asset.uploadCustomIcon HTTP/2" 404 1251 "-" "Mozilla/5.0 (X11; Linux x86_64) sppb-rce-poc"
217.217.253.159 - - [11/Jul/2026:04:59:13 -0400] "POST /index.php?option=com_sppagebuilder&task=asset.uploadCustomIcon HTTP/2" 404 1251 "-" "Mozilla/5.0 (X11; Linux x86_64) sppb-rce-poc"
45.134.225.47 - - [11/Jul/2026:05:10:54 -0400] "GET /RDWeb/Pages/ HTTP/1.1" 404 1251 "-" "Mozilla/5.0 (Macintosh; Intel Mac OS X 10_15_7) AppleWebKit/605.1.15 (KHTML, like Gecko) Version/17.6 Safari/605.1.15"
144.76.19.75 - - [11/Jul/2026:05:08:21 -0400] "GET /seminaria-ergazomenon/index.php/company/our-team/cv-christina-zourna?rCH=-2 HTTP/2" 301 795 "-" "Mozilla/5.0 (compatible; SERankingBacklinksBot/1.0; +https://seranking.com/backlinks-crawler)"
66.249.68.39 - - [11/Jul/2026:05:10:06 -0400] "GET /seminaria-ergazomenon/index.php/articles/diatrophe?start=8 HTTP/2" 301 795 "-" "Mozilla/5.0 (Linux; Android 6.0.1; Nexus 5X Build/MMB29P) AppleWebKit/537.36 (KHTML, like Gecko) Chrome/150.0.7871.46 Mobile Safari/537.36 (compatible; Googlebot/2.1; +http://www.google.com/bot.html)"
45.134.225.47 - - [11/Jul/2026:05:10:54 -0400] "GET /RDWeb/Pages/ HTTP/1.1" 404 1251 "-" "Mozilla/5.0 (Macintosh; Intel Mac OS X 10_15_7) AppleWebKit/605.1.15 (KHTML, like Gecko) Version/17.6 Safari/605.1.15"
144.76.19.75 - - [11/Jul/2026:05:17:42 -0400] "GET /seminaria-ergazomenon/index.php/company/our-team/cv-christina-zourna?rCH=2 HTTP/2" 301 795 "-" "Mozilla/5.0 (compatible; SERankingBacklinksBot/1.0; +https://seranking.com/backlinks-crawler)"
198.235.24.163 - - [11/Jul/2026:05:20:03 -0400] "GET / HTTP/2" 401 53 "http://webdisk.hrpsychology.gr/" "Hello from Palo Alto Networks, find out more about our scans in https://docs-cortex.paloaltonetworks.com/r/1/Cortex-Xpanse/Scanning-activity"
103.77.107.71 - - [11/Jul/2026:05:26:31 -0400] "POST /index.php?option=com_sppagebuilder&task=asset.uploadCustomIcon HTTP/2" 404 1251 "-" "Mozilla/5.0 (X11; Linux x86_64) sppb-rce-poc"
103.77.107.71 - - [11/Jul/2026:05:26:31 -0400] "POST /index.php?option=com_sppagebuilder&task=asset.uploadCustomIcon HTTP/2" 404 1251 "-" "Mozilla/5.0 (X11; Linux x86_64) sppb-rce-poc"
103.77.107.71 - - [11/Jul/2026:05:26:32 -0400] "POST /index.php?option=com_sppagebuilder&task=asset.uploadCustomIcon HTTP/2" 404 1251 "-" "Mozilla/5.0 (X11; Linux x86_64) sppb-rce-poc"
103.77.107.71 - - [11/Jul/2026:05:26:32 -0400] "POST /index.php?option=com_sppagebuilder&task=asset.uploadCustomIcon HTTP/2" 404 1251 "-" "Mozilla/5.0 (X11; Linux x86_64) sppb-rce-poc"
103.77.107.71 - - [11/Jul/2026:05:26:32 -0400] "POST /index.php?option=com_sppagebuilder&task=asset.uploadCustomIcon HTTP/2" 404 1251 "-" "Mozilla/5.0 (X11; Linux x86_64) sppb-rce-poc"
103.77.107.71 - - [11/Jul/2026:05:26:32 -0400] "POST /index.php?option=com_sppagebuilder&task=asset.uploadCustomIcon HTTP/2" 404 1251 "-" "Mozilla/5.0 (X11; Linux x86_64) sppb-rce-poc"
103.77.107.71 - - [11/Jul/2026:05:26:32 -0400] "POST /index.php?option=com_sppagebuilder&task=asset.uploadCustomIcon HTTP/2" 404 1251 "-" "Mozilla/5.0 (X11; Linux x86_64) sppb-rce-poc"
103.77.107.71 - - [11/Jul/2026:05:26:32 -0400] "POST /index.php?option=com_sppagebuilder&task=asset.uploadCustomIcon HTTP/2" 404 1251 "-" "Mozilla/5.0 (X11; Linux x86_64) sppb-rce-poc"
103.77.107.71 - - [11/Jul/2026:05:26:33 -0400] "POST /index.php?option=com_sppagebuilder&task=asset.uploadCustomIcon HTTP/2" 404 1251 "-" "Mozilla/5.0 (X11; Linux x86_64) sppb-rce-poc"
103.77.107.71 - - [11/Jul/2026:05:26:33 -0400] "POST /index.php?option=com_sppagebuilder&task=asset.uploadCustomIcon HTTP/2" 404 1251 "-" "Mozilla/5.0 (X11; Linux x86_64) sppb-rce-poc"
103.77.107.71 - - [11/Jul/2026:05:26:33 -0400] "POST /index.php?option=com_sppagebuilder&task=asset.uploadCustomIcon HTTP/2" 404 1251 "-" "Mozilla/5.0 (X11; Linux x86_64) sppb-rce-poc"
103.77.107.71 - - [11/Jul/2026:05:26:33 -0400] "POST /index.php?option=com_sppagebuilder&task=asset.uploadCustomIcon HTTP/2" 404 1251 "-" "Mozilla/5.0 (X11; Linux x86_64) sppb-rce-poc"
103.77.107.71 - - [11/Jul/2026:05:26:33 -0400] "POST /index.php?option=com_sppagebuilder&task=asset.uploadCustomIcon HTTP/2" 404 1251 "-" "Mozilla/5.0 (X11; Linux x86_64) sppb-rce-poc"
103.77.107.71 - - [11/Jul/2026:05:26:33 -0400] "POST /index.php?option=com_sppagebuilder&task=asset.uploadCustomIcon HTTP/2" 404 1251 "-" "Mozilla/5.0 (X11; Linux x86_64) sppb-rce-poc"
103.77.107.71 - - [11/Jul/2026:05:26:33 -0400] "POST /index.php?option=com_sppagebuilder&task=asset.uploadCustomIcon HTTP/2" 404 1251 "-" "Mozilla/5.0 (X11; Linux x86_64) sppb-rce-poc"
103.77.107.71 - - [11/Jul/2026:05:26:33 -0400] "POST /index.php?option=com_sppagebuilder&task=asset.uploadCustomIcon HTTP/2" 404 1251 "-" "Mozilla/5.0 (X11; Linux x86_64) sppb-rce-poc"
103.77.107.71 - - [11/Jul/2026:05:26:34 -0400] "POST /index.php?option=com_sppagebuilder&task=asset.uploadCustomIcon HTTP/2" 404 1251 "-" "Mozilla/5.0 (X11; Linux x86_64) sppb-rce-poc"
103.77.107.71 - - [11/Jul/2026:05:26:34 -0400] "POST /index.php?option=com_sppagebuilder&task=asset.uploadCustomIcon HTTP/2" 404 1251 "-" "Mozilla/5.0 (X11; Linux x86_64) sppb-rce-poc"
103.77.107.71 - - [11/Jul/2026:05:26:34 -0400] "POST /index.php?option=com_sppagebuilder&task=asset.uploadCustomIcon HTTP/2" 404 1251 "-" "Mozilla/5.0 (X11; Linux x86_64) sppb-rce-poc"
103.77.107.71 - - [11/Jul/2026:05:26:34 -0400] "POST /index.php?option=com_sppagebuilder&task=asset.uploadCustomIcon HTTP/2" 404 1251 "-" "Mozilla/5.0 (X11; Linux x86_64) sppb-rce-poc"
103.77.107.71 - - [11/Jul/2026:05:26:34 -0400] "POST /index.php?option=com_sppagebuilder&task=asset.uploadCustomIcon HTTP/2" 404 1251 "-" "Mozilla/5.0 (X11; Linux x86_64) sppb-rce-poc"
103.77.107.71 - - [11/Jul/2026:05:26:34 -0400] "POST /index.php?option=com_sppagebuilder&task=asset.uploadCustomIcon HTTP/2" 404 1251 "-" "Mozilla/5.0 (X11; Linux x86_64) sppb-rce-poc"
162.217.100.201 - - [11/Jul/2026:05:23:06 -0400] "GET /favicon.ico HTTP/1.1" 404 1251 "-" "Mozilla/5.0 (compatible; FlowIQLabsBot/1.0; +https://flowiq-labs.com/scanning-info)"
144.76.19.75 - - [11/Jul/2026:05:25:47 -0400] "GET /seminaria-ergazomenon/index.php/company/our-team/cv-evi-lezgi?rCH=-2 HTTP/2" 301 795 "-" "Mozilla/5.0 (compatible; SERankingBacklinksBot/1.0; +https://seranking.com/backlinks-crawler)"
103.77.107.71 - - [11/Jul/2026:05:26:06 -0400] "POST /index.php?option=com_sppagebuilder&task=asset.uploadCustomIcon HTTP/2" 404 1251 "-" "Mozilla/5.0 (X11; Linux x86_64) sppb-rce-poc"
103.77.107.71 - - [11/Jul/2026:05:26:07 -0400] "POST /index.php?option=com_sppagebuilder&task=asset.uploadCustomIcon HTTP/2" 404 1251 "-" "Mozilla/5.0 (X11; Linux x86_64) sppb-rce-poc"
103.77.107.71 - - [11/Jul/2026:05:26:07 -0400] "POST /index.php?option=com_sppagebuilder&task=asset.uploadCustomIcon HTTP/2" 404 1251 "-" "Mozilla/5.0 (X11; Linux x86_64) sppb-rce-poc"
103.77.107.71 - - [11/Jul/2026:05:26:07 -0400] "POST /index.php?option=com_sppagebuilder&task=asset.uploadCustomIcon HTTP/2" 404 1251 "-" "Mozilla/5.0 (X11; Linux x86_64) sppb-rce-poc"
103.77.107.71 - - [11/Jul/2026:05:26:08 -0400] "POST /index.php?option=com_sppagebuilder&task=asset.uploadCustomIcon HTTP/2" 404 1251 "-" "Mozilla/5.0 (X11; Linux x86_64) sppb-rce-poc"
103.77.107.71 - - [11/Jul/2026:05:26:08 -0400] "POST /index.php?option=com_sppagebuilder&task=asset.uploadCustomIcon HTTP/2" 404 1251 "-" "Mozilla/5.0 (X11; Linux x86_64) sppb-rce-poc"
103.77.107.71 - - [11/Jul/2026:05:26:08 -0400] "POST /index.php?option=com_sppagebuilder&task=asset.uploadCustomIcon HTTP/2" 404 1251 "-" "Mozilla/5.0 (X11; Linux x86_64) sppb-rce-poc"
103.77.107.71 - - [11/Jul/2026:05:26:09 -0400] "POST /index.php?option=com_sppagebuilder&task=asset.uploadCustomIcon HTTP/2" 404 1251 "-" "Mozilla/5.0 (X11; Linux x86_64) sppb-rce-poc"
103.77.107.71 - - [11/Jul/2026:05:26:09 -0400] "POST /index.php?option=com_sppagebuilder&task=asset.uploadCustomIcon HTTP/2" 404 1251 "-" "Mozilla/5.0 (X11; Linux x86_64) sppb-rce-poc"
103.77.107.71 - - [11/Jul/2026:05:26:32 -0400] "POST /index.php?option=com_sppagebuilder&task=asset.uploadCustomIcon HTTP/2" 404 1251 "-" "Mozilla/5.0 (X11; Linux x86_64) sppb-rce-poc"
103.77.107.71 - - [11/Jul/2026:05:26:33 -0400] "POST /index.php?option=com_sppagebuilder&task=asset.uploadCustomIcon HTTP/2" 404 1251 "-" "Mozilla/5.0 (X11; Linux x86_64) sppb-rce-poc"
103.77.107.71 - - [11/Jul/2026:05:26:33 -0400] "POST /index.php?option=com_sppagebuilder&task=asset.uploadCustomIcon HTTP/2" 404 1251 "-" "Mozilla/5.0 (X11; Linux x86_64) sppb-rce-poc"
103.77.107.71 - - [11/Jul/2026:05:26:34 -0400] "POST /index.php?option=com_sppagebuilder&task=asset.uploadCustomIcon HTTP/2" 404 1251 "-" "Mozilla/5.0 (X11; Linux x86_64) sppb-rce-poc"
103.77.107.71 - - [11/Jul/2026:05:26:34 -0400] "POST /index.php?option=com_sppagebuilder&task=asset.uploadCustomIcon HTTP/2" 404 1251 "-" "Mozilla/5.0 (X11; Linux x86_64) sppb-rce-poc"
144.76.19.75 - - [11/Jul/2026:05:31:46 -0400] "GET /seminaria-ergazomenon/index.php/company/our-team/cv-ioanna-darbyre?rCH=-2 HTTP/2" 301 795 "-" "Mozilla/5.0 (compatible; SERankingBacklinksBot/1.0; +https://seranking.com/backlinks-crawler)"
147.182.149.75 - - [11/Jul/2026:05:34:17 -0400] "GET / HTTP/2" 301 795 "-" "Mozilla/5.0 (l9scan/2.0.135313e2831323e27363e2237313; +https://leakix.net)"
147.182.149.75 - - [11/Jul/2026:05:34:17 -0400] "GET /console/ HTTP/2" 404 1251 "-" "Mozilla/5.0 (l9scan/2.0.135313e2831323e27363e2237313; +https://leakix.net)"
206.189.225.181 - - [11/Jul/2026:05:34:17 -0400] "GET /console/ HTTP/2" 404 1251 "-" "Mozilla/5.0 (l9scan/2.0.8373e28373e21323e2430313; +https://leakix.net)"
147.182.149.75 - - [11/Jul/2026:05:34:19 -0400] "GET /server-status HTTP/2" 404 1251 "-" "Mozilla/5.0 (l9scan/2.0.135313e2831323e27363e2237313; +https://leakix.net)"
206.189.225.181 - - [11/Jul/2026:05:34:19 -0400] "GET /server-status HTTP/2" 404 1251 "-" "Mozilla/5.0 (l9scan/2.0.8373e28373e21323e2430313; +https://leakix.net)"
147.182.149.75 - - [11/Jul/2026:05:34:22 -0400] "GET /about HTTP/2" 404 1251 "-" "Mozilla/5.0 (l9scan/2.0.135313e2831323e27363e2237313; +https://leakix.net)"
206.189.225.181 - - [11/Jul/2026:05:34:22 -0400] "GET /about HTTP/2" 404 1251 "-" "Mozilla/5.0 (l9scan/2.0.8373e28373e21323e2430313; +https://leakix.net)"
147.182.149.75 - - [11/Jul/2026:05:34:22 -0400] "GET /login.action HTTP/2" 404 1251 "-" "Mozilla/5.0 (l9scan/2.0.135313e2831323e27363e2237313; +https://leakix.net)"
206.189.225.181 - - [11/Jul/2026:05:34:23 -0400] "GET /login.action HTTP/2" 404 1251 "-" "Mozilla/5.0 (l9scan/2.0.8373e28373e21323e2430313; +https://leakix.net)"
147.182.149.75 - - [11/Jul/2026:05:34:24 -0400] "GET / HTTP/2" 301 795 "-" "Mozilla/5.0 (l9scan/2.0.135313e2831323e27363e2237313; +https://leakix.net)"
147.182.149.75 - - [11/Jul/2026:05:34:24 -0400] "GET /___proxy_subdomain_whm/login HTTP/2" 404 1251 "-" "Mozilla/5.0 (l9scan/2.0.135313e2831323e27363e2237313; +https://leakix.net)"
206.189.225.181 - - [11/Jul/2026:05:34:24 -0400] "GET / HTTP/2" 301 795 "-" "Mozilla/5.0 (l9scan/2.0.8373e28373e21323e2430313; +https://leakix.net)"
147.182.149.75 - - [11/Jul/2026:05:34:24 -0400] "GET /___proxy_subdomain_cpanel HTTP/2" 404 1251 "-" "Mozilla/5.0 (l9scan/2.0.135313e2831323e27363e2237313; +https://leakix.net)"
147.182.149.75 - - [11/Jul/2026:05:34:24 -0400] "GET /v2/_catalog HTTP/2" 404 1251 "-" "Mozilla/5.0 (l9scan/2.0.135313e2831323e27363e2237313; +https://leakix.net)"
206.189.225.181 - - [11/Jul/2026:05:34:24 -0400] "GET /___proxy_subdomain_cpanel HTTP/2" 404 1251 "-" "Mozilla/5.0 (l9scan/2.0.8373e28373e21323e2430313; +https://leakix.net)"
147.182.149.75 - - [11/Jul/2026:05:34:25 -0400] "GET /.DS_Store HTTP/2" 404 1251 "-" "Mozilla/5.0 (l9scan/2.0.135313e2831323e27363e2237313; +https://leakix.net)"
206.189.225.181 - - [11/Jul/2026:05:34:25 -0400] "GET /.DS_Store HTTP/2" 404 1251 "-" "Mozilla/5.0 (l9scan/2.0.8373e28373e21323e2430313; +https://leakix.net)"
147.182.149.75 - - [11/Jul/2026:05:34:26 -0400] "GET /.env HTTP/2" 404 1251 "-" "Mozilla/5.0 (l9scan/2.0.135313e2831323e27363e2237313; +https://leakix.net)"
206.189.225.181 - - [11/Jul/2026:05:34:26 -0400] "GET /.env HTTP/2" 404 1251 "-" "Mozilla/5.0 (l9scan/2.0.8373e28373e21323e2430313; +https://leakix.net)"
147.182.149.75 - - [11/Jul/2026:05:34:28 -0400] "GET /ecp/Current/exporttool/microsoft.exchange.ediscovery.exporttool.application HTTP/2" 404 1251 "-" "Mozilla/5.0 (l9scan/2.0.135313e2831323e27363e2237313; +https://leakix.net)"
147.182.149.75 - - [11/Jul/2026:05:34:30 -0400] "GET /.git/config HTTP/2" 403 1242 "-" "Mozilla/5.0 (l9scan/2.0.135313e2831323e27363e2237313; +https://leakix.net)"
206.189.225.181 - - [11/Jul/2026:05:34:30 -0400] "GET /.git/config HTTP/2" 403 1242 "-" "Mozilla/5.0 (l9scan/2.0.8373e28373e21323e2430313; +https://leakix.net)"
147.182.149.75 - - [11/Jul/2026:05:34:31 -0400] "POST /graphql HTTP/2" 404 1251 "-" "Mozilla/5.0 (l9scan/2.0.135313e2831323e27363e2237313; +https://leakix.net)"
147.182.149.75 - - [11/Jul/2026:05:34:31 -0400] "POST /api HTTP/2" 404 1251 "-" "Mozilla/5.0 (l9scan/2.0.135313e2831323e27363e2237313; +https://leakix.net)"
147.182.149.75 - - [11/Jul/2026:05:34:31 -0400] "POST /api/graphql HTTP/2" 404 1251 "-" "Mozilla/5.0 (l9scan/2.0.135313e2831323e27363e2237313; +https://leakix.net)"
147.182.149.75 - - [11/Jul/2026:05:34:31 -0400] "POST /graphql/api HTTP/2" 404 1251 "-" "Mozilla/5.0 (l9scan/2.0.135313e2831323e27363e2237313; +https://leakix.net)"
147.182.149.75 - - [11/Jul/2026:05:34:31 -0400] "POST /api/gql HTTP/2" 404 1251 "-" "Mozilla/5.0 (l9scan/2.0.135313e2831323e27363e2237313; +https://leakix.net)"
206.189.225.181 - - [11/Jul/2026:05:34:31 -0400] "POST /graphql HTTP/2" 404 1251 "-" "Mozilla/5.0 (l9scan/2.0.8373e28373e21323e2430313; +https://leakix.net)"
206.189.225.181 - - [11/Jul/2026:05:34:31 -0400] "POST /graphql/api HTTP/2" 404 1251 "-" "Mozilla/5.0 (l9scan/2.0.8373e28373e21323e2430313; +https://leakix.net)"
103.77.107.71 - - [11/Jul/2026:05:26:06 -0400] "POST /index.php?option=com_sppagebuilder&task=asset.uploadCustomIcon HTTP/2" 404 1251 "-" "Mozilla/5.0 (X11; Linux x86_64) sppb-rce-poc"
103.77.107.71 - - [11/Jul/2026:05:26:07 -0400] "POST /index.php?option=com_sppagebuilder&task=asset.uploadCustomIcon HTTP/2" 404 1251 "-" "Mozilla/5.0 (X11; Linux x86_64) sppb-rce-poc"
103.77.107.71 - - [11/Jul/2026:05:26:09 -0400] "POST /index.php?option=com_sppagebuilder&task=asset.uploadCustomIcon HTTP/2" 404 1251 "-" "Mozilla/5.0 (X11; Linux x86_64) sppb-rce-poc"
144.76.19.75 - - [11/Jul/2026:05:26:23 -0400] "GET /seminaria-ergazomenon/index.php/company/our-team/cv-evi-lezgi?rCH=2 HTTP/2" 301 795 "-" "Mozilla/5.0 (compatible; SERankingBacklinksBot/1.0; +https://seranking.com/backlinks-crawler)"
103.77.107.71 - - [11/Jul/2026:05:26:31 -0400] "POST /index.php?option=com_sppagebuilder&task=asset.uploadCustomIcon HTTP/2" 404 1251 "-" "Mozilla/5.0 (X11; Linux x86_64) sppb-rce-poc"
103.77.107.71 - - [11/Jul/2026:05:26:31 -0400] "POST /index.php?option=com_sppagebuilder&task=asset.uploadCustomIcon HTTP/2" 404 1251 "-" "Mozilla/5.0 (X11; Linux x86_64) sppb-rce-poc"
103.77.107.71 - - [11/Jul/2026:05:26:32 -0400] "POST /index.php?option=com_sppagebuilder&task=asset.uploadCustomIcon HTTP/2" 404 1251 "-" "Mozilla/5.0 (X11; Linux x86_64) sppb-rce-poc"
103.77.107.71 - - [11/Jul/2026:05:26:33 -0400] "POST /index.php?option=com_sppagebuilder&task=asset.uploadCustomIcon HTTP/2" 404 1251 "-" "Mozilla/5.0 (X11; Linux x86_64) sppb-rce-poc"
103.77.107.71 - - [11/Jul/2026:05:26:33 -0400] "POST /index.php?option=com_sppagebuilder&task=asset.uploadCustomIcon HTTP/2" 404 1251 "-" "Mozilla/5.0 (X11; Linux x86_64) sppb-rce-poc"
103.77.107.71 - - [11/Jul/2026:05:26:34 -0400] "POST /index.php?option=com_sppagebuilder&task=asset.uploadCustomIcon HTTP/2" 404 1251 "-" "Mozilla/5.0 (X11; Linux x86_64) sppb-rce-poc"
103.77.107.71 - - [11/Jul/2026:05:26:34 -0400] "POST /index.php?option=com_sppagebuilder&task=asset.uploadCustomIcon HTTP/2" 404 1251 "-" "Mozilla/5.0 (X11; Linux x86_64) sppb-rce-poc"
206.189.225.181 - - [11/Jul/2026:05:34:16 -0400] "GET / HTTP/2" 301 795 "-" "Mozilla/5.0 (l9scan/2.0.8373e28373e21323e2430313; +https://leakix.net)"
2a03:b0c0:1:d0::d3b:5001 - - [11/Jul/2026:05:34:17 -0400] "GET / HTTP/2" 301 795 "-" "Mozilla/5.0 (l9scan/2.0.56435643a353138363a3a313330333a303037343a363036323; +https://leakix.net)"
206.189.225.181 - - [11/Jul/2026:05:34:24 -0400] "GET /___proxy_subdomain_whm/login HTTP/2" 404 1251 "-" "Mozilla/5.0 (l9scan/2.0.8373e28373e21323e2430313; +https://leakix.net)"
206.189.225.181 - - [11/Jul/2026:05:34:24 -0400] "GET /v2/_catalog HTTP/2" 404 1251 "-" "Mozilla/5.0 (l9scan/2.0.8373e28373e21323e2430313; +https://leakix.net)"
206.189.225.181 - - [11/Jul/2026:05:34:28 -0400] "GET /ecp/Current/exporttool/microsoft.exchange.ediscovery.exporttool.application HTTP/2" 404 1251 "-" "Mozilla/5.0 (l9scan/2.0.8373e28373e21323e2430313; +https://leakix.net)"
206.189.225.181 - - [11/Jul/2026:05:34:31 -0400] "POST /api HTTP/2" 404 1251 "-" "Mozilla/5.0 (l9scan/2.0.8373e28373e21323e2430313; +https://leakix.net)"
206.189.225.181 - - [11/Jul/2026:05:34:31 -0400] "POST /api/gql HTTP/2" 404 1251 "-" "Mozilla/5.0 (l9scan/2.0.8373e28373e21323e2430313; +https://leakix.net)"
206.189.225.181 - - [11/Jul/2026:05:34:35 -0400] "GET /telescope/requests HTTP/2" 404 1251 "-" "Mozilla/5.0 (l9scan/2.0.8373e28373e21323e2430313; +https://leakix.net)"
206.189.225.181 - - [11/Jul/2026:05:34:35 -0400] "GET /info.php HTTP/2" 404 1251 "-" "Mozilla/5.0 (l9scan/2.0.8373e28373e21323e2430313; +https://leakix.net)"
206.189.225.181 - - [11/Jul/2026:05:34:36 -0400] "GET /.well-known/security.txt HTTP/2" 404 1251 "-" "Mozilla/5.0 (l9scan/2.0.8373e28373e21323e2430313; +https://leakix.net)"
206.189.225.181 - - [11/Jul/2026:05:34:37 -0400] "GET /actuator/env HTTP/2" 404 1251 "-" "Mozilla/5.0 (l9scan/2.0.8373e28373e21323e2430313; +https://leakix.net)"
103.77.107.71 - - [11/Jul/2026:05:26:34 -0400] "POST /index.php?option=com_sppagebuilder&task=asset.uploadCustomIcon HTTP/2" 404 1251 "-" "Mozilla/5.0 (X11; Linux x86_64) sppb-rce-poc"
103.77.107.71 - - [11/Jul/2026:05:26:35 -0400] "POST /index.php?option=com_sppagebuilder&task=asset.uploadCustomIcon HTTP/2" 404 1251 "-" "Mozilla/5.0 (X11; Linux x86_64) sppb-rce-poc"
146.190.98.216 - - [11/Jul/2026:05:33:07 -0400] "GET /templates/shaper_helix3/templateDetails.xml HTTP/2" 404 1251 "-" "Mozilla/5.0 (Windows NT 10.0; Win64; x64) AppleWebKit/537.36 (KHTML, like Gecko) Chrome/131.0.0.0 Safari/537.36"
146.190.98.216 - - [11/Jul/2026:05:33:07 -0400] "GET /administrator/ HTTP/2" 404 1251 "-" "Mozilla/5.0 (Windows NT 10.0; Win64; x64) AppleWebKit/537.36 (KHTML, like Gecko) Chrome/131.0.0.0 Safari/537.36"
2400:6180:0:d0::f29:6001 - - [11/Jul/2026:05:34:17 -0400] "GET / HTTP/2" 301 795 "-" "Mozilla/5.0 (l9scan/2.0.73931646a333433616a3a303330333a303037343a363036323; +https://leakix.net)"
147.182.149.75 - - [11/Jul/2026:05:34:19 -0400] "GET /server HTTP/2" 404 1251 "-" "Mozilla/5.0 (l9scan/2.0.135313e2831323e27363e2237313; +https://leakix.net)"
206.189.225.181 - - [11/Jul/2026:05:34:19 -0400] "GET /server HTTP/2" 404 1251 "-" "Mozilla/5.0 (l9scan/2.0.8373e28373e21323e2430313; +https://leakix.net)"
206.189.225.181 - - [11/Jul/2026:05:34:31 -0400] "POST /api/graphql HTTP/2" 404 1251 "-" "Mozilla/5.0 (l9scan/2.0.8373e28373e21323e2430313; +https://leakix.net)"
206.189.225.181 - - [11/Jul/2026:05:34:32 -0400] "GET /s/8373e28373e21323e2430313/_/;/META-INF/maven/com.atlassian.jira/jira-webapp-dist/pom.properties HTTP/2" 404 1251 "-" "Mozilla/5.0 (l9scan/2.0.8373e28373e21323e2430313; +https://leakix.net)"
147.182.149.75 - - [11/Jul/2026:05:34:38 -0400] "GET /trace.axd HTTP/2" 404 1251 "-" "Mozilla/5.0 (l9scan/2.0.135313e2831323e27363e2237313; +https://leakix.net)"
206.189.225.181 - - [11/Jul/2026:05:34:40 -0400] "GET /.vscode/sftp.json HTTP/2" 404 1251 "-" "Mozilla/5.0 (l9scan/2.0.8373e28373e21323e2430313; +https://leakix.net)"
206.189.225.181 - - [11/Jul/2026:05:34:41 -0400] "OPTIONS / HTTP/2" 301 795 "-" "Mozilla/5.0 (l9scan/2.0.8373e28373e21323e2430313; +https://leakix.net)"
206.189.225.181 - - [11/Jul/2026:05:34:42 -0400] "GET /?rest_route=/wp/v2/users/ HTTP/2" 301 795 "-" "Mozilla/5.0 (l9scan/2.0.8373e28373e21323e2430313; +https://leakix.net)"
147.182.149.75 - - [11/Jul/2026:05:34:32 -0400] "GET /s/135313e2831323e27363e2237313/_/;/META-INF/maven/com.atlassian.jira/jira-webapp-dist/pom.properties HTTP/2" 404 1251 "-" "Mozilla/5.0 (l9scan/2.0.135313e2831323e27363e2237313; +https://leakix.net)"
147.182.149.75 - - [11/Jul/2026:05:34:33 -0400] "GET /config.json HTTP/2" 404 1251 "-" "Mozilla/5.0 (l9scan/2.0.135313e2831323e27363e2237313; +https://leakix.net)"
206.189.225.181 - - [11/Jul/2026:05:34:33 -0400] "GET /config.json HTTP/2" 404 1251 "-" "Mozilla/5.0 (l9scan/2.0.8373e28373e21323e2430313; +https://leakix.net)"
147.182.149.75 - - [11/Jul/2026:05:34:35 -0400] "GET /telescope/requests HTTP/2" 404 1251 "-" "Mozilla/5.0 (l9scan/2.0.135313e2831323e27363e2237313; +https://leakix.net)"
147.182.149.75 - - [11/Jul/2026:05:34:35 -0400] "GET /info.php HTTP/2" 404 1251 "-" "Mozilla/5.0 (l9scan/2.0.135313e2831323e27363e2237313; +https://leakix.net)"
147.182.149.75 - - [11/Jul/2026:05:34:36 -0400] "GET /.well-known/security.txt HTTP/2" 404 1251 "-" "Mozilla/5.0 (l9scan/2.0.135313e2831323e27363e2237313; +https://leakix.net)"
147.182.149.75 - - [11/Jul/2026:05:34:37 -0400] "GET /actuator/env HTTP/2" 404 1251 "-" "Mozilla/5.0 (l9scan/2.0.135313e2831323e27363e2237313; +https://leakix.net)"
147.182.149.75 - - [11/Jul/2026:05:34:39 -0400] "GET /@vite/env HTTP/2" 404 1251 "-" "Mozilla/5.0 (l9scan/2.0.135313e2831323e27363e2237313; +https://leakix.net)"
147.182.149.75 - - [11/Jul/2026:05:34:40 -0400] "GET /.vscode/sftp.json HTTP/2" 404 1251 "-" "Mozilla/5.0 (l9scan/2.0.135313e2831323e27363e2237313; +https://leakix.net)"
147.182.149.75 - - [11/Jul/2026:05:34:41 -0400] "OPTIONS / HTTP/2" 301 795 "-" "Mozilla/5.0 (l9scan/2.0.135313e2831323e27363e2237313; +https://leakix.net)"
147.182.149.75 - - [11/Jul/2026:05:34:42 -0400] "GET /?rest_route=/wp/v2/users/ HTTP/2" 301 795 "-" "Mozilla/5.0 (l9scan/2.0.135313e2831323e27363e2237313; +https://leakix.net)"
147.182.149.75 - - [11/Jul/2026:05:34:43 -0400] "GET /debug/default/view?panel=config HTTP/2" 404 1251 "-" "Mozilla/5.0 (l9scan/2.0.135313e2831323e27363e2237313; +https://leakix.net)"
206.189.225.181 - - [11/Jul/2026:05:34:38 -0400] "GET /trace.axd HTTP/2" 404 1251 "-" "Mozilla/5.0 (l9scan/2.0.8373e28373e21323e2430313; +https://leakix.net)"
206.189.225.181 - - [11/Jul/2026:05:34:39 -0400] "GET /@vite/env HTTP/2" 404 1251 "-" "Mozilla/5.0 (l9scan/2.0.8373e28373e21323e2430313; +https://leakix.net)"
206.189.225.181 - - [11/Jul/2026:05:34:43 -0400] "GET /debug/default/view?panel=config HTTP/2" 404 1251 "-" "Mozilla/5.0 (l9scan/2.0.8373e28373e21323e2430313; +https://leakix.net)"
193.142.147.111 - - [11/Jul/2026:05:46:30 -0400] "GET /RDWeb/Pages/ HTTP/1.1" 404 1251 "-" "Mozilla/5.0 (Macintosh; Intel Mac OS X 10_15_7) AppleWebKit/605.1.15 (KHTML, like Gecko) Version/17.6 Safari/605.1.15"
146.190.98.216 - - [11/Jul/2026:05:50:03 -0400] "GET /templates/shaper_helix3/templateDetails.xml HTTP/2" 404 1251 "-" "Mozilla/5.0 (Windows NT 10.0; Win64; x64) AppleWebKit/537.36 (KHTML, like Gecko) Chrome/131.0.0.0 Safari/537.36"
146.190.98.216 - - [11/Jul/2026:05:50:04 -0400] "GET /administrator/ HTTP/2" 404 1251 "-" "Mozilla/5.0 (Windows NT 10.0; Win64; x64) AppleWebKit/537.36 (KHTML, like Gecko) Chrome/131.0.0.0 Safari/537.36"
144.76.19.75 - - [11/Jul/2026:05:51:44 -0400] "GET /seminaria-ergazomenon/index.php/company/our-team/cv-ioanna-souchla?rCH=-2 HTTP/2" 301 795 "-" "Mozilla/5.0 (compatible; SERankingBacklinksBot/1.0; +https://seranking.com/backlinks-crawler)"
144.76.19.75 - - [11/Jul/2026:05:39:05 -0400] "GET /seminaria-ergazomenon/index.php/company/our-team/cv-ioanna-darbyre?rCH=2 HTTP/2" 301 795 "-" "Mozilla/5.0 (compatible; SERankingBacklinksBot/1.0; +https://seranking.com/backlinks-crawler)"
193.142.147.111 - - [11/Jul/2026:05:46:30 -0400] "GET /RDWeb/Pages/ HTTP/1.1" 404 1251 "-" "Mozilla/5.0 (Macintosh; Intel Mac OS X 10_15_7) AppleWebKit/605.1.15 (KHTML, like Gecko) Version/17.6 Safari/605.1.15"
144.76.19.75 - - [11/Jul/2026:05:58:34 -0400] "GET /seminaria-ergazomenon/index.php/company/our-team/cv-ioanna-souchla?rCH=2 HTTP/2" 301 795 "-" "Mozilla/5.0 (compatible; SERankingBacklinksBot/1.0; +https://seranking.com/backlinks-crawler)"
144.76.19.75 - - [11/Jul/2026:06:02:23 -0400] "GET /seminaria-ergazomenon/index.php/company/our-team/cv-maira-stephanakou?rCH=-2 HTTP/2" 301 795 "-" "Mozilla/5.0 (compatible; SERankingBacklinksBot/1.0; +https://seranking.com/backlinks-crawler)"
144.76.19.75 - - [11/Jul/2026:06:06:02 -0400] "GET /seminaria-ergazomenon/index.php/company/our-team/cv-maira-stephanakou?rCH=2 HTTP/2" 301 795 "-" "Mozilla/5.0 (compatible; SERankingBacklinksBot/1.0; +https://seranking.com/backlinks-crawler)"
2400:8d60:6::575a:543a - - [11/Jul/2026:06:04:41 -0400] "POST /index.php?option=com_sppagebuilder&task=asset.uploadCustomIcon HTTP/2" 404 1251 "-" "python-requests/2.31.0"
167.233.137.77 - - [11/Jul/2026:06:12:29 -0400] "HEAD /seminaria-ergazomenon/index.php HTTP/2" 301 0 "-" "Mozilla/5.0 (Macintosh; Intel Mac OS X 14_5) AppleWebKit/605.1.15 (KHTML, like Gecko) Version/17.5 Safari/605.1.15"
144.76.19.75 - - [11/Jul/2026:06:14:15 -0400] "GET /seminaria-ergazomenon/index.php/company/our-team/cv-maria-markianou?rCH=-2 HTTP/2" 301 795 "-" "Mozilla/5.0 (compatible; SERankingBacklinksBot/1.0; +https://seranking.com/backlinks-crawler)"
94.23.188.200 - - [11/Jul/2026:06:21:17 -0400] "GET /robots.txt HTTP/2" 301 795 "-" "Mozilla/5.0 (compatible; AhrefsBot/7.0; +http://ahrefs.com/robot/)"
173.239.214.47 - - [11/Jul/2026:06:23:59 -0400] "GET /wp-login.php HTTP/2" 404 1251 "-" "Mozilla/5.0 (Windows NT 10.0; Win64; rv:143.0) Gecko/20100101 Firefox/143.0"
144.76.19.75 - - [11/Jul/2026:06:21:07 -0400] "GET /seminaria-ergazomenon/index.php/company/our-team/cv-maria-markianou?rCH=2 HTTP/2" 301 795 "-" "Mozilla/5.0 (compatible; SERankingBacklinksBot/1.0; +https://seranking.com/backlinks-crawler)"
51.195.183.168 - - [11/Jul/2026:06:21:19 -0400] "GET /seminaria-ergazomenon/index.php/articles/diatrophe/94-trophes-kai-stres?rCH=2 HTTP/2" 301 795 "-" "Mozilla/5.0 (compatible; AhrefsBot/7.0; +http://ahrefs.com/robot/)"
114.119.132.207 - - [11/Jul/2026:06:14:41 -0400] "GET /robots.txt HTTP/2" 301 795 "https://hrpsychology.gr/robots.txt" "Mozilla/5.0 (compatible;PetalBot;+https://webmaster.petalsearch.com/site/petalbot)"
138.246.253.24 - - [11/Jul/2026:06:17:58 -0400] "GET /robots.txt HTTP/2" 200 26 "-" "Mozilla/5.0 (Windows NT 10.0; Win64; x64) AppleWebKit/537.36 (KHTML, like Gecko) Chrome/103.0.5060.134 Safari/537.36"
74.7.175.187 - - [11/Jul/2026:06:27:13 -0400] "GET /robots.txt HTTP/2" 401 53 "-" "Mozilla/5.0 (Macintosh; Intel Mac OS X 10_15_7) AppleWebKit/537.36 (KHTML, like Gecko) Chrome/131.0.0.0 Safari/537.36; compatible; OAI-SearchBot/1.4; robots.txt; +https://openai.com/searchbot"
151.247.50.211 - - [11/Jul/2026:06:27:37 -0400] "GET /robots.txt HTTP/2" 301 795 "-" "Mozilla/5.0 AppleWebKit/537.36 (KHTML, like Gecko); compatible; SEOJuice-SearchBot/1.0; +https://seojuice.io/bot"
151.247.50.211 - - [11/Jul/2026:06:27:40 -0400] "GET /contact HTTP/2" 404 1251 "-" "Mozilla/5.0 AppleWebKit/537.36 (KHTML, like Gecko); compatible; SEOJuice-SearchBot/1.0; +https://seojuice.io/bot"
144.76.19.75 - - [11/Jul/2026:06:30:48 -0400] "GET /seminaria-ergazomenon/index.php/company/our-team/cv-melina-stoupa?rCH=-2 HTTP/2" 301 795 "-" "Mozilla/5.0 (compatible; SERankingBacklinksBot/1.0; +https://seranking.com/backlinks-crawler)"
144.76.19.75 - - [11/Jul/2026:06:35:30 -0400] "GET /seminaria-ergazomenon/index.php/company/our-team/cv-melina-stoupa?rCH=2 HTTP/2" 301 795 "-" "Mozilla/5.0 (compatible; SERankingBacklinksBot/1.0; +https://seranking.com/backlinks-crawler)"
