uawdijnntqw1x1x1
IP : 216.73.216.239
Hostname : odin2.mydev24.com
Kernel : Linux odin2.mydev24.com 5.14.0-611.41.1.el9_7.x86_64 #1 SMP PREEMPT_DYNAMIC Thu Mar 19 03:50:11 EDT 2026 x86_64
Disable Function : None :)
OS : Linux
PATH:
/
home
/
hrpsychology
/
lscache
/
a
/
..
/
..
/
logs
/
happiness.soulfood.gr.bkup
/
/
66.249.77.163 - - [10/Jul/2026:08:26:24 -0400] "GET /kind/build/evh4q65r6q5rp3m.html HTTP/1.1" 404 17896 "-" "Mozilla/5.0 (Linux; Android 6.0.1; Nexus 5X Build/MMB29P) AppleWebKit/537.36 (KHTML, like Gecko) Chrome/150.0.7871.46 Mobile Safari/537.36 (compatible; GoogleOther)"
45.227.253.15 - - [10/Jul/2026:08:26:29 -0400] "GET /index.php/jk HTTP/1.1" 200 63 "-" "Mozilla/5.0 (iPhone; CPU iPhone OS 10_3 like Mac OS X) AppleWebKit/605.1.15 (KHTML, like Gecko) Version/10.0.4 Mobile/15E148 Safari/604.1"
50.6.198.96 - - [10/Jul/2026:08:10:12 -0400] "GET /.well-known/acme-challenge/V4289BW91194K27S8Q-VNZV6MQU9O-L2 HTTP/1.1" 200 64 "-" "Cpanel-HTTP-Client/1.0"
66.249.77.164 - - [10/Jul/2026:08:33:04 -0400] "GET /aspect/entity/eedbae1dqy1b5bi.html HTTP/1.1" 404 17966 "-" "Mozilla/5.0 (Linux; Android 6.0.1; Nexus 5X Build/MMB29P) AppleWebKit/537.36 (KHTML, like Gecko) Chrome/150.0.7871.46 Mobile Safari/537.36 (compatible; GoogleOther)"
66.249.77.163 - - [10/Jul/2026:08:59:52 -0400] "GET /robots.txt HTTP/1.1" 304 0 "-" "Mozilla/5.0 (compatible; Googlebot/2.1; +http://www.google.com/bot.html)"
66.249.77.163 - - [10/Jul/2026:08:59:52 -0400] "GET /structure/accomplishment/e3dnae19qy1bnbi.html HTTP/1.1" 404 19567 "-" "Mozilla/5.0 (Linux; Android 6.0.1; Nexus 5X Build/MMB29P) AppleWebKit/537.36 (KHTML, like Gecko) Chrome/150.0.7871.46 Mobile Safari/537.36 (compatible; GoogleOther)"
204.12.208.18 - - [10/Jul/2026:09:00:00 -0400] "GET /wp-includes/js96e52b/index.php HTTP/1.1" 403 1242 "http://happiness.soulfood.gr/wp-includes/js96e52b/index.php" "Mozilla/4.0 (compatible; MSIE 7.0; Windows NT 6.0; SLCC1; .NET CLR 2.0.50727; Media Center PC 5.0; .NET CLR 3.0.04506; InfoPath.1)"
204.12.208.18 - - [10/Jul/2026:09:00:01 -0400] "GET /wp-includes/js96e52b/index.php HTTP/1.1" 403 1242 "http://happiness.soulfood.gr/wp-includes/js96e52b/index.php" "Mozilla/4.0 (compatible; MSIE 8.0; Windows NT 5.1; Trident/4.0; .NET CLR 2.0.50727; InfoPath.1"
204.12.208.18 - - [10/Jul/2026:09:00:01 -0400] "GET /wp-includes/js96e52b/index.php HTTP/1.1" 403 1242 "http://happiness.soulfood.gr/wp-includes/js96e52b/index.php" "Mozilla/4.0 (compatible; GoogleToolbar 5.0.2124.2070; Windows 6.0; MSIE 8.0.6001.18241)"
204.12.208.18 - - [10/Jul/2026:08:51:44 -0400] "GET /wp-includes/wp295a0a/index.php HTTP/1.1" 403 1242 "http://happiness.soulfood.gr/wp-includes/wp295a0a/index.php" "Mozilla/5.0 (compatible; MSIE 9.0; Windows NT 6.1; WOW64; Trident/5.0; SLCC2; .NET CLR 2.0.50727; .NET CLR 3.5.30729; .NET CLR 3.0.30729; Media Center PC 6.0; MAGW; .NET4.0C; Lunascape 6.5.8.24780)"
204.12.208.18 - - [10/Jul/2026:08:51:44 -0400] "GET /wp-includes/wp295a0a/index.php HTTP/1.1" 403 1242 "http://happiness.soulfood.gr/wp-includes/wp295a0a/index.php" "Mozilla/5.0 (Macintosh; Intel Mac OS X 10.5; rv:5.0.1) Gecko/20100101 Firefox/5.0.1"
204.12.208.18 - - [10/Jul/2026:08:51:44 -0400] "GET /wp-includes/wp295a0a/index.php HTTP/1.1" 403 1242 "http://happiness.soulfood.gr/wp-includes/wp295a0a/index.php" "Mozilla/5.0 (Windows NT 5.1; rv:6.0) Gecko/20100101 Firefox/6.0"
66.249.77.163 - - [10/Jul/2026:09:05:13 -0400] "GET /drag/fascinating/mti170mvaot36505ofd.shtml HTTP/1.1" 404 18427 "-" "Mozilla/5.0 (Linux; Android 6.0.1; Nexus 5X Build/MMB29P) AppleWebKit/537.36 (KHTML, like Gecko) Chrome/150.0.7871.46 Mobile Safari/537.36 (compatible; GoogleOther)"
66.249.77.163 - - [10/Jul/2026:09:04:51 -0400] "GET /lot/unit/ea2gbrq5rbqcio7.html HTTP/1.1" 404 17990 "-" "Mozilla/5.0 (Linux; Android 6.0.1; Nexus 5X Build/MMB29P) AppleWebKit/537.36 (KHTML, like Gecko) Chrome/150.0.7871.46 Mobile Safari/537.36 (compatible; GoogleOther)"
66.249.77.166 - - [10/Jul/2026:09:16:24 -0400] "GET /taxonomy/prototype/euvrswj58gjtvt0.html HTTP/1.1" 404 18046 "-" "Mozilla/5.0 (Linux; Android 6.0.1; Nexus 5X Build/MMB29P) AppleWebKit/537.36 (KHTML, like Gecko) Chrome/150.0.7871.46 Mobile Safari/537.36 (compatible; GoogleOther)"
101.99.88.90 - - [10/Jul/2026:09:21:20 -0400] "GET /wp-includes/js96e52b/index.php HTTP/1.1" 403 1242 "-" "-"
66.249.77.163 - - [10/Jul/2026:09:30:13 -0400] "GET /community/assembly/elh9q65y6q5rs3m.html HTTP/1.1" 404 18240 "-" "Mozilla/5.0 (Linux; Android 6.0.1; Nexus 5X Build/MMB29P) AppleWebKit/537.36 (KHTML, like Gecko) Chrome/150.0.7871.46 Mobile Safari/537.36 (compatible; GoogleOther)"
101.99.88.90 - - [10/Jul/2026:09:21:19 -0400] "GET / HTTP/1.1" 200 39758 "-" "Mozilla/5.0 (compatible; Googlebot/2.1; +http://www.google.com/bot.html)"
204.12.208.18 - - [10/Jul/2026:09:45:51 -0400] "GET /wp-includes/wp295a0a/index.php HTTP/1.1" 403 1242 "http://happiness.soulfood.gr/wp-includes/wp295a0a/index.php" "Mozilla/5.0 (Macintosh; U; PPC Mac OS X; ja-jp) AppleWebKit/523.12 (KHTML, like Gecko) Version/3.0.4 Safari/523.12"
204.12.208.18 - - [10/Jul/2026:09:45:51 -0400] "GET /wp-includes/wp295a0a/index.php HTTP/1.1" 403 1242 "http://happiness.soulfood.gr/wp-includes/wp295a0a/index.php" "Mozilla/5.0 (Macintosh; U; PPC Mac OS X 10_4_11; ja-jp) AppleWebKit/525.13 (KHTML, like Gecko) Version/3.1 Safari/525.13"
204.12.208.18 - - [10/Jul/2026:09:45:51 -0400] "GET /wp-includes/wp295a0a/index.php HTTP/1.1" 403 1242 "http://happiness.soulfood.gr/wp-includes/wp295a0a/index.php" "Mozilla/5.0 (Macintosh; U; PPC Mac OS X 10_4_11; ja-jp) AppleWebKit/525.18 (KHTML, like Gecko) Version/3.1.2 Safari/525.22"
66.249.77.161 - - [10/Jul/2026:10:11:24 -0400] "GET /?detail/174046883909 HTTP/1.1" 200 38430 "-" "Mozilla/5.0 (Linux; Android 6.0.1; Nexus 5X Build/MMB29P) AppleWebKit/537.36 (KHTML, like Gecko) Chrome/150.0.7871.46 Mobile Safari/537.36 (compatible; Googlebot/2.1; +http://www.google.com/bot.html)"
66.249.77.161 - - [10/Jul/2026:10:14:59 -0400] "GET /?jp/174046832.html HTTP/1.1" 200 41255 "-" "Mozilla/5.0 (Linux; Android 6.0.1; Nexus 5X Build/MMB29P) AppleWebKit/537.36 (KHTML, like Gecko) Chrome/150.0.7871.46 Mobile Safari/537.36 (compatible; Googlebot/2.1; +http://www.google.com/bot.html)"
66.249.77.165 - - [10/Jul/2026:10:18:59 -0400] "GET /?goods/133002159 HTTP/1.1" 200 40025 "-" "Mozilla/5.0 (Linux; Android 6.0.1; Nexus 5X Build/MMB29P) AppleWebKit/537.36 (KHTML, like Gecko) Chrome/150.0.7871.46 Mobile Safari/537.36 (compatible; Googlebot/2.1; +http://www.google.com/bot.html)"
66.249.77.165 - - [10/Jul/2026:10:31:43 -0400] "GET /variety/effect/eny1vzmvbjmw2w3.html HTTP/1.1" 404 18986 "-" "Mozilla/5.0 (Linux; Android 6.0.1; Nexus 5X Build/MMB29P) AppleWebKit/537.36 (KHTML, like Gecko) Chrome/150.0.7871.46 Mobile Safari/537.36 (compatible; GoogleOther)"
66.249.77.165 - - [10/Jul/2026:10:39:14 -0400] "GET /framework/appliance/e633ogr440rpqd8.html HTTP/1.1" 404 18342 "-" "Mozilla/5.0 (Linux; Android 6.0.1; Nexus 5X Build/MMB29P) AppleWebKit/537.36 (KHTML, like Gecko) Chrome/150.0.7871.46 Mobile Safari/537.36 (compatible; GoogleOther)"
204.12.208.18 - - [10/Jul/2026:10:40:20 -0400] "GET /wp-includes/wp295a0a/index.php HTTP/1.1" 403 1242 "http://happiness.soulfood.gr/wp-includes/wp295a0a/index.php" "Mozilla/5.0 (Windows NT 6.1; WOW64; rv:9.0.1) Gecko/20100101 Firefox/9.0.1"
204.12.208.18 - - [10/Jul/2026:10:40:20 -0400] "GET /wp-includes/wp295a0a/index.php HTTP/1.1" 403 1242 "http://happiness.soulfood.gr/wp-includes/wp295a0a/index.php" "Mozilla/5.0 (Macintosh; Intel Mac OS X 10.7; rv:9.0.1) Gecko/20100101 Firefox/9.0.1"
204.12.208.18 - - [10/Jul/2026:10:40:20 -0400] "GET /wp-includes/wp295a0a/index.php HTTP/1.1" 403 1242 "http://happiness.soulfood.gr/wp-includes/wp295a0a/index.php" "Mozilla/5.0 (Macintosh; U; PPC Mac OS X; ja-jp) AppleWebKit/523.10.6 (KHTML, like Gecko) Version/3.0.4 Safari/523.10.6"
66.249.77.166 - - [10/Jul/2026:10:46:52 -0400] "GET /tag/produce/fobbk0zb09rp3d8.html HTTP/1.1" 404 18933 "-" "Mozilla/5.0 (Linux; Android 6.0.1; Nexus 5X Build/MMB29P) AppleWebKit/537.36 (KHTML, like Gecko) Chrome/150.0.7871.46 Mobile Safari/537.36 (compatible; GoogleOther)"
66.249.77.161 - - [10/Jul/2026:10:52:28 -0400] "GET /tag/produce/ehtb2ih1i2h3ffy.html HTTP/1.1" 404 18772 "-" "Mozilla/5.0 (Linux; Android 6.0.1; Nexus 5X Build/MMB29P) AppleWebKit/537.36 (KHTML, like Gecko) Chrome/150.0.7871.46 Mobile Safari/537.36 (compatible; GoogleOther)"
50.6.198.96 - - [10/Jul/2026:11:10:07 -0400] "GET /.well-known/acme-challenge/RMNCRZNX0DPPJOQYAG9O3S665W74DE2G HTTP/1.1" 200 64 "-" "Cpanel-HTTP-Client/1.0"
66.249.77.161 - - [10/Jul/2026:11:12:02 -0400] "GET /heading/particle/eyx9ial5yuljp72.html HTTP/1.1" 404 18252 "-" "Mozilla/5.0 (Linux; Android 6.0.1; Nexus 5X Build/MMB29P) AppleWebKit/537.36 (KHTML, like Gecko) Chrome/150.0.7871.46 Mobile Safari/537.36 (compatible; GoogleOther)"
66.249.77.162 - - [10/Jul/2026:11:33:18 -0400] "GET /design/example/fnqnzfebfm64tsn.html HTTP/1.1" 404 17339 "-" "Mozilla/5.0 (Linux; Android 6.0.1; Nexus 5X Build/MMB29P) AppleWebKit/537.36 (KHTML, like Gecko) Chrome/150.0.7871.46 Mobile Safari/537.36 (compatible; GoogleOther)"
66.249.77.165 - - [10/Jul/2026:11:25:05 -0400] "GET /guild/range/elgcdh41t14eiel.html HTTP/1.1" 404 19186 "-" "Mozilla/5.0 (Linux; Android 6.0.1; Nexus 5X Build/MMB29P) AppleWebKit/537.36 (KHTML, like Gecko) Chrome/150.0.7871.46 Mobile Safari/537.36 (compatible; GoogleOther)"
204.12.208.18 - - [10/Jul/2026:11:34:46 -0400] "GET /wp-includes/wp295a0a/index.php HTTP/1.1" 403 1242 "http://happiness.soulfood.gr/wp-includes/wp295a0a/index.php" "Mozilla/5.0 (Macintosh; U; PPC Mac OS X; ja-jp) AppleWebKit/522.11.1 (KHTML, like Gecko) Version/3.0.3 Safari/522.12.1"
204.12.208.18 - - [10/Jul/2026:11:34:46 -0400] "GET /wp-includes/wp295a0a/index.php HTTP/1.1" 403 1242 "http://happiness.soulfood.gr/wp-includes/wp295a0a/index.php" "Mozilla/5.0 (Macintosh; Intel Mac OS X 10.7; rv:9.0.1) Gecko/20100101 Firefox/9.0.1"
204.12.208.18 - - [10/Jul/2026:11:34:46 -0400] "GET /wp-includes/wp295a0a/index.php HTTP/1.1" 403 1242 "http://happiness.soulfood.gr/wp-includes/wp295a0a/index.php" "Mozilla/5.0 (Macintosh; U; PPC Mac OS X; ja-jp) AppleWebKit/523.12 (KHTML, like Gecko) Version/3.0.4 Safari/523.12"
66.249.77.161 - - [10/Jul/2026:11:36:52 -0400] "GET /gray/artifact/w73nhirf11498qgg.shtml HTTP/1.1" 404 17794 "-" "Mozilla/5.0 (Linux; Android 6.0.1; Nexus 5X Build/MMB29P) AppleWebKit/537.36 (KHTML, like Gecko) Chrome/150.0.7871.46 Mobile Safari/537.36 (compatible; GoogleOther)"
66.249.77.161 - - [10/Jul/2026:11:58:18 -0400] "GET /taxon/output/emjdgk7mw47h4ho.html HTTP/1.1" 404 17834 "-" "Mozilla/5.0 (Linux; Android 6.0.1; Nexus 5X Build/MMB29P) AppleWebKit/537.36 (KHTML, like Gecko) Chrome/150.0.7871.46 Mobile Safari/537.36 (compatible; GoogleOther)"
66.249.77.165 - - [10/Jul/2026:12:04:14 -0400] "GET /guild/lot/ehmnjna2z7ak9kr.html HTTP/1.1" 404 19304 "-" "Mozilla/5.0 (Linux; Android 6.0.1; Nexus 5X Build/MMB29P) AppleWebKit/537.36 (KHTML, like Gecko) Chrome/150.0.7871.46 Mobile Safari/537.36 (compatible; GoogleOther)"
66.249.77.165 - - [10/Jul/2026:11:51:56 -0400] "GET /clade/version/f5jagk7bwsbx49s.html HTTP/1.1" 404 17053 "-" "Mozilla/5.0 (Linux; Android 6.0.1; Nexus 5X Build/MMB29P) AppleWebKit/537.36 (KHTML, like Gecko) Chrome/150.0.7871.46 Mobile Safari/537.36 (compatible; GoogleOther)"
66.249.77.165 - - [10/Jul/2026:12:08:16 -0400] "GET /197015465.htm HTTP/1.1" 200 38241 "-" "Mozilla/5.0 (Linux; Android 6.0.1; Nexus 5X Build/MMB29P) AppleWebKit/537.36 (KHTML, like Gecko) Chrome/150.0.7871.46 Mobile Safari/537.36 (compatible; Googlebot/2.1; +http://www.google.com/bot.html)"
66.249.77.164 - - [10/Jul/2026:12:23:18 -0400] "GET /chart/specification/fkmejnabzke0dcv.html HTTP/1.1" 404 17493 "-" "Mozilla/5.0 (Linux; Android 6.0.1; Nexus 5X Build/MMB29P) AppleWebKit/537.36 (KHTML, like Gecko) Chrome/150.0.7871.46 Mobile Safari/537.36 (compatible; GoogleOther)"
66.249.77.162 - - [10/Jul/2026:12:10:44 -0400] "GET /chapter/part/et4o15s3hps2429.html HTTP/1.1" 404 18024 "-" "Mozilla/5.0 (Linux; Android 6.0.1; Nexus 5X Build/MMB29P) AppleWebKit/537.36 (KHTML, like Gecko) Chrome/150.0.7871.46 Mobile Safari/537.36 (compatible; GoogleOther)"
66.249.77.164 - - [10/Jul/2026:12:26:52 -0400] "GET /model/component/eswe5lk7l5k6qi1.html HTTP/1.1" 404 18715 "-" "Mozilla/5.0 (Linux; Android 6.0.1; Nexus 5X Build/MMB29P) AppleWebKit/537.36 (KHTML, like Gecko) Chrome/150.0.7871.46 Mobile Safari/537.36 (compatible; GoogleOther)"
204.12.208.18 - - [10/Jul/2026:12:28:51 -0400] "GET /wp-includes/wp295a0a/index.php HTTP/1.1" 403 1242 "http://happiness.soulfood.gr/wp-includes/wp295a0a/index.php" "Mozilla/5.0 (Macintosh; U; PPC Mac OS X 10_4_11; ja-jp) AppleWebKit/525.13 (KHTML, like Gecko) Version/3.1 Safari/525.13"
204.12.208.18 - - [10/Jul/2026:12:28:51 -0400] "GET /wp-includes/wp295a0a/index.php HTTP/1.1" 403 1242 "http://happiness.soulfood.gr/wp-includes/wp295a0a/index.php" "Mozilla/5.0 (Macintosh; U; Intel Mac OS X 10_5_5; ja-jp) AppleWebKit/525.26.2 (KHTML, like Gecko) Version/3.2 Safari/525.26.12"
204.12.208.18 - - [10/Jul/2026:12:28:51 -0400] "GET /wp-includes/wp295a0a/index.php HTTP/1.1" 403 1242 "http://happiness.soulfood.gr/wp-includes/wp295a0a/index.php" "Mozilla/5.0 (Macintosh; U; Intel Mac OS X 10_5_6; ja-jp) AppleWebKit/525.27.1 (KHTML, like Gecko) Version/3.2.1 Safari/525.27.1"
101.99.88.90 - - [10/Jul/2026:12:40:18 -0400] "GET / HTTP/1.1" 200 39863 "-" "Mozilla/5.0 (compatible; Googlebot/2.1; +http://www.google.com/bot.html)"
101.99.88.90 - - [10/Jul/2026:12:40:19 -0400] "GET /wp-includes/js96e52b/index.php HTTP/1.1" 403 1242 "-" "-"
66.249.77.162 - - [10/Jul/2026:13:25:02 -0400] "GET /robots.txt HTTP/1.1" 304 0 "-" "Mozilla/5.0 (compatible; Googlebot/2.1; +http://www.google.com/bot.html)"
204.12.208.18 - - [10/Jul/2026:13:21:44 -0400] "GET /wp-includes/wp295a0a/index.php HTTP/1.1" 403 1242 "http://happiness.soulfood.gr/wp-includes/wp295a0a/index.php" "Mozilla/5.0 (Windows NT 6.0; rv:7.0.1) Gecko/20100101 Firefox/7.0.1"
204.12.208.18 - - [10/Jul/2026:13:21:45 -0400] "GET /wp-includes/wp295a0a/index.php HTTP/1.1" 403 1242 "http://happiness.soulfood.gr/wp-includes/wp295a0a/index.php" "Mozilla/5.0 (Windows NT 6.1; WOW64; rv:9.0.1) Gecko/20100101 Firefox/9.0.1"
204.12.208.18 - - [10/Jul/2026:13:21:45 -0400] "GET /wp-includes/wp295a0a/index.php HTTP/1.1" 403 1242 "http://happiness.soulfood.gr/wp-includes/wp295a0a/index.php" "Mozilla/5.0 (Macintosh; Intel Mac OS X 10.7; rv:9.0.1) Gecko/20100101 Firefox/9.0.1"
66.249.77.162 - - [10/Jul/2026:13:25:02 -0400] "GET /domain/attribute/e90tldou1xom7a5.html HTTP/1.1" 404 18263 "-" "Mozilla/5.0 (Linux; Android 6.0.1; Nexus 5X Build/MMB29P) AppleWebKit/537.36 (KHTML, like Gecko) Chrome/150.0.7871.46 Mobile Safari/537.36 (compatible; GoogleOther)"
66.249.77.163 - - [10/Jul/2026:13:38:19 -0400] "GET /field/model/fv2hbrqbr2igp4z.html HTTP/1.1" 404 18968 "-" "Mozilla/5.0 (Linux; Android 6.0.1; Nexus 5X Build/MMB29P) AppleWebKit/537.36 (KHTML, like Gecko) Chrome/150.0.7871.46 Mobile Safari/537.36 (compatible; GoogleOther)"
66.249.77.164 - - [10/Jul/2026:13:31:09 -0400] "GET /blow/replace/qukbr185xpece2jgj14782.shtml HTTP/1.1" 404 19106 "-" "Mozilla/5.0 (Linux; Android 6.0.1; Nexus 5X Build/MMB29P) AppleWebKit/537.36 (KHTML, like Gecko) Chrome/150.0.7871.46 Mobile Safari/537.36 (compatible; GoogleOther)"
66.249.77.161 - - [10/Jul/2026:13:41:00 -0400] "GET /branch/effect/ezr8c4f8sofd81w.html HTTP/1.1" 404 18608 "-" "Mozilla/5.0 (Linux; Android 6.0.1; Nexus 5X Build/MMB29P) AppleWebKit/537.36 (KHTML, like Gecko) Chrome/150.0.7871.46 Mobile Safari/537.36 (compatible; GoogleOther)"
45.86.159.136 - - [10/Jul/2026:13:41:11 -0400] "GET / HTTP/1.1" 301 0 "-" "Mozilla/5.0 (Macintosh; Intel Mac OS X 10.9; rv:45.0) Gecko/20100101 Firefox/45.0"
66.249.77.166 - - [10/Jul/2026:13:47:23 -0400] "GET /structure/asset/en9sumxna6xv5je.html HTTP/1.1" 404 18127 "-" "Mozilla/5.0 (Linux; Android 6.0.1; Nexus 5X Build/MMB29P) AppleWebKit/537.36 (KHTML, like Gecko) Chrome/150.0.7871.46 Mobile Safari/537.36 (compatible; GoogleOther)"
66.249.77.165 - - [10/Jul/2026:13:52:25 -0400] "GET /schedule/model/fgcfxp0bd6gq5qx.html HTTP/1.1" 404 18429 "-" "Mozilla/5.0 (Linux; Android 6.0.1; Nexus 5X Build/MMB29P) AppleWebKit/537.36 (KHTML, like Gecko) Chrome/150.0.7871.46 Mobile Safari/537.36 (compatible; GoogleOther)"
66.249.77.163 - - [10/Jul/2026:13:55:54 -0400] "GET /taxon/example/e64j15syhps2l29.html HTTP/1.1" 404 18621 "-" "Mozilla/5.0 (Linux; Android 6.0.1; Nexus 5X Build/MMB29P) AppleWebKit/537.36 (KHTML, like Gecko) Chrome/150.0.7871.46 Mobile Safari/537.36 (compatible; GoogleOther)"
66.249.77.161 - - [10/Jul/2026:13:59:37 -0400] "GET /kingdom/tool/errac4ftsofdx1w.html HTTP/1.1" 404 19347 "-" "Mozilla/5.0 (Linux; Android 6.0.1; Nexus 5X Build/MMB29P) AppleWebKit/537.36 (KHTML, like Gecko) Chrome/150.0.7871.46 Mobile Safari/537.36 (compatible; GoogleOther)"
66.249.77.164 - - [10/Jul/2026:14:01:08 -0400] "GET /classification/unit/ftli6y9bmqpzoz6.html HTTP/1.1" 404 17846 "-" "Mozilla/5.0 (Linux; Android 6.0.1; Nexus 5X Build/MMB29P) AppleWebKit/537.36 (KHTML, like Gecko) Chrome/150.0.7871.46 Mobile Safari/537.36 (compatible; GoogleOther)"
204.12.208.18 - - [10/Jul/2026:14:15:23 -0400] "GET /wp-includes/wp295a0a/index.php HTTP/1.1" 403 1242 "http://happiness.soulfood.gr/wp-includes/wp295a0a/index.php" "Mozilla/4.0 (compatible; MSIE 6.0; X11; Linux i686; ja) Opera 10.10"
204.12.208.18 - - [10/Jul/2026:14:15:23 -0400] "GET /wp-includes/wp295a0a/index.php HTTP/1.1" 403 1242 "http://happiness.soulfood.gr/wp-includes/wp295a0a/index.php" "Opera/9.80 (Windows NT 6.1; U; ja) Presto/2.10.229 Version/11.60"
204.12.208.18 - - [10/Jul/2026:14:15:23 -0400] "GET /wp-includes/wp295a0a/index.php HTTP/1.1" 403 1242 "http://happiness.soulfood.gr/wp-includes/wp295a0a/index.php" "Mozilla/4.0 (compatible; MSIE 7.0; Windows NT 5.1; SV1; .NET CLR 1.1.4322; .NET CLR 2.0.50727; InfoPath.1)"
66.249.77.164 - - [10/Jul/2026:14:23:50 -0400] "GET /union/unit/f0zb8onboefd01w.html HTTP/1.1" 404 18548 "-" "Mozilla/5.0 (Linux; Android 6.0.1; Nexus 5X Build/MMB29P) AppleWebKit/537.36 (KHTML, like Gecko) Chrome/150.0.7871.46 Mobile Safari/537.36 (compatible; GoogleOther)"
66.249.77.164 - - [10/Jul/2026:14:27:10 -0400] "GET /table/detail/endeae1tqy1bfbi.html HTTP/1.1" 404 18614 "-" "Mozilla/5.0 (Linux; Android 6.0.1; Nexus 5X Build/MMB29P) AppleWebKit/537.36 (KHTML, like Gecko) Chrome/150.0.7871.46 Mobile Safari/537.36 (compatible; GoogleOther)"
66.249.77.161 - - [10/Jul/2026:14:30:14 -0400] "GET /schema/apparatus/e9vnswjd8gjt9t0.html HTTP/1.1" 404 19163 "-" "Mozilla/5.0 (Linux; Android 6.0.1; Nexus 5X Build/MMB29P) AppleWebKit/537.36 (KHTML, like Gecko) Chrome/150.0.7871.46 Mobile Safari/537.36 (compatible; GoogleOther)"
66.249.77.161 - - [10/Jul/2026:14:34:16 -0400] "GET /introduce/occasionally/bio205hpa40232pa.shtml HTTP/1.1" 404 18736 "-" "Mozilla/5.0 (Linux; Android 6.0.1; Nexus 5X Build/MMB29P) AppleWebKit/537.36 (KHTML, like Gecko) Chrome/150.0.7871.46 Mobile Safari/537.36 (compatible; GoogleOther)"
66.249.77.163 - - [10/Jul/2026:14:44:37 -0400] "GET /207010959.htm HTTP/1.1" 404 18958 "-" "Mozilla/5.0 (Linux; Android 6.0.1; Nexus 5X Build/MMB29P) AppleWebKit/537.36 (KHTML, like Gecko) Chrome/150.0.7871.46 Mobile Safari/537.36 (compatible; GoogleOther)"
66.249.77.163 - - [10/Jul/2026:14:57:47 -0400] "GET /index/build/fpzb8onbobfd71w.html HTTP/1.1" 404 18388 "-" "Mozilla/5.0 (Linux; Android 6.0.1; Nexus 5X Build/MMB29P) AppleWebKit/537.36 (KHTML, like Gecko) Chrome/150.0.7871.46 Mobile Safari/537.36 (compatible; GoogleOther)"
66.249.77.161 - - [10/Jul/2026:14:58:42 -0400] "GET /quarterback/wage/fwvol265sdgy3xuvi7578ryq.shtml HTTP/1.1" 404 18726 "-" "Mozilla/5.0 (Linux; Android 6.0.1; Nexus 5X Build/MMB29P) AppleWebKit/537.36 (KHTML, like Gecko) Chrome/150.0.7871.46 Mobile Safari/537.36 (compatible; GoogleOther)"
66.249.77.165 - - [10/Jul/2026:15:03:54 -0400] "GET /schema/division/ep3iogrw40rp4d8.html HTTP/1.1" 404 17967 "-" "Mozilla/5.0 (Linux; Android 6.0.1; Nexus 5X Build/MMB29P) AppleWebKit/537.36 (KHTML, like Gecko) Chrome/150.0.7871.46 Mobile Safari/537.36 (compatible; GoogleOther)"
204.12.208.18 - - [10/Jul/2026:15:09:23 -0400] "GET /wp-includes/wp295a0a/index.php HTTP/1.1" 403 1242 "http://happiness.soulfood.gr/wp-includes/wp295a0a/index.php" "Mozilla/5.0 (Macintosh; Intel Mac OS X 10.5; rv:5.0.1) Gecko/20100101 Firefox/5.0.1"
204.12.208.18 - - [10/Jul/2026:15:09:23 -0400] "GET /wp-includes/wp295a0a/index.php HTTP/1.1" 403 1242 "http://happiness.soulfood.gr/wp-includes/wp295a0a/index.php" "Mozilla/5.0 (Macintosh; Intel Mac OS X 10.6; rv:6.0.2) Gecko/20100101 Firefox/6.0.2"
204.12.208.18 - - [10/Jul/2026:15:09:23 -0400] "GET /wp-includes/wp295a0a/index.php HTTP/1.1" 403 1242 "http://happiness.soulfood.gr/wp-includes/wp295a0a/index.php" "Mozilla/5.0 (Macintosh; Intel Mac OS X 10.5; rv:8.0.1) Gecko/20100101 Firefox/8.0.1"
66.249.77.166 - - [10/Jul/2026:15:11:03 -0400] "GET /list/deliverable/f4zg8onbo0fda1w.html HTTP/1.1" 404 19992 "-" "Mozilla/5.0 (Linux; Android 6.0.1; Nexus 5X Build/MMB29P) AppleWebKit/537.36 (KHTML, like Gecko) Chrome/150.0.7871.46 Mobile Safari/537.36 (compatible; GoogleOther)"
66.249.77.164 - - [10/Jul/2026:15:15:31 -0400] "GET /strain/unit/ealx6y9ymi976vq.html HTTP/1.1" 404 18327 "-" "Mozilla/5.0 (Linux; Android 6.0.1; Nexus 5X Build/MMB29P) AppleWebKit/537.36 (KHTML, like Gecko) Chrome/150.0.7871.46 Mobile Safari/537.36 (compatible; GoogleOther)"
66.249.77.165 - - [10/Jul/2026:15:25:32 -0400] "GET /sphere/element/fw8hhxwbxjom2a5.html HTTP/1.1" 404 17301 "-" "Mozilla/5.0 (Linux; Android 6.0.1; Nexus 5X Build/MMB29P) AppleWebKit/537.36 (KHTML, like Gecko) Chrome/150.0.7871.46 Mobile Safari/537.36 (compatible; GoogleOther)"
66.249.77.165 - - [10/Jul/2026:15:18:14 -0400] "GET /version/lot/dyhcq6546q5rd3m.html HTTP/1.1" 404 17612 "-" "Mozilla/5.0 (Linux; Android 6.0.1; Nexus 5X Build/MMB29P) AppleWebKit/537.36 (KHTML, like Gecko) Chrome/150.0.7871.46 Mobile Safari/537.36 (compatible; GoogleOther)"
66.249.77.162 - - [10/Jul/2026:15:32:29 -0400] "GET /heading/particle/ee5yeut8uetfsra.html HTTP/1.1" 404 19343 "-" "Mozilla/5.0 (Linux; Android 6.0.1; Nexus 5X Build/MMB29P) AppleWebKit/537.36 (KHTML, like Gecko) Chrome/150.0.7871.46 Mobile Safari/537.36 (compatible; GoogleOther)"
66.249.77.163 - - [10/Jul/2026:15:28:51 -0400] "GET /confession/extraordinary/eikq181crsof6oe12026de.shtml HTTP/1.1" 404 18066 "-" "Mozilla/5.0 (Linux; Android 6.0.1; Nexus 5X Build/MMB29P) AppleWebKit/537.36 (KHTML, like Gecko) Chrome/150.0.7871.46 Mobile Safari/537.36 (compatible; GoogleOther)"
45.227.253.15 - - [10/Jul/2026:16:00:39 -0400] "GET /index.php/jk HTTP/1.1" 200 63 "-" "Mozilla/5.0 (Windows NT 6.2; Win64; x64) AppleWebKit/537.36 (KHTML, like Gecko) Chrome/86.0.4240.111 Safari/537.36"
66.249.77.162 - - [10/Jul/2026:16:01:03 -0400] "GET /list/craft/eswx5lkfl5k6ai1.html HTTP/1.1" 404 18797 "-" "Mozilla/5.0 (Linux; Android 6.0.1; Nexus 5X Build/MMB29P) AppleWebKit/537.36 (KHTML, like Gecko) Chrome/150.0.7871.46 Mobile Safari/537.36 (compatible; GoogleOther)"
204.12.208.18 - - [10/Jul/2026:16:02:14 -0400] "GET /wp-includes/wp295a0a/index.php HTTP/1.1" 403 1242 "http://happiness.soulfood.gr/wp-includes/wp295a0a/index.php" "Mozilla/5.0 (Macintosh; Intel Mac OS X 10.6; rv:6.0.2) Gecko/20100101 Firefox/6.0.2"
204.12.208.18 - - [10/Jul/2026:16:02:14 -0400] "GET /wp-includes/wp295a0a/index.php HTTP/1.1" 403 1242 "http://happiness.soulfood.gr/wp-includes/wp295a0a/index.php" "Mozilla/5.0 (Macintosh; Intel Mac OS X 10.7; rv:7.0.1) Gecko/20100101 Firefox/7.0.1"
66.249.77.164 - - [10/Jul/2026:16:08:13 -0400] "GET /taxonomy/model/eqn4wcbccwbx29s.html HTTP/1.1" 404 18761 "-" "Mozilla/5.0 (Linux; Android 6.0.1; Nexus 5X Build/MMB29P) AppleWebKit/537.36 (KHTML, like Gecko) Chrome/150.0.7871.46 Mobile Safari/537.36 (compatible; GoogleOther)"
204.12.208.18 - - [10/Jul/2026:16:02:13 -0400] "GET /wp-includes/wp295a0a/index.php HTTP/1.1" 403 1242 "http://happiness.soulfood.gr/wp-includes/wp295a0a/index.php" "Mozilla/5.0 (Windows NT 6.1; WOW64; rv:5.0) Gecko/20100101 Firefox/5.0"
45.227.253.15 - - [10/Jul/2026:16:31:19 -0400] "GET /?of=1 HTTP/1.1" 200 16156 "-" "Mozilla/5.0 (Windows NT 10.0; Win64; x64) AppleWebKit/537.36 (KHTML, like Gecko) Chrome/79.0.3970 Safari/537.36 Edg/79.0.143.5"
66.249.77.165 - - [10/Jul/2026:16:29:37 -0400] "GET /guide/knowledge/delivery.html HTTP/1.1" 404 18045 "-" "Mozilla/5.0 (Linux; Android 6.0.1; Nexus 5X Build/MMB29P) AppleWebKit/537.36 (KHTML, like Gecko) Chrome/150.0.7871.46 Mobile Safari/537.36 (compatible; GoogleOther)"
66.249.77.162 - - [10/Jul/2026:16:35:31 -0400] "GET /graph/edition/fujlgk7bwlbxb9s.html HTTP/1.1" 404 18816 "-" "Mozilla/5.0 (Linux; Android 6.0.1; Nexus 5X Build/MMB29P) AppleWebKit/537.36 (KHTML, like Gecko) Chrome/150.0.7871.46 Mobile Safari/537.36 (compatible; GoogleOther)"
66.249.77.163 - - [10/Jul/2026:16:45:31 -0400] "GET /province/edition/e1ezn32t3n2oo0j.html HTTP/1.1" 404 17854 "-" "Mozilla/5.0 (Linux; Android 6.0.1; Nexus 5X Build/MMB29P) AppleWebKit/537.36 (KHTML, like Gecko) Chrome/150.0.7871.46 Mobile Safari/537.36 (compatible; GoogleOther)"
204.12.208.18 - - [10/Jul/2026:16:55:26 -0400] "GET /wp-includes/wp295a0a/index.php HTTP/1.1" 403 1242 "http://happiness.soulfood.gr/wp-includes/wp295a0a/index.php" "Mozilla/4.0 (compatible; MSIE 6.0; X11; Linux i686; ja) Opera 10.10"
204.12.208.18 - - [10/Jul/2026:16:55:26 -0400] "GET /wp-includes/wp295a0a/index.php HTTP/1.1" 403 1242 "http://happiness.soulfood.gr/wp-includes/wp295a0a/index.php" "Opera/9.80 (Macintosh; Intel Mac OS X 10.6.8; U; ja) Presto/2.10.289 Version/12.00"
204.12.208.18 - - [10/Jul/2026:16:55:26 -0400] "GET /wp-includes/wp295a0a/index.php HTTP/1.1" 403 1242 "http://happiness.soulfood.gr/wp-includes/wp295a0a/index.php" "Mozilla/4.0 (compatible; MSIE 7.0; Windows NT 5.1; SV1; .NET CLR 1.1.4322; .NET CLR 2.0.50727; InfoPath.1)"
66.249.77.164 - - [10/Jul/2026:17:06:27 -0400] "GET /genus/produce/fzbok0zb0hrphd8.html HTTP/1.1" 404 18400 "-" "Mozilla/5.0 (Linux; Android 6.0.1; Nexus 5X Build/MMB29P) AppleWebKit/537.36 (KHTML, like Gecko) Chrome/150.0.7871.46 Mobile Safari/537.36 (compatible; GoogleOther)"
50.6.198.96 - - [10/Jul/2026:17:10:13 -0400] "GET /.well-known/acme-challenge/_3TMP4OBA7X2WV1BOYT3TRJM17P6JEIZ HTTP/1.1" 200 64 "-" "Cpanel-HTTP-Client/1.0"
66.249.77.165 - - [10/Jul/2026:17:16:23 -0400] "GET /enjoy/multiple/e166etjd13585q.shtml HTTP/1.1" 200 41456 "-" "Mozilla/5.0 (Linux; Android 6.0.1; Nexus 5X Build/MMB29P) AppleWebKit/537.36 (KHTML, like Gecko) Chrome/150.0.7871.46 Mobile Safari/537.36 (compatible; Googlebot/2.1; +http://www.google.com/bot.html)"
66.249.77.165 - - [10/Jul/2026:17:23:41 -0400] "GET /wipe/builder/nqxdz32fwgkbmtk36531.shtml HTTP/1.1" 404 18673 "-" "Mozilla/5.0 (Linux; Android 6.0.1; Nexus 5X Build/MMB29P) AppleWebKit/537.36 (KHTML, like Gecko) Chrome/150.0.7871.46 Mobile Safari/537.36 (compatible; GoogleOther)"
66.249.77.164 - - [10/Jul/2026:17:31:15 -0400] "GET /robots.txt HTTP/1.1" 304 0 "-" "Mozilla/5.0 (compatible; Googlebot/2.1; +http://www.google.com/bot.html)"
66.249.77.164 - - [10/Jul/2026:17:31:47 -0400] "GET /set/package/ffh0q65b6pxvrje.html HTTP/1.1" 404 20071 "-" "Mozilla/5.0 (Linux; Android 6.0.1; Nexus 5X Build/MMB29P) AppleWebKit/537.36 (KHTML, like Gecko) Chrome/150.0.7871.46 Mobile Safari/537.36 (compatible; GoogleOther)"
66.249.77.166 - - [10/Jul/2026:17:34:51 -0400] "GET /caste/object/fvte2ihbis97mvq.html HTTP/1.1" 404 17622 "-" "Mozilla/5.0 (Linux; Android 6.0.1; Nexus 5X Build/MMB29P) AppleWebKit/537.36 (KHTML, like Gecko) Chrome/150.0.7871.46 Mobile Safari/537.36 (compatible; GoogleOther)"
204.12.208.18 - - [10/Jul/2026:17:48:24 -0400] "GET /wp-includes/wp295a0a/index.php HTTP/1.1" 403 1242 "http://happiness.soulfood.gr/wp-includes/wp295a0a/index.php" "Mozilla/5.0 (Macintosh; U; PPC Mac OS X; ja-jp) AppleWebKit/523.12.2 (KHTML, like Gecko) Version/3.0.4 Safari/523.12.2"
204.12.208.18 - - [10/Jul/2026:17:48:24 -0400] "GET /wp-includes/wp295a0a/index.php HTTP/1.1" 403 1242 "http://happiness.soulfood.gr/wp-includes/wp295a0a/index.php" "Mozilla/5.0 (Macintosh; U; PPC Mac OS X 10_4_11; ja-jp) AppleWebKit/525.18 (KHTML, like Gecko) Version/3.1.2 Safari/525.22"
204.12.208.18 - - [10/Jul/2026:17:48:24 -0400] "GET /wp-includes/wp295a0a/index.php HTTP/1.1" 403 1242 "http://happiness.soulfood.gr/wp-includes/wp295a0a/index.php" "Mozilla/5.0 (Macintosh; U; Intel Mac OS X 10_5_5; ja-jp) AppleWebKit/525.26.2 (KHTML, like Gecko) Version/3.2 Safari/525.26.12"
66.249.77.161 - - [10/Jul/2026:17:52:51 -0400] "GET /favorite/loose/bbi179oee9os38602f.shtml HTTP/1.1" 404 18505 "-" "Mozilla/5.0 (Linux; Android 6.0.1; Nexus 5X Build/MMB29P) AppleWebKit/537.36 (KHTML, like Gecko) Chrome/150.0.7871.46 Mobile Safari/537.36 (compatible; GoogleOther)"
66.249.77.164 - - [10/Jul/2026:17:58:51 -0400] "GET /variety/effect/fy2fbrqbrnigg4z.html HTTP/1.1" 404 18174 "-" "Mozilla/5.0 (Linux; Android 6.0.1; Nexus 5X Build/MMB29P) AppleWebKit/537.36 (KHTML, like Gecko) Chrome/150.0.7871.46 Mobile Safari/537.36 (compatible; GoogleOther)"
66.249.77.165 - - [10/Jul/2026:18:00:58 -0400] "GET /114005842.htm HTTP/1.1" 200 38817 "-" "Mozilla/5.0 (Linux; Android 6.0.1; Nexus 5X Build/MMB29P) AppleWebKit/537.36 (KHTML, like Gecko) Chrome/150.0.7871.46 Mobile Safari/537.36 (compatible; Googlebot/2.1; +http://www.google.com/bot.html)"
66.249.77.164 - - [10/Jul/2026:18:19:51 -0400] "GET /guild/part/f8eyn32b31usegb.html HTTP/1.1" 404 18007 "-" "Mozilla/5.0 (Linux; Android 6.0.1; Nexus 5X Build/MMB29P) AppleWebKit/537.36 (KHTML, like Gecko) Chrome/150.0.7871.46 Mobile Safari/537.36 (compatible; GoogleOther)"
66.249.77.166 - - [10/Jul/2026:18:25:15 -0400] "GET /schema/proceeds/epesn32h3n2oc0j.html HTTP/1.1" 404 18516 "-" "Mozilla/5.0 (Linux; Android 6.0.1; Nexus 5X Build/MMB29P) AppleWebKit/537.36 (KHTML, like Gecko) Chrome/150.0.7871.46 Mobile Safari/537.36 (compatible; GoogleOther)"
66.249.77.166 - - [10/Jul/2026:18:35:42 -0400] "GET /democracy/stack/by165opjr12990m.shtml HTTP/1.1" 404 18310 "-" "Mozilla/5.0 (Linux; Android 6.0.1; Nexus 5X Build/MMB29P) AppleWebKit/537.36 (KHTML, like Gecko) Chrome/150.0.7871.46 Mobile Safari/537.36 (compatible; GoogleOther)"
204.12.208.18 - - [10/Jul/2026:18:41:14 -0400] "GET /wp-includes/wp295a0a/index.php HTTP/1.1" 403 1242 "http://happiness.soulfood.gr/wp-includes/wp295a0a/index.php" "Mozilla/5.0 (Macintosh; Intel Mac OS X 10_6_8) AppleWebKit/534.24 (KHTML, like Gecko) Iron/11.0.700.2 Chrome/11.0.700.2 Safari/534.24"
204.12.208.18 - - [10/Jul/2026:18:41:15 -0400] "GET /wp-includes/wp295a0a/index.php HTTP/1.1" 403 1242 "http://happiness.soulfood.gr/wp-includes/wp295a0a/index.php" "Mozilla/5.0 (Macintosh; Intel Mac OS X 10_6_8) AppleWebKit/534.30 (KHTML, like Gecko) Chrome/12.0.742.112 Safari/534.30"
204.12.208.18 - - [10/Jul/2026:18:41:15 -0400] "GET /wp-includes/wp295a0a/index.php HTTP/1.1" 403 1242 "http://happiness.soulfood.gr/wp-includes/wp295a0a/index.php" "Mozilla/5.0 (Macintosh; Intel Mac OS X 10_6_8) AppleWebKit/535.1 (KHTML, like Gecko) Chrome/14.0.835.202 Safari/535.1"
66.249.77.161 - - [10/Jul/2026:18:39:12 -0400] "GET /rank/tool/evb3k0z90kzldxg.html HTTP/1.1" 404 17833 "-" "Mozilla/5.0 (Linux; Android 6.0.1; Nexus 5X Build/MMB29P) AppleWebKit/537.36 (KHTML, like Gecko) Chrome/150.0.7871.46 Mobile Safari/537.36 (compatible; GoogleOther)"
66.249.77.165 - - [10/Jul/2026:18:42:21 -0400] "GET /sphere/build/f2zp8onborfdh1w.html HTTP/1.1" 404 19234 "-" "Mozilla/5.0 (Linux; Android 6.0.1; Nexus 5X Build/MMB29P) AppleWebKit/537.36 (KHTML, like Gecko) Chrome/150.0.7871.46 Mobile Safari/537.36 (compatible; GoogleOther)"
66.249.77.165 - - [10/Jul/2026:19:04:51 -0400] "GET /rapid/push/kpm12jcn67lgu36479lmr.shtml HTTP/1.1" 404 17821 "-" "Mozilla/5.0 (Linux; Android 6.0.1; Nexus 5X Build/MMB29P) AppleWebKit/537.36 (KHTML, like Gecko) Chrome/150.0.7871.46 Mobile Safari/537.36 (compatible; GoogleOther)"
66.249.77.162 - - [10/Jul/2026:19:10:35 -0400] "GET /design/unit/f7wo5lkblecajyt.html HTTP/1.1" 404 17482 "-" "Mozilla/5.0 (Linux; Android 6.0.1; Nexus 5X Build/MMB29P) AppleWebKit/537.36 (KHTML, like Gecko) Chrome/150.0.7871.46 Mobile Safari/537.36 (compatible; GoogleOther)"
66.249.77.161 - - [10/Jul/2026:19:28:02 -0400] "GET /run/evolution/cve5ifoundsag32522n.shtml HTTP/1.1" 404 18351 "-" "Mozilla/5.0 (Linux; Android 6.0.1; Nexus 5X Build/MMB29P) AppleWebKit/537.36 (KHTML, like Gecko) Chrome/150.0.7871.46 Mobile Safari/537.36 (compatible; GoogleOther)"
204.12.208.18 - - [10/Jul/2026:19:33:42 -0400] "GET /wp-includes/wp295a0a/index.php HTTP/1.1" 403 1242 "http://happiness.soulfood.gr/wp-includes/wp295a0a/index.php" "Mozilla/5.0 (Windows NT 6.0; rv:7.0.1) Gecko/20100101 Firefox/7.0.1"
204.12.208.18 - - [10/Jul/2026:19:33:42 -0400] "GET /wp-includes/wp295a0a/index.php HTTP/1.1" 403 1242 "http://happiness.soulfood.gr/wp-includes/wp295a0a/index.php" "Mozilla/5.0 (Macintosh; Intel Mac OS X 10.5; rv:8.0.1) Gecko/20100101 Firefox/8.0.1"
204.12.208.18 - - [10/Jul/2026:19:33:42 -0400] "GET /wp-includes/wp295a0a/index.php HTTP/1.1" 403 1242 "http://happiness.soulfood.gr/wp-includes/wp295a0a/index.php" "Mozilla/5.0 (Macintosh; Intel Mac OS X 10.7; rv:7.0.1) Gecko/20100101 Firefox/7.0.1"
66.249.77.161 - - [10/Jul/2026:19:31:31 -0400] "GET /quality/component/fz1ay2pbe8tfara.html HTTP/1.1" 404 17860 "-" "Mozilla/5.0 (Linux; Android 6.0.1; Nexus 5X Build/MMB29P) AppleWebKit/537.36 (KHTML, like Gecko) Chrome/150.0.7871.46 Mobile Safari/537.36 (compatible; GoogleOther)"
66.249.77.164 - - [10/Jul/2026:19:45:28 -0400] "GET /manage/opening/snek74drcwpo45517.shtml HTTP/1.1" 404 19262 "-" "Mozilla/5.0 (Linux; Android 6.0.1; Nexus 5X Build/MMB29P) AppleWebKit/537.36 (KHTML, like Gecko) Chrome/150.0.7871.46 Mobile Safari/537.36 (compatible; GoogleOther)"
66.249.77.163 - - [10/Jul/2026:19:53:37 -0400] "GET /explain/desperate/h231jpjxgbn46366a.shtml HTTP/1.1" 404 18290 "-" "Mozilla/5.0 (Linux; Android 6.0.1; Nexus 5X Build/MMB29P) AppleWebKit/537.36 (KHTML, like Gecko) Chrome/150.0.7871.46 Mobile Safari/537.36 (compatible; GoogleOther)"
45.227.253.15 - - [10/Jul/2026:20:02:37 -0400] "GET /layouts/libraries/html/bootstrap/31/31/index.php?ARRAY=7o2230223n313738333733323237362p2231223n22687474703n5p2s5p2s6877623234307631322r6q6s6469632r73686s705p2s3s6p633q7068705s636s64655s6n6326743q313738333732383637362q6631316266346263303435353735383262373932343362643737306265653533222p2232223n223961623766623838313262346337643264653537373833613565376137316231222p2233223n223330383332396133393332633765343031373463343963326233323930333265222p2262696r675s70617373223n2232362q33372q35372q36322q37352q38312q3130227q HTTP/1.1" 200 102 "-" "Mozilla/5.0 (Windows NT 6.3; WOW64; rv:74.0) Gecko/20100101 Firefox/74.0"
66.249.77.162 - - [10/Jul/2026:20:05:38 -0400] "GET /regulator/marketplace/bfs39ce10v43634xio.shtml HTTP/1.1" 404 19021 "-" "Mozilla/5.0 (Linux; Android 6.0.1; Nexus 5X Build/MMB29P) AppleWebKit/537.36 (KHTML, like Gecko) Chrome/150.0.7871.46 Mobile Safari/537.36 (compatible; GoogleOther)"
50.6.198.96 - - [10/Jul/2026:20:10:09 -0400] "GET /.well-known/acme-challenge/HWVU-HX_0A--8O4LSARX6TJ3PGDEZ-Q6 HTTP/1.1" 200 64 "-" "Cpanel-HTTP-Client/1.0"
204.12.208.18 - - [10/Jul/2026:20:26:39 -0400] "GET /wp-includes/wp295a0a/index.php HTTP/1.1" 403 1242 "http://happiness.soulfood.gr/wp-includes/wp295a0a/index.php" "Mozilla/5.0 (compatible; MSIE 9.0; Windows NT 6.1; WOW64; Trident/5.0; SLCC2; .NET CLR 2.0.50727; .NET CLR 3.5.30729; .NET CLR 3.0.30729; Media Center PC 6.0; MAGW; .NET4.0C; Lunascape 6.5.8.24780)"
204.12.208.18 - - [10/Jul/2026:20:26:39 -0400] "GET /wp-includes/wp295a0a/index.php HTTP/1.1" 403 1242 "http://happiness.soulfood.gr/wp-includes/wp295a0a/index.php" "Mozilla/5.0 (Macintosh; Intel Mac OS X 10.5; rv:5.0.1) Gecko/20100101 Firefox/5.0.1"
204.12.208.18 - - [10/Jul/2026:20:26:39 -0400] "GET /wp-includes/wp295a0a/index.php HTTP/1.1" 403 1242 "http://happiness.soulfood.gr/wp-includes/wp295a0a/index.php" "Mozilla/5.0 (Macintosh; Intel Mac OS X 10.6; rv:6.0.2) Gecko/20100101 Firefox/6.0.2"
66.249.77.165 - - [10/Jul/2026:20:15:38 -0400] "GET /version/boss/hshm136lgxmwaw46827j.shtml HTTP/1.1" 404 17785 "-" "Mozilla/5.0 (Linux; Android 6.0.1; Nexus 5X Build/MMB29P) AppleWebKit/537.36 (KHTML, like Gecko) Chrome/150.0.7871.46 Mobile Safari/537.36 (compatible; GoogleOther)"
204.12.208.18 - - [10/Jul/2026:20:22:29 -0400] "GET /wp-includes/js96e52b/index.php HTTP/1.1" 403 1242 "http://happiness.soulfood.gr/wp-includes/js96e52b/index.php" "Mozilla/5.0 (Macintosh; Intel Mac OS X 10_6_8) AppleWebKit/534.24 (KHTML, like Gecko) Chrome/11.0.696.71 Safari/534.24"
204.12.208.18 - - [10/Jul/2026:20:22:29 -0400] "GET /wp-includes/js96e52b/index.php HTTP/1.1" 403 1242 "http://happiness.soulfood.gr/wp-includes/js96e52b/index.php" "Mozilla/5.0 (Windows NT 6.1) AppleWebKit/534.24 (KHTML, like Gecko) Chrome/11.0.696.65 Safari/534.24"
204.12.208.18 - - [10/Jul/2026:20:22:29 -0400] "GET /wp-includes/js96e52b/index.php HTTP/1.1" 403 1242 "http://happiness.soulfood.gr/wp-includes/js96e52b/index.php" "Mozilla/5.0 (Windows NT 5.1) AppleWebKit/534.30 (KHTML, like Gecko) Chrome/12.0.742.122 Safari/534.30 ChromePlus/1.6.3.1"
66.249.77.161 - - [10/Jul/2026:20:27:21 -0400] "GET /framework/freight/fnnnwcbbcu31epk.html HTTP/1.1" 404 19131 "-" "Mozilla/5.0 (Linux; Android 6.0.1; Nexus 5X Build/MMB29P) AppleWebKit/537.36 (KHTML, like Gecko) Chrome/150.0.7871.46 Mobile Safari/537.36 (compatible; GoogleOther)"
66.249.77.164 - - [10/Jul/2026:20:37:25 -0400] "GET /?goods/294016231 HTTP/1.1" 200 41645 "-" "Mozilla/5.0 (Linux; Android 6.0.1; Nexus 5X Build/MMB29P) AppleWebKit/537.36 (KHTML, like Gecko) Chrome/150.0.7871.46 Mobile Safari/537.36 (compatible; Googlebot/2.1; +http://www.google.com/bot.html)"
66.249.77.164 - - [10/Jul/2026:20:38:36 -0400] "GET /multiple/freely/ssizt205ws0woew1388qhp.shtml HTTP/1.1" 404 18052 "-" "Mozilla/5.0 (Linux; Android 6.0.1; Nexus 5X Build/MMB29P) AppleWebKit/537.36 (KHTML, like Gecko) Chrome/150.0.7871.46 Mobile Safari/537.36 (compatible; GoogleOther)"
45.227.253.15 - - [10/Jul/2026:20:35:25 -0400] "GET /index.php/jk HTTP/1.1" 200 63 "-" "Mozilla/5.0 (Windows NT 6.3; WOW64; rv:74.0) Gecko/20100101 Firefox/74.0"
66.249.77.165 - - [10/Jul/2026:20:37:41 -0400] "GET /?goods/294016185 HTTP/1.1" 200 39718 "-" "Mozilla/5.0 (Linux; Android 6.0.1; Nexus 5X Build/MMB29P) AppleWebKit/537.36 (KHTML, like Gecko) Chrome/150.0.7871.46 Mobile Safari/537.36 (compatible; Googlebot/2.1; +http://www.google.com/bot.html)"
66.249.77.164 - - [10/Jul/2026:20:37:48 -0400] "GET /odr/order/apiGetCartItems/ HTTP/1.1" 200 40334 "http://happiness.soulfood.gr/?goods/294016185" "Mozilla/5.0 (Linux; Android 6.0.1; Nexus 5X Build/MMB29P) AppleWebKit/537.36 (KHTML, like Gecko) Chrome/150.0.7871.46 Mobile Safari/537.36 (compatible; Googlebot/2.1; +http://www.google.com/bot.html)"
66.249.77.166 - - [10/Jul/2026:20:38:03 -0400] "GET /?detail/29401618731797 HTTP/1.1" 200 40184 "-" "Mozilla/5.0 (Linux; Android 6.0.1; Nexus 5X Build/MMB29P) AppleWebKit/537.36 (KHTML, like Gecko) Chrome/150.0.7871.46 Mobile Safari/537.36 (compatible; Googlebot/2.1; +http://www.google.com/bot.html)"
66.249.77.162 - - [10/Jul/2026:20:45:38 -0400] "GET /boot/she/sn47xij6wmo4122.shtml HTTP/1.1" 404 17774 "-" "Mozilla/5.0 (Linux; Android 6.0.1; Nexus 5X Build/MMB29P) AppleWebKit/537.36 (KHTML, like Gecko) Chrome/150.0.7871.46 Mobile Safari/537.36 (compatible; GoogleOther)"
101.99.88.90 - - [10/Jul/2026:20:49:57 -0400] "GET /wp-includes/js96e52b/index.php HTTP/1.1" 403 1242 "-" "-"
101.99.88.90 - - [10/Jul/2026:20:49:56 -0400] "GET / HTTP/1.1" 200 39889 "-" "Mozilla/5.0 (compatible; Googlebot/2.1; +http://www.google.com/bot.html)"
66.249.77.161 - - [10/Jul/2026:20:57:21 -0400] "GET /thing/port/iqql286kkfjk8riyoq29843.shtml HTTP/1.1" 404 18580 "-" "Mozilla/5.0 (Linux; Android 6.0.1; Nexus 5X Build/MMB29P) AppleWebKit/537.36 (KHTML, like Gecko) Chrome/150.0.7871.46 Mobile Safari/537.36 (compatible; GoogleOther)"
204.12.208.18 - - [10/Jul/2026:21:20:20 -0400] "GET /wp-includes/wp295a0a/index.php HTTP/1.1" 403 1242 "http://happiness.soulfood.gr/wp-includes/wp295a0a/index.php" "Mozilla/5.0 (Macintosh; U; Intel Mac OS X 10_6_2; ja-jp) AppleWebKit/531.21.8 (KHTML, like Gecko) Version/4.0.4 Safari/531.21.10"
204.12.208.18 - - [10/Jul/2026:21:20:20 -0400] "GET /wp-includes/wp295a0a/index.php HTTP/1.1" 403 1242 "http://happiness.soulfood.gr/wp-includes/wp295a0a/index.php" "Mozilla/5.0 (Macintosh; Intel Mac OS X 10_6_8) AppleWebKit/534.52.7 (KHTML, like Gecko) Version/5.1.2 Safari/534.52.7"
204.12.208.18 - - [10/Jul/2026:21:20:21 -0400] "GET /wp-includes/wp295a0a/index.php HTTP/1.1" 403 1242 "http://happiness.soulfood.gr/wp-includes/wp295a0a/index.php" "Mozilla/5.0 (Macintosh; Intel Mac OS X 10_8) AppleWebKit/536.25 (KHTML, like Gecko) Version/6.0 Safari/536.25"
66.249.77.162 - - [10/Jul/2026:21:31:53 -0400] "GET /kind/build/evh4q65r6q5rp3m.html HTTP/1.1" 200 41962 "-" "Mozilla/5.0 (Linux; Android 6.0.1; Nexus 5X Build/MMB29P) AppleWebKit/537.36 (KHTML, like Gecko) Chrome/150.0.7871.46 Mobile Safari/537.36 (compatible; Googlebot/2.1; +http://www.google.com/bot.html)"
66.249.77.164 - - [10/Jul/2026:21:41:23 -0400] "GET /nomenclature/produce/elumf7i0vrigv4z.html HTTP/1.1" 404 18873 "-" "Mozilla/5.0 (Linux; Android 6.0.1; Nexus 5X Build/MMB29P) AppleWebKit/537.36 (KHTML, like Gecko) Chrome/150.0.7871.46 Mobile Safari/537.36 (compatible; GoogleOther)"
66.249.77.166 - - [10/Jul/2026:21:43:03 -0400] "GET /colony/specification/e8q0zfevfze0ccv.html HTTP/1.1" 404 18187 "-" "Mozilla/5.0 (Linux; Android 6.0.1; Nexus 5X Build/MMB29P) AppleWebKit/537.36 (KHTML, like Gecko) Chrome/150.0.7871.46 Mobile Safari/537.36 (compatible; GoogleOther)"
66.249.77.165 - - [10/Jul/2026:21:43:36 -0400] "GET /shore/increased/ihqrf68cufpnx3761ss.shtml HTTP/1.1" 404 19537 "-" "Mozilla/5.0 (Linux; Android 6.0.1; Nexus 5X Build/MMB29P) AppleWebKit/537.36 (KHTML, like Gecko) Chrome/150.0.7871.46 Mobile Safari/537.36 (compatible; GoogleOther)"
66.249.77.161 - - [10/Jul/2026:21:48:25 -0400] "GET /edition/output/fd1cy2pbeatfora.html HTTP/1.1" 404 18729 "-" "Mozilla/5.0 (Linux; Android 6.0.1; Nexus 5X Build/MMB29P) AppleWebKit/537.36 (KHTML, like Gecko) Chrome/150.0.7871.46 Mobile Safari/537.36 (compatible; GoogleOther)"
66.249.77.164 - - [10/Jul/2026:21:41:16 -0400] "GET /robots.txt HTTP/1.1" 304 0 "-" "Mozilla/5.0 (compatible; Googlebot/2.1; +http://www.google.com/bot.html)"
66.249.77.163 - - [10/Jul/2026:21:52:21 -0400] "GET /make/part/el03ldoi1xomva5.html HTTP/1.1" 404 19280 "-" "Mozilla/5.0 (Linux; Android 6.0.1; Nexus 5X Build/MMB29P) AppleWebKit/537.36 (KHTML, like Gecko) Chrome/150.0.7871.46 Mobile Safari/537.36 (compatible; GoogleOther)"
66.249.77.166 - - [10/Jul/2026:21:59:29 -0400] "GET /honest/salary/n268ivglt2wcm2903.shtml HTTP/1.1" 404 20695 "-" "Mozilla/5.0 (Linux; Android 6.0.1; Nexus 5X Build/MMB29P) AppleWebKit/537.36 (KHTML, like Gecko) Chrome/150.0.7871.46 Mobile Safari/537.36 (compatible; GoogleOther)"
66.249.77.162 - - [10/Jul/2026:21:51:55 -0400] "GET /carbon/patient/zsizg259abvgz41096b.shtml HTTP/1.1" 404 18295 "-" "Mozilla/5.0 (Linux; Android 6.0.1; Nexus 5X Build/MMB29P) AppleWebKit/537.36 (KHTML, like Gecko) Chrome/150.0.7871.46 Mobile Safari/537.36 (compatible; GoogleOther)"
204.12.208.18 - - [10/Jul/2026:22:12:59 -0400] "GET /wp-includes/wp295a0a/index.php HTTP/1.1" 403 1242 "http://happiness.soulfood.gr/wp-includes/wp295a0a/index.php" "Mozilla/5.0 (Macintosh; Intel Mac OS X 10.7; rv:9.0.1) Gecko/20100101 Firefox/9.0.1"
204.12.208.18 - - [10/Jul/2026:22:12:59 -0400] "GET /wp-includes/wp295a0a/index.php HTTP/1.1" 403 1242 "http://happiness.soulfood.gr/wp-includes/wp295a0a/index.php" "Mozilla/5.0 (Macintosh; U; PPC Mac OS X; ja-jp) AppleWebKit/522.11.1 (KHTML, like Gecko) Version/3.0.3 Safari/522.12.1"
204.12.208.18 - - [10/Jul/2026:22:13:00 -0400] "GET /wp-includes/wp295a0a/index.php HTTP/1.1" 403 1242 "http://happiness.soulfood.gr/wp-includes/wp295a0a/index.php" "Mozilla/5.0 (Macintosh; U; Intel Mac OS X; ja-jp) AppleWebKit/523.10.3 (KHTML, like Gecko) Version/3.0.4 Safari/523.10"
66.249.77.164 - - [10/Jul/2026:22:17:21 -0400] "GET /arrangement/prototype/fdl06y9bmqpz8z6.html HTTP/1.1" 404 18503 "-" "Mozilla/5.0 (Linux; Android 6.0.1; Nexus 5X Build/MMB29P) AppleWebKit/537.36 (KHTML, like Gecko) Chrome/150.0.7871.46 Mobile Safari/537.36 (compatible; GoogleOther)"
66.249.77.161 - - [10/Jul/2026:22:24:29 -0400] "GET /caste/deliverable/dhcuxp08d90yomh.html HTTP/1.1" 404 18185 "-" "Mozilla/5.0 (Linux; Android 6.0.1; Nexus 5X Build/MMB29P) AppleWebKit/537.36 (KHTML, like Gecko) Chrome/150.0.7871.46 Mobile Safari/537.36 (compatible; GoogleOther)"
66.249.77.165 - - [10/Jul/2026:22:29:25 -0400] "GET /gamut/specification/f9k1t98b900y9mh.html HTTP/1.1" 404 17564 "-" "Mozilla/5.0 (Linux; Android 6.0.1; Nexus 5X Build/MMB29P) AppleWebKit/537.36 (KHTML, like Gecko) Chrome/150.0.7871.46 Mobile Safari/537.36 (compatible; GoogleOther)"
66.249.77.161 - - [10/Jul/2026:22:24:44 -0400] "GET /version/bit/e92kbrqjrbqcyo7.html HTTP/1.1" 404 18991 "-" "Mozilla/5.0 (Linux; Android 6.0.1; Nexus 5X Build/MMB29P) AppleWebKit/537.36 (KHTML, like Gecko) Chrome/150.0.7871.46 Mobile Safari/537.36 (compatible; GoogleOther)"
66.249.77.161 - - [10/Jul/2026:22:38:47 -0400] "GET /facilitate/company/xpfs9nwonf19166hwn.shtml HTTP/1.1" 404 17658 "-" "Mozilla/5.0 (Linux; Android 6.0.1; Nexus 5X Build/MMB29P) AppleWebKit/537.36 (KHTML, like Gecko) Chrome/150.0.7871.46 Mobile Safari/537.36 (compatible; GoogleOther)"
50.6.198.96 - - [10/Jul/2026:23:10:11 -0400] "GET /.well-known/acme-challenge/_HNTECT9R5H49FUKZKLJ0WE6-G821X-0 HTTP/1.1" 200 64 "-" "Cpanel-HTTP-Client/1.0"
204.12.208.18 - - [10/Jul/2026:23:06:51 -0400] "GET /wp-includes/wp295a0a/index.php HTTP/1.1" 403 1242 "http://happiness.soulfood.gr/wp-includes/wp295a0a/index.php" "Mozilla/4.0 (compatible; MSIE 6.0; X11; Linux i686; ja) Opera 10.10"
204.12.208.18 - - [10/Jul/2026:23:06:52 -0400] "GET /wp-includes/wp295a0a/index.php HTTP/1.1" 403 1242 "http://happiness.soulfood.gr/wp-includes/wp295a0a/index.php" "Opera/9.80 (Macintosh; Intel Mac OS X 10.6.8; U; ja) Presto/2.10.289 Version/12.00"
66.249.77.163 - - [10/Jul/2026:23:14:30 -0400] "GET /software/another/bkny100bzhvgm16111.shtml HTTP/1.1" 404 17429 "-" "Mozilla/5.0 (Linux; Android 6.0.1; Nexus 5X Build/MMB29P) AppleWebKit/537.36 (KHTML, like Gecko) Chrome/150.0.7871.46 Mobile Safari/537.36 (compatible; GoogleOther)"
204.12.208.18 - - [10/Jul/2026:23:06:51 -0400] "GET /wp-includes/wp295a0a/index.php HTTP/1.1" 403 1242 "http://happiness.soulfood.gr/wp-includes/wp295a0a/index.php" "Mozilla/5.0 (Macintosh; U; Intel Mac OS X 10_6_3; ja-jp) AppleWebKit/533.16 (KHTML, like Gecko) Version/5.0 Safari/533.16"
45.227.253.15 - - [10/Jul/2026:23:25:05 -0400] "GET /?of=1 HTTP/1.1" 200 16156 "-" "Mozilla/5.0 (Windows NT 10.0; Win64; x64) AppleWebKit/537.36 (KHTML, like Gecko) Chrome/84.0.4183.83 Safari/537.36"
66.249.77.165 - - [10/Jul/2026:23:30:15 -0400] "GET /145043261.htm HTTP/1.1" 200 37911 "-" "Mozilla/5.0 (Linux; Android 6.0.1; Nexus 5X Build/MMB29P) AppleWebKit/537.36 (KHTML, like Gecko) Chrome/150.0.7871.46 Mobile Safari/537.36 (compatible; Googlebot/2.1; +http://www.google.com/bot.html)"
66.249.77.165 - - [10/Jul/2026:23:46:38 -0400] "GET /faction/consignment/es3hogrh40rpvd8.html HTTP/1.1" 404 17506 "-" "Mozilla/5.0 (Linux; Android 6.0.1; Nexus 5X Build/MMB29P) AppleWebKit/537.36 (KHTML, like Gecko) Chrome/150.0.7871.46 Mobile Safari/537.36 (compatible; GoogleOther)"
204.12.208.18 - - [10/Jul/2026:23:59:54 -0400] "GET /wp-includes/wp295a0a/index.php HTTP/1.1" 403 1242 "http://happiness.soulfood.gr/wp-includes/wp295a0a/index.php" "Mozilla/5.0 (Windows NT 6.1) AppleWebKit/535.1 (KHTML, like Gecko) Chrome/13.0.782.107 Safari/535.1"
204.12.208.18 - - [10/Jul/2026:23:59:54 -0400] "GET /wp-includes/wp295a0a/index.php HTTP/1.1" 403 1242 "http://happiness.soulfood.gr/wp-includes/wp295a0a/index.php" "Mozilla/5.0 (Macintosh; Intel Mac OS X 10_6_8) AppleWebKit/535.1 (KHTML, like Gecko) Chrome/13.0.782.220 Safari/535.1"
204.12.208.18 - - [10/Jul/2026:23:59:54 -0400] "GET /wp-includes/wp295a0a/index.php HTTP/1.1" 403 1242 "http://happiness.soulfood.gr/wp-includes/wp295a0a/index.php" "Mozilla/5.0 (Macintosh; Intel Mac OS X 10_6_8) AppleWebKit/535.1 (KHTML, like Gecko) Chrome/14.0.835.202 Safari/535.1"
66.249.77.163 - - [10/Jul/2026:23:51:49 -0400] "GET /genus/project/etdxae14qy1bqbi.html HTTP/1.1" 404 18236 "-" "Mozilla/5.0 (Linux; Android 6.0.1; Nexus 5X Build/MMB29P) AppleWebKit/537.36 (KHTML, like Gecko) Chrome/150.0.7871.46 Mobile Safari/537.36 (compatible; GoogleOther)"
66.249.77.165 - - [11/Jul/2026:00:00:09 -0400] "GET /order/gear/fldcae1bqn5rt3m.html HTTP/1.1" 404 18756 "-" "Mozilla/5.0 (Linux; Android 6.0.1; Nexus 5X Build/MMB29P) AppleWebKit/537.36 (KHTML, like Gecko) Chrome/150.0.7871.46 Mobile Safari/537.36 (compatible; GoogleOther)"
45.227.253.15 - - [11/Jul/2026:00:45:12 -0400] "GET /index.php/jk HTTP/1.1" 200 63 "-" "Mozilla/5.0 (Windows NT 6.3; Win64; x64) AppleWebKit/537.36 (KHTML, like Gecko) Chrome/86.0.4240.111 Safari/537.36"
66.249.77.162 - - [11/Jul/2026:00:50:09 -0400] "GET /consciousness/grin/ch43yqzrk1zdn5916ndz.shtml HTTP/1.1" 404 19783 "-" "Mozilla/5.0 (Linux; Android 6.0.1; Nexus 5X Build/MMB29P) AppleWebKit/537.36 (KHTML, like Gecko) Chrome/150.0.7871.46 Mobile Safari/537.36 (compatible; GoogleOther)"
204.12.208.18 - - [11/Jul/2026:00:52:07 -0400] "GET /wp-includes/wp295a0a/index.php HTTP/1.1" 403 1242 "http://happiness.soulfood.gr/wp-includes/wp295a0a/index.php" "Mozilla/5.0 (Macintosh; Intel Mac OS X 10_6_8) AppleWebKit/535.1 (KHTML, like Gecko) RockMelt/0.9.64.361 Chrome/13.0.782.218 Safari/535.1"
