204.12.208.18 - - [11/Jul/2026:00:52:08 -0400] "GET /wp-includes/wp295a0a/index.php HTTP/1.1" 403 1242 "http://happiness.soulfood.gr/wp-includes/wp295a0a/index.php" "Mozilla/5.0 (Macintosh; Intel Mac OS X 10_6_8) AppleWebKit/535.1 (KHTML, like Gecko) Chrome/13.0.782.220 Safari/535.1"
204.12.208.18 - - [11/Jul/2026:00:52:08 -0400] "GET /wp-includes/wp295a0a/index.php HTTP/1.1" 403 1242 "http://happiness.soulfood.gr/wp-includes/wp295a0a/index.php" "Mozilla/5.0 (Macintosh; Intel Mac OS X 10_6_8) AppleWebKit/535.1 (KHTML, like Gecko) Chrome/14.0.835.202 Safari/535.1"
66.249.77.162 - - [11/Jul/2026:00:59:45 -0400] "GET /suite/theology/ajs17ilvaxya35430.shtml HTTP/1.1" 404 17609 "-" "Mozilla/5.0 (Linux; Android 6.0.1; Nexus 5X Build/MMB29P) AppleWebKit/537.36 (KHTML, like Gecko) Chrome/150.0.7871.46 Mobile Safari/537.36 (compatible; GoogleOther)"
66.249.77.163 - - [11/Jul/2026:01:20:00 -0400] "GET /enjoy/multiple/e166etjd13585q.shtml HTTP/1.1" 200 41433 "-" "Mozilla/5.0 (Linux; Android 6.0.1; Nexus 5X Build/MMB29P) AppleWebKit/537.36 (KHTML, like Gecko) Chrome/150.0.7871.46 Mobile Safari/537.36 (compatible; Googlebot/2.1; +http://www.google.com/bot.html)"
66.249.77.161 - - [11/Jul/2026:01:22:52 -0400] "GET /ctg/apiAllLCate/ HTTP/1.1" 200 39691 "http://happiness.soulfood.gr/enjoy/multiple/e166etjd13585q.shtml" "Mozilla/5.0 (Linux; Android 6.0.1; Nexus 5X Build/MMB29P) AppleWebKit/537.36 (KHTML, like Gecko) Chrome/150.0.7871.46 Mobile Safari/537.36 (compatible; Googlebot/2.1; +http://www.google.com/bot.html)"
66.249.77.161 - - [11/Jul/2026:01:22:53 -0400] "GET /resource/js/json/megadrop_2015new.json HTTP/1.1" 200 37664 "http://happiness.soulfood.gr/enjoy/multiple/e166etjd13585q.shtml" "Mozilla/5.0 (Linux; Android 6.0.1; Nexus 5X Build/MMB29P) AppleWebKit/537.36 (KHTML, like Gecko) Chrome/150.0.7871.46 Mobile Safari/537.36 (compatible; Googlebot/2.1; +http://www.google.com/bot.html)"
66.249.77.161 - - [11/Jul/2026:01:25:52 -0400] "GET /matrix/career/eq1oy2pjempzzz6.html HTTP/1.1" 404 18564 "-" "Mozilla/5.0 (Linux; Android 6.0.1; Nexus 5X Build/MMB29P) AppleWebKit/537.36 (KHTML, like Gecko) Chrome/150.0.7871.46 Mobile Safari/537.36 (compatible; GoogleOther)"
66.249.77.162 - - [11/Jul/2026:01:22:26 -0400] "GET /odr/order/apiGetCartItems/ HTTP/1.1" 200 40596 "http://happiness.soulfood.gr/enjoy/multiple/e166etjd13585q.shtml" "Mozilla/5.0 (Linux; Android 6.0.1; Nexus 5X Build/MMB29P) AppleWebKit/537.36 (KHTML, like Gecko) Chrome/150.0.7871.46 Mobile Safari/537.36 (compatible; Googlebot/2.1; +http://www.google.com/bot.html)"
101.99.88.90 - - [11/Jul/2026:01:29:54 -0400] "GET /wp-includes/js96e52b/index.php HTTP/1.1" 403 1242 "-" "-"
66.249.77.163 - - [11/Jul/2026:01:37:15 -0400] "GET /161027827.htm HTTP/1.1" 404 18435 "-" "Mozilla/5.0 (Linux; Android 6.0.1; Nexus 5X Build/MMB29P) AppleWebKit/537.36 (KHTML, like Gecko) Chrome/150.0.7871.46 Mobile Safari/537.36 (compatible; GoogleOther)"
204.12.208.18 - - [11/Jul/2026:01:44:09 -0400] "GET /wp-includes/wp295a0a/index.php HTTP/1.1" 403 1242 "http://happiness.soulfood.gr/wp-includes/wp295a0a/index.php" "Mozilla/5.0 (Macintosh; Intel Mac OS X 10_6_8) AppleWebKit/535.7 (KHTML, like Gecko) Chrome/16.0.912.75 Safari/535.7"
204.12.208.18 - - [11/Jul/2026:01:44:09 -0400] "GET /wp-includes/wp295a0a/index.php HTTP/1.1" 403 1242 "http://happiness.soulfood.gr/wp-includes/wp295a0a/index.php" "Mozilla/5.0 (Windows NT 6.1; WOW64; rv:5.0) Gecko/20100101 Firefox/5.0"
204.12.208.18 - - [11/Jul/2026:01:44:10 -0400] "GET /wp-includes/wp295a0a/index.php HTTP/1.1" 403 1242 "http://happiness.soulfood.gr/wp-includes/wp295a0a/index.php" "Mozilla/5.0 (Macintosh; Intel Mac OS X 10.6; rv:6.0.2) Gecko/20100101 Firefox/6.0.2"
101.99.88.90 - - [11/Jul/2026:01:29:53 -0400] "GET / HTTP/1.1" 200 39874 "-" "Mozilla/5.0 (compatible; Googlebot/2.1; +http://www.google.com/bot.html)"
66.249.77.161 - - [11/Jul/2026:02:18:52 -0400] "GET /robots.txt HTTP/1.1" 304 0 "-" "Mozilla/5.0 (compatible; Googlebot/2.1; +http://www.google.com/bot.html)"
66.249.77.162 - - [11/Jul/2026:02:18:53 -0400] "GET /call/execute/uk217pmdwx24320.shtml HTTP/1.1" 404 18482 "-" "Mozilla/5.0 (Linux; Android 6.0.1; Nexus 5X Build/MMB29P) AppleWebKit/537.36 (KHTML, like Gecko) Chrome/150.0.7871.46 Mobile Safari/537.36 (compatible; GoogleOther)"
66.249.77.164 - - [11/Jul/2026:02:43:36 -0400] "GET /custody/arrive/dto158kwebkauk34275.shtml HTTP/1.1" 404 17531 "-" "Mozilla/5.0 (Linux; Android 6.0.1; Nexus 5X Build/MMB29P) AppleWebKit/537.36 (KHTML, like Gecko) Chrome/150.0.7871.46 Mobile Safari/537.36 (compatible; GoogleOther)"
204.12.208.18 - - [11/Jul/2026:02:37:11 -0400] "GET /wp-includes/wp295a0a/index.php HTTP/1.1" 403 1242 "http://happiness.soulfood.gr/wp-includes/wp295a0a/index.php" "Mozilla/5.0 (Windows NT 6.0; rv:7.0.1) Gecko/20100101 Firefox/7.0.1"
204.12.208.18 - - [11/Jul/2026:02:37:11 -0400] "GET /wp-includes/wp295a0a/index.php HTTP/1.1" 403 1242 "http://happiness.soulfood.gr/wp-includes/wp295a0a/index.php" "Mozilla/5.0 (Macintosh; Intel Mac OS X 10.7; rv:7.0.1) Gecko/20100101 Firefox/7.0.1"
204.12.208.18 - - [11/Jul/2026:02:37:11 -0400] "GET /wp-includes/wp295a0a/index.php HTTP/1.1" 403 1242 "http://happiness.soulfood.gr/wp-includes/wp295a0a/index.php" "Mozilla/5.0 (Macintosh; Intel Mac OS X 10.5; rv:8.0.1) Gecko/20100101 Firefox/8.0.1"
204.12.208.18 - - [11/Jul/2026:03:31:20 -0400] "GET /wp-includes/wp295a0a/index.php HTTP/1.1" 403 1242 "http://happiness.soulfood.gr/wp-includes/wp295a0a/index.php" "Mozilla/5.0 (Macintosh; U; Intel Mac OS X 10_5_6; ja-jp) AppleWebKit/528.16 (KHTML, like Gecko) Version/4.0 Safari/528.16"
204.12.208.18 - - [11/Jul/2026:03:31:20 -0400] "GET /wp-includes/wp295a0a/index.php HTTP/1.1" 403 1242 "http://happiness.soulfood.gr/wp-includes/wp295a0a/index.php" "Mozilla/5.0 (Macintosh; U; Intel Mac OS X 10_5_5; ja-jp) AppleWebKit/525.26.2 (KHTML, like Gecko) Version/3.2 Safari/525.26.12"
204.12.208.18 - - [11/Jul/2026:03:31:20 -0400] "GET /wp-includes/wp295a0a/index.php HTTP/1.1" 403 1242 "http://happiness.soulfood.gr/wp-includes/wp295a0a/index.php" "Mozilla/5.0 (Macintosh; U; Intel Mac OS X 10_6_2; ja-jp) AppleWebKit/531.21.8 (KHTML, like Gecko) Version/4.0.4 Safari/531.21.10"
204.12.208.18 - - [11/Jul/2026:04:19:45 -0400] "GET /wp-includes/js96e52b/index.php HTTP/1.1" 403 1242 "http://happiness.soulfood.gr/wp-includes/js96e52b/index.php" "Mozilla/5.0 (Windows NT 6.1; WOW64) AppleWebKit/535.1 (KHTML, like Gecko) Chrome/14.0.835.202 Safari/535.1"
204.12.208.18 - - [11/Jul/2026:04:23:54 -0400] "GET /wp-includes/wp295a0a/index.php HTTP/1.1" 403 1242 "http://happiness.soulfood.gr/wp-includes/wp295a0a/index.php" "Mozilla/5.0 (Macintosh; U; Intel Mac OS X 10_6_2; ja-jp) AppleWebKit/531.21.8 (KHTML, like Gecko) Version/4.0.4 Safari/531.21.10"
204.12.208.18 - - [11/Jul/2026:04:23:54 -0400] "GET /wp-includes/wp295a0a/index.php HTTP/1.1" 403 1242 "http://happiness.soulfood.gr/wp-includes/wp295a0a/index.php" "Mozilla/5.0 (Macintosh; U; Intel Mac OS X 10_6_3; ja-jp) AppleWebKit/531.21.11 (KHTML, like Gecko) Version/4.0.4 Safari/531.21.10"
204.12.208.18 - - [11/Jul/2026:04:23:54 -0400] "GET /wp-includes/wp295a0a/index.php HTTP/1.1" 403 1242 "http://happiness.soulfood.gr/wp-includes/wp295a0a/index.php" "Mozilla/5.0 (Macintosh; U; Intel Mac OS X 10_6_3; ja-jp) AppleWebKit/533.16 (KHTML, like Gecko) Version/5.0 Safari/533.16"
204.12.208.18 - - [11/Jul/2026:04:19:45 -0400] "GET /wp-includes/js96e52b/index.php HTTP/1.1" 403 1242 "http://happiness.soulfood.gr/wp-includes/js96e52b/index.php" "Mozilla/5.0 (Macintosh; Intel Mac OS X 10_6_8) AppleWebKit/535.1 (KHTML, like Gecko) Chrome/13.0.782.112 Safari/535.1"
204.12.208.18 - - [11/Jul/2026:04:19:47 -0400] "GET /wp-includes/js96e52b/index.php HTTP/1.1" 403 1242 "http://happiness.soulfood.gr/wp-includes/js96e52b/index.php" "Mozilla/5.0 (Macintosh; Intel Mac OS X 10_6_8) AppleWebKit/535.7 (KHTML, like Gecko) Chrome/16.0.912.75 Safari/535.7"
66.249.77.164 - - [11/Jul/2026:04:15:47 -0400] "GET /section/case/e84n15sqhps2x29.html HTTP/1.1" 404 18634 "-" "Mozilla/5.0 (Linux; Android 6.0.1; Nexus 5X Build/MMB29P) AppleWebKit/537.36 (KHTML, like Gecko) Chrome/150.0.7871.46 Mobile Safari/537.36 (compatible; GoogleOther)"
85.11.167.136 - - [11/Jul/2026:04:41:46 -0400] "GET / HTTP/1.1" 301 0 "-" "Mozilla/5.0 (Windows NT 10.0; Win64; x64) AppleWebKit/537.36 Chrome/114.0.5735.110 Safari/537.36"
85.11.167.136 - - [11/Jul/2026:04:41:47 -0400] "GET /media/legacy/js/jquery-noconflict.min.js?04499b98c0305b16b373dff09fe79d1290976288 HTTP/1.1" 200 26 "-" "Mozilla/5.0 (Windows NT 10.0; Win64; x64) AppleWebKit/537.36 Chrome/114.0.5735.110 Safari/537.36"
85.11.167.136 - - [11/Jul/2026:04:41:48 -0400] "GET /t3-assets/js/js-17854-03526.js HTTP/1.1" 200 87664 "-" "Mozilla/5.0 (X11; Linux x86_64) AppleWebKit/537.36 Chrome/113.0.0.0 Safari/537.36"
85.11.167.136 - - [11/Jul/2026:04:41:48 -0400] "GET /media/system/js/messages.min.js?7425e8d1cb9e4f061d5e30271d6d99b085344117 HTTP/1.1" 200 1710 "-" "Mozilla/5.0 (Macintosh; Intel Mac OS X 10_15_7) AppleWebKit/605.1.15 (KHTML, like Gecko) Version/15.1 Safari/605.1.15"
85.11.167.136 - - [11/Jul/2026:04:41:49 -0400] "GET /media/vendor/jquery/js/jquery.min.js?3.6.3 HTTP/1.1" 200 31133 "-" "Mozilla/5.0 (Macintosh; Intel Mac OS X 10_15_7) AppleWebKit/605.1.15 (KHTML, like Gecko) Version/15.1 Safari/605.1.15"
85.11.167.136 - - [11/Jul/2026:04:41:47 -0400] "GET /media/system/js/core.min.js?576eb51da909dcf692c98643faa6fc89629ead18 HTTP/1.1" 200 3174 "-" "Mozilla/5.0 (Windows NT 10.0; Win64; x64) AppleWebKit/537.36 Chrome/114.0.5735.110 Safari/537.36"
85.11.167.136 - - [11/Jul/2026:04:41:48 -0400] "GET /media/system/js/messages-es5.min.js?44e3f60beada646706be6569e75b36f7cf293bf9 HTTP/1.1" 200 2878 "-" "Mozilla/5.0 (Windows NT 10.0; Win64; x64) AppleWebKit/537.36 Chrome/114.0.5735.110 Safari/537.36"
101.99.88.90 - - [11/Jul/2026:05:58:18 -0400] "GET / HTTP/1.1" 200 39431 "-" "Mozilla/5.0 (compatible; Googlebot/2.1; +http://www.google.com/bot.html)"
101.99.88.90 - - [11/Jul/2026:05:58:19 -0400] "GET /wp-includes/js96e52b/index.php HTTP/1.1" 403 1242 "-" "-"
198.235.24.184 - - [11/Jul/2026:05:55:05 -0400] "GET / HTTP/1.1" 403 0 "-" "Hello from Palo Alto Networks, find out more about our scans in https://docs-cortex.paloaltonetworks.com/r/1/Cortex-Xpanse/Scanning-activity"
66.249.77.166 - - [11/Jul/2026:06:50:56 -0400] "GET /robots.txt HTTP/1.1" 304 0 "-" "Mozilla/5.0 (compatible; Googlebot/2.1; +http://www.google.com/bot.html)"
178.128.104.103 - - [11/Jul/2026:06:45:50 -0400] "GET /license.txt HTTP/1.1" 403 0 "-" "python-requests/2.27.1"
66.249.77.165 - - [11/Jul/2026:06:50:56 -0400] "GET /project/part/iarvy60uoebyaeuc6181d.shtml HTTP/1.1" 200 40013 "-" "Mozilla/5.0 (Linux; Android 6.0.1; Nexus 5X Build/MMB29P) AppleWebKit/537.36 (KHTML, like Gecko) Chrome/150.0.7871.46 Mobile Safari/537.36 (compatible; Googlebot/2.1; +http://www.google.com/bot.html)"
101.99.88.90 - - [11/Jul/2026:07:14:59 -0400] "GET / HTTP/1.1" 200 39876 "-" "Mozilla/5.0 (compatible; Googlebot/2.1; +http://www.google.com/bot.html)"
66.249.77.165 - - [11/Jul/2026:07:12:46 -0400] "GET /ctg/apiAllLCate/ HTTP/1.1" 200 39895 "http://happiness.soulfood.gr/125044751.htm" "Mozilla/5.0 (Linux; Android 6.0.1; Nexus 5X Build/MMB29P) AppleWebKit/537.36 (KHTML, like Gecko) Chrome/150.0.7871.46 Mobile Safari/537.36 (compatible; Googlebot/2.1; +http://www.google.com/bot.html)"
66.249.77.165 - - [11/Jul/2026:07:12:46 -0400] "GET /resource/js/json/megadrop_2015new.json HTTP/1.1" 200 37634 "http://happiness.soulfood.gr/125044751.htm" "Mozilla/5.0 (Linux; Android 6.0.1; Nexus 5X Build/MMB29P) AppleWebKit/537.36 (KHTML, like Gecko) Chrome/150.0.7871.46 Mobile Safari/537.36 (compatible; Googlebot/2.1; +http://www.google.com/bot.html)"
101.99.88.90 - - [11/Jul/2026:07:15:00 -0400] "GET /wp-includes/js96e52b/index.php HTTP/1.1" 403 1242 "-" "-"
204.12.208.18 - - [11/Jul/2026:07:53:02 -0400] "GET /wp-includes/js96e52b/index.php HTTP/1.1" 403 1242 "http://happiness.soulfood.gr/wp-includes/js96e52b/index.php" "Mozilla/5.0 (Macintosh; Intel Mac OS X 10_7_2) AppleWebKit/535.2 (KHTML, like Gecko) Chrome/15.0.874.106 Safari/535.2"
204.12.208.18 - - [11/Jul/2026:07:53:02 -0400] "GET /wp-includes/js96e52b/index.php HTTP/1.1" 403 1242 "http://happiness.soulfood.gr/wp-includes/js96e52b/index.php" "Mozilla/5.0 (Macintosh; Intel Mac OS X 10_6_8) AppleWebKit/535.7 (KHTML, like Gecko) Chrome/16.0.912.75 Safari/535.7"
204.12.208.18 - - [11/Jul/2026:07:53:02 -0400] "GET /wp-includes/js96e52b/index.php HTTP/1.1" 403 1242 "http://happiness.soulfood.gr/wp-includes/js96e52b/index.php" "Mozilla/5.0 (Windows NT 5.1) AppleWebKit/535.2 (KHTML, like Gecko) Chrome/15.0.874.120 Safari/535.2"
/home/hrpsychology/lscache/a/../../logs/happiness.soulfood.gr.bkup