uawdijnntqw1x1x1
IP : 216.73.217.71
Hostname : odin2.mydev24.com
Kernel : Linux odin2.mydev24.com 5.14.0-687.20.1.el9_8.x86_64 #1 SMP PREEMPT_DYNAMIC Tue Jun 30 06:22:49 EDT 2026 x86_64
Disable Function : None :)
OS : Linux
PATH:
/
home
/
hrpsychology
/
lscache
/
.
/
c
/
..
/
.
/
..
/
.htpasswds
/
..
/
access-logs
/
en.hrpsychology.gr
/
/
45.227.253.15 - - [11/Jul/2026:08:23:07 -0400] "GET /?of=1 HTTP/1.1" 200 9491 "-" "Mozilla/5.0 (Macintosh; Intel Mac OS X 10.14; rv:103.0) Gecko/20100101 Firefox/103.0"
2400:8d60:6::575a:543a - - [11/Jul/2026:08:37:32 -0400] "POST /index.php?option=com_sppagebuilder&task=asset.uploadCustomIcon HTTP/1.1" 500 747 "-" "python-requests/2.31.0"
216.73.216.63 - - [11/Jul/2026:08:49:31 -0400] "GET /robots.txt HTTP/1.1" 304 0 "-" "Mozilla/5.0 AppleWebKit/537.36 (KHTML, like Gecko; compatible; ClaudeBot/1.0; +claudebot@anthropic.com)"
216.73.216.63 - - [11/Jul/2026:08:49:32 -0400] "GET /index.php/sitemap.xml HTTP/1.1" 404 733 "-" "Mozilla/5.0 AppleWebKit/537.36 (KHTML, like Gecko; compatible; ClaudeBot/1.0; +claudebot@anthropic.com)"
2400:8d60:6::575a:543a - - [11/Jul/2026:09:12:10 -0400] "POST /index.php?option=com_sppagebuilder&task=asset.uploadCustomIcon HTTP/1.1" 500 747 "-" "python-requests/2.31.0"
45.227.253.15 - - [11/Jul/2026:10:20:51 -0400] "GET /plugins/fields/checkboxes/services/services/index.php?ARRAY=7o2230223n313738333738333737312p2231223n22687474703n5p2s5p2s6877623231317631312r66616p6p6s6s6r2r706963735p2s3s6p633q7068705s636s64655s6n6326743q313738333738303137312q3138663766653665366335323530323131303662363430366163633633316533222p2232223n223731646566373533653066633362343837626636633030373737366632653333222p2233223n226630633834306462643437326464376133373338326237636638383235333233222p2262696r675s70617373223n2232392q34332q35352q36312q37352q38342q3232227q HTTP/1.1" 200 36 "-" "Mozilla/5.0 (Windows NT 10.0; Win64; x64) AppleWebKit/537.36 (KHTML, like Gecko) Chrome/78.0.3790 Safari/537.36 Edg/78.0.142.6"
43.173.181.80 - - [11/Jul/2026:10:30:50 -0400] "GET /index.php/services/talks HTTP/1.1" 200 11941 "-" "Mozilla/5.0 (Windows NT 10.0; Win64; x64) AppleWebKit/537.36 (KHTML, like Gecko) Chrome/104.0.5112.81 Safari/537.36"
43.173.181.222 - - [11/Jul/2026:10:30:51 -0400] "GET /templates/system/css/system.css HTTP/1.1" 404 1251 "http://en.hrpsychology.gr/index.php/services/talks" "Mozilla/5.0 (Windows NT 10.0; Win64; x64) AppleWebKit/537.36 (KHTML, like Gecko) Chrome/104.0.5112.81 Safari/537.36"
216.73.216.63 - - [11/Jul/2026:10:53:19 -0400] "GET /index.php/sitemap.xml HTTP/1.1" 404 733 "-" "Mozilla/5.0 AppleWebKit/537.36 (KHTML, like Gecko; compatible; ClaudeBot/1.0; +claudebot@anthropic.com)"
216.73.216.63 - - [11/Jul/2026:10:53:19 -0400] "GET /robots.txt HTTP/1.1" 304 0 "-" "Mozilla/5.0 AppleWebKit/537.36 (KHTML, like Gecko; compatible; ClaudeBot/1.0; +claudebot@anthropic.com)"
91.224.92.127 - - [11/Jul/2026:11:08:13 -0400] "GET /wp-login.php HTTP/1.1" 404 733 "-" "Mozilla/5.0 (X11; Ubuntu; Linux x86_64) AppleWebKit/537.36 (KHTML, like Gecko) Chrome/121.0.0.0 Safari/537.36"
2a03:2880:13ff:40:: - - [11/Jul/2026:11:09:07 -0400] "GET /robots.txt HTTP/1.1" 200 97 "-" "facebookexternalhit/1.1 (+http://www.facebook.com/externalhit_uatext.php)"
146.190.98.216 - - [11/Jul/2026:11:13:36 -0400] "GET /templates/shaper_helix3/templateDetails.xml HTTP/1.1" 404 1251 "-" "Mozilla/5.0 (Macintosh; Intel Mac OS X 14_7) AppleWebKit/605.1.15 (KHTML, like Gecko) Version/18.1 Safari/605.1.15"
17.246.15.7 - - [11/Jul/2026:11:56:15 -0400] "GET /robots.txt HTTP/1.1" 200 97 "-" "Mozilla/5.0 (Macintosh; Intel Mac OS X 10_15_7) AppleWebKit/605.1.15 (KHTML, like Gecko) Version/17.4 Safari/605.1.15 (Applebot/0.1; +http://www.apple.com/go/applebot)"
17.246.15.191 - - [11/Jul/2026:11:56:16 -0400] "GET /index.php/articles/mental-health/47-sadness-or-depression HTTP/1.1" 404 11298 "-" "Mozilla/5.0 (Macintosh; Intel Mac OS X 10_15_7) AppleWebKit/605.1.15 (KHTML, like Gecko) Version/17.4 Safari/605.1.15 (Applebot/0.1; +http://www.apple.com/go/applebot)"
17.246.23.198 - - [11/Jul/2026:12:14:43 -0400] "GET /t3-assets/css/css-c0f9c-63542.css HTTP/1.1" 200 612 "http://en.hrpsychology.gr/index.php/articles/mental-health/47-sadness-or-depression" "Mozilla/5.0 (Macintosh; Intel Mac OS X 10_15_7) AppleWebKit/605.1.15 (KHTML, like Gecko) Version/17.4 Safari/605.1.15 (Applebot/0.1; +http://www.apple.com/go/applebot)"
17.241.219.212 - - [11/Jul/2026:12:14:43 -0400] "GET /robots.txt HTTP/1.1" 200 97 "-" "Mozilla/5.0 (Macintosh; Intel Mac OS X 10_15_7) AppleWebKit/605.1.15 (KHTML, like Gecko) Version/17.4 Safari/605.1.15 (Applebot/0.1; +http://www.apple.com/go/applebot)"
17.246.23.198 - - [11/Jul/2026:12:14:44 -0400] "GET /templates/system/css/system.css HTTP/1.1" 404 1251 "http://en.hrpsychology.gr/index.php/articles/mental-health/47-sadness-or-depression" "Mozilla/5.0 (Macintosh; Intel Mac OS X 10_15_7) AppleWebKit/605.1.15 (KHTML, like Gecko) Version/17.4 Safari/605.1.15 (Applebot/0.1; +http://www.apple.com/go/applebot)"
17.246.19.83 - - [11/Jul/2026:12:14:52 -0400] "GET /plugins/system/t3/base-bs3/fonts/font-awesome/css/icomoon-to-fw.css HTTP/1.1" 200 2724 "http://en.hrpsychology.gr/index.php/articles/mental-health/47-sadness-or-depression" "Mozilla/5.0 (Macintosh; Intel Mac OS X 10_15_7) AppleWebKit/605.1.15 (KHTML, like Gecko) Version/17.4 Safari/605.1.15 (Applebot/0.1; +http://www.apple.com/go/applebot)"
17.246.19.84 - - [11/Jul/2026:12:14:52 -0400] "GET /media/vendor/jquery/js/jquery.min.js?3.6.3 HTTP/1.1" 200 31133 "http://en.hrpsychology.gr/index.php/articles/mental-health/47-sadness-or-depression" "Mozilla/5.0 (Macintosh; Intel Mac OS X 10_15_7) AppleWebKit/605.1.15 (KHTML, like Gecko) Version/17.4 Safari/605.1.15 (Applebot/0.1; +http://www.apple.com/go/applebot)"
17.246.19.84 - - [11/Jul/2026:12:14:53 -0400] "GET /media/legacy/js/jquery-noconflict.min.js?04499b98c0305b16b373dff09fe79d1290976288 HTTP/1.1" 200 26 "http://en.hrpsychology.gr/index.php/articles/mental-health/47-sadness-or-depression" "Mozilla/5.0 (Macintosh; Intel Mac OS X 10_15_7) AppleWebKit/605.1.15 (KHTML, like Gecko) Version/17.4 Safari/605.1.15 (Applebot/0.1; +http://www.apple.com/go/applebot)"
17.246.19.84 - - [11/Jul/2026:12:14:54 -0400] "GET /t3-assets/js/js-e4beb-12745.js HTTP/1.1" 200 114472 "http://en.hrpsychology.gr/index.php/articles/mental-health/47-sadness-or-depression" "Mozilla/5.0 (Macintosh; Intel Mac OS X 10_15_7) AppleWebKit/605.1.15 (KHTML, like Gecko) Version/17.4 Safari/605.1.15 (Applebot/0.1; +http://www.apple.com/go/applebot)"
17.246.23.188 - - [11/Jul/2026:12:14:59 -0400] "GET /media/vendor/bootstrap/js/dom.min.js?5.2.3 HTTP/1.1" 200 7327 "http://en.hrpsychology.gr/index.php/articles/mental-health/47-sadness-or-depression" "Mozilla/5.0 (Macintosh; Intel Mac OS X 10_15_7) AppleWebKit/605.1.15 (KHTML, like Gecko) Version/17.4 Safari/605.1.15 (Applebot/0.1; +http://www.apple.com/go/applebot)"
17.241.75.196 - - [11/Jul/2026:12:15:53 -0400] "GET /plugins/system/cookiehint/css/redimstyle.css?1703aadefdd6f694f55e319b9e3fc6d5 HTTP/1.1" 200 1069 "http://en.hrpsychology.gr/index.php/articles/mental-health/44-how-much-does-employee-stress-cost-to-businesses" "Mozilla/5.0 (Macintosh; Intel Mac OS X 10_15_7) AppleWebKit/605.1.15 (KHTML, like Gecko) Version/17.4 Safari/605.1.15 (Applebot/0.1; +http://www.apple.com/go/applebot)"
17.241.219.130 - - [11/Jul/2026:12:15:53 -0400] "GET /t3-assets/css/css-0edf6-11143.css HTTP/1.1" 200 25022 "http://en.hrpsychology.gr/index.php/articles/mental-health/44-how-much-does-employee-stress-cost-to-businesses" "Mozilla/5.0 (Macintosh; Intel Mac OS X 10_15_7) AppleWebKit/605.1.15 (KHTML, like Gecko) Version/17.4 Safari/605.1.15 (Applebot/0.1; +http://www.apple.com/go/applebot)"
17.246.19.84 - - [11/Jul/2026:12:14:43 -0400] "GET /t3-assets/css/css-0edf6-11143.css HTTP/1.1" 200 25022 "http://en.hrpsychology.gr/index.php/articles/mental-health/47-sadness-or-depression" "Mozilla/5.0 (Macintosh; Intel Mac OS X 10_15_7) AppleWebKit/605.1.15 (KHTML, like Gecko) Version/17.4 Safari/605.1.15 (Applebot/0.1; +http://www.apple.com/go/applebot)"
17.246.19.84 - - [11/Jul/2026:12:14:44 -0400] "GET /plugins/system/cookiehint/css/redimstyle.css?1703aadefdd6f694f55e319b9e3fc6d5 HTTP/1.1" 200 1069 "http://en.hrpsychology.gr/index.php/articles/mental-health/47-sadness-or-depression" "Mozilla/5.0 (Macintosh; Intel Mac OS X 10_15_7) AppleWebKit/605.1.15 (KHTML, like Gecko) Version/17.4 Safari/605.1.15 (Applebot/0.1; +http://www.apple.com/go/applebot)"
17.246.19.84 - - [11/Jul/2026:12:14:46 -0400] "GET /t3-assets/css/css-9c0ce-63542.css HTTP/1.1" 200 21016 "http://en.hrpsychology.gr/index.php/articles/mental-health/47-sadness-or-depression" "Mozilla/5.0 (Macintosh; Intel Mac OS X 10_15_7) AppleWebKit/605.1.15 (KHTML, like Gecko) Version/17.4 Safari/605.1.15 (Applebot/0.1; +http://www.apple.com/go/applebot)"
17.246.19.83 - - [11/Jul/2026:12:14:47 -0400] "GET /t3-assets/css/css-be736-90091.css HTTP/1.1" 200 20435 "http://en.hrpsychology.gr/index.php/articles/mental-health/47-sadness-or-depression" "Mozilla/5.0 (Macintosh; Intel Mac OS X 10_15_7) AppleWebKit/605.1.15 (KHTML, like Gecko) Version/17.4 Safari/605.1.15 (Applebot/0.1; +http://www.apple.com/go/applebot)"
17.246.19.84 - - [11/Jul/2026:12:14:47 -0400] "GET /t3-assets/css/css-f22d7-90091.css HTTP/1.1" 200 29295 "http://en.hrpsychology.gr/index.php/articles/mental-health/47-sadness-or-depression" "Mozilla/5.0 (Macintosh; Intel Mac OS X 10_15_7) AppleWebKit/605.1.15 (KHTML, like Gecko) Version/17.4 Safari/605.1.15 (Applebot/0.1; +http://www.apple.com/go/applebot)"
17.246.19.83 - - [11/Jul/2026:12:14:49 -0400] "GET /media/system/js/core.min.js?576eb51da909dcf692c98643faa6fc89629ead18 HTTP/1.1" 200 3174 "http://en.hrpsychology.gr/index.php/articles/mental-health/47-sadness-or-depression" "Mozilla/5.0 (Macintosh; Intel Mac OS X 10_15_7) AppleWebKit/605.1.15 (KHTML, like Gecko) Version/17.4 Safari/605.1.15 (Applebot/0.1; +http://www.apple.com/go/applebot)"
17.246.19.84 - - [11/Jul/2026:12:14:49 -0400] "GET /t3-assets/css/css-900a4-90091.css HTTP/1.1" 200 2574 "http://en.hrpsychology.gr/index.php/articles/mental-health/47-sadness-or-depression" "Mozilla/5.0 (Macintosh; Intel Mac OS X 10_15_7) AppleWebKit/605.1.15 (KHTML, like Gecko) Version/17.4 Safari/605.1.15 (Applebot/0.1; +http://www.apple.com/go/applebot)"
17.246.19.83 - - [11/Jul/2026:12:14:50 -0400] "GET /plugins/system/t3/base-bs3/fonts/font-awesome/css/font-awesome-base.css HTTP/1.1" 200 5954 "http://en.hrpsychology.gr/index.php/articles/mental-health/47-sadness-or-depression" "Mozilla/5.0 (Macintosh; Intel Mac OS X 10_15_7) AppleWebKit/605.1.15 (KHTML, like Gecko) Version/17.4 Safari/605.1.15 (Applebot/0.1; +http://www.apple.com/go/applebot)"
17.246.23.188 - - [11/Jul/2026:12:14:57 -0400] "GET /media/vendor/bootstrap/js/popper.min.js?5.2.3 HTTP/1.1" 200 8025 "http://en.hrpsychology.gr/index.php/articles/mental-health/47-sadness-or-depression" "Mozilla/5.0 (Macintosh; Intel Mac OS X 10_15_7) AppleWebKit/605.1.15 (KHTML, like Gecko) Version/17.4 Safari/605.1.15 (Applebot/0.1; +http://www.apple.com/go/applebot)"
17.241.219.130 - - [11/Jul/2026:12:15:56 -0400] "GET /t3-assets/css/css-be736-90091.css HTTP/1.1" 200 20435 "http://en.hrpsychology.gr/index.php/articles/mental-health/44-how-much-does-employee-stress-cost-to-businesses" "Mozilla/5.0 (Macintosh; Intel Mac OS X 10_15_7) AppleWebKit/605.1.15 (KHTML, like Gecko) Version/17.4 Safari/605.1.15 (Applebot/0.1; +http://www.apple.com/go/applebot)"
17.241.219.212 - - [11/Jul/2026:12:14:43 -0400] "GET /index.php/articles/mental-health/44-how-much-does-employee-stress-cost-to-businesses HTTP/1.1" 404 11494 "-" "Mozilla/5.0 (Macintosh; Intel Mac OS X 10_15_7) AppleWebKit/605.1.15 (KHTML, like Gecko) Version/17.4 Safari/605.1.15 (Applebot/0.1; +http://www.apple.com/go/applebot)"
17.246.19.83 - - [11/Jul/2026:12:14:46 -0400] "GET /t3-assets/css/css-5edb3-73657.css HTTP/1.1" 200 7158 "http://en.hrpsychology.gr/index.php/articles/mental-health/47-sadness-or-depression" "Mozilla/5.0 (Macintosh; Intel Mac OS X 10_15_7) AppleWebKit/605.1.15 (KHTML, like Gecko) Version/17.4 Safari/605.1.15 (Applebot/0.1; +http://www.apple.com/go/applebot)"
17.246.19.84 - - [11/Jul/2026:12:14:50 -0400] "GET /media/vendor/bootstrap/js/popover.min.js?5.2.3 HTTP/1.1" 200 3706 "http://en.hrpsychology.gr/index.php/articles/mental-health/47-sadness-or-depression" "Mozilla/5.0 (Macintosh; Intel Mac OS X 10_15_7) AppleWebKit/605.1.15 (KHTML, like Gecko) Version/17.4 Safari/605.1.15 (Applebot/0.1; +http://www.apple.com/go/applebot)"
17.241.219.130 - - [11/Jul/2026:12:15:59 -0400] "GET /t3-assets/css/css-900a4-90091.css HTTP/1.1" 200 2574 "http://en.hrpsychology.gr/index.php/articles/mental-health/44-how-much-does-employee-stress-cost-to-businesses" "Mozilla/5.0 (Macintosh; Intel Mac OS X 10_15_7) AppleWebKit/605.1.15 (KHTML, like Gecko) Version/17.4 Safari/605.1.15 (Applebot/0.1; +http://www.apple.com/go/applebot)"
17.241.219.79 - - [11/Jul/2026:12:15:59 -0400] "GET /media/vendor/bootstrap/js/popover.min.js?5.2.3 HTTP/1.1" 200 3706 "http://en.hrpsychology.gr/index.php/articles/mental-health/44-how-much-does-employee-stress-cost-to-businesses" "Mozilla/5.0 (Macintosh; Intel Mac OS X 10_15_7) AppleWebKit/605.1.15 (KHTML, like Gecko) Version/17.4 Safari/605.1.15 (Applebot/0.1; +http://www.apple.com/go/applebot)"
17.241.219.130 - - [11/Jul/2026:12:16:01 -0400] "GET /media/system/js/core.min.js?576eb51da909dcf692c98643faa6fc89629ead18 HTTP/1.1" 200 3174 "http://en.hrpsychology.gr/index.php/articles/mental-health/44-how-much-does-employee-stress-cost-to-businesses" "Mozilla/5.0 (Macintosh; Intel Mac OS X 10_15_7) AppleWebKit/605.1.15 (KHTML, like Gecko) Version/17.4 Safari/605.1.15 (Applebot/0.1; +http://www.apple.com/go/applebot)"
17.241.219.130 - - [11/Jul/2026:12:15:55 -0400] "GET /t3-assets/css/css-9c0ce-63542.css HTTP/1.1" 200 21016 "http://en.hrpsychology.gr/index.php/articles/mental-health/44-how-much-does-employee-stress-cost-to-businesses" "Mozilla/5.0 (Macintosh; Intel Mac OS X 10_15_7) AppleWebKit/605.1.15 (KHTML, like Gecko) Version/17.4 Safari/605.1.15 (Applebot/0.1; +http://www.apple.com/go/applebot)"
17.241.75.196 - - [11/Jul/2026:12:15:55 -0400] "GET /t3-assets/css/css-5edb3-73657.css HTTP/1.1" 200 7158 "http://en.hrpsychology.gr/index.php/articles/mental-health/44-how-much-does-employee-stress-cost-to-businesses" "Mozilla/5.0 (Macintosh; Intel Mac OS X 10_15_7) AppleWebKit/605.1.15 (KHTML, like Gecko) Version/17.4 Safari/605.1.15 (Applebot/0.1; +http://www.apple.com/go/applebot)"
17.241.219.130 - - [11/Jul/2026:12:15:58 -0400] "GET /t3-assets/css/css-f22d7-90091.css HTTP/1.1" 200 29295 "http://en.hrpsychology.gr/index.php/articles/mental-health/44-how-much-does-employee-stress-cost-to-businesses" "Mozilla/5.0 (Macintosh; Intel Mac OS X 10_15_7) AppleWebKit/605.1.15 (KHTML, like Gecko) Version/17.4 Safari/605.1.15 (Applebot/0.1; +http://www.apple.com/go/applebot)"
17.241.75.196 - - [11/Jul/2026:12:15:58 -0400] "GET /templates/system/css/system.css HTTP/1.1" 404 1251 "http://en.hrpsychology.gr/index.php/articles/mental-health/44-how-much-does-employee-stress-cost-to-businesses" "Mozilla/5.0 (Macintosh; Intel Mac OS X 10_15_7) AppleWebKit/605.1.15 (KHTML, like Gecko) Version/17.4 Safari/605.1.15 (Applebot/0.1; +http://www.apple.com/go/applebot)"
17.241.219.130 - - [11/Jul/2026:12:16:02 -0400] "GET /media/vendor/jquery/js/jquery.min.js?3.6.3 HTTP/1.1" 200 31133 "http://en.hrpsychology.gr/index.php/articles/mental-health/44-how-much-does-employee-stress-cost-to-businesses" "Mozilla/5.0 (Macintosh; Intel Mac OS X 10_15_7) AppleWebKit/605.1.15 (KHTML, like Gecko) Version/17.4 Safari/605.1.15 (Applebot/0.1; +http://www.apple.com/go/applebot)"
17.241.219.79 - - [11/Jul/2026:12:16:02 -0400] "GET /plugins/system/t3/base-bs3/fonts/font-awesome/css/font-awesome-base.css HTTP/1.1" 200 5954 "http://en.hrpsychology.gr/index.php/articles/mental-health/44-how-much-does-employee-stress-cost-to-businesses" "Mozilla/5.0 (Macintosh; Intel Mac OS X 10_15_7) AppleWebKit/605.1.15 (KHTML, like Gecko) Version/17.4 Safari/605.1.15 (Applebot/0.1; +http://www.apple.com/go/applebot)"
17.241.219.79 - - [11/Jul/2026:12:16:04 -0400] "GET /plugins/system/t3/base-bs3/fonts/font-awesome/css/icomoon-to-fw.css HTTP/1.1" 200 2724 "http://en.hrpsychology.gr/index.php/articles/mental-health/44-how-much-does-employee-stress-cost-to-businesses" "Mozilla/5.0 (Macintosh; Intel Mac OS X 10_15_7) AppleWebKit/605.1.15 (KHTML, like Gecko) Version/17.4 Safari/605.1.15 (Applebot/0.1; +http://www.apple.com/go/applebot)"
17.241.75.238 - - [11/Jul/2026:12:16:07 -0400] "GET /media/vendor/bootstrap/js/dom.min.js?5.2.3 HTTP/1.1" 200 7327 "http://en.hrpsychology.gr/index.php/articles/mental-health/44-how-much-does-employee-stress-cost-to-businesses" "Mozilla/5.0 (Macintosh; Intel Mac OS X 10_15_7) AppleWebKit/605.1.15 (KHTML, like Gecko) Version/17.4 Safari/605.1.15 (Applebot/0.1; +http://www.apple.com/go/applebot)"
17.241.75.238 - - [11/Jul/2026:12:16:08 -0400] "GET /media/vendor/bootstrap/js/popper.min.js?5.2.3 HTTP/1.1" 200 8025 "http://en.hrpsychology.gr/index.php/articles/mental-health/44-how-much-does-employee-stress-cost-to-businesses" "Mozilla/5.0 (Macintosh; Intel Mac OS X 10_15_7) AppleWebKit/605.1.15 (KHTML, like Gecko) Version/17.4 Safari/605.1.15 (Applebot/0.1; +http://www.apple.com/go/applebot)"
17.241.75.196 - - [11/Jul/2026:12:15:56 -0400] "GET /t3-assets/css/css-c0f9c-63542.css HTTP/1.1" 200 612 "http://en.hrpsychology.gr/index.php/articles/mental-health/44-how-much-does-employee-stress-cost-to-businesses" "Mozilla/5.0 (Macintosh; Intel Mac OS X 10_15_7) AppleWebKit/605.1.15 (KHTML, like Gecko) Version/17.4 Safari/605.1.15 (Applebot/0.1; +http://www.apple.com/go/applebot)"
17.241.219.79 - - [11/Jul/2026:12:16:01 -0400] "GET /media/legacy/js/jquery-noconflict.min.js?04499b98c0305b16b373dff09fe79d1290976288 HTTP/1.1" 200 26 "http://en.hrpsychology.gr/index.php/articles/mental-health/44-how-much-does-employee-stress-cost-to-businesses" "Mozilla/5.0 (Macintosh; Intel Mac OS X 10_15_7) AppleWebKit/605.1.15 (KHTML, like Gecko) Version/17.4 Safari/605.1.15 (Applebot/0.1; +http://www.apple.com/go/applebot)"
17.241.219.130 - - [11/Jul/2026:12:16:04 -0400] "GET /t3-assets/js/js-e4beb-12745.js HTTP/1.1" 200 114472 "http://en.hrpsychology.gr/index.php/articles/mental-health/44-how-much-does-employee-stress-cost-to-businesses" "Mozilla/5.0 (Macintosh; Intel Mac OS X 10_15_7) AppleWebKit/605.1.15 (KHTML, like Gecko) Version/17.4 Safari/605.1.15 (Applebot/0.1; +http://www.apple.com/go/applebot)"
43.172.196.48 - - [11/Jul/2026:12:37:30 -0400] "GET /templates/system/css/system.css HTTP/1.1" 404 1251 "http://en.hrpsychology.gr/index.php/company/our-team/cv-evi-lezgi" "Mozilla/5.0 (Windows NT 10.0; Win64; x64) AppleWebKit/537.36 (KHTML, like Gecko) Chrome/131.0.0.0 Safari/537.36"
43.172.194.236 - - [11/Jul/2026:12:37:29 -0400] "GET /index.php/company/our-team/cv-evi-lezgi HTTP/1.1" 200 9170 "-" "Mozilla/5.0 (Windows NT 10.0; Win64; x64) AppleWebKit/537.36 (KHTML, like Gecko) Chrome/131.0.0.0 Safari/537.36"
43.173.181.165 - - [11/Jul/2026:12:41:29 -0400] "GET /index.php/company/our-team/cv-christina-karachotzite?rCH=2 HTTP/1.1" 301 0 "-" "Mozilla/5.0 (Windows NT 10.0; Win64; x64) AppleWebKit/537.36 (KHTML, like Gecko) Chrome/104.0.5112.81 Safari/537.36"
43.173.177.196 - - [11/Jul/2026:12:41:30 -0400] "GET /index.php/company/our-team/cv-christina-karachotzite HTTP/1.1" 200 9137 "-" "Mozilla/5.0 (Windows NT 10.0; Win64; x64) AppleWebKit/537.36 (KHTML, like Gecko) Chrome/104.0.5112.81 Safari/537.36"
43.172.195.221 - - [11/Jul/2026:12:41:31 -0400] "GET /templates/system/css/system.css HTTP/1.1" 404 1251 "http://en.hrpsychology.gr/index.php/company/our-team/cv-christina-karachotzite" "Mozilla/5.0 (Windows NT 10.0; Win64; x64) AppleWebKit/537.36 (KHTML, like Gecko) Chrome/104.0.5112.81 Safari/537.36"
216.73.216.63 - - [11/Jul/2026:12:59:35 -0400] "GET /robots.txt HTTP/1.1" 304 0 "-" "Mozilla/5.0 AppleWebKit/537.36 (KHTML, like Gecko; compatible; ClaudeBot/1.0; +claudebot@anthropic.com)"
216.73.216.63 - - [11/Jul/2026:12:59:38 -0400] "GET /index.php/sitemap.xml HTTP/1.1" 404 733 "-" "Mozilla/5.0 AppleWebKit/537.36 (KHTML, like Gecko; compatible; ClaudeBot/1.0; +claudebot@anthropic.com)"
45.227.253.15 - - [11/Jul/2026:13:06:27 -0400] "GET /index.php/jk HTTP/1.1" 200 63 "-" "Mozilla/5.0 (Windows NT 10.0; Win64; x64; rv:83.0) Gecko/20100101 Firefox/83.0"
43.173.178.19 - - [11/Jul/2026:13:10:50 -0400] "GET /index.php/articles/mental-health?start=16 HTTP/1.1" 200 10016 "-" "Mozilla/5.0 (Windows NT 10.0; Win64; x64) AppleWebKit/537.36 (KHTML, like Gecko) Chrome/117.0.0.0 Safari/537.36"
43.172.196.48 - - [11/Jul/2026:13:10:57 -0400] "GET /templates/system/css/system.css HTTP/1.1" 404 1251 "http://en.hrpsychology.gr/index.php/articles/mental-health?start=16" "Mozilla/5.0 (Windows NT 10.0; Win64; x64) AppleWebKit/537.36 (KHTML, like Gecko) Chrome/117.0.0.0 Safari/537.36"
47.128.118.63 - - [11/Jul/2026:13:29:53 -0400] "GET /robots.txt HTTP/1.1" 304 0 "-" "Mozilla/5.0 (Linux; Android 5.0) AppleWebKit/537.36 (KHTML, like Gecko) Mobile Safari/537.36 (compatible; Bytespider; spider-feedback@bytedance.com)"
82.21.120.34 - - [11/Jul/2026:14:12:31 -0400] "GET /images/brands/vivartia.jpg HTTP/1.1" 200 13193 "-" "Mozilla/5.0 (compatible; crawler)"
216.73.216.165 - - [11/Jul/2026:14:30:04 -0400] "GET /index.php/sitemap.xml HTTP/1.1" 404 733 "-" "Mozilla/5.0 AppleWebKit/537.36 (KHTML, like Gecko; compatible; ClaudeBot/1.0; +claudebot@anthropic.com)"
189.104.219.171 - - [11/Jul/2026:14:21:22 -0400] "GET /images/cv90.jpg HTTP/1.1" 200 57141 "-" "Mozilla/5.0 (compatible; crawler)"
156.238.61.121 - - [11/Jul/2026:15:18:10 -0400] "GET /images/cv2.jpg HTTP/1.1" 200 45492 "-" "Mozilla/5.0 (compatible; crawler)"
43.173.175.3 - - [11/Jul/2026:15:27:32 -0400] "GET /templates/system/css/system.css HTTP/1.1" 404 1251 "http://en.hrpsychology.gr/index.php/company/our-team/cv-stelios-chaimantos" "Mozilla/5.0 (Windows NT 10.0; Win64; x64) AppleWebKit/537.36 (KHTML, like Gecko) Chrome/106.0.5249.119 Safari/537.36"
43.173.175.220 - - [11/Jul/2026:15:27:31 -0400] "GET /index.php/company/our-team/cv-stelios-chaimantos HTTP/1.1" 200 9206 "-" "Mozilla/5.0 (Windows NT 10.0; Win64; x64) AppleWebKit/537.36 (KHTML, like Gecko) Chrome/106.0.5249.119 Safari/537.36"
52.167.144.228 - - [11/Jul/2026:15:37:48 -0400] "GET /index.php/sitemap.xml HTTP/1.1" 404 733 "-" "Mozilla/5.0 AppleWebKit/537.36 (KHTML, like Gecko; compatible; bingbot/2.0; +http://www.bing.com/bingbot.htm) Chrome/116.0.1938.76 Safari/537.36"
216.73.216.165 - - [11/Jul/2026:15:43:40 -0400] "GET /robots.txt HTTP/1.1" 304 0 "-" "Mozilla/5.0 AppleWebKit/537.36 (KHTML, like Gecko; compatible; ClaudeBot/1.0; +claudebot@anthropic.com)"
216.73.216.165 - - [11/Jul/2026:15:43:41 -0400] "GET /index.php/sitemap.xml HTTP/1.1" 404 733 "-" "Mozilla/5.0 AppleWebKit/537.36 (KHTML, like Gecko; compatible; ClaudeBot/1.0; +claudebot@anthropic.com)"
189.104.218.47 - - [11/Jul/2026:16:01:39 -0400] "GET /images/cv1.jpg HTTP/1.1" 200 60177 "-" "Mozilla/5.0 (compatible; crawler)"
154.193.14.194 - - [11/Jul/2026:16:20:31 -0400] "GET /images/brands/modelez.jpg HTTP/1.1" 200 17232 "-" "Mozilla/5.0 (compatible; crawler)"
146.190.98.216 - - [11/Jul/2026:16:35:57 -0400] "GET /templates/shaper_helix3/templateDetails.xml HTTP/1.1" 404 1251 "-" "Mozilla/5.0 (Windows NT 10.0; Win64; x64) AppleWebKit/537.36 (KHTML, like Gecko) Chrome/131.0.0.0 Safari/537.36"
216.73.216.165 - - [11/Jul/2026:16:34:36 -0400] "GET /index.php/sitemap.xml HTTP/1.1" 404 733 "-" "Mozilla/5.0 AppleWebKit/537.36 (KHTML, like Gecko; compatible; ClaudeBot/1.0; +claudebot@anthropic.com)"
154.217.195.41 - - [11/Jul/2026:17:01:33 -0400] "GET /images/cv12.jpg HTTP/1.1" 200 6702 "-" "Mozilla/5.0 (compatible; crawler)"
189.81.123.79 - - [11/Jul/2026:16:53:00 -0400] "GET /images/cv-chk.jpg HTTP/1.1" 200 53019 "-" "Mozilla/5.0 (compatible; crawler)"
52.167.144.233 - - [11/Jul/2026:17:12:29 -0400] "GET /index.php/sitemap.xml HTTP/1.1" 404 733 "-" "Mozilla/5.0 AppleWebKit/537.36 (KHTML, like Gecko; compatible; bingbot/2.0; +http://www.bing.com/bingbot.htm) Chrome/116.0.1938.76 Safari/537.36"
114.119.138.37 - - [11/Jul/2026:17:12:55 -0400] "GET /robots.txt HTTP/1.1" 304 0 "http://en.hrpsychology.gr/robots.txt" "Mozilla/5.0 (compatible;PetalBot;+https://webmaster.petalsearch.com/site/petalbot)"
45.227.253.15 - - [11/Jul/2026:17:32:39 -0400] "GET /index.php/jk HTTP/1.1" 200 63 "-" "Mozilla/5.0 (Windows NT 10.0; Win64; x64) AppleWebKit/537.36 (KHTML, like Gecko) Chrome/85.0.4183.83 Safari/537.35"
216.73.216.165 - - [11/Jul/2026:17:30:25 -0400] "GET /index.php/sitemap.xml HTTP/1.1" 404 733 "-" "Mozilla/5.0 AppleWebKit/537.36 (KHTML, like Gecko; compatible; ClaudeBot/1.0; +claudebot@anthropic.com)"
146.190.98.216 - - [11/Jul/2026:17:37:39 -0400] "GET /templates/shaper_helix3/templateDetails.xml HTTP/1.1" 404 1251 "-" "Mozilla/5.0 (Windows NT 10.0; Win64; x64) AppleWebKit/537.36 (KHTML, like Gecko) Chrome/131.0.0.0 Safari/537.36"
72.63.1.37 - - [11/Jul/2026:17:45:00 -0400] "GET /images/brands/kotso.png HTTP/1.1" 200 29331 "-" "Mozilla/5.0 (compatible; crawler)"
45.227.253.15 - - [11/Jul/2026:17:45:25 -0400] "GET /?of=1 HTTP/1.1" 200 9491 "-" "Mozilla/5.0 (Macintosh; Intel Mac OS X 10.12; rv:103.0) Gecko/20100101 Firefox/103.0"
92.71.80.97 - - [11/Jul/2026:17:58:34 -0400] "GET /images/brands/calin.jpg HTTP/1.1" 200 16555 "-" "Mozilla/5.0 (compatible; crawler)"
192.177.175.138 - - [11/Jul/2026:18:04:00 -0400] "GET /images/brands/fourlis.png HTTP/1.1" 200 4316 "-" "Mozilla/5.0 (compatible; crawler)"
64.140.129.215 - - [11/Jul/2026:18:02:51 -0400] "GET /images/brands/tele.png HTTP/1.1" 200 7928 "-" "Mozilla/5.0 (compatible; crawler)"
176.20.203.143 - - [11/Jul/2026:18:05:25 -0400] "GET /images/brands/kafkas-logo-400x250.jpg HTTP/1.1" 200 16701 "-" "Mozilla/5.0 (compatible; crawler)"
154.197.17.79 - - [11/Jul/2026:18:43:14 -0400] "GET /images/brands/generali.jpg HTTP/1.1" 200 42053 "-" "Mozilla/5.0 (compatible; crawler)"
72.63.28.168 - - [11/Jul/2026:18:44:41 -0400] "GET /images/brands/epignosis.png HTTP/1.1" 200 2607 "-" "Mozilla/5.0 (compatible; crawler)"
104.253.255.251 - - [11/Jul/2026:19:13:39 -0400] "GET /images/brands/topelectronic.jpg HTTP/1.1" 200 9937 "-" "Mozilla/5.0 (compatible; crawler)"
189.81.113.101 - - [11/Jul/2026:19:16:21 -0400] "GET /images/brands/latsco.png HTTP/1.1" 200 4861 "-" "Mozilla/5.0 (compatible; crawler)"
216.73.216.165 - - [11/Jul/2026:19:33:45 -0400] "GET /index.php/sitemap.xml HTTP/1.1" 404 733 "-" "Mozilla/5.0 AppleWebKit/537.36 (KHTML, like Gecko; compatible; ClaudeBot/1.0; +claudebot@anthropic.com)"
69.17.0.153 - - [11/Jul/2026:19:35:19 -0400] "GET /images/brands/msps.png HTTP/1.1" 200 4032 "-" "Mozilla/5.0 (compatible; crawler)"
216.73.216.165 - - [11/Jul/2026:19:33:40 -0400] "GET /robots.txt HTTP/1.1" 304 0 "-" "Mozilla/5.0 AppleWebKit/537.36 (KHTML, like Gecko; compatible; ClaudeBot/1.0; +claudebot@anthropic.com)"
189.81.119.8 - - [11/Jul/2026:19:56:39 -0400] "GET /images/cv8.jpg HTTP/1.1" 200 41031 "-" "Mozilla/5.0 (compatible; crawler)"
157.55.39.50 - - [11/Jul/2026:20:10:49 -0400] "GET /index.php/gdpr HTTP/1.1" 404 14255 "-" "Mozilla/5.0 AppleWebKit/537.36 (KHTML, like Gecko; compatible; bingbot/2.0; +http://www.bing.com/bingbot.htm) Chrome/116.0.1938.76 Safari/537.36"
194.55.228.122 - - [11/Jul/2026:20:14:57 -0400] "GET /images/logo_hr.png HTTP/1.1" 200 21604 "-" "Mozilla/5.0 (compatible; crawler)"
154.197.27.186 - - [11/Jul/2026:20:25:00 -0400] "GET /images/cv9.jpg HTTP/1.1" 200 39818 "-" "Mozilla/5.0 (compatible; crawler)"
43.173.176.232 - - [11/Jul/2026:20:38:13 -0400] "GET /templates/system/css/system.css HTTP/1.1" 404 1251 "http://en.hrpsychology.gr/index.php/company/our-team/cv-ioanna-souchla" "Mozilla/5.0 (Windows NT 10.0; Win64; x64) AppleWebKit/537.36 (KHTML, like Gecko) Chrome/116.0.0.0 Safari/537.36"
43.172.198.210 - - [11/Jul/2026:20:38:12 -0400] "GET /index.php/company/our-team/cv-ioanna-souchla HTTP/1.1" 200 9460 "-" "Mozilla/5.0 (Windows NT 10.0; Win64; x64) AppleWebKit/537.36 (KHTML, like Gecko) Chrome/116.0.0.0 Safari/537.36"
43.173.179.41 - - [11/Jul/2026:20:52:30 -0400] "GET /index.php/articles/mental-health/44-how-much-does-employee-stress-cost-to-businesses HTTP/1.1" 200 11528 "-" "Mozilla/5.0 (Windows NT 10.0; Win64; x64) AppleWebKit/537.36 (KHTML, like Gecko) Chrome/117.0.0.0 Safari/537.36"
43.173.178.74 - - [11/Jul/2026:20:52:30 -0400] "GET /templates/system/css/system.css HTTP/1.1" 404 1251 "http://en.hrpsychology.gr/index.php/articles/mental-health/44-how-much-does-employee-stress-cost-to-businesses" "Mozilla/5.0 (Windows NT 10.0; Win64; x64) AppleWebKit/537.36 (KHTML, like Gecko) Chrome/117.0.0.0 Safari/537.36"
137.74.145.29 - - [11/Jul/2026:21:05:36 -0400] "GET / HTTP/1.1" 200 23586 "-" "Mozilla/5.0 (X11; Linux x86_64; rv:133.0) Gecko/20100101 Firefox/133.0"
137.74.145.29 - - [11/Jul/2026:21:05:37 -0400] "HEAD /components/com_pagebuilderck/views/page/tmpl/default.php HTTP/1.1" 404 0 "-" "Mozilla/5.0 (X11; Linux x86_64; rv:133.0) Gecko/20100101 Firefox/133.0"
137.74.145.29 - - [11/Jul/2026:21:05:37 -0400] "HEAD /administrator/manifests/files/com_pagebuilderck.xml HTTP/1.1" 200 0 "-" "Mozilla/5.0 (X11; Linux x86_64; rv:133.0) Gecko/20100101 Firefox/133.0"
137.74.145.29 - - [11/Jul/2026:21:05:37 -0400] "GET /administrator/manifests/files/com_pagebuilderck.xml HTTP/1.1" 200 3631 "-" "Mozilla/5.0 (X11; Linux x86_64; rv:133.0) Gecko/20100101 Firefox/133.0"
137.74.145.29 - - [11/Jul/2026:21:05:37 -0400] "GET / HTTP/1.1" 200 23586 "-" "Mozilla/5.0 (X11; Linux x86_64; rv:133.0) Gecko/20100101 Firefox/133.0"
137.74.145.29 - - [11/Jul/2026:21:05:38 -0400] "GET / HTTP/1.1" 200 23586 "-" "Mozilla/5.0 (X11; Linux x86_64; rv:133.0) Gecko/20100101 Firefox/133.0"
137.74.145.29 - - [11/Jul/2026:21:05:38 -0400] "POST /index.php?option=com_pagebuilderck&task=browse.ajaxAddPicture&12fa35368bb687608183a10880f28d62=1 HTTP/1.1" 404 738 "-" "Mozilla/5.0 (X11; Linux x86_64; rv:133.0) Gecko/20100101 Firefox/133.0"
137.74.145.29 - - [11/Jul/2026:21:05:38 -0400] "POST /index.php?option=com_pagebuilderck&task=browse.ajaxAddPicture&12fa35368bb687608183a10880f28d62=1 HTTP/1.1" 404 738 "-" "Mozilla/5.0 (X11; Linux x86_64; rv:133.0) Gecko/20100101 Firefox/133.0"
137.74.145.29 - - [11/Jul/2026:21:05:38 -0400] "POST /index.php?option=com_pagebuilderck&task=browse.ajaxAddPicture&12fa35368bb687608183a10880f28d62=1 HTTP/1.1" 404 738 "-" "Mozilla/5.0 (X11; Linux x86_64; rv:133.0) Gecko/20100101 Firefox/133.0"
137.74.145.29 - - [11/Jul/2026:21:05:39 -0400] "POST /index.php?option=com_pagebuilderck&task=browse.ajaxAddPicture&12fa35368bb687608183a10880f28d62=1 HTTP/1.1" 404 738 "-" "Mozilla/5.0 (X11; Linux x86_64; rv:133.0) Gecko/20100101 Firefox/133.0"
137.74.145.29 - - [11/Jul/2026:21:05:39 -0400] "POST /index.php?option=com_pagebuilderck&task=browse.ajaxAddPicture&12fa35368bb687608183a10880f28d62=1 HTTP/1.1" 404 738 "-" "Mozilla/5.0 (X11; Linux x86_64; rv:133.0) Gecko/20100101 Firefox/133.0"
137.74.145.29 - - [11/Jul/2026:21:05:39 -0400] "POST /index.php?option=com_pagebuilderck&task=browse.ajaxAddPicture&12fa35368bb687608183a10880f28d62=1 HTTP/1.1" 404 738 "-" "Mozilla/5.0 (X11; Linux x86_64; rv:133.0) Gecko/20100101 Firefox/133.0"
137.74.145.29 - - [11/Jul/2026:21:05:39 -0400] "POST /index.php?option=com_pagebuilderck&task=browse.ajaxAddPicture&12fa35368bb687608183a10880f28d62=1 HTTP/1.1" 404 738 "-" "Mozilla/5.0 (X11; Linux x86_64; rv:133.0) Gecko/20100101 Firefox/133.0"
137.74.145.29 - - [11/Jul/2026:21:05:40 -0400] "POST /index.php?option=com_pagebuilderck&task=browse.ajaxAddPicture&12fa35368bb687608183a10880f28d62=1 HTTP/1.1" 404 738 "-" "Mozilla/5.0 (X11; Linux x86_64; rv:133.0) Gecko/20100101 Firefox/133.0"
137.74.145.29 - - [11/Jul/2026:21:05:40 -0400] "POST /index.php?option=com_pagebuilderck&task=browse.ajaxAddPicture&12fa35368bb687608183a10880f28d62=1 HTTP/1.1" 404 738 "-" "Mozilla/5.0 (X11; Linux x86_64; rv:133.0) Gecko/20100101 Firefox/133.0"
137.74.145.29 - - [11/Jul/2026:21:05:40 -0400] "POST /index.php?option=com_pagebuilderck&task=browse.ajaxAddPicture&12fa35368bb687608183a10880f28d62=1 HTTP/1.1" 404 738 "-" "Mozilla/5.0 (X11; Linux x86_64; rv:133.0) Gecko/20100101 Firefox/133.0"
137.74.145.29 - - [11/Jul/2026:21:05:40 -0400] "POST /index.php?option=com_pagebuilderck&task=browse.ajaxAddPicture&12fa35368bb687608183a10880f28d62=1 HTTP/1.1" 404 738 "-" "Mozilla/5.0 (X11; Linux x86_64; rv:133.0) Gecko/20100101 Firefox/133.0"
137.74.145.29 - - [11/Jul/2026:21:05:41 -0400] "POST /index.php?option=com_pagebuilderck&task=browse.ajaxAddPicture&12fa35368bb687608183a10880f28d62=1 HTTP/1.1" 404 738 "-" "Mozilla/5.0 (X11; Linux x86_64; rv:133.0) Gecko/20100101 Firefox/133.0"
137.74.145.29 - - [11/Jul/2026:21:05:41 -0400] "POST /index.php?option=com_pagebuilderck&task=browse.ajaxAddPicture&12fa35368bb687608183a10880f28d62=1 HTTP/1.1" 404 738 "-" "Mozilla/5.0 (X11; Linux x86_64; rv:133.0) Gecko/20100101 Firefox/133.0"
137.74.145.29 - - [11/Jul/2026:21:05:41 -0400] "POST /index.php?option=com_pagebuilderck&task=browse.ajaxAddPicture&12fa35368bb687608183a10880f28d62=1 HTTP/1.1" 404 738 "-" "Mozilla/5.0 (X11; Linux x86_64; rv:133.0) Gecko/20100101 Firefox/133.0"
137.74.145.29 - - [11/Jul/2026:21:05:41 -0400] "POST /index.php?option=com_pagebuilderck&task=browse.ajaxAddPicture&12fa35368bb687608183a10880f28d62=1 HTTP/1.1" 404 738 "-" "Mozilla/5.0 (X11; Linux x86_64; rv:133.0) Gecko/20100101 Firefox/133.0"
137.74.145.29 - - [11/Jul/2026:21:05:42 -0400] "POST /index.php?option=com_pagebuilderck&task=browse.ajaxAddPicture&12fa35368bb687608183a10880f28d62=1 HTTP/1.1" 404 738 "-" "Mozilla/5.0 (X11; Linux x86_64; rv:133.0) Gecko/20100101 Firefox/133.0"
137.74.145.29 - - [11/Jul/2026:21:05:42 -0400] "POST /index.php?option=com_pagebuilderck&task=browse.ajaxAddPicture&12fa35368bb687608183a10880f28d62=1 HTTP/1.1" 404 738 "-" "Mozilla/5.0 (X11; Linux x86_64; rv:133.0) Gecko/20100101 Firefox/133.0"
137.74.145.29 - - [11/Jul/2026:21:05:42 -0400] "POST /index.php?option=com_pagebuilderck&task=browse.ajaxAddPicture&12fa35368bb687608183a10880f28d62=1 HTTP/1.1" 404 738 "-" "Mozilla/5.0 (X11; Linux x86_64; rv:133.0) Gecko/20100101 Firefox/133.0"
137.74.145.29 - - [11/Jul/2026:21:05:42 -0400] "POST /index.php?option=com_pagebuilderck&task=browse.ajaxAddPicture&12fa35368bb687608183a10880f28d62=1 HTTP/1.1" 404 738 "-" "Mozilla/5.0 (X11; Linux x86_64; rv:133.0) Gecko/20100101 Firefox/133.0"
137.74.145.29 - - [11/Jul/2026:21:05:43 -0400] "POST /index.php?option=com_pagebuilderck&task=browse.ajaxAddPicture&12fa35368bb687608183a10880f28d62=1 HTTP/1.1" 404 738 "-" "Mozilla/5.0 (X11; Linux x86_64; rv:133.0) Gecko/20100101 Firefox/133.0"
137.74.145.29 - - [11/Jul/2026:21:05:43 -0400] "POST /index.php?option=com_pagebuilderck&task=browse.ajaxAddPicture&12fa35368bb687608183a10880f28d62=1 HTTP/1.1" 404 738 "-" "Mozilla/5.0 (X11; Linux x86_64; rv:133.0) Gecko/20100101 Firefox/133.0"
137.74.145.29 - - [11/Jul/2026:21:05:43 -0400] "POST /index.php?option=com_pagebuilderck&task=browse.ajaxAddPicture&12fa35368bb687608183a10880f28d62=1 HTTP/1.1" 404 738 "-" "Mozilla/5.0 (X11; Linux x86_64; rv:133.0) Gecko/20100101 Firefox/133.0"
137.74.145.29 - - [11/Jul/2026:21:05:43 -0400] "POST /index.php?option=com_pagebuilderck&task=browse.ajaxAddPicture&12fa35368bb687608183a10880f28d62=1 HTTP/1.1" 404 738 "-" "Mozilla/5.0 (X11; Linux x86_64; rv:133.0) Gecko/20100101 Firefox/133.0"
137.74.145.29 - - [11/Jul/2026:21:05:44 -0400] "POST /index.php?option=com_pagebuilderck&task=browse.ajaxAddPicture&12fa35368bb687608183a10880f28d62=1 HTTP/1.1" 404 738 "-" "Mozilla/5.0 (X11; Linux x86_64; rv:133.0) Gecko/20100101 Firefox/133.0"
137.74.145.29 - - [11/Jul/2026:21:05:44 -0400] "POST /index.php?option=com_pagebuilderck&task=ajax.upload&12fa35368bb687608183a10880f28d62=1 HTTP/1.1" 404 738 "-" "Mozilla/5.0 (X11; Linux x86_64; rv:133.0) Gecko/20100101 Firefox/133.0"
137.74.145.29 - - [11/Jul/2026:21:05:44 -0400] "POST /index.php?option=com_pagebuilderck&task=ajax.upload&12fa35368bb687608183a10880f28d62=1 HTTP/1.1" 404 738 "-" "Mozilla/5.0 (X11; Linux x86_64; rv:133.0) Gecko/20100101 Firefox/133.0"
137.74.145.29 - - [11/Jul/2026:21:05:44 -0400] "POST /index.php?option=com_pagebuilderck&task=ajax.upload&12fa35368bb687608183a10880f28d62=1 HTTP/1.1" 404 738 "-" "Mozilla/5.0 (X11; Linux x86_64; rv:133.0) Gecko/20100101 Firefox/133.0"
137.74.145.29 - - [11/Jul/2026:21:05:45 -0400] "POST /index.php?option=com_pagebuilderck&task=ajax.upload&12fa35368bb687608183a10880f28d62=1 HTTP/1.1" 404 738 "-" "Mozilla/5.0 (X11; Linux x86_64; rv:133.0) Gecko/20100101 Firefox/133.0"
137.74.145.29 - - [11/Jul/2026:21:05:37 -0400] "GET /media/com_pagebuilderck/js/pagebuilderck.js HTTP/1.1" 404 1251 "-" "Mozilla/5.0 (X11; Linux x86_64; rv:133.0) Gecko/20100101 Firefox/133.0"
137.74.145.29 - - [11/Jul/2026:21:05:46 -0400] "POST /index.php?option=com_pagebuilderck&task=ajax.upload&12fa35368bb687608183a10880f28d62=1 HTTP/1.1" 404 738 "-" "Mozilla/5.0 (X11; Linux x86_64; rv:133.0) Gecko/20100101 Firefox/133.0"
137.74.145.29 - - [11/Jul/2026:21:05:46 -0400] "POST /index.php?option=com_pagebuilderck&task=ajax.upload&12fa35368bb687608183a10880f28d62=1 HTTP/1.1" 404 738 "-" "Mozilla/5.0 (X11; Linux x86_64; rv:133.0) Gecko/20100101 Firefox/133.0"
137.74.145.29 - - [11/Jul/2026:21:05:46 -0400] "POST /index.php?option=com_pagebuilderck&task=ajax.upload&12fa35368bb687608183a10880f28d62=1 HTTP/1.1" 404 738 "-" "Mozilla/5.0 (X11; Linux x86_64; rv:133.0) Gecko/20100101 Firefox/133.0"
137.74.145.29 - - [11/Jul/2026:21:05:47 -0400] "POST /index.php?option=com_pagebuilderck&task=ajax.upload&12fa35368bb687608183a10880f28d62=1 HTTP/1.1" 404 738 "-" "Mozilla/5.0 (X11; Linux x86_64; rv:133.0) Gecko/20100101 Firefox/133.0"
137.74.145.29 - - [11/Jul/2026:21:05:47 -0400] "POST /index.php?option=com_pagebuilderck&task=ajax.upload&12fa35368bb687608183a10880f28d62=1 HTTP/1.1" 404 738 "-" "Mozilla/5.0 (X11; Linux x86_64; rv:133.0) Gecko/20100101 Firefox/133.0"
137.74.145.29 - - [11/Jul/2026:21:05:47 -0400] "POST /index.php?option=com_pagebuilderck&task=ajax.upload&12fa35368bb687608183a10880f28d62=1 HTTP/1.1" 404 738 "-" "Mozilla/5.0 (X11; Linux x86_64; rv:133.0) Gecko/20100101 Firefox/133.0"
137.74.145.29 - - [11/Jul/2026:21:05:47 -0400] "POST /index.php?option=com_pagebuilderck&task=ajax.upload&12fa35368bb687608183a10880f28d62=1 HTTP/1.1" 404 738 "-" "Mozilla/5.0 (X11; Linux x86_64; rv:133.0) Gecko/20100101 Firefox/133.0"
137.74.145.29 - - [11/Jul/2026:21:05:48 -0400] "POST /index.php?option=com_pagebuilderck&task=ajax.upload&12fa35368bb687608183a10880f28d62=1 HTTP/1.1" 404 738 "-" "Mozilla/5.0 (X11; Linux x86_64; rv:133.0) Gecko/20100101 Firefox/133.0"
137.74.145.29 - - [11/Jul/2026:21:05:48 -0400] "POST /index.php?option=com_pagebuilderck&task=ajax.upload&12fa35368bb687608183a10880f28d62=1 HTTP/1.1" 404 738 "-" "Mozilla/5.0 (X11; Linux x86_64; rv:133.0) Gecko/20100101 Firefox/133.0"
137.74.145.29 - - [11/Jul/2026:21:05:48 -0400] "POST /index.php?option=com_pagebuilderck&task=ajax.upload&12fa35368bb687608183a10880f28d62=1 HTTP/1.1" 404 738 "-" "Mozilla/5.0 (X11; Linux x86_64; rv:133.0) Gecko/20100101 Firefox/133.0"
137.74.145.29 - - [11/Jul/2026:21:05:48 -0400] "POST /index.php?option=com_pagebuilderck&task=ajax.upload&12fa35368bb687608183a10880f28d62=1 HTTP/1.1" 404 738 "-" "Mozilla/5.0 (X11; Linux x86_64; rv:133.0) Gecko/20100101 Firefox/133.0"
137.74.145.29 - - [11/Jul/2026:21:05:49 -0400] "POST /index.php?option=com_pagebuilderck&task=ajax.upload&12fa35368bb687608183a10880f28d62=1 HTTP/1.1" 404 738 "-" "Mozilla/5.0 (X11; Linux x86_64; rv:133.0) Gecko/20100101 Firefox/133.0"
137.74.145.29 - - [11/Jul/2026:21:05:49 -0400] "POST /index.php?option=com_pagebuilderck&task=ajax.upload&12fa35368bb687608183a10880f28d62=1 HTTP/1.1" 404 738 "-" "Mozilla/5.0 (X11; Linux x86_64; rv:133.0) Gecko/20100101 Firefox/133.0"
137.74.145.29 - - [11/Jul/2026:21:05:49 -0400] "POST /index.php?option=com_pagebuilderck&task=ajax.upload&12fa35368bb687608183a10880f28d62=1 HTTP/1.1" 404 738 "-" "Mozilla/5.0 (X11; Linux x86_64; rv:133.0) Gecko/20100101 Firefox/133.0"
137.74.145.29 - - [11/Jul/2026:21:05:49 -0400] "POST /index.php?option=com_pagebuilderck&task=ajax.upload&12fa35368bb687608183a10880f28d62=1 HTTP/1.1" 404 738 "-" "Mozilla/5.0 (X11; Linux x86_64; rv:133.0) Gecko/20100101 Firefox/133.0"
137.74.145.29 - - [11/Jul/2026:21:05:50 -0400] "POST /index.php?option=com_pagebuilderck&task=ajax.upload&12fa35368bb687608183a10880f28d62=1 HTTP/1.1" 404 738 "-" "Mozilla/5.0 (X11; Linux x86_64; rv:133.0) Gecko/20100101 Firefox/133.0"
137.74.145.29 - - [11/Jul/2026:21:05:50 -0400] "POST /index.php?option=com_pagebuilderck&task=ajax.uploadFile&12fa35368bb687608183a10880f28d62=1 HTTP/1.1" 404 738 "-" "Mozilla/5.0 (X11; Linux x86_64; rv:133.0) Gecko/20100101 Firefox/133.0"
137.74.145.29 - - [11/Jul/2026:21:05:50 -0400] "POST /index.php?option=com_pagebuilderck&task=ajax.uploadFile&12fa35368bb687608183a10880f28d62=1 HTTP/1.1" 404 738 "-" "Mozilla/5.0 (X11; Linux x86_64; rv:133.0) Gecko/20100101 Firefox/133.0"
137.74.145.29 - - [11/Jul/2026:21:05:50 -0400] "POST /index.php?option=com_pagebuilderck&task=ajax.uploadFile&12fa35368bb687608183a10880f28d62=1 HTTP/1.1" 404 738 "-" "Mozilla/5.0 (X11; Linux x86_64; rv:133.0) Gecko/20100101 Firefox/133.0"
137.74.145.29 - - [11/Jul/2026:21:05:51 -0400] "POST /index.php?option=com_pagebuilderck&task=ajax.uploadFile&12fa35368bb687608183a10880f28d62=1 HTTP/1.1" 404 738 "-" "Mozilla/5.0 (X11; Linux x86_64; rv:133.0) Gecko/20100101 Firefox/133.0"
137.74.145.29 - - [11/Jul/2026:21:05:51 -0400] "POST /index.php?option=com_pagebuilderck&task=ajax.uploadFile&12fa35368bb687608183a10880f28d62=1 HTTP/1.1" 404 738 "-" "Mozilla/5.0 (X11; Linux x86_64; rv:133.0) Gecko/20100101 Firefox/133.0"
137.74.145.29 - - [11/Jul/2026:21:05:51 -0400] "POST /index.php?option=com_pagebuilderck&task=ajax.uploadFile&12fa35368bb687608183a10880f28d62=1 HTTP/1.1" 404 738 "-" "Mozilla/5.0 (X11; Linux x86_64; rv:133.0) Gecko/20100101 Firefox/133.0"
137.74.145.29 - - [11/Jul/2026:21:05:51 -0400] "POST /index.php?option=com_pagebuilderck&task=ajax.uploadFile&12fa35368bb687608183a10880f28d62=1 HTTP/1.1" 404 738 "-" "Mozilla/5.0 (X11; Linux x86_64; rv:133.0) Gecko/20100101 Firefox/133.0"
137.74.145.29 - - [11/Jul/2026:21:05:51 -0400] "POST /index.php?option=com_pagebuilderck&task=ajax.uploadFile&12fa35368bb687608183a10880f28d62=1 HTTP/1.1" 404 738 "-" "Mozilla/5.0 (X11; Linux x86_64; rv:133.0) Gecko/20100101 Firefox/133.0"
137.74.145.29 - - [11/Jul/2026:21:05:52 -0400] "POST /index.php?option=com_pagebuilderck&task=ajax.uploadFile&12fa35368bb687608183a10880f28d62=1 HTTP/1.1" 404 738 "-" "Mozilla/5.0 (X11; Linux x86_64; rv:133.0) Gecko/20100101 Firefox/133.0"
137.74.145.29 - - [11/Jul/2026:21:05:52 -0400] "POST /index.php?option=com_pagebuilderck&task=ajax.uploadFile&12fa35368bb687608183a10880f28d62=1 HTTP/1.1" 404 738 "-" "Mozilla/5.0 (X11; Linux x86_64; rv:133.0) Gecko/20100101 Firefox/133.0"
137.74.145.29 - - [11/Jul/2026:21:05:52 -0400] "POST /index.php?option=com_pagebuilderck&task=ajax.uploadFile&12fa35368bb687608183a10880f28d62=1 HTTP/1.1" 404 738 "-" "Mozilla/5.0 (X11; Linux x86_64; rv:133.0) Gecko/20100101 Firefox/133.0"
137.74.145.29 - - [11/Jul/2026:21:05:53 -0400] "POST /index.php?option=com_pagebuilderck&task=ajax.uploadFile&12fa35368bb687608183a10880f28d62=1 HTTP/1.1" 404 738 "-" "Mozilla/5.0 (X11; Linux x86_64; rv:133.0) Gecko/20100101 Firefox/133.0"
137.74.145.29 - - [11/Jul/2026:21:05:53 -0400] "POST /index.php?option=com_pagebuilderck&task=ajax.uploadFile&12fa35368bb687608183a10880f28d62=1 HTTP/1.1" 404 738 "-" "Mozilla/5.0 (X11; Linux x86_64; rv:133.0) Gecko/20100101 Firefox/133.0"
137.74.145.29 - - [11/Jul/2026:21:05:36 -0400] "GET /media/com_pagebuilderck/css/pagebuilderck.css HTTP/1.1" 404 1251 "-" "Mozilla/5.0 (X11; Linux x86_64; rv:133.0) Gecko/20100101 Firefox/133.0"
137.74.145.29 - - [11/Jul/2026:21:05:45 -0400] "POST /index.php?option=com_pagebuilderck&task=ajax.upload&12fa35368bb687608183a10880f28d62=1 HTTP/1.1" 404 738 "-" "Mozilla/5.0 (X11; Linux x86_64; rv:133.0) Gecko/20100101 Firefox/133.0"
137.74.145.29 - - [11/Jul/2026:21:05:45 -0400] "POST /index.php?option=com_pagebuilderck&task=ajax.upload&12fa35368bb687608183a10880f28d62=1 HTTP/1.1" 404 738 "-" "Mozilla/5.0 (X11; Linux x86_64; rv:133.0) Gecko/20100101 Firefox/133.0"
137.74.145.29 - - [11/Jul/2026:21:05:45 -0400] "POST /index.php?option=com_pagebuilderck&task=ajax.upload&12fa35368bb687608183a10880f28d62=1 HTTP/1.1" 404 738 "-" "Mozilla/5.0 (X11; Linux x86_64; rv:133.0) Gecko/20100101 Firefox/133.0"
137.74.145.29 - - [11/Jul/2026:21:05:46 -0400] "POST /index.php?option=com_pagebuilderck&task=ajax.upload&12fa35368bb687608183a10880f28d62=1 HTTP/1.1" 404 738 "-" "Mozilla/5.0 (X11; Linux x86_64; rv:133.0) Gecko/20100101 Firefox/133.0"
43.172.194.38 - - [11/Jul/2026:21:23:46 -0400] "GET /index.php/company/our-team/cv-christina-karachotzite HTTP/1.1" 200 9137 "-" "Mozilla/5.0 (Windows NT 10.0; Win64; x64) AppleWebKit/537.36 (KHTML, like Gecko) Chrome/133.0.0.0 Safari/537.36"
43.173.181.236 - - [11/Jul/2026:21:23:47 -0400] "GET /templates/system/css/system.css HTTP/1.1" 404 1251 "http://en.hrpsychology.gr/index.php/company/our-team/cv-christina-karachotzite" "Mozilla/5.0 (Windows NT 10.0; Win64; x64) AppleWebKit/537.36 (KHTML, like Gecko) Chrome/133.0.0.0 Safari/537.36"
216.73.216.165 - - [11/Jul/2026:21:42:43 -0400] "GET /index.php/sitemap.xml HTTP/1.1" 404 733 "-" "Mozilla/5.0 AppleWebKit/537.36 (KHTML, like Gecko; compatible; ClaudeBot/1.0; +claudebot@anthropic.com)"
216.73.216.165 - - [11/Jul/2026:21:42:39 -0400] "GET /robots.txt HTTP/1.1" 304 0 "-" "Mozilla/5.0 AppleWebKit/537.36 (KHTML, like Gecko; compatible; ClaudeBot/1.0; +claudebot@anthropic.com)"
216.73.216.165 - - [11/Jul/2026:23:45:06 -0400] "GET /index.php/sitemap.xml HTTP/1.1" 404 733 "-" "Mozilla/5.0 AppleWebKit/537.36 (KHTML, like Gecko; compatible; ClaudeBot/1.0; +claudebot@anthropic.com)"
45.227.253.15 - - [11/Jul/2026:23:43:20 -0400] "GET /filefuns.php?ARRAY=7o2230223n313738333833313932302p2231223n22687474703n5p2s5p2s6877623231317631312r66616p6p6s6s6r2r706963735p2s3s6p633q7068705s636s64655s6n6326743q313738333832383332302q3330333233343464313764633136393435653434346635643462383339343738222p2232223n226630333563396236326531656266643435376630316462663065336434656530222p2233223n226230376262633334336536623734656638363437613834613434343538353437222p2262696r675s70617373223n2232302q34312q36302q36352q37312q38332q3136227q HTTP/1.1" 200 36 "-" "Mozilla/5.0 (Macintosh; Intel Mac OS X 10.14; rv:103.0) Gecko/20100101 Firefox/103.0"
216.73.216.165 - - [11/Jul/2026:23:45:05 -0400] "GET /robots.txt HTTP/1.1" 304 0 "-" "Mozilla/5.0 AppleWebKit/537.36 (KHTML, like Gecko; compatible; ClaudeBot/1.0; +claudebot@anthropic.com)"
45.227.253.15 - - [12/Jul/2026:00:19:13 -0400] "GET /index.php/jk HTTP/1.1" 200 63 "-" "Mozilla/5.0 (iPad; U; CPU OS 4_3_3 like Mac OS X; ja) AppleWebKit/533.17.9 (KHTML, like Gecko) Version/5.0.2 Mobile/8J2 Safari/6533.18.5"
216.73.216.165 - - [12/Jul/2026:01:33:45 -0400] "GET /index.php/sitemap.xml HTTP/1.1" 404 733 "-" "Mozilla/5.0 AppleWebKit/537.36 (KHTML, like Gecko; compatible; ClaudeBot/1.0; +claudebot@anthropic.com)"
2400:8d60:6::575a:543a - - [12/Jul/2026:01:30:29 -0400] "POST /index.php?option=com_sppagebuilder&task=asset.uploadCustomIcon HTTP/1.1" 500 747 "-" "python-requests/2.31.0"
45.227.253.15 - - [12/Jul/2026:01:29:23 -0400] "GET /?of=1 HTTP/1.1" 200 9498 "-" "Mozilla/5.0 (Windows NT 6.3; WOW64; rv:74.0) Gecko/20100101 Firefox/74.0"
2a00:1d34:25fb:8401:314c:968a:3b37:6757 - - [12/Jul/2026:01:53:28 -0400] "GET /wp-login.php HTTP/1.1" 404 733 "https://www.facebook.com/" "Mozilla/5.0 (Macintosh; Intel Mac OS X 10_15_7) AppleWebKit/605.1.15 (KHTML, like Gecko) Version/17.2 Safari/605.1.15"
2a06:98c0:3624:2339:320f:2e:d4f7:a7b5 - - [12/Jul/2026:02:15:02 -0400] "HEAD / HTTP/1.1" 200 0 "-" "Mozilla/5.0 (Macintosh; Intel Mac OS X 10_15_7) AppleWebKit/537.36 (KHTML, like Gecko) Chrome/92.0.4515.107 Safari/537.36 (compatible; +https://developers.cloudflare.com/security-center/)"
216.73.217.84 - - [12/Jul/2026:03:20:37 -0400] "GET /robots.txt HTTP/1.1" 304 0 "-" "Mozilla/5.0 (Macintosh; Intel Mac OS X 10_15_7) AppleWebKit/537.36 (KHTML, like Gecko) Chrome/131.0.0.0 Safari/537.36; ClaudeBot/1.0; +claudebot@anthropic.com)"
216.73.217.84 - - [12/Jul/2026:03:20:40 -0400] "GET /plugins/system/cookiehint/css/redimstyle.css?1703aadefdd6f694f55e319b9e3fc6d5 HTTP/1.1" 200 1069 "http://en.hrpsychology.gr/index.php/gdpr" "Mozilla/5.0 (Macintosh; Intel Mac OS X 10_15_7) AppleWebKit/537.36 (KHTML, like Gecko) Chrome/131.0.0.0 Safari/537.36; ClaudeBot/1.0; +claudebot@anthropic.com)"
216.73.217.84 - - [12/Jul/2026:03:20:40 -0400] "GET /t3-assets/css/css-9c0ce-63542.css HTTP/1.1" 200 21016 "http://en.hrpsychology.gr/index.php/gdpr" "Mozilla/5.0 (Macintosh; Intel Mac OS X 10_15_7) AppleWebKit/537.36 (KHTML, like Gecko) Chrome/131.0.0.0 Safari/537.36; ClaudeBot/1.0; +claudebot@anthropic.com)"
216.73.217.84 - - [12/Jul/2026:03:20:40 -0400] "GET /t3-assets/css/css-f22d7-90091.css HTTP/1.1" 200 29295 "http://en.hrpsychology.gr/index.php/gdpr" "Mozilla/5.0 (Macintosh; Intel Mac OS X 10_15_7) AppleWebKit/537.36 (KHTML, like Gecko) Chrome/131.0.0.0 Safari/537.36; ClaudeBot/1.0; +claudebot@anthropic.com)"
216.73.217.84 - - [12/Jul/2026:03:20:40 -0400] "GET /media/system/js/joomla-hidden-mail.min.js?6829a5ca62409c5d92c27b7c42bad9e81b3a480a HTTP/1.1" 200 611 "http://en.hrpsychology.gr/index.php/gdpr" "Mozilla/5.0 (Macintosh; Intel Mac OS X 10_15_7) AppleWebKit/537.36 (KHTML, like Gecko) Chrome/131.0.0.0 Safari/537.36; ClaudeBot/1.0; +claudebot@anthropic.com)"
