3.250.157.202 - - [11/Jul/2026:16:06:58 -0400] "GET /wp-content/themes/fladient/assets/js/SplitText.min.js?ver=1.0 HTTP/2" 304 0 "https://soulfood.gr/" "Mozilla/5.0 (Windows NT 10.0; Win64; x64) AppleWebKit/537.36 (KHTML, like Gecko) Chrome/131.0.6778.0 Safari/537.36"
3.250.157.202 - - [11/Jul/2026:16:06:58 -0400] "GET /wp-content/themes/fladient/assets/js/waypoints.min.js?ver=1.0 HTTP/2" 304 0 "https://soulfood.gr/" "Mozilla/5.0 (Windows NT 10.0; Win64; x64) AppleWebKit/537.36 (KHTML, like Gecko) Chrome/131.0.6778.0 Safari/537.36"
3.250.157.202 - - [11/Jul/2026:16:06:58 -0400] "GET /wp-content/plugins/mystickymenu/dist/js/welcomebar-front.js?ver=2.9.1 HTTP/2" 304 0 "https://soulfood.gr/" "Mozilla/5.0 (Windows NT 10.0; Win64; x64) AppleWebKit/537.36 (KHTML, like Gecko) Chrome/131.0.6778.0 Safari/537.36"
3.250.157.202 - - [11/Jul/2026:16:07:01 -0400] "GET /wp-content/plugins/elementor/assets/js/text-editor.45609661e409413f1cef.bundle.min.js HTTP/2" 304 0 "https://soulfood.gr/" "Mozilla/5.0 (Windows NT 10.0; Win64; x64) AppleWebKit/537.36 (KHTML, like Gecko) Chrome/131.0.6778.0 Safari/537.36"
3.250.157.202 - - [11/Jul/2026:16:07:01 -0400] "GET /wp-content/plugins/elementor/assets/js/image-carousel.6167d20b95b33386757b.bundle.min.js HTTP/2" 304 0 "https://soulfood.gr/" "Mozilla/5.0 (Windows NT 10.0; Win64; x64) AppleWebKit/537.36 (KHTML, like Gecko) Chrome/131.0.6778.0 Safari/537.36"
185.198.240.40 - - [11/Jul/2026:16:02:25 -0400] "POST /wp-login.php HTTP/2" 200 3618 "-" "Mozilla/5.0 (Windows NT 10.0; Win64; rv:143.0) Gecko/20100101 Firefox/143.0"
185.198.240.60 - - [11/Jul/2026:16:02:25 -0400] "POST /wp-login.php HTTP/2" 200 3545 "-" "Mozilla/5.0 (Windows NT 10.0; Win64; x64) AppleWebKit/537.36 Chrome/129.0.0.0 Safari/537.36"
50.6.198.96 - - [11/Jul/2026:16:02:25 -0400] "POST /wp-cron.php?doing_wp_cron=1783800145.9340100288391113281250 HTTP/2" 200 0 "-" "WordPress/7.0; https://soulfood.gr"
43.130.67.33 - - [11/Jul/2026:16:06:37 -0400] "GET /contact-us/embed/ HTTP/2" 200 21220 "-" "Mozilla/5.0 (iPhone; CPU iPhone OS 13_2_3 like Mac OS X) AppleWebKit/605.1.15 (KHTML, like Gecko) Version/13.0.3 Mobile/15E148 Safari/604.1"
3.250.157.202 - - [11/Jul/2026:16:06:56 -0400] "GET / HTTP/2" 200 26421 "-" "Mozilla/5.0 (Windows NT 10.0; Win64; x64) AppleWebKit/537.36 (KHTML, like Gecko) Chrome/131.0.6778.0 Safari/537.36"
3.250.157.202 - - [11/Jul/2026:16:06:57 -0400] "GET /wp-includes/js/jquery/jquery.min.js?ver=3.7.1 HTTP/2" 304 0 "https://soulfood.gr/" "Mozilla/5.0 (Windows NT 10.0; Win64; x64) AppleWebKit/537.36 (KHTML, like Gecko) Chrome/131.0.6778.0 Safari/537.36"
3.250.157.202 - - [11/Jul/2026:16:06:58 -0400] "GET /wp-content/plugins/contact-form-7/includes/js/index.js?ver=6.1.6 HTTP/2" 304 0 "https://soulfood.gr/" "Mozilla/5.0 (Windows NT 10.0; Win64; x64) AppleWebKit/537.36 (KHTML, like Gecko) Chrome/131.0.6778.0 Safari/537.36"
3.250.157.202 - - [11/Jul/2026:16:06:58 -0400] "GET /wp-content/themes/fladient/assets/js/magnific-popup.min.js?ver=1.0 HTTP/2" 304 0 "https://soulfood.gr/" "Mozilla/5.0 (Windows NT 10.0; Win64; x64) AppleWebKit/537.36 (KHTML, like Gecko) Chrome/131.0.6778.0 Safari/537.36"
3.250.157.202 - - [11/Jul/2026:16:06:58 -0400] "GET /wp-content/themes/fladient/assets/js/CustomEase.min.js?ver=1.0 HTTP/2" 304 0 "https://soulfood.gr/" "Mozilla/5.0 (Windows NT 10.0; Win64; x64) AppleWebKit/537.36 (KHTML, like Gecko) Chrome/131.0.6778.0 Safari/537.36"
3.250.157.202 - - [11/Jul/2026:16:06:58 -0400] "GET /wp-includes/js/imagesloaded.min.js?ver=5.0.0 HTTP/2" 304 0 "https://soulfood.gr/" "Mozilla/5.0 (Windows NT 10.0; Win64; x64) AppleWebKit/537.36 (KHTML, like Gecko) Chrome/131.0.6778.0 Safari/537.36"
3.250.157.202 - - [11/Jul/2026:16:06:58 -0400] "GET /wp-content/plugins/elementor/assets/js/webpack.runtime.min.js?ver=4.1.4 HTTP/2" 304 0 "https://soulfood.gr/" "Mozilla/5.0 (Windows NT 10.0; Win64; x64) AppleWebKit/537.36 (KHTML, like Gecko) Chrome/131.0.6778.0 Safari/537.36"
3.250.157.202 - - [11/Jul/2026:16:06:58 -0400] "GET /wp-content/plugins/elementor/assets/js/frontend.min.js?ver=4.1.4 HTTP/2" 304 0 "https://soulfood.gr/" "Mozilla/5.0 (Windows NT 10.0; Win64; x64) AppleWebKit/537.36 (KHTML, like Gecko) Chrome/131.0.6778.0 Safari/537.36"
3.250.157.202 - - [11/Jul/2026:16:06:58 -0400] "GET /wp-content/themes/fladient/assets/js/main.js?ver=1.0 HTTP/2" 304 0 "https://soulfood.gr/" "Mozilla/5.0 (Windows NT 10.0; Win64; x64) AppleWebKit/537.36 (KHTML, like Gecko) Chrome/131.0.6778.0 Safari/537.36"
3.250.157.202 - - [11/Jul/2026:16:06:58 -0400] "GET /wp-content/plugins/mystickymenu/dist/js/morphext.js?ver=2.9.1 HTTP/2" 304 0 "https://soulfood.gr/" "Mozilla/5.0 (Windows NT 10.0; Win64; x64) AppleWebKit/537.36 (KHTML, like Gecko) Chrome/131.0.6778.0 Safari/537.36"
50.6.198.96 - - [11/Jul/2026:16:09:52 -0400] "POST /wp-cron.php?doing_wp_cron=1783800592.3208200931549072265625 HTTP/2" 200 0 "-" "WordPress/7.0; https://soulfood.gr"
185.198.240.45 - - [11/Jul/2026:16:13:58 -0400] "POST /wp-login.php HTTP/2" 200 3555 "-" "Mozilla/5.0 (Windows NT 10.0; Win64; rv:143.0) Gecko/20100101 Firefox/143.0"
185.198.240.63 - - [11/Jul/2026:16:13:58 -0400] "POST /wp-login.php HTTP/2" 200 3618 "-" "Mozilla/5.0 (Macintosh; Intel Mac OS X 10_15_7) AppleWebKit/605.1.15 Version/17.0 Safari/605.1.15"
50.6.198.96 - - [11/Jul/2026:16:13:59 -0400] "POST /wp-cron.php?doing_wp_cron=1783800839.2805080413818359375000 HTTP/2" 200 0 "-" "WordPress/7.0; https://soulfood.gr"
217.113.60.80 - - [11/Jul/2026:16:09:52 -0400] "POST /wp-login.php HTTP/2" 200 3556 "https://www.soulfood.gr/wp-login.php" "Mozilla/5.0 (X11; Linux x86_64) AppleWebKit/537.36 (KHTML, like Gecko) Chrome/144.0.0.0 Safari/537.36"
185.198.240.42 - - [11/Jul/2026:16:13:58 -0400] "POST /wp-login.php HTTP/2" 200 3620 "-" "Mozilla/5.0 (Windows NT 10.0; Win64; rv:143.0) Gecko/20100101 Firefox/143.0"
64.89.162.187 - - [11/Jul/2026:16:14:29 -0400] "GET / HTTP/2" 200 26423 "-" "Mozlila/5.0 (Linux; Android 7.0; SM-G892A Bulid/NRD90M; wv) AppleWebKit/537.36 (KHTML, like Gecko) Version/4.0 Chrome/60.0.3112.107 Moblie Safari/537.36"
64.89.162.187 - - [11/Jul/2026:16:14:29 -0400] "GET /wp-content/plugins/apikey/apikey.php?test=hello HTTP/2" 404 18502 "-" "Mozlila/5.0 (Linux; Android 7.0; SM-G892A Bulid/NRD90M; wv) AppleWebKit/537.36 (KHTML, like Gecko) Version/4.0 Chrome/60.0.3112.107 Moblie Safari/537.36"
64.89.162.187 - - [11/Jul/2026:16:14:31 -0400] "GET /wp-content/plugins/apikey/apikey.php.suspected?test=hello HTTP/2" 404 18502 "-" "Mozlila/5.0 (Linux; Android 7.0; SM-G892A Bulid/NRD90M; wv) AppleWebKit/537.36 (KHTML, like Gecko) Version/4.0 Chrome/60.0.3112.107 Moblie Safari/537.36"
3.250.157.202 - - [11/Jul/2026:16:06:58 -0400] "GET /wp-content/themes/fladient/assets/js/swiper-bundle.min.js?ver=1.0 HTTP/2" 304 0 "https://soulfood.gr/" "Mozilla/5.0 (Windows NT 10.0; Win64; x64) AppleWebKit/537.36 (KHTML, like Gecko) Chrome/131.0.6778.0 Safari/537.36"
3.250.157.202 - - [11/Jul/2026:16:06:58 -0400] "GET /wp-content/themes/fladient/assets/js/lenis.min.js?ver=1.0 HTTP/2" 304 0 "https://soulfood.gr/" "Mozilla/5.0 (Windows NT 10.0; Win64; x64) AppleWebKit/537.36 (KHTML, like Gecko) Chrome/131.0.6778.0 Safari/537.36"
3.250.157.202 - - [11/Jul/2026:16:06:58 -0400] "GET /wp-content/themes/fladient/assets/js/pagepiling.js?ver=1.0 HTTP/2" 304 0 "https://soulfood.gr/" "Mozilla/5.0 (Windows NT 10.0; Win64; x64) AppleWebKit/537.36 (KHTML, like Gecko) Chrome/131.0.6778.0 Safari/537.36"
3.250.157.202 - - [11/Jul/2026:16:06:58 -0400] "GET /wp-content/plugins/elementor/assets/js/frontend-modules.min.js?ver=4.1.4 HTTP/2" 304 0 "https://soulfood.gr/" "Mozilla/5.0 (Windows NT 10.0; Win64; x64) AppleWebKit/537.36 (KHTML, like Gecko) Chrome/131.0.6778.0 Safari/537.36"
3.250.157.202 - - [11/Jul/2026:16:06:58 -0400] "GET /wp-content/themes/fladient/assets/js/ScrollTrigger.min.js?ver=1.0 HTTP/2" 304 0 "https://soulfood.gr/" "Mozilla/5.0 (Windows NT 10.0; Win64; x64) AppleWebKit/537.36 (KHTML, like Gecko) Chrome/131.0.6778.0 Safari/537.36"
3.250.157.202 - - [11/Jul/2026:16:06:58 -0400] "GET /wp-content/plugins/loftloader/assets/js/loftloader.min.js?ver=2026051801 HTTP/2" 304 0 "https://soulfood.gr/" "Mozilla/5.0 (Windows NT 10.0; Win64; x64) AppleWebKit/537.36 (KHTML, like Gecko) Chrome/131.0.6778.0 Safari/537.36"
3.250.157.202 - - [11/Jul/2026:16:07:01 -0400] "GET /wp-content/plugins/elementor/assets/js/section-frontend-handlers.d85ab872da118940910d.bundle.min.js HTTP/2" 304 0 "https://soulfood.gr/" "Mozilla/5.0 (Windows NT 10.0; Win64; x64) AppleWebKit/537.36 (KHTML, like Gecko) Chrome/131.0.6778.0 Safari/537.36"
3.250.157.202 - - [11/Jul/2026:16:07:01 -0400] "GET /wp-content/plugins/elementor/assets/js/shared-frontend-handlers.03caa53373b56d3bab67.bundle.min.js HTTP/2" 304 0 "https://soulfood.gr/" "Mozilla/5.0 (Windows NT 10.0; Win64; x64) AppleWebKit/537.36 (KHTML, like Gecko) Chrome/131.0.6778.0 Safari/537.36"
3.250.157.202 - - [11/Jul/2026:16:07:01 -0400] "GET /wp-includes/js/wp-emoji-release.min.js?ver=7.0 HTTP/2" 304 0 "https://soulfood.gr/" "Mozilla/5.0 (Windows NT 10.0; Win64; x64) AppleWebKit/537.36 (KHTML, like Gecko) Chrome/131.0.6778.0 Safari/537.36"
217.113.60.80 - - [11/Jul/2026:16:09:51 -0400] "GET /wp-login.php HTTP/2" 200 3390 "-" "Mozilla/5.0 (X11; Linux x86_64) AppleWebKit/537.36 (KHTML, like Gecko) Chrome/144.0.0.0 Safari/537.36"
185.198.240.33 - - [11/Jul/2026:16:13:59 -0400] "POST /wp-login.php HTTP/2" 200 3545 "-" "Mozilla/5.0 (Windows NT 10.0; Win64; rv:143.0) Gecko/20100101 Firefox/143.0"
64.89.162.187 - - [11/Jul/2026:16:14:30 -0400] "GET /plugins/content/apismtp/apismtp.php?test=hello HTTP/2" 404 18502 "-" "Mozlila/5.0 (Linux; Android 7.0; SM-G892A Bulid/NRD90M; wv) AppleWebKit/537.36 (KHTML, like Gecko) Version/4.0 Chrome/60.0.3112.107 Moblie Safari/537.36"
43.159.139.164 - - [11/Jul/2026:16:14:49 -0400] "GET /wp-json/oembed/1.0/embed?url=https%3A%2F%2Fsoulfood.gr%2Fen%2Fpersonal-data-eng%2F&lang=en HTTP/2" 200 1028 "-" "Mozilla/5.0 (iPhone; CPU iPhone OS 13_2_3 like Mac OS X) AppleWebKit/605.1.15 (KHTML, like Gecko) Version/13.0.3 Mobile/15E148 Safari/604.1"
64.89.162.187 - - [11/Jul/2026:16:14:29 -0400] "GET /wp-content/themes/seotheme/db.php?u HTTP/2" 404 18502 "www.google.com" "Mozlila/5.0 (Linux; Android 7.0; SM-G892A Bulid/NRD90M; wv) AppleWebKit/537.36 (KHTML, like Gecko) Version/4.0 Chrome/60.0.3112.107 Moblie Safari/537.36"
64.89.162.187 - - [11/Jul/2026:16:14:30 -0400] "POST /wp-plain.php HTTP/2" 404 18459 "www.google.com" "Mozilla/5.0 (Linux; Android 7.0; SM-G892A Bulid/NRD90M; wv) AppleWebKit/537.36 (KHTML, like Gecko) Version/4.0 Chrome/60.0.3112.107 Moblie Safari/537.36"
64.89.162.187 - - [11/Jul/2026:16:14:30 -0400] "GET /bwajrymz.php?Fox=d3wL7 HTTP/2" 404 18500 "www.google.com" "Mozilla/5.0 (Linux; Android 7.0; SM-G892A Bulid/NRD90M; wv) AppleWebKit/537.36 (KHTML, like Gecko) Version/4.0 Chrome/60.0.3112.107 Moblie Safari/537.36"
64.89.162.187 - - [11/Jul/2026:16:14:32 -0400] "GET /plugins/content/apismtp/apismtp.php.suspected?test=hello HTTP/2" 404 18502 "-" "Mozlila/5.0 (Linux; Android 7.0; SM-G892A Bulid/NRD90M; wv) AppleWebKit/537.36 (KHTML, like Gecko) Version/4.0 Chrome/60.0.3112.107 Moblie Safari/537.36"
212.65.104.187 - - [11/Jul/2026:16:15:21 -0400] "GET /building-a-user-friendly-app-best-practices-and-tips/ HTTP/2" 404 18502 "-" "Mozilla/5.0 (Macintosh; Intel Mac OS X 10_15_7) AppleWebKit/537.36 (KHTML, like Gecko) Chrome/97.0.4692.99 Safari/537.36"
50.6.198.96 - - [11/Jul/2026:16:17:03 -0400] "POST /wp-cron.php?doing_wp_cron=1783801023.9027609825134277343750 HTTP/2" 200 0 "-" "WordPress/7.0; https://soulfood.gr"
2a03:2880:f812:7:: - - [11/Jul/2026:16:25:29 -0400] "GET /en/wp-sitemap-posts-page-1.xml HTTP/2" 404 214 "-" "Mozilla/5.0 (Macintosh; Intel Mac OS X 10_15_7) AppleWebKit/537.36 (KHTML, like Gecko) Chrome/145.0.0.0 Safari/537.36 (compatible; meta-externalagent/1.1 (+https://developers.facebook.com/docs/sharing/webmasters/crawler))"
98.70.32.248 - - [11/Jul/2026:16:28:59 -0400] "POST /xmlrpc.php HTTP/2" 200 240 "-" "Mozilla/5.0 (Windows NT 10.0; Win64; x64) AppleWebKit/537.36 (KHTML, like Gecko) Chrome/149.0.0.0 Safari/537.36"
185.198.240.81 - - [11/Jul/2026:16:25:19 -0400] "POST /wp-login.php HTTP/2" 200 3618 "-" "Mozilla/5.0 (Windows NT 10.0; Win64; rv:143.0) Gecko/20100101 Firefox/143.0"
185.198.240.63 - - [11/Jul/2026:16:25:19 -0400] "POST /wp-login.php HTTP/2" 200 3555 "-" "Mozilla/5.0 (Windows NT 10.0; Win64; x64) AppleWebKit/537.36 Chrome/129.0.0.0 Safari/537.36"
50.6.198.96 - - [11/Jul/2026:16:25:20 -0400] "POST /wp-cron.php?doing_wp_cron=1783801520.2310590744018554687500 HTTP/2" 200 0 "-" "WordPress/7.0; https://soulfood.gr"
185.198.240.58 - - [11/Jul/2026:16:25:19 -0400] "POST /wp-login.php HTTP/2" 200 3620 "-" "Mozilla/5.0 (Macintosh; Intel Mac OS X 10_15_7) AppleWebKit/605.1.15 Version/17.0 Safari/605.1.15"
165.73.162.235 - - [11/Jul/2026:16:30:46 -0400] "GET /pattern/asset/ej5meutyuetfkra.html HTTP/2" 404 18524 "-" "Mozilla/5.0 (Macintosh; Intel Mac OS X 10_12_6) AppleWebKit/537.36 (KHTML, like Gecko) Chrome/79.0.3945.130 Safari/537.36"
50.6.198.96 - - [11/Jul/2026:16:15:21 -0400] "POST /wp-cron.php?doing_wp_cron=1783800921.8804349899291992187500 HTTP/2" 200 0 "-" "WordPress/7.0; https://soulfood.gr"
38.172.162.64 - - [11/Jul/2026:16:17:03 -0400] "GET /typology/load/enbnk0zv0kzlfxg.html HTTP/2" 404 18502 "-" "Mozilla/5.0 (Macintosh; Intel Mac OS X 10_14_5) AppleWebKit/537.36 (KHTML, like Gecko) Chrome/97.0.4692.99 Safari/537.36"
173.239.214.96 - - [11/Jul/2026:16:25:19 -0400] "POST /wp-login.php HTTP/2" 200 3545 "-" "Mozilla/5.0 (Macintosh; Intel Mac OS X 10_15_7) AppleWebKit/605.1.15 Version/17.0 Safari/605.1.15"
50.6.198.96 - - [11/Jul/2026:16:28:59 -0400] "POST /wp-cron.php?doing_wp_cron=1783801739.4053959846496582031250 HTTP/2" 200 0 "-" "WordPress/7.0; https://soulfood.gr"
50.6.198.96 - - [11/Jul/2026:16:30:47 -0400] "POST /wp-cron.php?doing_wp_cron=1783801847.4737389087677001953125 HTTP/2" 200 0 "-" "WordPress/7.0; https://soulfood.gr"
43.157.98.187 - - [11/Jul/2026:16:33:27 -0400] "GET /wp-json/wp/v2/pages/4621 HTTP/2" 200 11360 "-" "Mozilla/5.0 (iPhone; CPU iPhone OS 13_2_3 like Mac OS X) AppleWebKit/605.1.15 (KHTML, like Gecko) Version/13.0.3 Mobile/15E148 Safari/604.1"
50.6.198.96 - - [11/Jul/2026:16:37:13 -0400] "POST /wp-cron.php?doing_wp_cron=1783802233.1322829723358154296875 HTTP/2" 200 0 "-" "WordPress/7.0; https://soulfood.gr"
46.40.244.220 - - [11/Jul/2026:16:40:02 -0400] "POST /xmlrpc.php HTTP/2" 200 218 "-" "WordPress.com; https://wordpress.com"
46.40.244.220 - - [11/Jul/2026:16:40:12 -0400] "POST /xmlrpc.php HTTP/2" 200 218 "-" "Jetpack by WordPress.com"
46.40.244.220 - - [11/Jul/2026:16:40:22 -0400] "POST /xmlrpc.php HTTP/2" 200 218 "-" "Jetpack/12.5; WordPress/6.2; http://site11932251.com"
50.6.198.96 - - [11/Jul/2026:16:40:24 -0400] "POST /wp-cron.php?doing_wp_cron=1783802424.3832941055297851562500 HTTP/2" 200 0 "-" "WordPress/7.0; https://soulfood.gr"
103.130.114.49 - - [11/Jul/2026:16:40:23 -0400] "GET /tag/featured/ HTTP/2" 200 19372 "-" "Mozilla/5.0 (Macintosh; Intel Mac OS X 11_2_1) AppleWebKit/537.36 (KHTML, like Gecko) Brave Chrome/87.0.4280.101 Safari/537.36"
46.40.244.220 - - [11/Jul/2026:16:40:33 -0400] "POST /xmlrpc.php HTTP/2" 200 218 "-" "Jetpack by WordPress.com (Jetpack 12.1; WordPress 6.4)"
46.40.244.220 - - [11/Jul/2026:16:40:44 -0400] "POST /xmlrpc.php HTTP/2" 200 218 "-" "Jetpack/12.0; WordPress/6.3; http://site39191939.com"
46.40.244.220 - - [11/Jul/2026:16:40:55 -0400] "POST /xmlrpc.php HTTP/2" 200 218 "-" "Jetpack by WordPress.com (Jetpack 12.0; WordPress 6.3)"
46.40.244.220 - - [11/Jul/2026:16:41:06 -0400] "POST /xmlrpc.php HTTP/2" 200 218 "-" "Jetpack/12.5; WordPress/6.4; http://site68092223.com"
46.40.244.220 - - [11/Jul/2026:16:41:16 -0400] "POST /xmlrpc.php HTTP/2" 200 218 "-" "Jetpack/12.0; WordPress/6.3; http://site93893608.com"
50.6.198.96 - - [11/Jul/2026:16:41:27 -0400] "POST /wp-cron.php?doing_wp_cron=1783802487.7909851074218750000000 HTTP/2" 200 0 "-" "WordPress/7.0; https://soulfood.gr"
46.40.244.220 - - [11/Jul/2026:16:41:27 -0400] "POST /xmlrpc.php HTTP/2" 200 218 "-" "Jetpack/13.0; WordPress/6.1; http://site59459907.com"
46.40.244.220 - - [11/Jul/2026:16:41:38 -0400] "POST /xmlrpc.php HTTP/2" 200 218 "-" "WordPress.com; https://wordpress.com"
46.40.244.220 - - [11/Jul/2026:16:41:48 -0400] "POST /xmlrpc.php HTTP/2" 200 218 "-" "Jetpack by WordPress.com (Jetpack 13.0; WordPress 6.1)"
46.40.244.220 - - [11/Jul/2026:16:41:59 -0400] "POST /xmlrpc.php HTTP/2" 200 218 "-" "Jetpack by WordPress.com (Jetpack 12.1; WordPress 6.4)"
46.40.244.220 - - [11/Jul/2026:16:42:10 -0400] "POST /xmlrpc.php HTTP/2" 200 218 "-" "Jetpack by WordPress.com (Jetpack 13.0; WordPress 6.2)"
46.40.244.220 - - [11/Jul/2026:16:42:21 -0400] "POST /xmlrpc.php HTTP/2" 200 218 "-" "Jetpack by WordPress.com (Jetpack 12.5; WordPress 6.1)"
46.40.244.220 - - [11/Jul/2026:16:42:31 -0400] "POST /xmlrpc.php HTTP/2" 200 218 "-" "WordPress.com; https://wordpress.com"
46.40.244.220 - - [11/Jul/2026:16:42:42 -0400] "POST /xmlrpc.php HTTP/2" 200 218 "-" "Jetpack/13.0; WordPress/6.1; http://site14017762.com"
46.40.244.220 - - [11/Jul/2026:16:42:53 -0400] "POST /xmlrpc.php HTTP/2" 200 218 "-" "WordPress.com; https://wordpress.com"
46.40.244.220 - - [11/Jul/2026:16:43:03 -0400] "POST /xmlrpc.php HTTP/2" 200 218 "-" "Jetpack by WordPress.com (Jetpack 12.5; WordPress 6.1)"
46.40.244.220 - - [11/Jul/2026:16:43:14 -0400] "POST /xmlrpc.php HTTP/2" 200 218 "-" "Jetpack by WordPress.com"
46.40.244.220 - - [11/Jul/2026:16:43:25 -0400] "POST /xmlrpc.php HTTP/2" 200 218 "-" "Jetpack/12.5; WordPress/6.2; http://site98834332.com"
46.40.244.220 - - [11/Jul/2026:16:43:35 -0400] "POST /xmlrpc.php HTTP/2" 200 218 "-" "WordPress.com; https://wordpress.com"
46.40.244.220 - - [11/Jul/2026:16:43:46 -0400] "POST /xmlrpc.php HTTP/2" 200 218 "-" "Jetpack by WordPress.com"
46.40.244.220 - - [11/Jul/2026:16:43:57 -0400] "POST /xmlrpc.php HTTP/2" 200 218 "-" "WordPress.com; https://wordpress.com"
50.6.198.96 - - [11/Jul/2026:16:33:28 -0400] "POST /wp-cron.php?doing_wp_cron=1783802008.4830679893493652343750 HTTP/2" 200 0 "-" "WordPress/7.0; https://soulfood.gr"
185.198.240.61 - - [11/Jul/2026:16:37:12 -0400] "POST /wp-login.php HTTP/2" 200 3545 "-" "Mozilla/5.0 (Macintosh; Intel Mac OS X 10_15_7) AppleWebKit/605.1.15 Version/17.0 Safari/605.1.15"
185.198.240.41 - - [11/Jul/2026:16:37:12 -0400] "POST /wp-login.php HTTP/2" 200 3555 "-" "Mozilla/5.0 (Macintosh; Intel Mac OS X 10_15_7) AppleWebKit/605.1.15 Version/17.0 Safari/605.1.15"
185.198.240.74 - - [11/Jul/2026:16:37:12 -0400] "POST /wp-login.php HTTP/2" 200 3618 "-" "Mozilla/5.0 (Windows NT 10.0; Win64; rv:143.0) Gecko/20100101 Firefox/143.0"
50.6.198.96 - - [11/Jul/2026:16:42:32 -0400] "POST /wp-cron.php?doing_wp_cron=1783802552.2394950389862060546875 HTTP/2" 200 0 "-" "WordPress/7.0; https://soulfood.gr"
50.6.198.96 - - [11/Jul/2026:16:43:27 -0400] "POST /wp-cron.php?doing_wp_cron=1783802607.4156169891357421875000 HTTP/2" 200 0 "-" "WordPress/7.0; https://soulfood.gr"
185.198.240.53 - - [11/Jul/2026:16:48:33 -0400] "POST /wp-login.php HTTP/2" 200 3618 "-" "Mozilla/5.0 (Windows NT 10.0; Win64; x64) AppleWebKit/537.36 Chrome/129.0.0.0 Safari/537.36"
185.198.240.41 - - [11/Jul/2026:16:48:33 -0400] "POST /wp-login.php HTTP/2" 200 3555 "-" "Mozilla/5.0 (Windows NT 10.0; Win64; x64) AppleWebKit/537.36 Chrome/129.0.0.0 Safari/537.36"
185.198.240.55 - - [11/Jul/2026:16:48:33 -0400] "POST /wp-login.php HTTP/2" 200 3620 "-" "Mozilla/5.0 (Macintosh; Intel Mac OS X 10_15_7) AppleWebKit/605.1.15 Version/17.0 Safari/605.1.15"
46.40.244.220 - - [11/Jul/2026:16:44:08 -0400] "POST /xmlrpc.php HTTP/2" 200 218 "-" "Jetpack by WordPress.com (Jetpack 12.1; WordPress 6.2)"
46.40.244.220 - - [11/Jul/2026:16:44:18 -0400] "POST /xmlrpc.php HTTP/2" 200 218 "-" "Jetpack/12.5; WordPress/6.4; http://site16299733.com"
50.6.198.96 - - [11/Jul/2026:16:44:32 -0400] "POST /wp-cron.php?doing_wp_cron=1783802672.3834369182586669921875 HTTP/2" 200 0 "-" "WordPress/7.0; https://soulfood.gr"
46.40.244.220 - - [11/Jul/2026:16:44:29 -0400] "POST /xmlrpc.php HTTP/2" 200 218 "-" "Jetpack by WordPress.com (Jetpack 13.0; WordPress 6.3)"
46.40.244.220 - - [11/Jul/2026:16:44:40 -0400] "POST /xmlrpc.php HTTP/2" 200 218 "-" "Jetpack by WordPress.com"
46.40.244.220 - - [11/Jul/2026:16:44:50 -0400] "POST /xmlrpc.php HTTP/2" 200 218 "-" "Jetpack/13.0; WordPress/6.1; http://site22975606.com"
186.62.90.160 - - [11/Jul/2026:16:45:01 -0400] "GET /collection/prototype/eupomqdi2adnenu.html HTTP/2" 404 18502 "-" "Mozilla/5.0 (Macintosh; Intel Mac OS X 10_15_3) AppleWebKit/537.36 (KHTML, like Gecko) Chrome/87.0.4280.88 Safari/537.36"
46.40.244.220 - - [11/Jul/2026:16:45:01 -0400] "POST /xmlrpc.php HTTP/2" 200 218 "-" "WordPress.com; https://wordpress.com"
46.40.244.220 - - [11/Jul/2026:16:45:12 -0400] "POST /xmlrpc.php HTTP/2" 200 218 "-" "Jetpack/12.0; WordPress/6.1; http://site34578578.com"
46.40.244.220 - - [11/Jul/2026:16:45:22 -0400] "POST /xmlrpc.php HTTP/2" 200 218 "-" "Jetpack/12.0; WordPress/6.1; http://site48133414.com"
46.40.244.220 - - [11/Jul/2026:16:45:33 -0400] "POST /xmlrpc.php HTTP/2" 200 0 "-" "WordPress.com; https://wordpress.com"
46.40.244.220 - - [11/Jul/2026:16:45:44 -0400] "POST /xmlrpc.php HTTP/2" 200 0 "-" "WordPress.com; https://wordpress.com"
46.40.244.220 - - [11/Jul/2026:16:45:54 -0400] "POST /xmlrpc.php HTTP/2" 200 0 "-" "Jetpack by WordPress.com"
46.40.244.220 - - [11/Jul/2026:16:46:05 -0400] "POST /xmlrpc.php HTTP/2" 200 0 "-" "Jetpack/12.1; WordPress/6.1; http://site29911776.com"
46.40.244.220 - - [11/Jul/2026:16:46:16 -0400] "POST /xmlrpc.php HTTP/2" 200 0 "-" "Jetpack/12.1; WordPress/6.1; http://site13396856.com"
46.40.244.220 - - [11/Jul/2026:16:46:26 -0400] "POST /xmlrpc.php HTTP/2" 200 0 "-" "Jetpack/12.5; WordPress/6.4; http://site94304485.com"
46.40.244.220 - - [11/Jul/2026:16:46:37 -0400] "POST /xmlrpc.php HTTP/2" 200 0 "-" "Jetpack by WordPress.com"
185.198.240.72 - - [11/Jul/2026:16:37:12 -0400] "POST /wp-login.php HTTP/2" 200 3620 "-" "Mozilla/5.0 (Windows NT 10.0; Win64; rv:143.0) Gecko/20100101 Firefox/143.0"
50.6.198.96 - - [11/Jul/2026:16:40:02 -0400] "POST /wp-cron.php?doing_wp_cron=1783802402.6564230918884277343750 HTTP/2" 200 0 "-" "WordPress/7.0; https://soulfood.gr"
50.6.198.96 - - [11/Jul/2026:16:48:33 -0400] "POST /wp-cron.php?doing_wp_cron=1783802913.4960289001464843750000 HTTP/2" 200 0 "-" "WordPress/7.0; https://soulfood.gr"
185.198.240.37 - - [11/Jul/2026:16:48:33 -0400] "POST /wp-login.php HTTP/2" 200 3545 "-" "Mozilla/5.0 (Macintosh; Intel Mac OS X 10_15_7) AppleWebKit/605.1.15 Version/17.0 Safari/605.1.15"
46.40.244.220 - - [11/Jul/2026:16:46:48 -0400] "POST /xmlrpc.php HTTP/2" 200 0 "-" "Jetpack by WordPress.com (Jetpack 12.5; WordPress 6.3)"
46.40.244.220 - - [11/Jul/2026:16:46:59 -0400] "POST /xmlrpc.php HTTP/2" 200 0 "-" "Jetpack/12.0; WordPress/6.3; http://site36246403.com"
46.40.244.220 - - [11/Jul/2026:16:47:09 -0400] "POST /xmlrpc.php HTTP/2" 200 0 "-" "WordPress.com; https://wordpress.com"
46.40.244.220 - - [11/Jul/2026:16:47:20 -0400] "POST /xmlrpc.php HTTP/2" 200 0 "-" "Jetpack/12.1; WordPress/6.3; http://site90339051.com"
46.40.244.220 - - [11/Jul/2026:16:47:31 -0400] "POST /xmlrpc.php HTTP/2" 200 0 "-" "Jetpack/13.0; WordPress/6.4; http://site23982225.com"
46.40.244.220 - - [11/Jul/2026:16:47:42 -0400] "POST /xmlrpc.php HTTP/2" 200 0 "-" "Jetpack by WordPress.com"
46.40.244.220 - - [11/Jul/2026:16:47:52 -0400] "POST /xmlrpc.php HTTP/2" 200 0 "-" "Jetpack by WordPress.com"
46.40.244.220 - - [11/Jul/2026:16:48:03 -0400] "POST /xmlrpc.php HTTP/2" 200 0 "-" "Jetpack by WordPress.com"
46.40.244.220 - - [11/Jul/2026:16:48:13 -0400] "POST /xmlrpc.php HTTP/2" 200 0 "-" "Jetpack by WordPress.com"
46.40.244.220 - - [11/Jul/2026:16:48:24 -0400] "POST /xmlrpc.php HTTP/2" 200 0 "-" "Jetpack by WordPress.com"
46.40.244.220 - - [11/Jul/2026:16:48:35 -0400] "POST /xmlrpc.php HTTP/2" 200 0 "-" "Jetpack by WordPress.com (Jetpack 12.5; WordPress 6.2)"
46.40.244.220 - - [11/Jul/2026:16:48:45 -0400] "POST /xmlrpc.php HTTP/2" 200 0 "-" "WordPress.com; https://wordpress.com"
46.40.244.220 - - [11/Jul/2026:16:48:56 -0400] "POST /xmlrpc.php HTTP/2" 200 0 "-" "Jetpack by WordPress.com (Jetpack 12.0; WordPress 6.1)"
46.40.244.220 - - [11/Jul/2026:16:49:07 -0400] "POST /xmlrpc.php HTTP/2" 200 0 "-" "Jetpack by WordPress.com (Jetpack 12.5; WordPress 6.1)"
46.40.244.220 - - [11/Jul/2026:16:49:17 -0400] "POST /xmlrpc.php HTTP/2" 200 0 "-" "Jetpack/12.1; WordPress/6.2; http://site65551215.com"
46.40.244.220 - - [11/Jul/2026:16:49:28 -0400] "POST /xmlrpc.php HTTP/2" 200 0 "-" "Jetpack by WordPress.com (Jetpack 12.5; WordPress 6.1)"
46.40.244.220 - - [11/Jul/2026:16:49:39 -0400] "POST /xmlrpc.php HTTP/2" 200 0 "-" "WordPress.com; https://wordpress.com"
46.40.244.220 - - [11/Jul/2026:16:49:49 -0400] "POST /xmlrpc.php HTTP/2" 200 0 "-" "Jetpack/12.1; WordPress/6.2; http://site47563199.com"
46.40.244.220 - - [11/Jul/2026:16:50:00 -0400] "POST /xmlrpc.php HTTP/2" 200 0 "-" "Jetpack/12.0; WordPress/6.1; http://site45246017.com"
46.40.244.220 - - [11/Jul/2026:16:50:11 -0400] "POST /xmlrpc.php HTTP/2" 200 0 "-" "Jetpack by WordPress.com (Jetpack 12.1; WordPress 6.2)"
46.40.244.220 - - [11/Jul/2026:16:50:22 -0400] "POST /xmlrpc.php HTTP/2" 200 0 "-" "WordPress.com; https://wordpress.com"
46.40.244.220 - - [11/Jul/2026:16:50:32 -0400] "POST /xmlrpc.php HTTP/2" 200 0 "-" "Jetpack by WordPress.com"
46.40.244.220 - - [11/Jul/2026:16:50:43 -0400] "POST /xmlrpc.php HTTP/2" 200 0 "-" "Jetpack/12.5; WordPress/6.1; http://site27248361.com"
46.40.244.220 - - [11/Jul/2026:16:50:54 -0400] "POST /xmlrpc.php HTTP/2" 200 0 "-" "Jetpack by WordPress.com (Jetpack 12.5; WordPress 6.4)"
46.40.244.220 - - [11/Jul/2026:16:51:04 -0400] "POST /xmlrpc.php HTTP/2" 200 0 "-" "Jetpack/12.1; WordPress/6.3; http://site96359839.com"
46.40.244.220 - - [11/Jul/2026:16:51:15 -0400] "POST /xmlrpc.php HTTP/2" 200 0 "-" "WordPress.com; https://wordpress.com"
46.40.244.220 - - [11/Jul/2026:16:51:26 -0400] "POST /xmlrpc.php HTTP/2" 200 0 "-" "WordPress.com; https://wordpress.com"
46.40.244.220 - - [11/Jul/2026:16:51:36 -0400] "POST /xmlrpc.php HTTP/2" 200 0 "-" "Jetpack/12.1; WordPress/6.2; http://site72152958.com"
46.40.244.220 - - [11/Jul/2026:16:51:47 -0400] "POST /xmlrpc.php HTTP/2" 200 0 "-" "Jetpack by WordPress.com"
46.40.244.220 - - [11/Jul/2026:16:51:58 -0400] "POST /xmlrpc.php HTTP/2" 200 0 "-" "Jetpack by WordPress.com"
46.40.244.220 - - [11/Jul/2026:16:52:08 -0400] "POST /xmlrpc.php HTTP/2" 200 0 "-" "WordPress.com; https://wordpress.com"
46.40.244.220 - - [11/Jul/2026:16:52:19 -0400] "POST /xmlrpc.php HTTP/2" 200 0 "-" "Jetpack/12.0; WordPress/6.4; http://site22641051.com"
46.40.244.220 - - [11/Jul/2026:16:52:30 -0400] "POST /xmlrpc.php HTTP/2" 200 0 "-" "WordPress.com; https://wordpress.com"
46.40.244.220 - - [11/Jul/2026:16:52:41 -0400] "POST /xmlrpc.php HTTP/2" 200 0 "-" "Jetpack/12.1; WordPress/6.1; http://site96917082.com"
46.40.244.220 - - [11/Jul/2026:16:52:51 -0400] "POST /xmlrpc.php HTTP/2" 200 0 "-" "Jetpack/12.5; WordPress/6.3; http://site82311278.com"
46.40.244.220 - - [11/Jul/2026:16:53:02 -0400] "POST /xmlrpc.php HTTP/2" 200 0 "-" "WordPress.com; https://wordpress.com"
46.40.244.220 - - [11/Jul/2026:16:53:13 -0400] "POST /xmlrpc.php HTTP/2" 200 0 "-" "Jetpack by WordPress.com (Jetpack 12.1; WordPress 6.1)"
43.251.252.179 - - [11/Jul/2026:16:55:15 -0400] "POST /xmlrpc.php HTTP/2" 200 218 "-" "WordPress.com; https://wordpress.com"
43.251.252.179 - - [11/Jul/2026:16:55:23 -0400] "POST /xmlrpc.php HTTP/2" 200 218 "-" "Jetpack/12.5; WordPress/6.3; http://site18598756.com"
46.40.244.220 - - [11/Jul/2026:16:53:23 -0400] "POST /xmlrpc.php HTTP/2" 200 0 "-" "WordPress.com; https://wordpress.com"
43.251.252.179 - - [11/Jul/2026:16:55:33 -0400] "POST /xmlrpc.php HTTP/2" 200 218 "-" "Jetpack by WordPress.com (Jetpack 12.5; WordPress 6.4)"
46.40.244.220 - - [11/Jul/2026:16:53:34 -0400] "POST /xmlrpc.php HTTP/2" 200 0 "-" "Jetpack by WordPress.com"
43.251.252.179 - - [11/Jul/2026:16:55:42 -0400] "POST /xmlrpc.php HTTP/2" 200 218 "-" "Jetpack/12.5; WordPress/6.1; http://site29530068.com"
46.40.244.220 - - [11/Jul/2026:16:53:45 -0400] "POST /xmlrpc.php HTTP/2" 200 0 "-" "WordPress.com; https://wordpress.com"
43.251.252.179 - - [11/Jul/2026:16:55:53 -0400] "POST /xmlrpc.php HTTP/2" 200 218 "-" "Jetpack/13.0; WordPress/6.1; http://site39982254.com"
46.40.244.220 - - [11/Jul/2026:16:53:55 -0400] "POST /xmlrpc.php HTTP/2" 200 0 "-" "WordPress.com; https://wordpress.com"
43.251.252.179 - - [11/Jul/2026:16:56:04 -0400] "POST /xmlrpc.php HTTP/2" 200 218 "-" "Jetpack by WordPress.com (Jetpack 12.1; WordPress 6.2)"
46.40.244.220 - - [11/Jul/2026:16:54:06 -0400] "POST /xmlrpc.php HTTP/2" 200 0 "-" "WordPress.com; https://wordpress.com"
46.40.244.220 - - [11/Jul/2026:16:54:17 -0400] "POST /xmlrpc.php HTTP/2" 200 0 "-" "Jetpack/13.0; WordPress/6.3; http://site84944656.com"
46.40.244.220 - - [11/Jul/2026:16:54:27 -0400] "POST /xmlrpc.php HTTP/2" 200 0 "-" "Jetpack/13.0; WordPress/6.4; http://site61394558.com"
46.40.244.220 - - [11/Jul/2026:16:54:38 -0400] "POST /xmlrpc.php HTTP/2" 200 0 "-" "WordPress.com; https://wordpress.com"
46.40.244.220 - - [11/Jul/2026:16:54:49 -0400] "POST /xmlrpc.php HTTP/2" 200 0 "-" "Jetpack by WordPress.com (Jetpack 12.1; WordPress 6.4)"
46.40.244.220 - - [11/Jul/2026:16:55:00 -0400] "POST /xmlrpc.php HTTP/2" 200 0 "-" "WordPress.com; https://wordpress.com"
46.40.244.220 - - [11/Jul/2026:16:55:10 -0400] "POST /xmlrpc.php HTTP/2" 200 0 "-" "Jetpack/13.0; WordPress/6.2; http://site44302085.com"
46.40.244.220 - - [11/Jul/2026:16:55:21 -0400] "POST /xmlrpc.php HTTP/2" 200 0 "-" "Jetpack/12.5; WordPress/6.2; http://site88084708.com"
50.6.198.96 - - [11/Jul/2026:16:57:32 -0400] "POST /wp-cron.php?doing_wp_cron=1783803452.7076408863067626953125 HTTP/2" 200 0 "-" "WordPress/7.0; https://soulfood.gr"
46.40.244.220 - - [11/Jul/2026:16:55:32 -0400] "POST /xmlrpc.php HTTP/2" 200 0 "-" "WordPress.com; https://wordpress.com"
46.40.244.220 - - [11/Jul/2026:16:55:43 -0400] "POST /xmlrpc.php HTTP/2" 200 0 "-" "WordPress.com; https://wordpress.com"
46.40.244.220 - - [11/Jul/2026:16:55:53 -0400] "POST /xmlrpc.php HTTP/2" 200 0 "-" "WordPress.com; https://wordpress.com"
46.40.244.220 - - [11/Jul/2026:16:56:04 -0400] "POST /xmlrpc.php HTTP/2" 200 0 "-" "Jetpack by WordPress.com (Jetpack 12.5; WordPress 6.4)"
46.40.244.220 - - [11/Jul/2026:16:56:14 -0400] "POST /xmlrpc.php HTTP/2" 200 0 "-" "WordPress.com; https://wordpress.com"
46.40.244.220 - - [11/Jul/2026:16:56:25 -0400] "POST /xmlrpc.php HTTP/2" 200 0 "-" "Jetpack by WordPress.com"
46.40.244.220 - - [11/Jul/2026:16:56:36 -0400] "POST /xmlrpc.php HTTP/2" 200 0 "-" "WordPress.com; https://wordpress.com"
50.6.198.96 - - [11/Jul/2026:16:55:15 -0400] "POST /wp-cron.php?doing_wp_cron=1783803315.7069420814514160156250 HTTP/2" 200 0 "-" "WordPress/7.0; https://soulfood.gr"
43.130.110.130 - - [11/Jul/2026:16:55:21 -0400] "GET /policies/embed/ HTTP/2" 200 6698 "-" "Mozilla/5.0 (iPhone; CPU iPhone OS 13_2_3 like Mac OS X) AppleWebKit/605.1.15 (KHTML, like Gecko) Version/13.0.3 Mobile/15E148 Safari/604.1"
50.6.198.96 - - [11/Jul/2026:16:55:33 -0400] "POST /wp-cron.php?doing_wp_cron=1783803333.5251479148864746093750 HTTP/2" 200 0 "-" "WordPress/7.0; https://soulfood.gr"
50.6.198.96 - - [11/Jul/2026:16:56:31 -0400] "POST /wp-cron.php?doing_wp_cron=1783803391.9166729450225830078125 HTTP/2" 200 0 "-" "WordPress/7.0; https://soulfood.gr"
43.251.252.179 - - [11/Jul/2026:16:56:37 -0400] "POST /xmlrpc.php HTTP/2" 200 218 "-" "WordPress.com; https://wordpress.com"
43.251.252.179 - - [11/Jul/2026:16:56:47 -0400] "POST /xmlrpc.php HTTP/2" 200 218 "-" "Jetpack/12.1; WordPress/6.2; http://site48739660.com"
43.251.252.179 - - [11/Jul/2026:16:56:58 -0400] "POST /xmlrpc.php HTTP/2" 200 218 "-" "Jetpack/13.0; WordPress/6.3; http://site73731865.com"
43.251.252.179 - - [11/Jul/2026:16:57:09 -0400] "POST /xmlrpc.php HTTP/2" 200 218 "-" "WordPress.com; https://wordpress.com"
43.251.252.179 - - [11/Jul/2026:16:57:21 -0400] "POST /xmlrpc.php HTTP/2" 200 218 "-" "Jetpack by WordPress.com"
43.251.252.179 - - [11/Jul/2026:16:57:32 -0400] "POST /xmlrpc.php HTTP/2" 200 218 "-" "Jetpack by WordPress.com"
43.251.252.179 - - [11/Jul/2026:16:57:43 -0400] "POST /xmlrpc.php HTTP/2" 200 218 "-" "WordPress.com; https://wordpress.com"
43.251.252.179 - - [11/Jul/2026:16:57:54 -0400] "POST /xmlrpc.php HTTP/2" 200 218 "-" "Jetpack by WordPress.com (Jetpack 12.1; WordPress 6.4)"
43.251.252.179 - - [11/Jul/2026:16:58:05 -0400] "POST /xmlrpc.php HTTP/2" 200 218 "-" "Jetpack by WordPress.com (Jetpack 12.1; WordPress 6.4)"
43.251.252.179 - - [11/Jul/2026:16:58:16 -0400] "POST /xmlrpc.php HTTP/2" 200 218 "-" "Jetpack by WordPress.com (Jetpack 12.5; WordPress 6.2)"
43.251.252.179 - - [11/Jul/2026:16:58:28 -0400] "POST /xmlrpc.php HTTP/2" 200 218 "-" "WordPress.com; https://wordpress.com"
43.251.252.179 - - [11/Jul/2026:16:58:39 -0400] "POST /xmlrpc.php HTTP/2" 200 218 "-" "Jetpack by WordPress.com (Jetpack 12.5; WordPress 6.1)"
43.251.252.179 - - [11/Jul/2026:16:58:50 -0400] "POST /xmlrpc.php HTTP/2" 200 218 "-" "Jetpack by WordPress.com"
43.251.252.179 - - [11/Jul/2026:16:59:01 -0400] "POST /xmlrpc.php HTTP/2" 200 218 "-" "Jetpack by WordPress.com (Jetpack 12.5; WordPress 6.3)"
43.251.252.179 - - [11/Jul/2026:16:59:12 -0400] "POST /xmlrpc.php HTTP/2" 200 218 "-" "Jetpack by WordPress.com (Jetpack 12.1; WordPress 6.4)"
43.251.252.179 - - [11/Jul/2026:16:59:23 -0400] "POST /xmlrpc.php HTTP/2" 200 218 "-" "Jetpack by WordPress.com (Jetpack 12.1; WordPress 6.4)"
50.6.198.96 - - [11/Jul/2026:16:59:34 -0400] "POST /wp-cron.php?doing_wp_cron=1783803574.2542409896850585937500 HTTP/2" 200 0 "-" "WordPress/7.0; https://soulfood.gr"
43.251.252.179 - - [11/Jul/2026:16:59:33 -0400] "POST /xmlrpc.php HTTP/2" 200 218 "-" "Jetpack by WordPress.com (Jetpack 13.0; WordPress 6.1)"
157.66.26.183 - - [11/Jul/2026:16:59:42 -0400] "POST /xmlrpc.php HTTP/2" 200 240 "-" "Mozilla/5.0 (X11; Linux x86_64; rv:133.0) Gecko/20100101 Firefox/133.0"
43.251.252.179 - - [11/Jul/2026:16:59:44 -0400] "POST /xmlrpc.php HTTP/2" 200 218 "-" "Jetpack by WordPress.com"
185.198.240.58 - - [11/Jul/2026:16:59:55 -0400] "POST /wp-login.php HTTP/2" 200 3620 "-" "Mozilla/5.0 (Macintosh; Intel Mac OS X 10_15_7) AppleWebKit/605.1.15 Version/17.0 Safari/605.1.15"
185.198.240.52 - - [11/Jul/2026:16:59:55 -0400] "POST /wp-login.php HTTP/2" 200 3618 "-" "Mozilla/5.0 (Macintosh; Intel Mac OS X 10_15_7) AppleWebKit/605.1.15 Version/17.0 Safari/605.1.15"
43.251.252.179 - - [11/Jul/2026:16:59:56 -0400] "POST /xmlrpc.php HTTP/2" 200 218 "-" "Jetpack by WordPress.com"
43.251.252.179 - - [11/Jul/2026:17:00:07 -0400] "POST /xmlrpc.php HTTP/2" 200 218 "-" "Jetpack by WordPress.com (Jetpack 12.0; WordPress 6.1)"
43.251.252.179 - - [11/Jul/2026:17:00:18 -0400] "POST /xmlrpc.php HTTP/2" 200 218 "-" "WordPress.com; https://wordpress.com"
43.251.252.179 - - [11/Jul/2026:17:00:29 -0400] "POST /xmlrpc.php HTTP/2" 200 218 "-" "Jetpack/12.0; WordPress/6.2; http://site72542625.com"
43.251.252.179 - - [11/Jul/2026:17:00:40 -0400] "POST /xmlrpc.php HTTP/2" 200 218 "-" "Jetpack/12.0; WordPress/6.3; http://site99656008.com"
103.82.20.130 - - [11/Jul/2026:17:00:47 -0400] "POST /xmlrpc.php HTTP/2" 200 240 "-" "Mozilla/5.0 (iPhone; CPU iPhone OS 17_7 like Mac OS X) AppleWebKit/605.1.15 (KHTML, like Gecko) Version/17.7 Mobile/15E148 Safari/604.1"
43.251.252.179 - - [11/Jul/2026:17:00:54 -0400] "POST /xmlrpc.php HTTP/2" 200 218 "-" "WordPress.com; https://wordpress.com"
43.251.252.179 - - [11/Jul/2026:17:01:04 -0400] "POST /xmlrpc.php HTTP/2" 200 218 "-" "Jetpack by WordPress.com"
43.251.252.179 - - [11/Jul/2026:17:01:13 -0400] "POST /xmlrpc.php HTTP/2" 200 218 "-" "Jetpack by WordPress.com"
43.251.252.179 - - [11/Jul/2026:17:01:24 -0400] "POST /xmlrpc.php HTTP/2" 200 218 "-" "Jetpack by WordPress.com"
43.251.252.179 - - [11/Jul/2026:17:01:36 -0400] "POST /xmlrpc.php HTTP/2" 200 218 "-" "Jetpack/12.5; WordPress/6.2; http://site24101238.com"
43.251.252.179 - - [11/Jul/2026:17:01:46 -0400] "POST /xmlrpc.php HTTP/2" 200 218 "-" "Jetpack/13.0; WordPress/6.1; http://site40191840.com"
43.251.252.179 - - [11/Jul/2026:17:01:57 -0400] "POST /xmlrpc.php HTTP/2" 200 218 "-" "Jetpack by WordPress.com (Jetpack 12.0; WordPress 6.4)"
154.54.100.177 - - [11/Jul/2026:17:02:07 -0400] "GET /.git/config HTTP/2" 403 1242 "-" "Mozilla/4.0 (compatible; MSIE 6.0; Windows NT 5.1)"
43.251.252.179 - - [11/Jul/2026:17:02:08 -0400] "POST /xmlrpc.php HTTP/2" 200 218 "-" "Jetpack/12.5; WordPress/6.1; http://site97049917.com"
43.251.252.179 - - [11/Jul/2026:17:02:21 -0400] "POST /xmlrpc.php HTTP/2" 200 218 "-" "Jetpack by WordPress.com (Jetpack 12.1; WordPress 6.4)"
43.251.252.179 - - [11/Jul/2026:17:02:31 -0400] "POST /xmlrpc.php HTTP/2" 200 218 "-" "Jetpack/12.0; WordPress/6.3; http://site83492408.com"
43.251.252.179 - - [11/Jul/2026:17:02:41 -0400] "POST /xmlrpc.php HTTP/2" 200 218 "-" "Jetpack/12.5; WordPress/6.1; http://site35784465.com"
43.251.252.179 - - [11/Jul/2026:17:02:52 -0400] "POST /xmlrpc.php HTTP/2" 200 218 "-" "Jetpack/12.0; WordPress/6.2; http://site41482840.com"
43.251.252.179 - - [11/Jul/2026:17:03:08 -0400] "POST /xmlrpc.php HTTP/2" 200 218 "-" "Jetpack by WordPress.com (Jetpack 12.0; WordPress 6.3)"
43.251.252.179 - - [11/Jul/2026:17:03:14 -0400] "POST /xmlrpc.php HTTP/2" 200 218 "-" "Jetpack by WordPress.com (Jetpack 12.1; WordPress 6.3)"
43.251.252.179 - - [11/Jul/2026:17:03:24 -0400] "POST /xmlrpc.php HTTP/2" 200 218 "-" "WordPress.com; https://wordpress.com"
43.251.252.179 - - [11/Jul/2026:17:03:36 -0400] "POST /xmlrpc.php HTTP/2" 200 218 "-" "WordPress.com; https://wordpress.com"
43.251.252.179 - - [11/Jul/2026:17:03:56 -0400] "POST /xmlrpc.php HTTP/2" 200 218 "-" "WordPress.com; https://wordpress.com"
46.40.244.220 - - [11/Jul/2026:17:01:58 -0400] "POST /xmlrpc.php HTTP/2" 200 0 "-" "Jetpack/12.5; WordPress/6.4; http://site57543388.com"
46.40.244.220 - - [11/Jul/2026:17:02:08 -0400] "POST /xmlrpc.php HTTP/2" 200 0 "-" "WordPress.com; https://wordpress.com"
43.251.252.179 - - [11/Jul/2026:17:04:15 -0400] "POST /xmlrpc.php HTTP/2" 200 218 "-" "Jetpack/12.0; WordPress/6.2; http://site22555268.com"
46.40.244.220 - - [11/Jul/2026:17:02:19 -0400] "POST /xmlrpc.php HTTP/2" 200 0 "-" "WordPress.com; https://wordpress.com"
46.40.244.220 - - [11/Jul/2026:17:02:30 -0400] "POST /xmlrpc.php HTTP/2" 200 0 "-" "Jetpack by WordPress.com (Jetpack 13.0; WordPress 6.1)"
46.40.244.220 - - [11/Jul/2026:17:02:40 -0400] "POST /xmlrpc.php HTTP/2" 200 0 "-" "Jetpack/12.0; WordPress/6.3; http://site84212606.com"
46.40.244.220 - - [11/Jul/2026:17:02:51 -0400] "POST /xmlrpc.php HTTP/2" 200 0 "-" "WordPress.com; https://wordpress.com"
50.6.198.96 - - [11/Jul/2026:17:04:52 -0400] "POST /wp-cron.php?doing_wp_cron=1783803892.2065849304199218750000 HTTP/2" 200 0 "-" "WordPress/7.0; https://soulfood.gr"
46.40.244.220 - - [11/Jul/2026:17:03:02 -0400] "POST /xmlrpc.php HTTP/2" 200 0 "-" "WordPress.com; https://wordpress.com"
46.40.244.220 - - [11/Jul/2026:17:03:12 -0400] "POST /xmlrpc.php HTTP/2" 200 0 "-" "WordPress.com; https://wordpress.com"
46.40.244.220 - - [11/Jul/2026:16:56:47 -0400] "POST /xmlrpc.php HTTP/2" 200 0 "-" "Jetpack/12.5; WordPress/6.3; http://site76844794.com"
46.40.244.220 - - [11/Jul/2026:16:56:57 -0400] "POST /xmlrpc.php HTTP/2" 200 0 "-" "WordPress.com; https://wordpress.com"
46.40.244.220 - - [11/Jul/2026:16:57:08 -0400] "POST /xmlrpc.php HTTP/2" 200 0 "-" "Jetpack by WordPress.com (Jetpack 12.0; WordPress 6.1)"
46.40.244.220 - - [11/Jul/2026:16:57:19 -0400] "POST /xmlrpc.php HTTP/2" 200 0 "-" "WordPress.com; https://wordpress.com"
46.40.244.220 - - [11/Jul/2026:16:57:30 -0400] "POST /xmlrpc.php HTTP/2" 200 0 "-" "Jetpack by WordPress.com"
46.40.244.220 - - [11/Jul/2026:16:57:40 -0400] "POST /xmlrpc.php HTTP/2" 200 0 "-" "Jetpack by WordPress.com"
46.40.244.220 - - [11/Jul/2026:16:57:51 -0400] "POST /xmlrpc.php HTTP/2" 200 0 "-" "WordPress.com; https://wordpress.com"
185.198.240.69 - - [11/Jul/2026:16:59:55 -0400] "POST /wp-login.php HTTP/2" 200 3555 "-" "Mozilla/5.0 (Macintosh; Intel Mac OS X 10_15_7) AppleWebKit/605.1.15 Version/17.0 Safari/605.1.15"
46.40.244.220 - - [11/Jul/2026:16:58:02 -0400] "POST /xmlrpc.php HTTP/2" 200 0 "-" "Jetpack by WordPress.com"
164.132.57.252 - - [11/Jul/2026:17:00:07 -0400] "POST /xmlrpc.php HTTP/2" 200 240 "-" "Mozilla/5.0 (X11; Linux x86_64) AppleWebKit/537.36 (KHTML, like Gecko) Chrome/146.0.0.0 Safari/537.36"
46.40.244.220 - - [11/Jul/2026:16:58:13 -0400] "POST /xmlrpc.php HTTP/2" 200 0 "-" "Jetpack by WordPress.com"
46.40.244.220 - - [11/Jul/2026:16:58:23 -0400] "POST /xmlrpc.php HTTP/2" 200 0 "-" "Jetpack by WordPress.com"
46.40.244.220 - - [11/Jul/2026:16:58:34 -0400] "POST /xmlrpc.php HTTP/2" 200 0 "-" "Jetpack by WordPress.com"
46.40.244.220 - - [11/Jul/2026:16:58:45 -0400] "POST /xmlrpc.php HTTP/2" 200 0 "-" "WordPress.com; https://wordpress.com"
46.40.244.220 - - [11/Jul/2026:16:58:55 -0400] "POST /xmlrpc.php HTTP/2" 200 0 "-" "WordPress.com; https://wordpress.com"
46.40.244.220 - - [11/Jul/2026:16:59:06 -0400] "POST /xmlrpc.php HTTP/2" 200 0 "-" "WordPress.com; https://wordpress.com"
46.40.244.220 - - [11/Jul/2026:16:59:17 -0400] "POST /xmlrpc.php HTTP/2" 200 0 "-" "WordPress.com; https://wordpress.com"
46.40.244.220 - - [11/Jul/2026:16:59:27 -0400] "POST /xmlrpc.php HTTP/2" 200 0 "-" "Jetpack by WordPress.com"
46.40.244.220 - - [11/Jul/2026:16:59:38 -0400] "POST /xmlrpc.php HTTP/2" 200 0 "-" "Jetpack/12.0; WordPress/6.1; http://site69782571.com"
46.40.244.220 - - [11/Jul/2026:16:59:49 -0400] "POST /xmlrpc.php HTTP/2" 200 0 "-" "WordPress.com; https://wordpress.com"
46.40.244.220 - - [11/Jul/2026:17:00:00 -0400] "POST /xmlrpc.php HTTP/2" 200 0 "-" "Jetpack by WordPress.com (Jetpack 12.0; WordPress 6.4)"
46.40.244.220 - - [11/Jul/2026:17:00:10 -0400] "POST /xmlrpc.php HTTP/2" 200 0 "-" "Jetpack by WordPress.com"
46.40.244.220 - - [11/Jul/2026:17:00:21 -0400] "POST /xmlrpc.php HTTP/2" 200 0 "-" "Jetpack/12.5; WordPress/6.4; http://site55534902.com"
46.40.244.220 - - [11/Jul/2026:17:00:32 -0400] "POST /xmlrpc.php HTTP/2" 200 0 "-" "Jetpack/12.5; WordPress/6.4; http://site23923533.com"
46.40.244.220 - - [11/Jul/2026:17:00:43 -0400] "POST /xmlrpc.php HTTP/2" 200 0 "-" "Jetpack by WordPress.com"
46.40.244.220 - - [11/Jul/2026:17:00:53 -0400] "POST /xmlrpc.php HTTP/2" 200 0 "-" "WordPress.com; https://wordpress.com"
46.40.244.220 - - [11/Jul/2026:17:01:04 -0400] "POST /xmlrpc.php HTTP/2" 200 0 "-" "Jetpack by WordPress.com (Jetpack 13.0; WordPress 6.2)"
46.40.244.220 - - [11/Jul/2026:17:01:15 -0400] "POST /xmlrpc.php HTTP/2" 200 0 "-" "Jetpack by WordPress.com"
46.40.244.220 - - [11/Jul/2026:17:01:25 -0400] "POST /xmlrpc.php HTTP/2" 200 0 "-" "Jetpack by WordPress.com (Jetpack 12.0; WordPress 6.1)"
46.40.244.220 - - [11/Jul/2026:17:01:36 -0400] "POST /xmlrpc.php HTTP/2" 200 0 "-" "Jetpack by WordPress.com"
46.40.244.220 - - [11/Jul/2026:17:01:47 -0400] "POST /xmlrpc.php HTTP/2" 200 0 "-" "Jetpack/12.1; WordPress/6.4; http://site96131933.com"
43.251.252.179 - - [11/Jul/2026:16:56:31 -0400] "POST /xmlrpc.php HTTP/2" 200 218 "-" "Jetpack by WordPress.com (Jetpack 12.0; WordPress 6.1)"
50.6.198.96 - - [11/Jul/2026:16:58:28 -0400] "POST /wp-cron.php?doing_wp_cron=1783803508.5785040855407714843750 HTTP/2" 200 0 "-" "WordPress/7.0; https://soulfood.gr"
41.184.29.75 - - [11/Jul/2026:17:01:01 -0400] "GET /section/object/e8v2swjx8gjt7t0.html HTTP/2" 404 18500 "-" "Mozilla/5.0 (Windows NT 10.0; Win64; x64) AppleWebKit/537.36 (KHTML, like Gecko) Chrome/80.0.3987.163 Safari/537.36"
50.6.198.96 - - [11/Jul/2026:17:01:24 -0400] "POST /wp-cron.php?doing_wp_cron=1783803684.5167369842529296875000 HTTP/2" 200 0 "-" "WordPress/7.0; https://soulfood.gr"
50.6.198.96 - - [11/Jul/2026:17:02:31 -0400] "POST /wp-cron.php?doing_wp_cron=1783803751.9568550586700439453125 HTTP/2" 200 0 "-" "WordPress/7.0; https://soulfood.gr"
50.6.198.96 - - [11/Jul/2026:17:03:25 -0400] "POST /wp-cron.php?doing_wp_cron=1783803805.3247768878936767578125 HTTP/2" 200 0 "-" "WordPress/7.0; https://soulfood.gr"
43.251.252.179 - - [11/Jul/2026:17:04:51 -0400] "POST /xmlrpc.php HTTP/2" 200 218 "-" "Jetpack by WordPress.com"
50.6.198.96 - - [11/Jul/2026:17:06:26 -0400] "POST /wp-cron.php?doing_wp_cron=1783803986.1461350917816162109375 HTTP/2" 200 0 "-" "WordPress/7.0; https://soulfood.gr"
43.251.252.179 - - [11/Jul/2026:17:08:52 -0400] "POST /xmlrpc.php HTTP/2" 200 218 "-" "Jetpack/13.0; WordPress/6.3; http://site20179747.com"
43.251.252.179 - - [11/Jul/2026:17:09:02 -0400] "POST /xmlrpc.php HTTP/2" 200 218 "-" "Jetpack by WordPress.com"
43.251.252.179 - - [11/Jul/2026:17:09:14 -0400] "POST /xmlrpc.php HTTP/2" 200 218 "-" "Jetpack by WordPress.com"
43.251.252.179 - - [11/Jul/2026:17:09:25 -0400] "POST /xmlrpc.php HTTP/2" 200 218 "-" "WordPress.com; https://wordpress.com"
43.251.252.179 - - [11/Jul/2026:17:09:36 -0400] "POST /xmlrpc.php HTTP/2" 200 218 "-" "Jetpack by WordPress.com (Jetpack 12.1; WordPress 6.3)"
43.251.252.179 - - [11/Jul/2026:17:09:48 -0400] "POST /xmlrpc.php HTTP/2" 200 218 "-" "Jetpack by WordPress.com"
43.251.252.179 - - [11/Jul/2026:17:10:00 -0400] "POST /xmlrpc.php HTTP/2" 200 218 "-" "Jetpack/12.5; WordPress/6.3; http://site29428265.com"
43.251.252.179 - - [11/Jul/2026:17:10:11 -0400] "POST /xmlrpc.php HTTP/2" 200 218 "-" "Jetpack/13.0; WordPress/6.3; http://site26136565.com"
43.251.252.179 - - [11/Jul/2026:17:10:22 -0400] "POST /xmlrpc.php HTTP/2" 200 218 "-" "Jetpack by WordPress.com"
43.251.252.179 - - [11/Jul/2026:17:10:34 -0400] "POST /xmlrpc.php HTTP/2" 200 218 "-" "Jetpack by WordPress.com (Jetpack 12.0; WordPress 6.1)"
43.251.252.179 - - [11/Jul/2026:17:10:47 -0400] "POST /xmlrpc.php HTTP/2" 200 218 "-" "Jetpack/13.0; WordPress/6.2; http://site10617211.com"
43.251.252.179 - - [11/Jul/2026:17:10:58 -0400] "POST /xmlrpc.php HTTP/2" 200 218 "-" "Jetpack/12.0; WordPress/6.2; http://site29876353.com"
43.251.252.179 - - [11/Jul/2026:17:11:16 -0400] "POST /xmlrpc.php HTTP/2" 200 218 "-" "Jetpack by WordPress.com"
50.6.198.96 - - [11/Jul/2026:17:11:25 -0400] "POST /wp-cron.php?doing_wp_cron=1783804285.0184168815612792968750 HTTP/2" 200 0 "-" "WordPress/7.0; https://soulfood.gr"
43.251.252.179 - - [11/Jul/2026:17:11:32 -0400] "POST /xmlrpc.php HTTP/2" 200 218 "-" "WordPress.com; https://wordpress.com"
50.6.198.96 - - [11/Jul/2026:17:12:28 -0400] "POST /wp-cron.php?doing_wp_cron=1783804348.8359351158142089843750 HTTP/2" 200 0 "-" "WordPress/7.0; https://soulfood.gr"
50.6.198.96 - - [11/Jul/2026:17:13:25 -0400] "POST /wp-cron.php?doing_wp_cron=1783804405.5268270969390869140625 HTTP/2" 200 0 "-" "WordPress/7.0; https://soulfood.gr"
43.251.252.179 - - [11/Jul/2026:17:05:22 -0400] "POST /xmlrpc.php HTTP/2" 200 218 "-" "Jetpack/13.0; WordPress/6.2; http://site79965571.com"
46.40.244.220 - - [11/Jul/2026:17:03:23 -0400] "POST /xmlrpc.php HTTP/2" 200 0 "-" "Jetpack/12.0; WordPress/6.2; http://site55114656.com"
50.6.198.96 - - [11/Jul/2026:17:05:32 -0400] "POST /wp-cron.php?doing_wp_cron=1783803932.5563659667968750000000 HTTP/2" 200 0 "-" "WordPress/7.0; https://soulfood.gr"
46.40.244.220 - - [11/Jul/2026:17:03:34 -0400] "POST /xmlrpc.php HTTP/2" 200 0 "-" "Jetpack/12.5; WordPress/6.3; http://site94440565.com"
46.40.244.220 - - [11/Jul/2026:17:03:45 -0400] "POST /xmlrpc.php HTTP/2" 200 0 "-" "Jetpack by WordPress.com"
46.40.244.220 - - [11/Jul/2026:17:03:56 -0400] "POST /xmlrpc.php HTTP/2" 200 0 "-" "Jetpack by WordPress.com"
46.40.244.220 - - [11/Jul/2026:17:04:07 -0400] "POST /xmlrpc.php HTTP/2" 200 0 "-" "Jetpack by WordPress.com"
43.251.252.179 - - [11/Jul/2026:17:06:13 -0400] "POST /xmlrpc.php HTTP/2" 200 218 "-" "Jetpack by WordPress.com"
46.40.244.220 - - [11/Jul/2026:17:04:18 -0400] "POST /xmlrpc.php HTTP/2" 200 0 "-" "Jetpack by WordPress.com (Jetpack 12.0; WordPress 6.4)"
43.251.252.179 - - [11/Jul/2026:17:06:25 -0400] "POST /xmlrpc.php HTTP/2" 200 218 "-" "Jetpack/13.0; WordPress/6.1; http://site81447325.com"
46.40.244.220 - - [11/Jul/2026:17:04:29 -0400] "POST /xmlrpc.php HTTP/2" 200 0 "-" "Jetpack/13.0; WordPress/6.1; http://site91633772.com"
43.251.252.179 - - [11/Jul/2026:17:06:36 -0400] "POST /xmlrpc.php HTTP/2" 200 218 "-" "Jetpack by WordPress.com (Jetpack 13.0; WordPress 6.4)"
46.40.244.220 - - [11/Jul/2026:17:04:40 -0400] "POST /xmlrpc.php HTTP/2" 200 0 "-" "Jetpack by WordPress.com (Jetpack 12.5; WordPress 6.2)"
46.40.244.220 - - [11/Jul/2026:17:04:51 -0400] "POST /xmlrpc.php HTTP/2" 200 0 "-" "Jetpack/13.0; WordPress/6.2; http://site82187654.com"
46.40.244.220 - - [11/Jul/2026:17:05:01 -0400] "POST /xmlrpc.php HTTP/2" 200 0 "-" "Jetpack by WordPress.com (Jetpack 13.0; WordPress 6.3)"
46.40.244.220 - - [11/Jul/2026:17:05:12 -0400] "POST /xmlrpc.php HTTP/2" 200 0 "-" "Jetpack by WordPress.com"
46.40.244.220 - - [11/Jul/2026:17:05:23 -0400] "POST /xmlrpc.php HTTP/2" 200 0 "-" "Jetpack by WordPress.com"
46.40.244.220 - - [11/Jul/2026:17:05:34 -0400] "POST /xmlrpc.php HTTP/2" 200 0 "-" "WordPress.com; https://wordpress.com"
46.40.244.220 - - [11/Jul/2026:17:05:45 -0400] "POST /xmlrpc.php HTTP/2" 200 0 "-" "Jetpack/12.0; WordPress/6.4; http://site78472017.com"
46.40.244.220 - - [11/Jul/2026:17:05:55 -0400] "POST /xmlrpc.php HTTP/2" 200 0 "-" "Jetpack by WordPress.com (Jetpack 12.1; WordPress 6.2)"
46.40.244.220 - - [11/Jul/2026:17:06:06 -0400] "POST /xmlrpc.php HTTP/2" 200 0 "-" "WordPress.com; https://wordpress.com"
46.40.244.220 - - [11/Jul/2026:17:06:17 -0400] "POST /xmlrpc.php HTTP/2" 200 0 "-" "Jetpack by WordPress.com"
46.40.244.220 - - [11/Jul/2026:17:06:27 -0400] "POST /xmlrpc.php HTTP/2" 200 0 "-" "Jetpack by WordPress.com (Jetpack 13.0; WordPress 6.1)"
46.40.244.220 - - [11/Jul/2026:17:06:38 -0400] "POST /xmlrpc.php HTTP/2" 200 218 "-" "Jetpack by WordPress.com"
