143.244.57.84 - - [11/Jul/2026:10:57:15 -0400] "POST //xmlrpc.php HTTP/2" 200 240 "-" "Mozilla/5.0 (Windows NT 10.0; Win64; x64) AppleWebKit/537.36 (KHTML, like Gecko) Chrome/78.0.3904.108 Safari/537.36"
143.244.57.84 - - [11/Jul/2026:10:57:30 -0400] "POST //xmlrpc.php HTTP/2" 200 240 "-" "Mozilla/5.0 (Windows NT 10.0; Win64; x64) AppleWebKit/537.36 (KHTML, like Gecko) Chrome/78.0.3904.108 Safari/537.36"
143.244.57.84 - - [11/Jul/2026:10:57:45 -0400] "POST //xmlrpc.php HTTP/2" 200 240 "-" "Mozilla/5.0 (Windows NT 10.0; Win64; x64) AppleWebKit/537.36 (KHTML, like Gecko) Chrome/78.0.3904.108 Safari/537.36"
143.244.57.84 - - [11/Jul/2026:10:58:00 -0400] "POST //xmlrpc.php HTTP/2" 200 240 "-" "Mozilla/5.0 (Windows NT 10.0; Win64; x64) AppleWebKit/537.36 (KHTML, like Gecko) Chrome/78.0.3904.108 Safari/537.36"
43.135.142.7 - - [11/Jul/2026:10:45:55 -0400] "GET /en/embed/ HTTP/2" 200 18524 "-" "Mozilla/5.0 (iPhone; CPU iPhone OS 13_2_3 like Mac OS X) AppleWebKit/605.1.15 (KHTML, like Gecko) Version/13.0.3 Mobile/15E148 Safari/604.1"
50.6.198.96 - - [11/Jul/2026:10:47:30 -0400] "POST /wp-cron.php?doing_wp_cron=1783781250.7272100448608398437500 HTTP/2" 200 0 "-" "WordPress/7.0; https://soulfood.gr"
50.6.198.96 - - [11/Jul/2026:10:49:30 -0400] "POST /wp-cron.php?doing_wp_cron=1783781370.6405270099639892578125 HTTP/2" 200 0 "-" "WordPress/7.0; https://soulfood.gr"
50.6.198.96 - - [11/Jul/2026:10:50:30 -0400] "POST /wp-cron.php?doing_wp_cron=1783781430.6636240482330322265625 HTTP/2" 200 0 "-" "WordPress/7.0; https://soulfood.gr"
50.6.198.96 - - [11/Jul/2026:10:53:30 -0400] "POST /wp-cron.php?doing_wp_cron=1783781610.7145600318908691406250 HTTP/2" 200 0 "-" "WordPress/7.0; https://soulfood.gr"
50.6.198.96 - - [11/Jul/2026:10:55:30 -0400] "POST /wp-cron.php?doing_wp_cron=1783781730.6987700462341308593750 HTTP/2" 200 0 "-" "WordPress/7.0; https://soulfood.gr"
50.6.198.96 - - [11/Jul/2026:10:56:30 -0400] "POST /wp-cron.php?doing_wp_cron=1783781790.7038860321044921875000 HTTP/2" 200 0 "-" "WordPress/7.0; https://soulfood.gr"
50.6.198.96 - - [11/Jul/2026:10:59:30 -0400] "POST /wp-cron.php?doing_wp_cron=1783781970.6873600482940673828125 HTTP/2" 200 0 "-" "WordPress/7.0; https://soulfood.gr"
107.175.94.125 - - [11/Jul/2026:11:02:03 -0400] "GET /wp-login.php HTTP/2" 200 3390 "-" "Mozilla/5.0 (X11; Linux x86_64; rv:148.0) Gecko/20100101 Firefox/148.0"
107.175.94.125 - - [11/Jul/2026:11:02:04 -0400] "POST /wp-login.php HTTP/2" 200 3559 "https://www.soulfood.gr/wp-login.php" "Mozilla/5.0 (X11; Linux x86_64; rv:148.0) Gecko/20100101 Firefox/148.0"
143.244.57.84 - - [11/Jul/2026:10:58:15 -0400] "POST //xmlrpc.php HTTP/2" 200 240 "-" "Mozilla/5.0 (Windows NT 10.0; Win64; x64) AppleWebKit/537.36 (KHTML, like Gecko) Chrome/78.0.3904.108 Safari/537.36"
143.244.57.84 - - [11/Jul/2026:10:58:30 -0400] "POST //xmlrpc.php HTTP/2" 200 240 "-" "Mozilla/5.0 (Windows NT 10.0; Win64; x64) AppleWebKit/537.36 (KHTML, like Gecko) Chrome/78.0.3904.108 Safari/537.36"
143.244.57.84 - - [11/Jul/2026:10:58:45 -0400] "POST //xmlrpc.php HTTP/2" 200 240 "-" "Mozilla/5.0 (Windows NT 10.0; Win64; x64) AppleWebKit/537.36 (KHTML, like Gecko) Chrome/78.0.3904.108 Safari/537.36"
143.244.57.84 - - [11/Jul/2026:10:59:00 -0400] "POST //xmlrpc.php HTTP/2" 200 240 "-" "Mozilla/5.0 (Windows NT 10.0; Win64; x64) AppleWebKit/537.36 (KHTML, like Gecko) Chrome/78.0.3904.108 Safari/537.36"
143.244.57.84 - - [11/Jul/2026:10:59:15 -0400] "POST //xmlrpc.php HTTP/2" 200 240 "-" "Mozilla/5.0 (Windows NT 10.0; Win64; x64) AppleWebKit/537.36 (KHTML, like Gecko) Chrome/78.0.3904.108 Safari/537.36"
143.244.57.84 - - [11/Jul/2026:10:59:30 -0400] "POST //xmlrpc.php HTTP/2" 200 240 "-" "Mozilla/5.0 (Windows NT 10.0; Win64; x64) AppleWebKit/537.36 (KHTML, like Gecko) Chrome/78.0.3904.108 Safari/537.36"
143.244.57.84 - - [11/Jul/2026:10:59:45 -0400] "POST //xmlrpc.php HTTP/2" 200 240 "-" "Mozilla/5.0 (Windows NT 10.0; Win64; x64) AppleWebKit/537.36 (KHTML, like Gecko) Chrome/78.0.3904.108 Safari/537.36"
143.244.57.84 - - [11/Jul/2026:11:00:00 -0400] "POST //xmlrpc.php HTTP/2" 200 240 "-" "Mozilla/5.0 (Windows NT 10.0; Win64; x64) AppleWebKit/537.36 (KHTML, like Gecko) Chrome/78.0.3904.108 Safari/537.36"
50.6.198.96 - - [11/Jul/2026:11:00:30 -0400] "POST /wp-cron.php?doing_wp_cron=1783782030.6333041191101074218750 HTTP/2" 200 0 "-" "WordPress/7.0; https://soulfood.gr"
143.244.57.84 - - [11/Jul/2026:11:00:15 -0400] "POST //xmlrpc.php HTTP/2" 200 240 "-" "Mozilla/5.0 (Windows NT 10.0; Win64; x64) AppleWebKit/537.36 (KHTML, like Gecko) Chrome/78.0.3904.108 Safari/537.36"
143.244.57.84 - - [11/Jul/2026:11:00:30 -0400] "POST //xmlrpc.php HTTP/2" 200 240 "-" "Mozilla/5.0 (Windows NT 10.0; Win64; x64) AppleWebKit/537.36 (KHTML, like Gecko) Chrome/78.0.3904.108 Safari/537.36"
143.244.57.84 - - [11/Jul/2026:11:00:45 -0400] "POST //xmlrpc.php HTTP/2" 200 240 "-" "Mozilla/5.0 (Windows NT 10.0; Win64; x64) AppleWebKit/537.36 (KHTML, like Gecko) Chrome/78.0.3904.108 Safari/537.36"
217.113.60.80 - - [11/Jul/2026:11:01:01 -0400] "POST /xmlrpc.php HTTP/2" 200 240 "-" "Mozilla/5.0 (X11; Linux x86_64) AppleWebKit/537.36 (KHTML, like Gecko) Chrome/146.0.0.0 Safari/537.36"
143.244.57.84 - - [11/Jul/2026:11:01:00 -0400] "POST //xmlrpc.php HTTP/2" 200 240 "-" "Mozilla/5.0 (Windows NT 10.0; Win64; x64) AppleWebKit/537.36 (KHTML, like Gecko) Chrome/78.0.3904.108 Safari/537.36"
50.6.198.96 - - [11/Jul/2026:11:01:30 -0400] "POST /wp-cron.php?doing_wp_cron=1783782090.6592600345611572265625 HTTP/2" 200 0 "-" "WordPress/7.0; https://soulfood.gr"
143.244.57.84 - - [11/Jul/2026:11:01:15 -0400] "POST //xmlrpc.php HTTP/2" 200 240 "-" "Mozilla/5.0 (Windows NT 10.0; Win64; x64) AppleWebKit/537.36 (KHTML, like Gecko) Chrome/78.0.3904.108 Safari/537.36"
143.244.57.84 - - [11/Jul/2026:11:01:30 -0400] "POST //xmlrpc.php HTTP/2" 200 240 "-" "Mozilla/5.0 (Windows NT 10.0; Win64; x64) AppleWebKit/537.36 (KHTML, like Gecko) Chrome/78.0.3904.108 Safari/537.36"
143.244.57.84 - - [11/Jul/2026:11:01:45 -0400] "POST //xmlrpc.php HTTP/2" 200 240 "-" "Mozilla/5.0 (Windows NT 10.0; Win64; x64) AppleWebKit/537.36 (KHTML, like Gecko) Chrome/78.0.3904.108 Safari/537.36"
50.6.198.96 - - [11/Jul/2026:10:58:30 -0400] "POST /wp-cron.php?doing_wp_cron=1783781910.6160140037536621093750 HTTP/2" 200 0 "-" "WordPress/7.0; https://soulfood.gr"
43.157.22.109 - - [11/Jul/2026:11:01:57 -0400] "GET /xmlrpc.php?rsd HTTP/2" 200 290 "-" "Mozilla/5.0 (iPhone; CPU iPhone OS 13_2_3 like Mac OS X) AppleWebKit/605.1.15 (KHTML, like Gecko) Version/13.0.3 Mobile/15E148 Safari/604.1"
50.6.198.96 - - [11/Jul/2026:11:06:32 -0400] "POST /wp-cron.php?doing_wp_cron=1783782391.9607019424438476562500 HTTP/2" 200 0 "-" "WordPress/7.0; https://soulfood.gr"
190.27.27.230 - - [11/Jul/2026:11:06:25 -0400] "GET /variety/volume/efg6dh4jt14ecel.html HTTP/2" 404 18501 "-" "Mozilla/5.0 (Macintosh; Intel Mac OS X 10_13_6) AppleWebKit/537.36 (KHTML, like Gecko) Chrome/73.0.3683.103 Safari/537.36"
188.164.197.230 - - [11/Jul/2026:11:10:11 -0400] "POST /xmlrpc.php HTTP/2" 200 240 "-" "Mozilla/5.0 (Macintosh; Intel Mac OS X 10_15_7) AppleWebKit/537.36 (KHTML, like Gecko) Chrome/147.0.0.0 Safari/537.36"
102.223.58.51 - - [11/Jul/2026:11:13:03 -0400] "GET /organization/trait/ev3xogre40rpad8.html HTTP/2" 404 18502 "-" "Mozilla/5.0 (Windows NT 10.0; WOW64) AppleWebKit/537.36 (KHTML, like Gecko) Chrome/62.0.3202.9 Safari/537.36"
50.6.198.96 - - [11/Jul/2026:11:14:41 -0400] "POST /wp-cron.php?doing_wp_cron=1783782880.9701249599456787109375 HTTP/2" 200 0 "-" "WordPress/7.0; https://soulfood.gr"
164.132.57.252 - - [11/Jul/2026:11:09:03 -0400] "POST /xmlrpc.php HTTP/2" 200 240 "-" "Mozilla/5.0 (Macintosh; Intel Mac OS X 10_15_7) AppleWebKit/537.36 (KHTML, like Gecko) Chrome/146.0.0.0 Safari/537.36"
50.6.198.96 - - [11/Jul/2026:11:09:41 -0400] "POST /wp-cron.php?doing_wp_cron=1783782581.6018600463867187500000 HTTP/2" 200 0 "-" "WordPress/7.0; https://soulfood.gr"
147.185.132.126 - - [11/Jul/2026:11:09:41 -0400] "GET /ergo/ HTTP/2" 200 17463 "-" "Hello from Palo Alto Networks, find out more about our scans in https://docs-cortex.paloaltonetworks.com/r/1/Cortex-Xpanse/Scanning-activity"
170.106.113.159 - - [11/Jul/2026:11:14:40 -0400] "GET /contact-us/ HTTP/2" 200 21378 "-" "Mozilla/5.0 (iPhone; CPU iPhone OS 13_2_3 like Mac OS X) AppleWebKit/605.1.15 (KHTML, like Gecko) Version/13.0.3 Mobile/15E148 Safari/604.1"
50.6.198.96 - - [11/Jul/2026:11:09:03 -0400] "POST /wp-cron.php?doing_wp_cron=1783782543.6800699234008789062500 HTTP/2" 200 0 "-" "WordPress/7.0; https://soulfood.gr"
205.210.31.25 - - [11/Jul/2026:11:10:12 -0400] "GET /wp-login.php HTTP/2" 200 3390 "-" "Hello from Palo Alto Networks, find out more about our scans in https://docs-cortex.paloaltonetworks.com/r/1/Cortex-Xpanse/Scanning-activity"
50.6.198.96 - - [11/Jul/2026:11:13:04 -0400] "POST /wp-cron.php?doing_wp_cron=1783782784.1070408821105957031250 HTTP/2" 200 0 "-" "WordPress/7.0; https://soulfood.gr"
47.86.33.52 - - [11/Jul/2026:11:14:51 -0400] "GET /wp-login.php HTTP/2" 200 3390 "-" "Mozilla/5.0 (Macintosh; Intel Mac OS X 10_15_7) AppleWebKit/537.36 (KHTML, like Gecko) Chrome/145.0.0.0 Safari/537.36"
47.86.33.52 - - [11/Jul/2026:11:14:52 -0400] "POST /wp-login.php HTTP/2" 200 3556 "https://soulfood.gr/wp-login.php" "Mozilla/5.0 (Macintosh; Intel Mac OS X 10_15_7) AppleWebKit/537.36 (KHTML, like Gecko) Chrome/145.0.0.0 Safari/537.36"
50.6.198.96 - - [11/Jul/2026:11:20:37 -0400] "POST /wp-cron.php?doing_wp_cron=1783783237.2810430526733398437500 HTTP/2" 200 0 "-" "WordPress/7.0; https://soulfood.gr"
38.74.228.138 - - [11/Jul/2026:11:20:36 -0400] "GET /association/fort-rules/evod91cfplcawyt.html HTTP/2" 404 18502 "-" "Mozilla/5.0 (Windows NT 6.1) AppleWebKit/537.36 (KHTML, like Gecko) Chrome/74.0.3729.131 Safari/537.36"
85.203.46.213 - - [11/Jul/2026:11:26:50 -0400] "GET /wp-login.php HTTP/2" 200 3390 "https://www.bing.com/" "Mozilla/5.0 (Macintosh; Intel Mac OS X 10_15_7; rv:118.0) Gecko/20100101 Firefox/118.0"
85.203.46.213 - - [11/Jul/2026:11:26:53 -0400] "GET /wp-login.php HTTP/2" 200 3390 "-" "Mozilla/5.0 (Macintosh; Intel Mac OS X 10_15_7) AppleWebKit/605.1.15 (KHTML, like Gecko) Version/17.0 Safari/605.1.15"
85.203.46.213 - - [11/Jul/2026:11:26:53 -0400] "GET /wp-admin/ HTTP/2" 302 0 "https://duckduckgo.com/" "Mozilla/5.0 (Windows NT 11.0; Win64; x64; rv:120.0) Gecko/20100101 Firefox/120.0"
85.203.46.213 - - [11/Jul/2026:11:26:54 -0400] "GET /wp-login.php?redirect_to=https%3A%2F%2Fsoulfood.gr%2Fwp-admin%2F&reauth=1 HTTP/2" 200 3390 "https://duckduckgo.com/" "Mozilla/5.0 (Windows NT 11.0; Win64; x64; rv:120.0) Gecko/20100101 Firefox/120.0"
2a0b:8bc0:2:807c::1 - - [11/Jul/2026:11:31:23 -0400] "HEAD / HTTP/2" 401 0 "-" "Mozilla/5.0 (Macintosh; Intel Mac OS X 10_15_7) AppleWebKit/537.36 (KHTML, like Gecko) Chrome/147.0.0.0 Safari/537.36"
2a0b:8bc0:2:807c::1 - - [11/Jul/2026:11:31:23 -0400] "HEAD / HTTP/2" 401 0 "http://cpcontacts.soulfood.gr" "Mozilla/5.0 (Windows NT 10.0; Win64; x64) AppleWebKit/537.36 (KHTML, like Gecko) Chrome/147.0.0.0 Safari/537.36"
2a0b:8bc0:2:807c::1 - - [11/Jul/2026:11:31:23 -0400] "GET / HTTP/2" 401 53 "-" "Mozilla/5.0 (Windows NT 10.0; Win64; x64) AppleWebKit/537.36 (KHTML, like Gecko) Chrome/147.0.0.0 Safari/537.36 Edg/146.0.3856.109"
2a0b:8bc0:2:807c::1 - - [11/Jul/2026:11:31:23 -0400] "GET /config.json HTTP/2" 401 53 "-" "Mozilla/5.0 (Macintosh; Intel Mac OS X 15_7_5) AppleWebKit/605.1.15 (KHTML, like Gecko) Version/26.0 Safari/605.1.15"
2a0b:8bc0:2:807c::1 - - [11/Jul/2026:11:31:23 -0400] "GET /.git/HEAD HTTP/2" 401 53 "-" "Mozilla/5.0 (Windows NT 10.0; Win64; x64; rv:149.0) Gecko/20100101 Firefox/149.0"
2a0b:8bc0:2:807c::1 - - [11/Jul/2026:11:31:23 -0400] "GET /js/config.js HTTP/2" 401 53 "-" "Mozilla/5.0 (Macintosh; Intel Mac OS X 10_15_7) AppleWebKit/537.36 (KHTML, like Gecko) Chrome/147.0.0.0 Safari/537.36"
2a0b:8bc0:2:807c::1 - - [11/Jul/2026:11:31:23 -0400] "GET /env HTTP/2" 401 53 "-" "Mozilla/5.0 (Macintosh; Intel Mac OS X 15.7; rv:149.0) Gecko/20100101 Firefox/149.0"
2a0b:8bc0:2:807c::1 - - [11/Jul/2026:11:31:23 -0400] "GET /api/.env HTTP/2" 401 53 "-" "Mozilla/5.0 (Windows NT 10.0; Win64; x64) AppleWebKit/537.36 (KHTML, like Gecko) Chrome/147.0.0.0 Safari/537.36 Edg/146.0.3856.109"
187.188.76.223 - - [11/Jul/2026:11:31:26 -0400] "GET /compilation/version/e8ehn32v3n2oc0j.html HTTP/2" 404 18502 "-" "Mozilla/5.0 (Windows NT 10.0; Win64; x64) AppleWebKit/537.36 (KHTML, like Gecko) Chrome/80.0.3987.132 Safari/537.36"
51.68.111.241 - - [11/Jul/2026:11:29:25 -0400] "GET / HTTP/2" 404 26423 "-" "Mozilla/5.0 (compatible; MJ12bot/v2.0.5; http://mj12bot.com/)"
2a0b:8bc0:2:807c::1 - - [11/Jul/2026:11:31:23 -0400] "GET /.env.production HTTP/2" 401 53 "-" "Mozilla/5.0 (Windows NT 10.0; Win64; x64; rv:149.0) Gecko/20100101 Firefox/149.0"
2a0b:8bc0:2:807c::1 - - [11/Jul/2026:11:31:23 -0400] "GET /.git/config HTTP/2" 401 53 "-" "Mozilla/5.0 (Macintosh; Intel Mac OS X 15.7; rv:149.0) Gecko/20100101 Firefox/149.0"
2a0b:8bc0:2:807c::1 - - [11/Jul/2026:11:31:23 -0400] "GET /.aws/credentials HTTP/2" 401 53 "-" "Mozilla/5.0 (Windows NT 10.0; Win64; x64; rv:149.0) Gecko/20100101 Firefox/149.0"
2a0b:8bc0:2:807c::1 - - [11/Jul/2026:11:31:23 -0400] "GET /.env.development HTTP/2" 401 53 "-" "Mozilla/5.0 (Windows NT 10.0; Win64; x64) AppleWebKit/537.36 (KHTML, like Gecko) Chrome/147.0.0.0 Safari/537.36 Edg/146.0.3856.109"
152.42.137.70 - - [11/Jul/2026:11:15:49 -0400] "GET /wp-login.php HTTP/2" 200 3390 "-" "Mozilla/5.0 (iPhone; CPU iPhone OS 17_7 like Mac OS X) AppleWebKit/605.1.15 (KHTML, like Gecko) CriOS/143.0.6917.0 Mobile/15E148 Safari/604.1"
152.42.137.70 - - [11/Jul/2026:11:15:49 -0400] "POST /wp-login.php HTTP/2" 200 3556 "https://www.soulfood.gr/wp-login.php" "Mozilla/5.0 (iPhone; CPU iPhone OS 17_7 like Mac OS X) AppleWebKit/605.1.15 (KHTML, like Gecko) CriOS/143.0.6917.0 Mobile/15E148 Safari/604.1"
50.6.198.96 - - [11/Jul/2026:11:17:02 -0400] "POST /wp-cron.php?doing_wp_cron=1783783022.2356259822845458984375 HTTP/2" 200 0 "-" "WordPress/7.0; https://soulfood.gr"
72.167.50.103 - - [11/Jul/2026:11:17:01 -0400] "GET /wp-login.php HTTP/2" 200 3390 "-" "Mozilla/5.0 (Linux; Android 10; K) AppleWebKit/537.36 (KHTML, like Gecko) Chrome/148.0.0.0 Mobile Safari/537.36"
72.167.50.103 - - [11/Jul/2026:11:17:03 -0400] "POST /wp-login.php HTTP/2" 200 3633 "https://www.soulfood.gr/wp-login.php" "Mozilla/5.0 (Linux; Android 10; K) AppleWebKit/537.36 (KHTML, like Gecko) Chrome/148.0.0.0 Mobile Safari/537.36"
50.6.198.96 - - [11/Jul/2026:11:26:51 -0400] "POST /wp-cron.php?doing_wp_cron=1783783611.1773509979248046875000 HTTP/2" 200 0 "-" "WordPress/7.0; https://soulfood.gr"
51.68.111.241 - - [11/Jul/2026:11:29:24 -0400] "GET /robots.txt HTTP/2" 304 0 "-" "Mozilla/5.0 (compatible; MJ12bot/v2.0.5; http://mj12bot.com/)"
50.6.198.96 - - [11/Jul/2026:11:29:25 -0400] "POST /wp-cron.php?doing_wp_cron=1783783765.5947999954223632812500 HTTP/2" 200 0 "-" "WordPress/7.0; https://soulfood.gr"
103.212.118.249 - - [11/Jul/2026:11:29:58 -0400] "GET /model/consignment/ekqnzfe9fze02cv.html HTTP/2" 404 18502 "-" "Mozilla/5.0 (X11; NetBSD) AppleWebKit/537.36 (KHTML, like Gecko) Chrome/27.0.1453.116 Safari/537.36"
2a0b:8bc0:2:807c::1 - - [11/Jul/2026:11:31:23 -0400] "GET /.env HTTP/2" 401 53 "-" "Mozilla/5.0 (Windows NT 10.0; Win64; x64; rv:149.0) Gecko/20100101 Firefox/149.0"
2a0b:8bc0:2:807c::1 - - [11/Jul/2026:11:31:23 -0400] "GET /backend/.env HTTP/2" 401 53 "-" "Mozilla/5.0 (Macintosh; Intel Mac OS X 10_15_7) AppleWebKit/537.36 (KHTML, like Gecko) Chrome/147.0.0.0 Safari/537.36"
2a0b:8bc0:2:807c::1 - - [11/Jul/2026:11:31:23 -0400] "GET /.env.local HTTP/2" 401 53 "-" "Mozilla/5.0 (Macintosh; Intel Mac OS X 15.7; rv:149.0) Gecko/20100101 Firefox/149.0"
50.6.198.96 - - [11/Jul/2026:11:31:28 -0400] "POST /wp-cron.php?doing_wp_cron=1783783888.0854640007019042968750 HTTP/2" 200 0 "-" "WordPress/7.0; https://soulfood.gr"
43.134.91.35 - - [11/Jul/2026:11:35:42 -0400] "GET /wp-json/oembed/1.0/embed?url=https%3A%2F%2Fsoulfood.gr%2Fen%2Ffaq-eng%2F&format=xml&lang=en HTTP/2" 200 1051 "-" "Mozilla/5.0 (iPhone; CPU iPhone OS 13_2_3 like Mac OS X) AppleWebKit/605.1.15 (KHTML, like Gecko) Version/13.0.3 Mobile/15E148 Safari/604.1"
50.6.198.96 - - [11/Jul/2026:11:39:45 -0400] "POST /wp-cron.php?doing_wp_cron=1783784384.9635579586029052734375 HTTP/2" 200 0 "-" "WordPress/7.0; https://soulfood.gr"
50.6.198.96 - - [11/Jul/2026:11:41:56 -0400] "POST /wp-cron.php?doing_wp_cron=1783784516.5732629299163818359375 HTTP/2" 200 0 "-" "WordPress/7.0; https://soulfood.gr"
103.253.174.21 - - [11/Jul/2026:11:41:56 -0400] "POST /xmlrpc.php HTTP/2" 200 218 "-" "WordPress.com; https://wordpress.com"
103.253.174.21 - - [11/Jul/2026:11:42:05 -0400] "POST /xmlrpc.php HTTP/2" 200 218 "-" "WordPress.com; https://wordpress.com"
103.253.174.21 - - [11/Jul/2026:11:42:15 -0400] "POST /xmlrpc.php HTTP/2" 200 218 "-" "Jetpack by WordPress.com"
103.253.174.21 - - [11/Jul/2026:11:42:26 -0400] "POST /xmlrpc.php HTTP/2" 200 218 "-" "WordPress.com; https://wordpress.com"
103.253.174.21 - - [11/Jul/2026:11:42:36 -0400] "POST /xmlrpc.php HTTP/2" 200 218 "-" "Jetpack/12.1; WordPress/6.1; http://site69955255.com"
103.253.174.21 - - [11/Jul/2026:11:42:47 -0400] "POST /xmlrpc.php HTTP/2" 200 218 "-" "Jetpack by WordPress.com"
103.253.174.21 - - [11/Jul/2026:11:42:57 -0400] "POST /xmlrpc.php HTTP/2" 200 218 "-" "Jetpack by WordPress.com"
103.253.174.21 - - [11/Jul/2026:11:43:08 -0400] "POST /xmlrpc.php HTTP/2" 200 218 "-" "WordPress.com; https://wordpress.com"
103.253.174.21 - - [11/Jul/2026:11:43:19 -0400] "POST /xmlrpc.php HTTP/2" 200 218 "-" "WordPress.com; https://wordpress.com"
50.6.198.96 - - [11/Jul/2026:11:43:29 -0400] "POST /wp-cron.php?doing_wp_cron=1783784609.9452741146087646484375 HTTP/2" 200 0 "-" "WordPress/7.0; https://soulfood.gr"
103.253.174.21 - - [11/Jul/2026:11:43:29 -0400] "POST /xmlrpc.php HTTP/2" 200 218 "-" "Jetpack by WordPress.com"
103.253.174.21 - - [11/Jul/2026:11:43:40 -0400] "POST /xmlrpc.php HTTP/2" 200 218 "-" "WordPress.com; https://wordpress.com"
103.253.174.21 - - [11/Jul/2026:11:43:50 -0400] "POST /xmlrpc.php HTTP/2" 200 218 "-" "WordPress.com; https://wordpress.com"
103.253.174.21 - - [11/Jul/2026:11:44:01 -0400] "POST /xmlrpc.php HTTP/2" 200 218 "-" "Jetpack by WordPress.com"
103.253.174.21 - - [11/Jul/2026:11:44:11 -0400] "POST /xmlrpc.php HTTP/2" 200 218 "-" "Jetpack/12.1; WordPress/6.3; http://site60754442.com"
103.253.174.21 - - [11/Jul/2026:11:44:22 -0400] "POST /xmlrpc.php HTTP/2" 200 218 "-" "Jetpack by WordPress.com (Jetpack 13.0; WordPress 6.1)"
103.253.174.21 - - [11/Jul/2026:11:44:32 -0400] "POST /xmlrpc.php HTTP/2" 200 218 "-" "Jetpack/13.0; WordPress/6.2; http://site31848016.com"
103.253.174.21 - - [11/Jul/2026:11:44:43 -0400] "POST /xmlrpc.php HTTP/2" 200 218 "-" "WordPress.com; https://wordpress.com"
103.253.174.21 - - [11/Jul/2026:11:44:53 -0400] "POST /xmlrpc.php HTTP/2" 200 218 "-" "Jetpack by WordPress.com (Jetpack 13.0; WordPress 6.4)"
103.253.174.21 - - [11/Jul/2026:11:45:04 -0400] "POST /xmlrpc.php HTTP/2" 200 218 "-" "Jetpack/12.0; WordPress/6.2; http://site31880936.com"
103.253.174.21 - - [11/Jul/2026:11:45:14 -0400] "POST /xmlrpc.php HTTP/2" 200 218 "-" "Jetpack by WordPress.com"
103.253.174.21 - - [11/Jul/2026:11:45:25 -0400] "POST /xmlrpc.php HTTP/2" 200 218 "-" "Jetpack/12.0; WordPress/6.1; http://site39178248.com"
103.253.174.21 - - [11/Jul/2026:11:45:36 -0400] "POST /xmlrpc.php HTTP/2" 200 218 "-" "Jetpack by WordPress.com"
103.253.174.21 - - [11/Jul/2026:11:45:46 -0400] "POST /xmlrpc.php HTTP/2" 200 218 "-" "Jetpack by WordPress.com (Jetpack 13.0; WordPress 6.2)"
103.253.174.21 - - [11/Jul/2026:11:45:57 -0400] "POST /xmlrpc.php HTTP/2" 200 218 "-" "Jetpack by WordPress.com"
103.253.174.21 - - [11/Jul/2026:11:46:07 -0400] "POST /xmlrpc.php HTTP/2" 200 218 "-" "Jetpack by WordPress.com"
103.253.174.21 - - [11/Jul/2026:11:46:18 -0400] "POST /xmlrpc.php HTTP/2" 200 218 "-" "Jetpack by WordPress.com (Jetpack 12.1; WordPress 6.4)"
103.253.174.21 - - [11/Jul/2026:11:46:28 -0400] "POST /xmlrpc.php HTTP/2" 200 218 "-" "WordPress.com; https://wordpress.com"
103.253.174.21 - - [11/Jul/2026:11:46:39 -0400] "POST /xmlrpc.php HTTP/2" 200 218 "-" "Jetpack by WordPress.com"
103.253.174.21 - - [11/Jul/2026:11:46:52 -0400] "POST /xmlrpc.php HTTP/2" 200 218 "-" "WordPress.com; https://wordpress.com"
103.253.174.21 - - [11/Jul/2026:11:47:00 -0400] "POST /xmlrpc.php HTTP/2" 200 218 "-" "WordPress.com; https://wordpress.com"
103.253.174.21 - - [11/Jul/2026:11:47:10 -0400] "POST /xmlrpc.php HTTP/2" 200 218 "-" "Jetpack by WordPress.com"
50.6.198.96 - - [11/Jul/2026:11:47:36 -0400] "POST /wp-cron.php?doing_wp_cron=1783784856.2154679298400878906250 HTTP/2" 200 0 "-" "WordPress/7.0; https://soulfood.gr"
103.253.174.21 - - [11/Jul/2026:11:47:31 -0400] "POST /xmlrpc.php HTTP/2" 200 218 "-" "WordPress.com; https://wordpress.com"
103.253.174.21 - - [11/Jul/2026:11:47:42 -0400] "POST /xmlrpc.php HTTP/2" 200 218 "-" "Jetpack by WordPress.com"
103.253.174.21 - - [11/Jul/2026:11:47:53 -0400] "POST /xmlrpc.php HTTP/2" 200 218 "-" "Jetpack by WordPress.com (Jetpack 12.0; WordPress 6.1)"
103.253.174.21 - - [11/Jul/2026:11:48:15 -0400] "POST /xmlrpc.php HTTP/2" 200 218 "-" "Jetpack by WordPress.com"
198.235.24.137 - - [11/Jul/2026:11:32:25 -0400] "GET / HTTP/2" 200 12484 "-" "Hello from Palo Alto Networks, find out more about our scans in https://docs-cortex.paloaltonetworks.com/r/1/Cortex-Xpanse/Scanning-activity"
50.6.198.96 - - [11/Jul/2026:11:40:44 -0400] "POST /wp-cron.php?doing_wp_cron=1783784444.8395409584045410156250 HTTP/2" 200 0 "-" "WordPress/7.0; https://soulfood.gr"
202.51.202.242 - - [11/Jul/2026:11:40:44 -0400] "GET /wp-login.php HTTP/2" 200 3390 "-" "Mozilla/5.0 (X11; Linux x86_64) AppleWebKit/537.36 (KHTML, like Gecko) Chrome/149.0.0.0 Safari/537.36"
50.6.198.96 - - [11/Jul/2026:11:35:42 -0400] "POST /wp-cron.php?doing_wp_cron=1783784142.5205540657043457031250 HTTP/2" 200 0 "-" "WordPress/7.0; https://soulfood.gr"
124.253.120.38 - - [11/Jul/2026:11:39:44 -0400] "POST /xmlrpc.php HTTP/2" 200 240 "-" "Mozilla/5.0 (Macintosh; Intel Mac OS X 10_15_7) AppleWebKit/537.36 (KHTML, like Gecko) Chrome/148.0.0.0 Safari/537.36"
50.6.198.96 - - [11/Jul/2026:11:42:26 -0400] "POST /wp-cron.php?doing_wp_cron=1783784546.6712810993194580078125 HTTP/2" 200 0 "-" "WordPress/7.0; https://soulfood.gr"
50.6.198.96 - - [11/Jul/2026:11:44:33 -0400] "POST /wp-cron.php?doing_wp_cron=1783784673.1765100955963134765625 HTTP/2" 200 0 "-" "WordPress/7.0; https://soulfood.gr"
50.6.198.96 - - [11/Jul/2026:11:45:28 -0400] "POST /wp-cron.php?doing_wp_cron=1783784728.2631950378417968750000 HTTP/2" 200 0 "-" "WordPress/7.0; https://soulfood.gr"
50.6.198.96 - - [11/Jul/2026:11:46:32 -0400] "POST /wp-cron.php?doing_wp_cron=1783784792.3229849338531494140625 HTTP/2" 200 0 "-" "WordPress/7.0; https://soulfood.gr"
187.94.180.24 - - [11/Jul/2026:11:46:35 -0400] "GET /tag/minimal/ HTTP/2" 200 19351 "-" "Mozilla/5.0 (Windows NT 6.1; WOW64) AppleWebKit/537.36 (KHTML, like Gecko) Chrome/95.0.4638.69 Safari/537.36"
43.134.56.214 - - [11/Jul/2026:11:47:00 -0400] "GET /wp-json/oembed/1.0/embed?url=https%3A%2F%2Fsoulfood.gr%2Fen%2Ffaq-eng%2F&lang=en HTTP/2" 200 1024 "-" "Mozilla/5.0 (iPhone; CPU iPhone OS 13_2_3 like Mac OS X) AppleWebKit/605.1.15 (KHTML, like Gecko) Version/13.0.3 Mobile/15E148 Safari/604.1"
103.253.174.21 - - [11/Jul/2026:11:48:27 -0400] "POST /xmlrpc.php HTTP/2" 200 218 "-" "Jetpack by WordPress.com"
103.253.174.21 - - [11/Jul/2026:11:48:46 -0400] "POST /xmlrpc.php HTTP/2" 200 218 "-" "Jetpack by WordPress.com (Jetpack 13.0; WordPress 6.4)"
103.253.174.21 - - [11/Jul/2026:11:48:56 -0400] "POST /xmlrpc.php HTTP/2" 200 218 "-" "Jetpack by WordPress.com (Jetpack 12.0; WordPress 6.4)"
103.253.174.21 - - [11/Jul/2026:11:49:06 -0400] "POST /xmlrpc.php HTTP/2" 200 218 "-" "Jetpack by WordPress.com"
103.253.174.21 - - [11/Jul/2026:11:49:29 -0400] "POST /xmlrpc.php HTTP/2" 200 218 "-" "Jetpack by WordPress.com"
190.225.4.145 - - [11/Jul/2026:11:49:36 -0400] "GET /cultivar/info/etad7bywnvy8f8f.html HTTP/2" 404 18501 "-" "Mozilla/5.0 (Windows NT 6.2; WOW64) AppleWebKit/537.36 (KHTML, like Gecko) Chrome/29.0.1547.2 Safari/537.36"
103.253.174.21 - - [11/Jul/2026:11:49:38 -0400] "POST /xmlrpc.php HTTP/2" 200 218 "-" "Jetpack by WordPress.com (Jetpack 12.0; WordPress 6.4)"
103.253.174.21 - - [11/Jul/2026:11:50:10 -0400] "POST /xmlrpc.php HTTP/2" 200 218 "-" "Jetpack by WordPress.com"
103.253.174.21 - - [11/Jul/2026:11:50:20 -0400] "POST /xmlrpc.php HTTP/2" 200 218 "-" "Jetpack/13.0; WordPress/6.1; http://site67706421.com"
103.253.174.21 - - [11/Jul/2026:11:50:31 -0400] "POST /xmlrpc.php HTTP/2" 200 218 "-" "Jetpack by WordPress.com"
103.253.174.21 - - [11/Jul/2026:11:50:42 -0400] "POST /xmlrpc.php HTTP/2" 200 218 "-" "WordPress.com; https://wordpress.com"
103.253.174.21 - - [11/Jul/2026:11:50:52 -0400] "POST /xmlrpc.php HTTP/2" 200 218 "-" "Jetpack by WordPress.com"
103.253.174.21 - - [11/Jul/2026:11:51:05 -0400] "POST /xmlrpc.php HTTP/2" 200 218 "-" "Jetpack/13.0; WordPress/6.2; http://site29431021.com"
103.253.174.21 - - [11/Jul/2026:11:51:24 -0400] "POST /xmlrpc.php HTTP/2" 200 218 "-" "WordPress.com; https://wordpress.com"
103.253.174.21 - - [11/Jul/2026:11:52:09 -0400] "POST /xmlrpc.php HTTP/2" 200 218 "-" "Jetpack by WordPress.com (Jetpack 12.5; WordPress 6.4)"
50.6.198.96 - - [11/Jul/2026:11:52:40 -0400] "POST /wp-cron.php?doing_wp_cron=1783785160.2585189342498779296875 HTTP/2" 200 0 "-" "WordPress/7.0; https://soulfood.gr"
103.253.174.21 - - [11/Jul/2026:11:52:37 -0400] "POST /xmlrpc.php HTTP/2" 200 218 "-" "WordPress.com; https://wordpress.com"
85.208.96.202 - - [11/Jul/2026:11:52:47 -0400] "GET /en/ HTTP/2" 404 24491 "-" "Mozilla/5.0 (compatible; SemrushBot/7~bl; +http://www.semrush.com/bot.html)"
103.253.174.21 - - [11/Jul/2026:11:52:48 -0400] "POST /xmlrpc.php HTTP/2" 200 218 "-" "Jetpack by WordPress.com (Jetpack 12.0; WordPress 6.1)"
103.253.174.21 - - [11/Jul/2026:11:52:58 -0400] "POST /xmlrpc.php HTTP/2" 200 218 "-" "Jetpack by WordPress.com"
103.253.174.21 - - [11/Jul/2026:11:53:09 -0400] "POST /xmlrpc.php HTTP/2" 200 218 "-" "Jetpack by WordPress.com (Jetpack 12.1; WordPress 6.4)"
103.253.174.21 - - [11/Jul/2026:11:53:19 -0400] "POST /xmlrpc.php HTTP/2" 200 218 "-" "Jetpack by WordPress.com (Jetpack 13.0; WordPress 6.4)"
50.6.198.96 - - [11/Jul/2026:11:53:34 -0400] "POST /wp-cron.php?doing_wp_cron=1783785214.2954580783843994140625 HTTP/2" 200 0 "-" "WordPress/7.0; https://soulfood.gr"
103.253.174.21 - - [11/Jul/2026:11:53:30 -0400] "POST /xmlrpc.php HTTP/2" 200 218 "-" "Jetpack/12.5; WordPress/6.2; http://site34765977.com"
103.253.174.21 - - [11/Jul/2026:11:53:40 -0400] "POST /xmlrpc.php HTTP/2" 200 218 "-" "Jetpack/13.0; WordPress/6.1; http://site31504360.com"
103.253.174.21 - - [11/Jul/2026:11:53:51 -0400] "POST /xmlrpc.php HTTP/2" 200 218 "-" "Jetpack by WordPress.com (Jetpack 12.1; WordPress 6.1)"
103.253.174.21 - - [11/Jul/2026:11:54:01 -0400] "POST /xmlrpc.php HTTP/2" 200 218 "-" "WordPress.com; https://wordpress.com"
103.253.174.21 - - [11/Jul/2026:11:54:12 -0400] "POST /xmlrpc.php HTTP/2" 200 218 "-" "Jetpack by WordPress.com"
103.253.174.21 - - [11/Jul/2026:11:54:23 -0400] "POST /xmlrpc.php HTTP/2" 200 218 "-" "Jetpack/13.0; WordPress/6.2; http://site56211013.com"
182.48.83.108 - - [11/Jul/2026:11:54:44 -0400] "GET /coterie/subassembly/e65feutwuetfkra.html HTTP/2" 404 18502 "-" "Mozilla/5.0 (Windows NT 10.0; Win64; x64) AppleWebKit/537.36 (KHTML, like Gecko) Chrome/67.0.3396.62 Safari/537.36"
103.253.174.21 - - [11/Jul/2026:11:54:33 -0400] "POST /xmlrpc.php HTTP/2" 200 218 "-" "Jetpack by WordPress.com (Jetpack 12.5; WordPress 6.2)"
103.253.174.21 - - [11/Jul/2026:11:55:26 -0400] "POST /xmlrpc.php HTTP/2" 200 218 "-" "Jetpack/12.0; WordPress/6.3; http://site38555814.com"
49.51.195.195 - - [11/Jul/2026:11:55:36 -0400] "GET /policies/ HTTP/2" 200 31637 "-" "Mozilla/5.0 (iPhone; CPU iPhone OS 13_2_3 like Mac OS X) AppleWebKit/605.1.15 (KHTML, like Gecko) Version/13.0.3 Mobile/15E148 Safari/604.1"
103.253.174.21 - - [11/Jul/2026:11:55:36 -0400] "POST /xmlrpc.php HTTP/2" 200 218 "-" "WordPress.com; https://wordpress.com"
103.253.174.21 - - [11/Jul/2026:11:55:47 -0400] "POST /xmlrpc.php HTTP/2" 200 218 "-" "WordPress.com; https://wordpress.com"
103.253.174.21 - - [11/Jul/2026:11:55:58 -0400] "POST /xmlrpc.php HTTP/2" 200 218 "-" "Jetpack/12.1; WordPress/6.4; http://site21887307.com"
103.253.174.21 - - [11/Jul/2026:11:56:08 -0400] "POST /xmlrpc.php HTTP/2" 200 218 "-" "Jetpack by WordPress.com"
50.6.198.96 - - [11/Jul/2026:11:56:24 -0400] "POST /wp-cron.php?doing_wp_cron=1783785384.2209880352020263671875 HTTP/2" 200 0 "-" "WordPress/7.0; https://soulfood.gr"
103.253.174.21 - - [11/Jul/2026:11:56:19 -0400] "POST /xmlrpc.php HTTP/2" 200 218 "-" "Jetpack/12.1; WordPress/6.3; http://site37450469.com"
103.253.174.21 - - [11/Jul/2026:11:56:50 -0400] "POST /xmlrpc.php HTTP/2" 200 218 "-" "Jetpack by WordPress.com (Jetpack 12.1; WordPress 6.1)"
103.253.174.21 - - [11/Jul/2026:11:57:01 -0400] "POST /xmlrpc.php HTTP/2" 200 218 "-" "Jetpack by WordPress.com (Jetpack 12.1; WordPress 6.4)"
103.253.174.21 - - [11/Jul/2026:11:57:11 -0400] "POST /xmlrpc.php HTTP/2" 200 218 "-" "Jetpack by WordPress.com (Jetpack 12.1; WordPress 6.1)"
103.253.174.21 - - [11/Jul/2026:11:57:22 -0400] "POST /xmlrpc.php HTTP/2" 200 218 "-" "Jetpack by WordPress.com"
103.253.174.21 - - [11/Jul/2026:11:57:33 -0400] "POST /xmlrpc.php HTTP/2" 200 218 "-" "Jetpack by WordPress.com (Jetpack 12.0; WordPress 6.4)"
103.253.174.21 - - [11/Jul/2026:11:57:43 -0400] "POST /xmlrpc.php HTTP/2" 200 218 "-" "Jetpack/12.1; WordPress/6.3; http://site53492905.com"
103.253.174.21 - - [11/Jul/2026:11:58:04 -0400] "POST /xmlrpc.php HTTP/2" 200 218 "-" "Jetpack by WordPress.com (Jetpack 13.0; WordPress 6.1)"
103.253.174.21 - - [11/Jul/2026:11:58:15 -0400] "POST /xmlrpc.php HTTP/2" 200 218 "-" "Jetpack by WordPress.com (Jetpack 12.1; WordPress 6.3)"
103.253.174.21 - - [11/Jul/2026:11:58:57 -0400] "POST /xmlrpc.php HTTP/2" 200 218 "-" "Jetpack by WordPress.com"
103.253.174.21 - - [11/Jul/2026:11:59:07 -0400] "POST /xmlrpc.php HTTP/2" 200 218 "-" "Jetpack by WordPress.com"
103.253.174.21 - - [11/Jul/2026:11:59:18 -0400] "POST /xmlrpc.php HTTP/2" 200 218 "-" "Jetpack/12.1; WordPress/6.1; http://site21191242.com"
103.253.174.21 - - [11/Jul/2026:11:59:28 -0400] "POST /xmlrpc.php HTTP/2" 200 218 "-" "Jetpack by WordPress.com (Jetpack 12.5; WordPress 6.2)"
103.253.174.21 - - [11/Jul/2026:11:59:39 -0400] "POST /xmlrpc.php HTTP/2" 200 218 "-" "Jetpack/12.1; WordPress/6.3; http://site38599406.com"
103.253.174.21 - - [11/Jul/2026:11:59:50 -0400] "POST /xmlrpc.php HTTP/2" 200 218 "-" "Jetpack/13.0; WordPress/6.2; http://site66302386.com"
103.253.174.21 - - [11/Jul/2026:12:00:11 -0400] "POST /xmlrpc.php HTTP/2" 200 218 "-" "Jetpack/12.0; WordPress/6.4; http://site91177903.com"
50.6.198.96 - - [11/Jul/2026:12:00:31 -0400] "POST /wp-cron.php?doing_wp_cron=1783785631.2679889202117919921875 HTTP/2" 200 0 "-" "WordPress/7.0; https://soulfood.gr"
103.253.174.21 - - [11/Jul/2026:12:00:21 -0400] "POST /xmlrpc.php HTTP/2" 200 218 "-" "WordPress.com; https://wordpress.com"
103.253.174.21 - - [11/Jul/2026:12:01:07 -0400] "POST /xmlrpc.php HTTP/2" 200 218 "-" "Jetpack by WordPress.com"
67.144.18.35 - - [11/Jul/2026:11:50:20 -0400] "GET /robots.txt HTTP/2" 401 53 "-" "Mozilla/5.0 (compatible; MJ12bot/v1.4.8; http://mj12bot.com/)"
50.6.198.96 - - [11/Jul/2026:11:55:30 -0400] "POST /wp-cron.php?doing_wp_cron=1783785330.2832300662994384765625 HTTP/2" 200 0 "-" "WordPress/7.0; https://soulfood.gr"
50.6.198.96 - - [11/Jul/2026:11:59:01 -0400] "POST /wp-cron.php?doing_wp_cron=1783785541.2372078895568847656250 HTTP/2" 200 0 "-" "WordPress/7.0; https://soulfood.gr"
50.6.198.96 - - [11/Jul/2026:11:59:33 -0400] "POST /wp-cron.php?doing_wp_cron=1783785573.2284040451049804687500 HTTP/2" 200 0 "-" "WordPress/7.0; https://soulfood.gr"
138.246.253.24 - - [11/Jul/2026:11:59:36 -0400] "GET /robots.txt HTTP/2" 200 26 "-" "Mozilla/5.0 (Windows NT 10.0; Win64; x64) AppleWebKit/537.36 (KHTML, like Gecko) Chrome/103.0.5060.134 Safari/537.36"
50.6.198.96 - - [11/Jul/2026:12:01:30 -0400] "POST /wp-cron.php?doing_wp_cron=1783785690.3003940582275390625000 HTTP/2" 200 0 "-" "WordPress/7.0; https://soulfood.gr"
103.253.174.21 - - [11/Jul/2026:12:01:14 -0400] "POST /xmlrpc.php HTTP/2" 200 218 "-" "Jetpack by WordPress.com"
103.253.174.21 - - [11/Jul/2026:12:01:25 -0400] "POST /xmlrpc.php HTTP/2" 200 218 "-" "WordPress.com; https://wordpress.com"
103.253.174.21 - - [11/Jul/2026:12:01:35 -0400] "POST /xmlrpc.php HTTP/2" 200 218 "-" "Jetpack by WordPress.com (Jetpack 12.0; WordPress 6.2)"
103.253.174.21 - - [11/Jul/2026:12:01:46 -0400] "POST /xmlrpc.php HTTP/2" 200 218 "-" "Jetpack by WordPress.com (Jetpack 13.0; WordPress 6.4)"
103.253.174.21 - - [11/Jul/2026:12:01:56 -0400] "POST /xmlrpc.php HTTP/2" 200 218 "-" "WordPress.com; https://wordpress.com"
103.253.174.21 - - [11/Jul/2026:12:02:07 -0400] "POST /xmlrpc.php HTTP/2" 200 218 "-" "Jetpack/12.0; WordPress/6.4; http://site39026323.com"
43.133.253.253 - - [11/Jul/2026:12:02:18 -0400] "GET /?p=4282 HTTP/2" 301 0 "-" "Mozilla/5.0 (iPhone; CPU iPhone OS 13_2_3 like Mac OS X) AppleWebKit/605.1.15 (KHTML, like Gecko) Version/13.0.3 Mobile/15E148 Safari/604.1"
50.6.198.96 - - [11/Jul/2026:12:02:24 -0400] "POST /wp-cron.php?doing_wp_cron=1783785744.8560419082641601562500 HTTP/2" 200 0 "-" "WordPress/7.0; https://soulfood.gr"
103.253.174.21 - - [11/Jul/2026:12:02:17 -0400] "POST /xmlrpc.php HTTP/2" 200 0 "-" "Jetpack by WordPress.com"
103.253.174.21 - - [11/Jul/2026:12:02:28 -0400] "POST /xmlrpc.php HTTP/2" 200 0 "-" "Jetpack/12.5; WordPress/6.3; http://site24577728.com"
103.253.174.21 - - [11/Jul/2026:12:02:38 -0400] "POST /xmlrpc.php HTTP/2" 200 0 "-" "Jetpack/13.0; WordPress/6.2; http://site60413047.com"
103.253.174.21 - - [11/Jul/2026:12:02:49 -0400] "POST /xmlrpc.php HTTP/2" 200 0 "-" "Jetpack/12.5; WordPress/6.3; http://site39323409.com"
103.253.174.21 - - [11/Jul/2026:12:02:59 -0400] "POST /xmlrpc.php HTTP/2" 200 0 "-" "Jetpack by WordPress.com"
50.6.198.96 - - [11/Jul/2026:11:48:32 -0400] "POST /wp-cron.php?doing_wp_cron=1783784912.2679970264434814453125 HTTP/2" 200 0 "-" "WordPress/7.0; https://soulfood.gr"
50.6.198.96 - - [11/Jul/2026:11:49:34 -0400] "POST /wp-cron.php?doing_wp_cron=1783784974.2441110610961914062500 HTTP/2" 200 0 "-" "WordPress/7.0; https://soulfood.gr"
50.6.198.96 - - [11/Jul/2026:11:50:25 -0400] "POST /wp-cron.php?doing_wp_cron=1783785025.2207999229431152343750 HTTP/2" 200 0 "-" "WordPress/7.0; https://soulfood.gr"
50.6.198.96 - - [11/Jul/2026:11:51:31 -0400] "POST /wp-cron.php?doing_wp_cron=1783785091.2192270755767822265625 HTTP/2" 200 0 "-" "WordPress/7.0; https://soulfood.gr"
85.208.96.200 - - [11/Jul/2026:11:52:47 -0400] "GET /robots.txt HTTP/2" 304 0 "-" "Mozilla/5.0 (compatible; SemrushBot/7~bl; +http://www.semrush.com/bot.html)"
72.167.132.114 - - [11/Jul/2026:11:53:11 -0400] "POST /xmlrpc.php HTTP/2" 200 240 "-" "Mozilla/5.0 (Macintosh; Intel Mac OS X 10_15_7) AppleWebKit/605.1.15 (KHTML, like Gecko) Version/18.0 Safari/605.1.15"
50.6.198.96 - - [11/Jul/2026:11:54:31 -0400] "POST /wp-cron.php?doing_wp_cron=1783785271.2571051120758056640625 HTTP/2" 200 0 "-" "WordPress/7.0; https://soulfood.gr"
95.123.21.43 - - [11/Jul/2026:11:55:41 -0400] "GET /ergo/ HTTP/2" 200 17463 "-" "Mozilla/5.0 (Macintosh; Intel Mac OS X 10.15; rv:134.0) Gecko/20100101 Firefox/134.0"
50.6.198.96 - - [11/Jul/2026:11:57:27 -0400] "POST /wp-cron.php?doing_wp_cron=1783785447.2563340663909912109375 HTTP/2" 200 0 "-" "WordPress/7.0; https://soulfood.gr"
181.122.166.203 - - [11/Jul/2026:12:01:59 -0400] "GET /version/handicraft/e5kkt98y9t8ur6p.html HTTP/2" 404 18501 "-" "Mozilla/5.0 (Windows NT 10.0; ) AppleWebKit/537.36 (KHTML, like Gecko) Chrome/82.0.4085.4 Safari/537.36"
43.133.253.253 - - [11/Jul/2026:12:02:24 -0400] "GET /en/faq-eng/ HTTP/2" 200 19422 "https://soulfood.gr/?p=4282" "Mozilla/5.0 (iPhone; CPU iPhone OS 13_2_3 like Mac OS X) AppleWebKit/605.1.15 (KHTML, like Gecko) Version/13.0.3 Mobile/15E148 Safari/604.1"
103.253.174.21 - - [11/Jul/2026:12:03:10 -0400] "POST /xmlrpc.php HTTP/2" 200 0 "-" "Jetpack/12.5; WordPress/6.1; http://site64059375.com"
103.253.174.21 - - [11/Jul/2026:12:03:21 -0400] "POST /xmlrpc.php HTTP/2" 200 0 "-" "WordPress.com; https://wordpress.com"
103.253.174.21 - - [11/Jul/2026:12:03:31 -0400] "POST /xmlrpc.php HTTP/2" 200 0 "-" "Jetpack by WordPress.com"
103.253.174.21 - - [11/Jul/2026:12:03:42 -0400] "POST /xmlrpc.php HTTP/2" 200 0 "-" "WordPress.com; https://wordpress.com"
103.253.174.21 - - [11/Jul/2026:12:03:52 -0400] "POST /xmlrpc.php HTTP/2" 200 0 "-" "Jetpack by WordPress.com"
103.253.174.21 - - [11/Jul/2026:12:04:03 -0400] "POST /xmlrpc.php HTTP/2" 200 0 "-" "Jetpack by WordPress.com (Jetpack 12.1; WordPress 6.2)"
103.253.174.21 - - [11/Jul/2026:12:04:13 -0400] "POST /xmlrpc.php HTTP/2" 200 0 "-" "Jetpack/12.0; WordPress/6.2; http://site40419505.com"
103.253.174.21 - - [11/Jul/2026:12:04:24 -0400] "POST /xmlrpc.php HTTP/2" 200 0 "-" "WordPress.com; https://wordpress.com"
103.253.174.21 - - [11/Jul/2026:12:04:34 -0400] "POST /xmlrpc.php HTTP/2" 200 0 "-" "WordPress.com; https://wordpress.com"
50.6.198.96 - - [11/Jul/2026:12:06:46 -0400] "POST /wp-cron.php?doing_wp_cron=1783786006.2734060287475585937500 HTTP/2" 200 0 "-" "WordPress/7.0; https://soulfood.gr"
103.253.174.21 - - [11/Jul/2026:12:05:51 -0400] "POST /xmlrpc.php HTTP/2" 200 218 "-" "WordPress.com; https://wordpress.com"
103.253.174.21 - - [11/Jul/2026:12:05:06 -0400] "POST /xmlrpc.php HTTP/2" 200 218 "-" "Jetpack by WordPress.com (Jetpack 12.1; WordPress 6.3)"
103.253.174.21 - - [11/Jul/2026:12:04:55 -0400] "POST /xmlrpc.php HTTP/2" 200 218 "-" "Jetpack/12.0; WordPress/6.2; http://site93193094.com"
103.253.174.21 - - [11/Jul/2026:12:04:45 -0400] "POST /xmlrpc.php HTTP/2" 200 218 "-" "Jetpack/13.0; WordPress/6.2; http://site89175921.com"
103.253.174.21 - - [11/Jul/2026:12:07:13 -0400] "POST /xmlrpc.php HTTP/2" 200 218 "-" "WordPress.com; https://wordpress.com"
50.6.198.96 - - [11/Jul/2026:12:07:28 -0400] "POST /wp-cron.php?doing_wp_cron=1783786048.2836649417877197265625 HTTP/2" 200 0 "-" "WordPress/7.0; https://soulfood.gr"
103.253.174.21 - - [11/Jul/2026:12:07:23 -0400] "POST /xmlrpc.php HTTP/2" 200 218 "-" "Jetpack by WordPress.com"
181.25.23.2 - - [11/Jul/2026:12:07:37 -0400] "GET /discipline/trait/dqlf6y92mi97rvq.html HTTP/2" 404 18499 "-" "Mozilla/5.0 (Windows NT 6.3; Win64; x64) AppleWebKit/537.36 (KHTML, like Gecko) Chrome/91.0.4472.114 Safari/537.36"
103.253.174.21 - - [11/Jul/2026:12:07:34 -0400] "POST /xmlrpc.php HTTP/2" 200 218 "-" "WordPress.com; https://wordpress.com"
192.36.109.96 - - [11/Jul/2026:12:11:07 -0400] "GET /validation/credentials.html HTTP/2" 404 18501 "-" "Mozilla/5.0 (iPhone; CPU iPhone OS 17_1_2 like Mac OS X) AppleWebKit/605.1.15 (KHTML, like Gecko) Version/17.1.2 Mobile/15E148 Safari/604"
50.6.198.96 - - [11/Jul/2026:12:15:54 -0400] "POST /wp-cron.php?doing_wp_cron=1783786554.5271821022033691406250 HTTP/2" 200 0 "-" "WordPress/7.0; https://soulfood.gr"
103.75.185.95 - - [11/Jul/2026:12:17:48 -0400] "GET /wp-login.php HTTP/2" 200 3390 "-" "Mozilla/5.0 (Linux; Android 10; K) AppleWebKit/537.36 (KHTML, like Gecko) Chrome/148.0.0.0 Mobile Safari/537.36"
103.75.185.95 - - [11/Jul/2026:12:17:50 -0400] "POST /wp-login.php HTTP/2" 200 3556 "https://soulfood.gr/wp-login.php" "Mozilla/5.0 (Linux; Android 10; K) AppleWebKit/537.36 (KHTML, like Gecko) Chrome/148.0.0.0 Mobile Safari/537.36"
94.154.43.177 - - [11/Jul/2026:12:18:57 -0400] "GET /.env HTTP/2" 401 53 "-" "Mozilla/5.0 (Windows NT 10.0; Win64; x64) AppleWebKit/537.36 (KHTML, like Gecko) Chrome/147.0.0.0 Safari/537.36"
94.154.43.183 - - [11/Jul/2026:12:18:59 -0400] "GET /.env HTTP/2" 401 53 "-" "Mozilla/5.0 (Windows NT 10.0; Win64; x64) AppleWebKit/537.36 (KHTML, like Gecko) Chrome/147.0.0.0 Safari/537.36"
50.6.198.96 - - [11/Jul/2026:12:06:46 -0400] "POST /wp-cron.php?doing_wp_cron=1783786006.2745170593261718750000 HTTP/2" 200 0 "-" "WordPress/7.0; https://soulfood.gr"
192.36.109.89 - - [11/Jul/2026:12:11:06 -0400] "GET / HTTP/2" 200 26520 "http://soulfood.gr/" "Mozilla/5.0 (iPhone; CPU iPhone OS 17_1_2 like Mac OS X) AppleWebKit/605.1.15 (KHTML, like Gecko) Version/17.1.2 Mobile/15E148 Safari/604"
192.36.109.75 - - [11/Jul/2026:12:11:08 -0400] "GET /personal-data/ HTTP/2" 200 24255 "-" "Mozilla/5.0 (iPhone; CPU iPhone OS 17_1_2 like Mac OS X) AppleWebKit/605.1.15 (KHTML, like Gecko) Version/17.1.2 Mobile/15E148 Safari/604"
192.36.109.108 - - [11/Jul/2026:12:11:08 -0400] "GET /en/personal-data-eng/ HTTP/2" 200 23970 "-" "Mozilla/5.0 (iPhone; CPU iPhone OS 17_1_2 like Mac OS X) AppleWebKit/605.1.15 (KHTML, like Gecko) Version/17.1.2 Mobile/15E148 Safari/604"
103.255.134.61 - - [11/Jul/2026:12:16:19 -0400] "POST /xmlrpc.php HTTP/2" 200 240 "-" "Mozilla/5.0 (Linux; Android 10; K) AppleWebKit/537.36 (KHTML, like Gecko) Chrome/143.0.0.0 Mobile Safari/537.36"
43.157.67.70 - - [11/Jul/2026:12:07:29 -0400] "GET /ergo/embed/ HTTP/2" 200 6298 "-" "Mozilla/5.0 (iPhone; CPU iPhone OS 13_2_3 like Mac OS X) AppleWebKit/605.1.15 (KHTML, like Gecko) Version/13.0.3 Mobile/15E148 Safari/604.1"
161.97.129.228 - - [11/Jul/2026:12:15:54 -0400] "POST /xmlrpc.php HTTP/2" 200 240 "-" "Mozilla/5.0 (iPhone; CPU iPhone OS 18_0 like Mac OS X) AppleWebKit/605.1.15 (KHTML, like Gecko) CriOS/146.0.6917.0 Mobile/15E148 Safari/604.1"
50.6.198.96 - - [11/Jul/2026:12:17:49 -0400] "POST /wp-cron.php?doing_wp_cron=1783786669.2214860916137695312500 HTTP/2" 200 0 "-" "WordPress/7.0; https://soulfood.gr"
94.154.43.188 - - [11/Jul/2026:12:18:57 -0400] "GET /.env HTTP/2" 404 3417 "-" "Mozilla/5.0 (Windows NT 10.0; Win64; x64) AppleWebKit/537.36 (KHTML, like Gecko) Chrome/147.0.0.0 Safari/537.36"
94.154.43.185 - - [11/Jul/2026:12:18:57 -0400] "GET /.env HTTP/2" 401 53 "-" "Mozilla/5.0 (Windows NT 10.0; Win64; x64) AppleWebKit/537.36 (KHTML, like Gecko) Chrome/147.0.0.0 Safari/537.36"
94.154.43.186 - - [11/Jul/2026:12:18:59 -0400] "GET /.env HTTP/2" 404 3420 "-" "Mozilla/5.0 (Windows NT 10.0; Win64; x64) AppleWebKit/537.36 (KHTML, like Gecko) Chrome/147.0.0.0 Safari/537.36"
50.6.198.96 - - [11/Jul/2026:12:19:21 -0400] "POST /wp-cron.php?doing_wp_cron=1783786761.5738120079040527343750 HTTP/2" 200 0 "-" "WordPress/7.0; https://soulfood.gr"
43.159.143.139 - - [11/Jul/2026:12:19:21 -0400] "GET /wp-json/oembed/1.0/embed?url=https%3A%2F%2Fsoulfood.gr%2Fergo%2F&lang=el HTTP/2" 200 1012 "-" "Mozilla/5.0 (iPhone; CPU iPhone OS 13_2_3 like Mac OS X) AppleWebKit/605.1.15 (KHTML, like Gecko) Version/13.0.3 Mobile/15E148 Safari/604.1"
74.7.241.156 - - [11/Jul/2026:12:22:07 -0400] "GET /robots.txt HTTP/2" 401 53 "http://cpcontacts.soulfood.gr/robots.txt" "Mozilla/5.0 (Macintosh; Intel Mac OS X 10_15_7) AppleWebKit/537.36 (KHTML, like Gecko) Chrome/131.0.0.0 Safari/537.36; compatible; OAI-SearchBot/1.4; robots.txt; +https://openai.com/searchbot"
43.131.243.61 - - [11/Jul/2026:12:23:34 -0400] "GET /en/comments/feed/ HTTP/2" 200 365 "-" "Mozilla/5.0 (iPhone; CPU iPhone OS 13_2_3 like Mac OS X) AppleWebKit/605.1.15 (KHTML, like Gecko) Version/13.0.3 Mobile/15E148 Safari/604.1"
94.154.43.179 - - [11/Jul/2026:12:32:03 -0400] "GET / HTTP/2" 200 12485 "-" "Mozilla/5.0 (Windows NT 10.0; Win64; x64) AppleWebKit/537.36 (KHTML, like Gecko) Chrome/147.0.0.0 Safari/537.36"
2a0b:6580::76 - - [11/Jul/2026:12:34:04 -0400] "GET /faq/ HTTP/2" 200 20578 "-" "Mozilla/5.0 (compatible; intelx.io_bot +https://intelx.io)"
2a0b:6580::76 - - [11/Jul/2026:12:34:05 -0400] "GET /contact-us/ HTTP/2" 200 21378 "-" "Mozilla/5.0 (compatible; intelx.io_bot +https://intelx.io)"
2a0b:6580::76 - - [11/Jul/2026:12:34:06 -0400] "GET /en/ HTTP/2" 200 24492 "-" "Mozilla/5.0 (compatible; intelx.io_bot +https://intelx.io)"
2a0b:6580::76 - - [11/Jul/2026:12:34:07 -0400] "GET /validation/credentials.html HTTP/2" 404 18501 "-" "Mozilla/5.0 (compatible; intelx.io_bot +https://intelx.io)"
2a0b:6580::76 - - [11/Jul/2026:12:34:07 -0400] "GET / HTTP/2" 200 26423 "-" "Mozilla/5.0 (compatible; intelx.io_bot +https://intelx.io)"
83.142.225.90 - - [11/Jul/2026:12:36:17 -0400] "GET /wp-login.php HTTP/2" 200 3390 "-" "Mozilla/5.0 (Linux; Android 10; K) AppleWebKit/537.36 (KHTML, like Gecko) Chrome/145.0.0.0 Mobile Safari/537.36"
83.142.225.90 - - [11/Jul/2026:12:36:18 -0400] "POST /wp-login.php HTTP/2" 200 3556 "https://www.soulfood.gr/wp-login.php" "Mozilla/5.0 (Linux; Android 10; K) AppleWebKit/537.36 (KHTML, like Gecko) Chrome/145.0.0.0 Mobile Safari/537.36"
58.186.150.51 - - [11/Jul/2026:12:37:39 -0400] "POST /xmlrpc.php HTTP/2" 200 240 "-" "Mozilla/5.0 (Linux; Android 10; K) AppleWebKit/537.36 (KHTML, like Gecko) Chrome/147.0.0.0 Mobile Safari/537.36"
4.205.168.44 - - [11/Jul/2026:12:24:02 -0400] "POST /xmlrpc.php HTTP/2" 200 240 "-" "Mozilla/5.0 (Windows NT 10.0; Win64; x64) AppleWebKit/537.36 (KHTML, like Gecko) Chrome/148.0.0.0 Safari/537.36"
49.51.141.76 - - [11/Jul/2026:12:31:12 -0400] "GET /wp-content/uploads/2024/07/f1-g-6.webp HTTP/2" 200 8718 "-" "Mozilla/5.0 (iPhone; CPU iPhone OS 13_2_3 like Mac OS X) AppleWebKit/605.1.15 (KHTML, like Gecko) Version/13.0.3 Mobile/15E148 Safari/604.1"
94.154.43.187 - - [11/Jul/2026:12:32:04 -0400] "GET / HTTP/2" 401 53 "-" "Mozilla/5.0 (Windows NT 10.0; Win64; x64) AppleWebKit/537.36 (KHTML, like Gecko) Chrome/147.0.0.0 Safari/537.36"
94.154.43.179 - - [11/Jul/2026:12:32:10 -0400] "GET / HTTP/2" 401 53 "-" "Mozilla/5.0 (Windows NT 10.0; Win64; x64) AppleWebKit/537.36 (KHTML, like Gecko) Chrome/147.0.0.0 Safari/537.36"
50.6.198.96 - - [11/Jul/2026:12:34:02 -0400] "POST /wp-cron.php?doing_wp_cron=1783787642.3869080543518066406250 HTTP/2" 200 0 "-" "WordPress/7.0; https://soulfood.gr"
2a0b:6580::76 - - [11/Jul/2026:12:34:03 -0400] "GET / HTTP/2" 200 26423 "-" "Mozilla/5.0 (compatible; intelx.io_bot +https://intelx.io)"
2a0b:6580::76 - - [11/Jul/2026:12:34:08 -0400] "GET /policies/ HTTP/2" 200 31635 "-" "Mozilla/5.0 (compatible; intelx.io_bot +https://intelx.io)"
50.6.198.96 - - [11/Jul/2026:12:23:35 -0400] "POST /wp-cron.php?doing_wp_cron=1783787015.1881630420684814453125 HTTP/2" 200 0 "-" "WordPress/7.0; https://soulfood.gr"
94.154.43.183 - - [11/Jul/2026:12:32:04 -0400] "GET / HTTP/2" 401 53 "-" "Mozilla/5.0 (Windows NT 10.0; Win64; x64) AppleWebKit/537.36 (KHTML, like Gecko) Chrome/147.0.0.0 Safari/537.36"
94.154.43.188 - - [11/Jul/2026:12:32:05 -0400] "GET / HTTP/2" 200 12482 "-" "Mozilla/5.0 (Windows NT 10.0; Win64; x64) AppleWebKit/537.36 (KHTML, like Gecko) Chrome/147.0.0.0 Safari/537.36"
2a0b:6580::76 - - [11/Jul/2026:12:34:01 -0400] "GET / HTTP/2" 301 0 "-" "Mozilla/5.0 (compatible; intelx.io_bot +https://intelx.io)"
205.210.31.42 - - [11/Jul/2026:12:35:19 -0400] "GET / HTTP/2" 200 12484 "http://webmail.soulfood.gr/" "Hello from Palo Alto Networks, find out more about our scans in https://docs-cortex.paloaltonetworks.com/r/1/Cortex-Xpanse/Scanning-activity"
50.6.198.96 - - [11/Jul/2026:12:36:17 -0400] "POST /wp-cron.php?doing_wp_cron=1783787777.9354360103607177734375 HTTP/2" 200 0 "-" "WordPress/7.0; https://soulfood.gr"
50.6.198.96 - - [11/Jul/2026:12:37:40 -0400] "POST /wp-cron.php?doing_wp_cron=1783787860.3100450038909912109375 HTTP/2" 200 0 "-" "WordPress/7.0; https://soulfood.gr"
45.3.54.6 - - [11/Jul/2026:12:45:39 -0400] "GET /?author=2 HTTP/2" 301 0 "-" "Mozilla/5.0 (Macintosh; Intel Mac OS X 13_6_1) AppleWebKit/605.1.15 (KHTML, like Gecko) Version/17.1 Safari/605.1.15"
209.50.181.44 - - [11/Jul/2026:12:45:44 -0400] "POST /xmlrpc.php HTTP/2" 200 240 "-" "Mozilla/5.0 (X11; Linux x86_64) AppleWebKit/537.36 (KHTML, like Gecko) Chrome/121.0.0.0 Safari/537.36"
45.3.42.181 - - [11/Jul/2026:12:45:45 -0400] "POST /xmlrpc.php HTTP/2" 200 240 "https://t.co/" "Mozilla/5.0 (Macintosh; Intel Mac OS X 13_6_1) AppleWebKit/605.1.15 (KHTML, like Gecko) Version/17.2 Safari/605.1.15"
104.207.50.226 - - [11/Jul/2026:12:45:48 -0400] "POST /xmlrpc.php HTTP/2" 200 240 "-" "Mozilla/5.0 (Windows NT 10.0; Win64; x64; rv:120.0) Gecko/20100101 Firefox/120.0"
45.3.42.103 - - [11/Jul/2026:12:45:48 -0400] "POST /xmlrpc.php HTTP/2" 200 240 "https://www.google.com/search?q=wordpress" "Mozilla/5.0 (X11; Linux x86_64) AppleWebKit/537.36 (KHTML, like Gecko) Chrome/119.0.0.0 Safari/537.36"
104.207.51.17 - - [11/Jul/2026:12:46:19 -0400] "POST /xmlrpc.php HTTP/2" 200 240 "https://www.google.com/search?q=wordpress" "Mozilla/5.0 (Windows NT 10.0; Win64; x64) AppleWebKit/537.36 (KHTML, like Gecko) Chrome/119.0.0.0 Safari/537.36"
45.3.42.47 - - [11/Jul/2026:12:46:20 -0400] "POST /xmlrpc.php HTTP/2" 200 240 "-" "Mozilla/5.0 (Macintosh; Intel Mac OS X 10_15_7) AppleWebKit/605.1.15 (KHTML, like Gecko) Version/17.2 Safari/605.1.15"
50.6.198.96 - - [11/Jul/2026:12:46:24 -0400] "POST /wp-cron.php?doing_wp_cron=1783788384.3612999916076660156250 HTTP/2" 200 0 "-" "WordPress/7.0; https://soulfood.gr"
209.50.181.172 - - [11/Jul/2026:12:46:24 -0400] "POST /xmlrpc.php HTTP/2" 200 240 "https://www.google.com/search?q=wordpress" "Mozilla/5.0 (X11; Ubuntu; Linux x86_64) AppleWebKit/537.36 (KHTML, like Gecko) Chrome/121.0.0.0 Safari/537.36"
209.50.181.38 - - [11/Jul/2026:12:46:25 -0400] "POST /xmlrpc.php HTTP/2" 200 240 "-" "Mozilla/5.0 (Macintosh; Intel Mac OS X 13_6_1) AppleWebKit/605.1.15 (KHTML, like Gecko) Version/17.0 Safari/605.1.15"
104.207.52.174 - - [11/Jul/2026:12:46:26 -0400] "POST /xmlrpc.php HTTP/2" 200 240 "https://www.facebook.com/" "Mozilla/5.0 (Macintosh; Intel Mac OS X 13_6_1) AppleWebKit/605.1.15 (KHTML, like Gecko) Version/17.1 Safari/605.1.15"
104.207.51.186 - - [11/Jul/2026:12:46:27 -0400] "POST /xmlrpc.php HTTP/2" 200 240 "-" "Mozilla/5.0 (Macintosh; Intel Mac OS X 13_6_1) AppleWebKit/605.1.15 (KHTML, like Gecko) Version/16.6 Safari/605.1.15"
