39.35.238.245 - - [11/Jul/2026:14:52:42 -0400] "POST /xmlrpc.php HTTP/2" 200 218 "-" "WordPress.com; https://wordpress.com"
39.35.238.245 - - [11/Jul/2026:14:52:53 -0400] "POST /xmlrpc.php HTTP/2" 200 218 "-" "Jetpack by WordPress.com"
39.35.238.245 - - [11/Jul/2026:14:53:04 -0400] "POST /xmlrpc.php HTTP/2" 200 218 "-" "Jetpack by WordPress.com (Jetpack 12.0; WordPress 6.4)"
39.35.238.245 - - [11/Jul/2026:14:53:15 -0400] "POST /xmlrpc.php HTTP/2" 200 218 "-" "Jetpack by WordPress.com"
39.35.238.245 - - [11/Jul/2026:14:53:26 -0400] "POST /xmlrpc.php HTTP/2" 200 218 "-" "Jetpack by WordPress.com"
39.35.238.245 - - [11/Jul/2026:14:53:36 -0400] "POST /xmlrpc.php HTTP/2" 200 218 "-" "Jetpack by WordPress.com"
39.35.238.245 - - [11/Jul/2026:14:53:48 -0400] "POST /xmlrpc.php HTTP/2" 200 218 "-" "WordPress.com; https://wordpress.com"
39.35.238.245 - - [11/Jul/2026:14:53:58 -0400] "POST /xmlrpc.php HTTP/2" 200 218 "-" "WordPress.com; https://wordpress.com"
39.35.238.245 - - [11/Jul/2026:14:54:09 -0400] "POST /xmlrpc.php HTTP/2" 200 218 "-" "Jetpack by WordPress.com (Jetpack 12.0; WordPress 6.1)"
39.35.238.245 - - [11/Jul/2026:14:54:21 -0400] "POST /xmlrpc.php HTTP/2" 200 218 "-" "Jetpack/12.5; WordPress/6.1; http://site40020827.com"
50.6.198.96 - - [11/Jul/2026:14:54:27 -0400] "POST /wp-cron.php?doing_wp_cron=1783796067.0454840660095214843750 HTTP/2" 200 0 "-" "WordPress/7.0; https://soulfood.gr"
43.157.188.74 - - [11/Jul/2026:14:54:26 -0400] "GET /wp-json/oembed/1.0/embed?url=https%3A%2F%2Fsoulfood.gr%2Fcontact-us%2F&format=xml&lang=el HTTP/2" 200 1048 "-" "Mozilla/5.0 (iPhone; CPU iPhone OS 13_2_3 like Mac OS X) AppleWebKit/605.1.15 (KHTML, like Gecko) Version/13.0.3 Mobile/15E148 Safari/604.1"
39.35.238.245 - - [11/Jul/2026:14:54:34 -0400] "POST /xmlrpc.php HTTP/2" 200 218 "-" "Jetpack by WordPress.com (Jetpack 12.1; WordPress 6.2)"
39.35.238.245 - - [11/Jul/2026:14:54:45 -0400] "POST /xmlrpc.php HTTP/2" 200 218 "-" "Jetpack by WordPress.com (Jetpack 12.0; WordPress 6.2)"
39.35.238.245 - - [11/Jul/2026:14:54:56 -0400] "POST /xmlrpc.php HTTP/2" 200 218 "-" "Jetpack/12.1; WordPress/6.3; http://site93172469.com"
81.220.55.190 - - [11/Jul/2026:14:55:07 -0400] "GET / HTTP/2" 200 26423 "-" "Mozilla/5.0 (Macintosh; Intel Mac OS X 13_4_1) AppleWebKit/537.36 (KHTML, like Gecko) Chrome/126.0.6478.182 Safari/537.36"
39.35.238.245 - - [11/Jul/2026:14:55:07 -0400] "POST /xmlrpc.php HTTP/2" 200 218 "-" "Jetpack/12.0; WordPress/6.3; http://site35873984.com"
39.35.238.245 - - [11/Jul/2026:14:55:18 -0400] "POST /xmlrpc.php HTTP/2" 200 218 "-" "Jetpack by WordPress.com"
39.35.238.245 - - [11/Jul/2026:14:55:29 -0400] "POST /xmlrpc.php HTTP/2" 200 218 "-" "Jetpack/13.0; WordPress/6.3; http://site33306610.com"
39.35.238.245 - - [11/Jul/2026:14:55:40 -0400] "POST /xmlrpc.php HTTP/2" 200 218 "-" "WordPress.com; https://wordpress.com"
39.35.238.245 - - [11/Jul/2026:14:55:51 -0400] "POST /xmlrpc.php HTTP/2" 200 218 "-" "Jetpack by WordPress.com (Jetpack 13.0; WordPress 6.3)"
39.35.238.245 - - [11/Jul/2026:14:56:02 -0400] "POST /xmlrpc.php HTTP/2" 200 218 "-" "Jetpack by WordPress.com"
39.35.238.245 - - [11/Jul/2026:14:56:13 -0400] "POST /xmlrpc.php HTTP/2" 200 218 "-" "Jetpack/12.1; WordPress/6.1; http://site89020500.com"
39.35.238.245 - - [11/Jul/2026:14:56:24 -0400] "POST /xmlrpc.php HTTP/2" 200 218 "-" "Jetpack by WordPress.com"
39.35.238.245 - - [11/Jul/2026:14:56:35 -0400] "POST /xmlrpc.php HTTP/2" 200 218 "-" "Jetpack by WordPress.com"
50.6.198.96 - - [11/Jul/2026:14:53:26 -0400] "POST /wp-cron.php?doing_wp_cron=1783796006.4866230487823486328125 HTTP/2" 200 0 "-" "WordPress/7.0; https://soulfood.gr"
50.6.198.96 - - [11/Jul/2026:14:53:37 -0400] "POST /wp-cron.php?doing_wp_cron=1783796017.1809380054473876953125 HTTP/2" 200 0 "-" "WordPress/7.0; https://soulfood.gr"
173.239.214.121 - - [11/Jul/2026:14:57:23 -0400] "POST /wp-login.php HTTP/2" 200 3620 "-" "Mozilla/5.0 (Macintosh; Intel Mac OS X 10_15_7) AppleWebKit/605.1.15 Version/17.0 Safari/605.1.15"
50.6.198.96 - - [11/Jul/2026:14:57:24 -0400] "POST /wp-cron.php?doing_wp_cron=1783796244.0006399154663085937500 HTTP/2" 200 0 "-" "WordPress/7.0; https://soulfood.gr"
50.6.198.96 - - [11/Jul/2026:14:59:32 -0400] "POST /wp-cron.php?doing_wp_cron=1783796372.3288500308990478515625 HTTP/2" 200 0 "-" "WordPress/7.0; https://soulfood.gr"
162.220.13.17 - - [11/Jul/2026:14:55:05 -0400] "GET /wp-login.php HTTP/2" 200 3390 "-" "Mozilla/5.0 (Linux; Android 10; K) AppleWebKit/537.36 (KHTML, like Gecko) Chrome/144.0.0.0 Mobile Safari/537.36"
162.220.13.17 - - [11/Jul/2026:14:55:06 -0400] "POST /wp-login.php HTTP/2" 200 3633 "https://www.soulfood.gr/wp-login.php" "Mozilla/5.0 (Linux; Android 10; K) AppleWebKit/537.36 (KHTML, like Gecko) Chrome/144.0.0.0 Mobile Safari/537.36"
50.6.198.96 - - [11/Jul/2026:14:55:32 -0400] "POST /wp-cron.php?doing_wp_cron=1783796132.0045499801635742187500 HTTP/2" 200 0 "-" "WordPress/7.0; https://soulfood.gr"
50.6.198.96 - - [11/Jul/2026:14:56:28 -0400] "POST /wp-cron.php?doing_wp_cron=1783796188.9630949497222900390625 HTTP/2" 200 0 "-" "WordPress/7.0; https://soulfood.gr"
173.239.214.104 - - [11/Jul/2026:14:57:23 -0400] "POST /wp-login.php HTTP/2" 200 3555 "-" "Mozilla/5.0 (Windows NT 10.0; Win64; x64) AppleWebKit/537.36 Chrome/129.0.0.0 Safari/537.36"
173.239.214.90 - - [11/Jul/2026:14:57:23 -0400] "POST /wp-login.php HTTP/2" 200 3545 "-" "Mozilla/5.0 (Windows NT 10.0; Win64; rv:143.0) Gecko/20100101 Firefox/143.0"
39.35.238.245 - - [11/Jul/2026:14:57:44 -0400] "POST /xmlrpc.php HTTP/2" 200 218 "-" "WordPress.com; https://wordpress.com"
39.35.238.245 - - [11/Jul/2026:14:58:04 -0400] "POST /xmlrpc.php HTTP/2" 200 218 "-" "Jetpack by WordPress.com (Jetpack 13.0; WordPress 6.4)"
39.35.238.245 - - [11/Jul/2026:14:58:16 -0400] "POST /xmlrpc.php HTTP/2" 200 218 "-" "Jetpack by WordPress.com (Jetpack 13.0; WordPress 6.1)"
39.35.238.245 - - [11/Jul/2026:14:58:29 -0400] "POST /xmlrpc.php HTTP/2" 200 218 "-" "Jetpack/12.5; WordPress/6.2; http://site49730148.com"
39.35.238.245 - - [11/Jul/2026:14:58:47 -0400] "POST /xmlrpc.php HTTP/2" 200 218 "-" "Jetpack by WordPress.com (Jetpack 12.5; WordPress 6.2)"
39.35.238.245 - - [11/Jul/2026:14:58:59 -0400] "POST /xmlrpc.php HTTP/2" 200 218 "-" "Jetpack/12.0; WordPress/6.2; http://site44489112.com"
39.35.238.245 - - [11/Jul/2026:14:59:10 -0400] "POST /xmlrpc.php HTTP/2" 200 218 "-" "WordPress.com; https://wordpress.com"
39.35.238.245 - - [11/Jul/2026:14:59:21 -0400] "POST /xmlrpc.php HTTP/2" 200 218 "-" "Jetpack by WordPress.com"
39.35.238.245 - - [11/Jul/2026:14:59:31 -0400] "POST /xmlrpc.php HTTP/2" 200 218 "-" "WordPress.com; https://wordpress.com"
39.35.238.245 - - [11/Jul/2026:14:59:42 -0400] "POST /xmlrpc.php HTTP/2" 200 218 "-" "Jetpack by WordPress.com (Jetpack 13.0; WordPress 6.1)"
39.35.238.245 - - [11/Jul/2026:14:59:53 -0400] "POST /xmlrpc.php HTTP/2" 200 218 "-" "WordPress.com; https://wordpress.com"
39.35.238.245 - - [11/Jul/2026:15:00:04 -0400] "POST /xmlrpc.php HTTP/2" 200 218 "-" "Jetpack by WordPress.com (Jetpack 12.0; WordPress 6.4)"
39.35.238.245 - - [11/Jul/2026:14:56:46 -0400] "POST /xmlrpc.php HTTP/2" 200 218 "-" "Jetpack/12.5; WordPress/6.4; http://site33668412.com"
39.35.238.245 - - [11/Jul/2026:14:56:57 -0400] "POST /xmlrpc.php HTTP/2" 200 218 "-" "Jetpack by WordPress.com (Jetpack 12.0; WordPress 6.4)"
39.35.238.245 - - [11/Jul/2026:14:57:08 -0400] "POST /xmlrpc.php HTTP/2" 200 218 "-" "Jetpack by WordPress.com (Jetpack 12.0; WordPress 6.2)"
173.239.214.79 - - [11/Jul/2026:14:57:23 -0400] "POST /wp-login.php HTTP/2" 200 3618 "-" "Mozilla/5.0 (Windows NT 10.0; Win64; rv:143.0) Gecko/20100101 Firefox/143.0"
39.35.238.245 - - [11/Jul/2026:14:57:21 -0400] "POST /xmlrpc.php HTTP/2" 200 218 "-" "Jetpack/12.0; WordPress/6.3; http://site39428674.com"
39.35.238.245 - - [11/Jul/2026:14:57:32 -0400] "POST /xmlrpc.php HTTP/2" 200 218 "-" "Jetpack by WordPress.com"
50.6.198.96 - - [11/Jul/2026:14:58:31 -0400] "POST /wp-cron.php?doing_wp_cron=1783796311.2887461185455322265625 HTTP/2" 200 0 "-" "WordPress/7.0; https://soulfood.gr"
39.35.238.245 - - [11/Jul/2026:15:00:14 -0400] "POST /xmlrpc.php HTTP/2" 200 218 "-" "Jetpack by WordPress.com"
50.6.198.96 - - [11/Jul/2026:15:00:26 -0400] "POST /wp-cron.php?doing_wp_cron=1783796426.6608779430389404296875 HTTP/2" 200 0 "-" "WordPress/7.0; https://soulfood.gr"
39.35.238.245 - - [11/Jul/2026:15:00:26 -0400] "POST /xmlrpc.php HTTP/2" 200 218 "-" "Jetpack/12.1; WordPress/6.3; http://site98285969.com"
39.35.238.245 - - [11/Jul/2026:15:00:37 -0400] "POST /xmlrpc.php HTTP/2" 200 218 "-" "Jetpack/12.1; WordPress/6.1; http://site10399540.com"
39.35.238.245 - - [11/Jul/2026:15:00:51 -0400] "POST /xmlrpc.php HTTP/2" 200 218 "-" "Jetpack/12.0; WordPress/6.4; http://site38529102.com"
39.35.238.245 - - [11/Jul/2026:15:01:04 -0400] "POST /xmlrpc.php HTTP/2" 200 218 "-" "Jetpack by WordPress.com (Jetpack 12.1; WordPress 6.2)"
39.35.238.245 - - [11/Jul/2026:15:01:15 -0400] "POST /xmlrpc.php HTTP/2" 200 218 "-" "Jetpack/12.0; WordPress/6.3; http://site53143712.com"
50.6.198.96 - - [11/Jul/2026:15:01:26 -0400] "POST /wp-cron.php?doing_wp_cron=1783796486.7347950935363769531250 HTTP/2" 200 0 "-" "WordPress/7.0; https://soulfood.gr"
39.35.238.245 - - [11/Jul/2026:15:01:26 -0400] "POST /xmlrpc.php HTTP/2" 200 218 "-" "WordPress.com; https://wordpress.com"
39.35.238.245 - - [11/Jul/2026:15:01:37 -0400] "POST /xmlrpc.php HTTP/2" 200 218 "-" "Jetpack by WordPress.com"
39.35.238.245 - - [11/Jul/2026:15:01:49 -0400] "POST /xmlrpc.php HTTP/2" 200 218 "-" "Jetpack by WordPress.com"
39.35.238.245 - - [11/Jul/2026:15:02:01 -0400] "POST /xmlrpc.php HTTP/2" 200 218 "-" "WordPress.com; https://wordpress.com"
39.35.238.245 - - [11/Jul/2026:15:02:12 -0400] "POST /xmlrpc.php HTTP/2" 200 218 "-" "WordPress.com; https://wordpress.com"
39.35.238.245 - - [11/Jul/2026:15:02:23 -0400] "POST /xmlrpc.php HTTP/2" 200 218 "-" "Jetpack by WordPress.com (Jetpack 12.5; WordPress 6.4)"
39.35.238.245 - - [11/Jul/2026:15:02:37 -0400] "POST /xmlrpc.php HTTP/2" 200 218 "-" "Jetpack by WordPress.com (Jetpack 12.0; WordPress 6.4)"
39.35.238.245 - - [11/Jul/2026:15:02:49 -0400] "POST /xmlrpc.php HTTP/2" 200 218 "-" "Jetpack/12.1; WordPress/6.2; http://site19365556.com"
74.7.241.156 - - [11/Jul/2026:15:02:57 -0400] "GET /robots.txt HTTP/2" 401 53 "-" "Mozilla/5.0 (Macintosh; Intel Mac OS X 10_15_7) AppleWebKit/537.36 (KHTML, like Gecko) Chrome/131.0.0.0 Safari/537.36; compatible; OAI-SearchBot/1.4; robots.txt; +https://openai.com/searchbot"
39.35.238.245 - - [11/Jul/2026:15:03:01 -0400] "POST /xmlrpc.php HTTP/2" 200 218 "-" "Jetpack by WordPress.com (Jetpack 13.0; WordPress 6.3)"
39.35.238.245 - - [11/Jul/2026:15:03:12 -0400] "POST /xmlrpc.php HTTP/2" 200 218 "-" "WordPress.com; https://wordpress.com"
39.35.238.245 - - [11/Jul/2026:15:03:25 -0400] "POST /xmlrpc.php HTTP/2" 200 218 "-" "Jetpack/12.1; WordPress/6.1; http://site44078344.com"
39.35.238.245 - - [11/Jul/2026:15:03:37 -0400] "POST /xmlrpc.php HTTP/2" 200 218 "-" "WordPress.com; https://wordpress.com"
39.35.238.245 - - [11/Jul/2026:15:03:49 -0400] "POST /xmlrpc.php HTTP/2" 200 218 "-" "WordPress.com; https://wordpress.com"
39.35.238.245 - - [11/Jul/2026:15:04:01 -0400] "POST /xmlrpc.php HTTP/2" 200 218 "-" "Jetpack by WordPress.com (Jetpack 12.5; WordPress 6.2)"
39.35.238.245 - - [11/Jul/2026:15:04:12 -0400] "POST /xmlrpc.php HTTP/2" 200 218 "-" "Jetpack by WordPress.com (Jetpack 13.0; WordPress 6.1)"
50.6.198.96 - - [11/Jul/2026:15:04:24 -0400] "POST /wp-cron.php?doing_wp_cron=1783796664.8118278980255126953125 HTTP/2" 200 0 "-" "WordPress/7.0; https://soulfood.gr"
39.35.238.245 - - [11/Jul/2026:15:04:24 -0400] "POST /xmlrpc.php HTTP/2" 200 218 "-" "WordPress.com; https://wordpress.com"
39.35.238.245 - - [11/Jul/2026:15:04:36 -0400] "POST /xmlrpc.php HTTP/2" 200 218 "-" "Jetpack/12.0; WordPress/6.3; http://site90795648.com"
43.133.139.6 - - [11/Jul/2026:15:04:45 -0400] "GET /wp-json/wp/v2/pages/2637 HTTP/2" 200 3856 "-" "Mozilla/5.0 (iPhone; CPU iPhone OS 13_2_3 like Mac OS X) AppleWebKit/605.1.15 (KHTML, like Gecko) Version/13.0.3 Mobile/15E148 Safari/604.1"
50.6.198.96 - - [11/Jul/2026:15:07:25 -0400] "POST /wp-cron.php?doing_wp_cron=1783796845.3664588928222656250000 HTTP/2" 200 0 "-" "WordPress/7.0; https://soulfood.gr"
173.239.214.123 - - [11/Jul/2026:15:08:11 -0400] "POST /wp-login.php HTTP/2" 200 3618 "-" "Mozilla/5.0 (Macintosh; Intel Mac OS X 10_15_7) AppleWebKit/605.1.15 Version/17.0 Safari/605.1.15"
173.239.214.32 - - [11/Jul/2026:15:08:11 -0400] "POST /wp-login.php HTTP/2" 200 3555 "-" "Mozilla/5.0 (Macintosh; Intel Mac OS X 10_15_7) AppleWebKit/605.1.15 Version/17.0 Safari/605.1.15"
50.6.198.96 - - [11/Jul/2026:15:08:26 -0400] "POST /wp-cron.php?doing_wp_cron=1783796906.1698949337005615234375 HTTP/2" 200 0 "-" "WordPress/7.0; https://soulfood.gr"
39.35.238.245 - - [11/Jul/2026:15:04:48 -0400] "POST /xmlrpc.php HTTP/2" 200 218 "-" "Jetpack/12.0; WordPress/6.1; http://site11463813.com"
39.35.238.245 - - [11/Jul/2026:15:05:01 -0400] "POST /xmlrpc.php HTTP/2" 200 218 "-" "WordPress.com; https://wordpress.com"
39.35.238.245 - - [11/Jul/2026:15:05:12 -0400] "POST /xmlrpc.php HTTP/2" 200 218 "-" "Jetpack/13.0; WordPress/6.3; http://site40520029.com"
50.6.198.96 - - [11/Jul/2026:15:05:25 -0400] "POST /wp-cron.php?doing_wp_cron=1783796725.2780780792236328125000 HTTP/2" 200 0 "-" "WordPress/7.0; https://soulfood.gr"
39.35.238.245 - - [11/Jul/2026:15:05:24 -0400] "POST /xmlrpc.php HTTP/2" 200 218 "-" "Jetpack by WordPress.com (Jetpack 12.5; WordPress 6.3)"
39.35.238.245 - - [11/Jul/2026:15:05:36 -0400] "POST /xmlrpc.php HTTP/2" 200 218 "-" "Jetpack by WordPress.com"
39.35.238.245 - - [11/Jul/2026:15:05:49 -0400] "POST /xmlrpc.php HTTP/2" 200 218 "-" "Jetpack/13.0; WordPress/6.3; http://site93529970.com"
39.35.238.245 - - [11/Jul/2026:15:06:02 -0400] "POST /xmlrpc.php HTTP/2" 200 218 "-" "Jetpack/12.0; WordPress/6.3; http://site34915220.com"
39.35.238.245 - - [11/Jul/2026:15:06:13 -0400] "POST /xmlrpc.php HTTP/2" 200 218 "-" "WordPress.com; https://wordpress.com"
50.6.198.96 - - [11/Jul/2026:15:06:26 -0400] "POST /wp-cron.php?doing_wp_cron=1783796786.2559659481048583984375 HTTP/2" 200 0 "-" "WordPress/7.0; https://soulfood.gr"
39.35.238.245 - - [11/Jul/2026:15:06:25 -0400] "POST /xmlrpc.php HTTP/2" 200 218 "-" "WordPress.com; https://wordpress.com"
39.35.238.245 - - [11/Jul/2026:15:06:37 -0400] "POST /xmlrpc.php HTTP/2" 200 218 "-" "Jetpack by WordPress.com"
39.35.238.245 - - [11/Jul/2026:15:06:48 -0400] "POST /xmlrpc.php HTTP/2" 200 218 "-" "Jetpack by WordPress.com (Jetpack 12.1; WordPress 6.4)"
39.35.238.245 - - [11/Jul/2026:15:07:01 -0400] "POST /xmlrpc.php HTTP/2" 200 218 "-" "Jetpack by WordPress.com (Jetpack 12.0; WordPress 6.3)"
39.35.238.245 - - [11/Jul/2026:15:07:13 -0400] "POST /xmlrpc.php HTTP/2" 200 218 "-" "Jetpack by WordPress.com"
39.35.238.245 - - [11/Jul/2026:15:07:25 -0400] "POST /xmlrpc.php HTTP/2" 200 218 "-" "Jetpack/12.5; WordPress/6.4; http://site92126925.com"
39.35.238.245 - - [11/Jul/2026:15:07:36 -0400] "POST /xmlrpc.php HTTP/2" 200 218 "-" "WordPress.com; https://wordpress.com"
39.35.238.245 - - [11/Jul/2026:15:07:48 -0400] "POST /xmlrpc.php HTTP/2" 200 218 "-" "Jetpack by WordPress.com (Jetpack 13.0; WordPress 6.1)"
39.35.238.245 - - [11/Jul/2026:15:08:01 -0400] "POST /xmlrpc.php HTTP/2" 200 218 "-" "Jetpack/12.0; WordPress/6.4; http://site59693587.com"
39.35.238.245 - - [11/Jul/2026:15:08:13 -0400] "POST /xmlrpc.php HTTP/2" 200 218 "-" "WordPress.com; https://wordpress.com"
39.35.238.245 - - [11/Jul/2026:15:08:25 -0400] "POST /xmlrpc.php HTTP/2" 200 218 "-" "Jetpack/12.5; WordPress/6.1; http://site15149971.com"
173.239.214.88 - - [11/Jul/2026:15:08:31 -0400] "POST /wp-login.php HTTP/2" 200 3545 "-" "Mozilla/5.0 (Windows NT 10.0; Win64; x64) AppleWebKit/537.36 Chrome/129.0.0.0 Safari/537.36"
50.6.198.96 - - [11/Jul/2026:15:02:38 -0400] "POST /wp-cron.php?doing_wp_cron=1783796557.9897799491882324218750 HTTP/2" 200 0 "-" "WordPress/7.0; https://soulfood.gr"
50.6.198.96 - - [11/Jul/2026:15:03:26 -0400] "POST /wp-cron.php?doing_wp_cron=1783796606.2378818988800048828125 HTTP/2" 200 0 "-" "WordPress/7.0; https://soulfood.gr"
173.239.214.118 - - [11/Jul/2026:15:08:11 -0400] "POST /wp-login.php HTTP/2" 200 3620 "-" "Mozilla/5.0 (Macintosh; Intel Mac OS X 10_15_7) AppleWebKit/605.1.15 Version/17.0 Safari/605.1.15"
50.6.198.96 - - [11/Jul/2026:15:08:32 -0400] "POST /wp-cron.php?doing_wp_cron=1783796912.3005421161651611328125 HTTP/2" 200 0 "-" "WordPress/7.0; https://soulfood.gr"
39.35.238.245 - - [11/Jul/2026:15:08:37 -0400] "POST /xmlrpc.php HTTP/2" 200 218 "-" "Jetpack by WordPress.com (Jetpack 12.5; WordPress 6.3)"
39.35.238.245 - - [11/Jul/2026:15:08:49 -0400] "POST /xmlrpc.php HTTP/2" 200 218 "-" "WordPress.com; https://wordpress.com"
39.35.238.245 - - [11/Jul/2026:15:09:02 -0400] "POST /xmlrpc.php HTTP/2" 200 218 "-" "Jetpack/13.0; WordPress/6.3; http://site46981770.com"
39.35.238.245 - - [11/Jul/2026:15:09:19 -0400] "POST /xmlrpc.php HTTP/2" 200 218 "-" "Jetpack by WordPress.com"
50.6.198.96 - - [11/Jul/2026:15:09:33 -0400] "POST /wp-cron.php?doing_wp_cron=1783796973.0854330062866210937500 HTTP/2" 200 0 "-" "WordPress/7.0; https://soulfood.gr"
39.35.238.245 - - [11/Jul/2026:15:09:32 -0400] "POST /xmlrpc.php HTTP/2" 200 218 "-" "Jetpack by WordPress.com"
39.35.238.245 - - [11/Jul/2026:15:09:45 -0400] "POST /xmlrpc.php HTTP/2" 200 218 "-" "Jetpack/12.5; WordPress/6.3; http://site64220004.com"
39.35.238.245 - - [11/Jul/2026:15:10:01 -0400] "POST /xmlrpc.php HTTP/2" 200 218 "-" "Jetpack by WordPress.com"
39.35.238.245 - - [11/Jul/2026:15:10:16 -0400] "POST /xmlrpc.php HTTP/2" 200 218 "-" "WordPress.com; https://wordpress.com"
50.6.198.96 - - [11/Jul/2026:15:10:29 -0400] "POST /wp-cron.php?doing_wp_cron=1783797029.3220529556274414062500 HTTP/2" 200 0 "-" "WordPress/7.0; https://soulfood.gr"
39.35.238.245 - - [11/Jul/2026:15:10:29 -0400] "POST /xmlrpc.php HTTP/2" 200 218 "-" "Jetpack by WordPress.com (Jetpack 12.1; WordPress 6.4)"
39.35.238.245 - - [11/Jul/2026:15:10:42 -0400] "POST /xmlrpc.php HTTP/2" 200 218 "-" "Jetpack by WordPress.com (Jetpack 12.5; WordPress 6.1)"
39.35.238.245 - - [11/Jul/2026:15:10:57 -0400] "POST /xmlrpc.php HTTP/2" 200 218 "-" "Jetpack/13.0; WordPress/6.2; http://site73672517.com"
39.35.238.245 - - [11/Jul/2026:15:11:15 -0400] "POST /xmlrpc.php HTTP/2" 200 218 "-" "Jetpack/12.1; WordPress/6.1; http://site53525687.com"
39.35.238.245 - - [11/Jul/2026:15:11:32 -0400] "POST /xmlrpc.php HTTP/2" 200 218 "-" "WordPress.com; https://wordpress.com"
39.35.238.245 - - [11/Jul/2026:15:11:46 -0400] "POST /xmlrpc.php HTTP/2" 200 218 "-" "WordPress.com; https://wordpress.com"
39.35.238.245 - - [11/Jul/2026:15:12:03 -0400] "POST /xmlrpc.php HTTP/2" 200 218 "-" "Jetpack/13.0; WordPress/6.4; http://site71268657.com"
39.35.238.245 - - [11/Jul/2026:15:12:16 -0400] "POST /xmlrpc.php HTTP/2" 200 218 "-" "Jetpack/12.0; WordPress/6.2; http://site51898936.com"
50.6.198.96 - - [11/Jul/2026:15:12:34 -0400] "POST /wp-cron.php?doing_wp_cron=1783797154.4355440139770507812500 HTTP/2" 200 0 "-" "WordPress/7.0; https://soulfood.gr"
39.35.238.245 - - [11/Jul/2026:15:12:34 -0400] "POST /xmlrpc.php HTTP/2" 200 218 "-" "Jetpack by WordPress.com (Jetpack 12.5; WordPress 6.3)"
39.35.238.245 - - [11/Jul/2026:15:12:50 -0400] "POST /xmlrpc.php HTTP/2" 200 218 "-" "Jetpack by WordPress.com"
39.35.238.245 - - [11/Jul/2026:15:13:04 -0400] "POST /xmlrpc.php HTTP/2" 200 218 "-" "Jetpack by WordPress.com (Jetpack 13.0; WordPress 6.3)"
39.35.238.245 - - [11/Jul/2026:15:13:19 -0400] "POST /xmlrpc.php HTTP/2" 200 218 "-" "Jetpack by WordPress.com"
39.35.238.245 - - [11/Jul/2026:15:13:34 -0400] "POST /xmlrpc.php HTTP/2" 200 218 "-" "Jetpack/12.5; WordPress/6.4; http://site69794194.com"
39.35.238.245 - - [11/Jul/2026:15:13:46 -0400] "POST /xmlrpc.php HTTP/2" 200 218 "-" "Jetpack/12.1; WordPress/6.1; http://site99294123.com"
39.35.238.245 - - [11/Jul/2026:15:13:58 -0400] "POST /xmlrpc.php HTTP/2" 200 218 "-" "Jetpack by WordPress.com (Jetpack 12.5; WordPress 6.4)"
39.35.238.245 - - [11/Jul/2026:15:14:09 -0400] "POST /xmlrpc.php HTTP/2" 200 218 "-" "WordPress.com; https://wordpress.com"
39.35.238.245 - - [11/Jul/2026:15:14:20 -0400] "POST /xmlrpc.php HTTP/2" 200 218 "-" "Jetpack/12.0; WordPress/6.3; http://site52247116.com"
39.35.238.245 - - [11/Jul/2026:15:14:30 -0400] "POST /xmlrpc.php HTTP/2" 200 218 "-" "Jetpack/12.0; WordPress/6.1; http://site20426625.com"
39.35.238.245 - - [11/Jul/2026:15:14:41 -0400] "POST /xmlrpc.php HTTP/2" 200 218 "-" "WordPress.com; https://wordpress.com"
50.6.198.96 - - [11/Jul/2026:15:13:34 -0400] "POST /wp-cron.php?doing_wp_cron=1783797214.9211850166320800781250 HTTP/2" 200 0 "-" "WordPress/7.0; https://soulfood.gr"
50.6.198.96 - - [11/Jul/2026:15:15:09 -0400] "POST /wp-cron.php?doing_wp_cron=1783797309.3742148876190185546875 HTTP/2" 200 0 "-" "WordPress/7.0; https://soulfood.gr"
50.6.198.96 - - [11/Jul/2026:15:15:36 -0400] "POST /wp-cron.php?doing_wp_cron=1783797335.9859220981597900390625 HTTP/2" 200 0 "-" "WordPress/7.0; https://soulfood.gr"
50.6.198.96 - - [11/Jul/2026:15:16:35 -0400] "POST /wp-cron.php?doing_wp_cron=1783797395.2234449386596679687500 HTTP/2" 200 0 "-" "WordPress/7.0; https://soulfood.gr"
43.130.102.7 - - [11/Jul/2026:15:16:45 -0400] "GET /wp-json/oembed/1.0/embed?url=https%3A%2F%2Fsoulfood.gr%2Fcontact-us%2F&lang=el HTTP/2" 200 1016 "-" "Mozilla/5.0 (iPhone; CPU iPhone OS 13_2_3 like Mac OS X) AppleWebKit/605.1.15 (KHTML, like Gecko) Version/13.0.3 Mobile/15E148 Safari/604.1"
43.157.156.190 - - [11/Jul/2026:15:16:54 -0400] "GET /wp-json/oembed/1.0/embed?url=https%3A%2F%2Fsoulfood.gr%2Fpolicies%2F&format=xml&lang=el HTTP/2" 200 1051 "-" "Mozilla/5.0 (iPhone; CPU iPhone OS 13_2_3 like Mac OS X) AppleWebKit/605.1.15 (KHTML, like Gecko) Version/13.0.3 Mobile/15E148 Safari/604.1"
20.63.87.152 - - [11/Jul/2026:15:17:59 -0400] "GET /.dj/index.php HTTP/2" 404 3417 "-" "Mozilla/5.0 (Windows NT 10.0; Win64; x64) AppleWebKit/537.36 (KHTML, like Gecko) Chrome/120.0.0.0 Safari/537.36"
20.63.87.152 - - [11/Jul/2026:15:17:59 -0400] "GET /.trash7206/index.php HTTP/2" 404 3417 "-" "Mozilla/5.0 (Windows NT 10.0; Win64; x64) AppleWebKit/537.36 (KHTML, like Gecko) Chrome/120.0.0.0 Safari/537.36"
20.63.87.152 - - [11/Jul/2026:15:17:59 -0400] "GET /.well-known/ HTTP/2" 404 3417 "-" "Mozilla/5.0 (Windows NT 10.0; Win64; x64) AppleWebKit/537.36 (KHTML, like Gecko) Chrome/120.0.0.0 Safari/537.36"
20.63.87.152 - - [11/Jul/2026:15:17:59 -0400] "GET /.well-known/gecko-litespeed.php HTTP/2" 404 3417 "-" "Mozilla/5.0 (Windows NT 10.0; Win64; x64) AppleWebKit/537.36 (KHTML, like Gecko) Chrome/120.0.0.0 Safari/537.36"
20.63.87.152 - - [11/Jul/2026:15:17:59 -0400] "GET /.well-known/logs233/index.php HTTP/2" 404 3417 "-" "Mozilla/5.0 (Windows NT 10.0; Win64; x64) AppleWebKit/537.36 (KHTML, like Gecko) Chrome/120.0.0.0 Safari/537.36"
20.63.87.152 - - [11/Jul/2026:15:17:59 -0400] "GET /0.kb-v3.php HTTP/2" 404 3417 "-" "Mozilla/5.0 (Windows NT 10.0; Win64; x64) AppleWebKit/537.36 (KHTML, like Gecko) Chrome/120.0.0.0 Safari/537.36"
20.63.87.152 - - [11/Jul/2026:15:17:59 -0400] "GET /0.php HTTP/2" 404 3417 "-" "Mozilla/5.0 (Windows NT 10.0; Win64; x64) AppleWebKit/537.36 (KHTML, like Gecko) Chrome/120.0.0.0 Safari/537.36"
20.63.87.152 - - [11/Jul/2026:15:17:59 -0400] "GET /01.php HTTP/2" 404 3417 "-" "Mozilla/5.0 (Windows NT 10.0; Win64; x64) AppleWebKit/537.36 (KHTML, like Gecko) Chrome/120.0.0.0 Safari/537.36"
20.63.87.152 - - [11/Jul/2026:15:18:00 -0400] "GET /0x.php HTTP/2" 404 3417 "-" "Mozilla/5.0 (Windows NT 10.0; Win64; x64) AppleWebKit/537.36 (KHTML, like Gecko) Chrome/120.0.0.0 Safari/537.36"
20.63.87.152 - - [11/Jul/2026:15:18:00 -0400] "GET /100.php HTTP/2" 404 3417 "-" "Mozilla/5.0 (Windows NT 10.0; Win64; x64) AppleWebKit/537.36 (KHTML, like Gecko) Chrome/120.0.0.0 Safari/537.36"
20.63.87.152 - - [11/Jul/2026:15:18:00 -0400] "GET /122.php HTTP/2" 404 3417 "-" "Mozilla/5.0 (Windows NT 10.0; Win64; x64) AppleWebKit/537.36 (KHTML, like Gecko) Chrome/120.0.0.0 Safari/537.36"
20.63.87.152 - - [11/Jul/2026:15:18:00 -0400] "GET /13.php HTTP/2" 404 3417 "-" "Mozilla/5.0 (Windows NT 10.0; Win64; x64) AppleWebKit/537.36 (KHTML, like Gecko) Chrome/120.0.0.0 Safari/537.36"
20.63.87.152 - - [11/Jul/2026:15:18:00 -0400] "GET /133.php HTTP/2" 404 3417 "-" "Mozilla/5.0 (Windows NT 10.0; Win64; x64) AppleWebKit/537.36 (KHTML, like Gecko) Chrome/120.0.0.0 Safari/537.36"
20.63.87.152 - - [11/Jul/2026:15:18:00 -0400] "GET /177.php HTTP/2" 404 3417 "-" "Mozilla/5.0 (Windows NT 10.0; Win64; x64) AppleWebKit/537.36 (KHTML, like Gecko) Chrome/120.0.0.0 Safari/537.36"
20.63.87.152 - - [11/Jul/2026:15:18:00 -0400] "GET /1index.php HTTP/2" 404 3417 "-" "Mozilla/5.0 (Windows NT 10.0; Win64; x64) AppleWebKit/537.36 (KHTML, like Gecko) Chrome/120.0.0.0 Safari/537.36"
20.63.87.152 - - [11/Jul/2026:15:18:00 -0400] "GET /222.php HTTP/2" 404 3417 "-" "Mozilla/5.0 (Windows NT 10.0; Win64; x64) AppleWebKit/537.36 (KHTML, like Gecko) Chrome/120.0.0.0 Safari/537.36"
20.63.87.152 - - [11/Jul/2026:15:18:00 -0400] "GET /2p.update.php HTTP/2" 404 3417 "-" "Mozilla/5.0 (Windows NT 10.0; Win64; x64) AppleWebKit/537.36 (KHTML, like Gecko) Chrome/120.0.0.0 Safari/537.36"
20.63.87.152 - - [11/Jul/2026:15:18:00 -0400] "GET /3pjcpmfsd8b.php HTTP/2" 404 3417 "-" "Mozilla/5.0 (Windows NT 10.0; Win64; x64) AppleWebKit/537.36 (KHTML, like Gecko) Chrome/120.0.0.0 Safari/537.36"
20.63.87.152 - - [11/Jul/2026:15:18:00 -0400] "GET /403.php HTTP/2" 404 3417 "-" "Mozilla/5.0 (Windows NT 10.0; Win64; x64) AppleWebKit/537.36 (KHTML, like Gecko) Chrome/120.0.0.0 Safari/537.36"
173.239.214.119 - - [11/Jul/2026:15:18:44 -0400] "POST /wp-login.php HTTP/2" 200 3620 "-" "Mozilla/5.0 (Windows NT 10.0; Win64; x64) AppleWebKit/537.36 Chrome/129.0.0.0 Safari/537.36"
39.35.238.245 - - [11/Jul/2026:15:14:53 -0400] "POST /xmlrpc.php HTTP/2" 200 218 "-" "WordPress.com; https://wordpress.com"
39.35.238.245 - - [11/Jul/2026:15:15:09 -0400] "POST /xmlrpc.php HTTP/2" 200 218 "-" "Jetpack by WordPress.com (Jetpack 12.5; WordPress 6.3)"
39.35.238.245 - - [11/Jul/2026:15:15:22 -0400] "POST /xmlrpc.php HTTP/2" 200 218 "-" "WordPress.com; https://wordpress.com"
39.35.238.245 - - [11/Jul/2026:15:15:35 -0400] "POST /xmlrpc.php HTTP/2" 200 218 "-" "Jetpack by WordPress.com"
39.35.238.245 - - [11/Jul/2026:15:15:47 -0400] "POST /xmlrpc.php HTTP/2" 200 218 "-" "Jetpack by WordPress.com"
39.35.238.245 - - [11/Jul/2026:15:15:59 -0400] "POST /xmlrpc.php HTTP/2" 200 218 "-" "Jetpack/12.5; WordPress/6.1; http://site44742456.com"
39.35.238.245 - - [11/Jul/2026:15:16:10 -0400] "POST /xmlrpc.php HTTP/2" 200 218 "-" "WordPress.com; https://wordpress.com"
39.35.238.245 - - [11/Jul/2026:15:16:21 -0400] "POST /xmlrpc.php HTTP/2" 200 218 "-" "Jetpack by WordPress.com"
39.35.238.245 - - [11/Jul/2026:15:16:33 -0400] "POST /xmlrpc.php HTTP/2" 200 218 "-" "Jetpack/12.0; WordPress/6.3; http://site21610488.com"
39.35.238.245 - - [11/Jul/2026:15:16:47 -0400] "POST /xmlrpc.php HTTP/2" 200 218 "-" "WordPress.com; https://wordpress.com"
39.35.238.245 - - [11/Jul/2026:15:16:59 -0400] "POST /xmlrpc.php HTTP/2" 200 218 "-" "WordPress.com; https://wordpress.com"
39.35.238.245 - - [11/Jul/2026:15:17:11 -0400] "POST /xmlrpc.php HTTP/2" 200 218 "-" "Jetpack by WordPress.com"
39.35.238.245 - - [11/Jul/2026:15:17:22 -0400] "POST /xmlrpc.php HTTP/2" 200 218 "-" "Jetpack by WordPress.com (Jetpack 13.0; WordPress 6.2)"
39.35.238.245 - - [11/Jul/2026:15:17:34 -0400] "POST /xmlrpc.php HTTP/2" 200 218 "-" "Jetpack/12.0; WordPress/6.3; http://site54427772.com"
39.35.238.245 - - [11/Jul/2026:15:17:45 -0400] "POST /xmlrpc.php HTTP/2" 200 218 "-" "Jetpack by WordPress.com (Jetpack 12.5; WordPress 6.1)"
39.35.238.245 - - [11/Jul/2026:15:17:56 -0400] "POST /xmlrpc.php HTTP/2" 200 218 "-" "Jetpack by WordPress.com"
39.35.238.245 - - [11/Jul/2026:15:18:07 -0400] "POST /xmlrpc.php HTTP/2" 200 218 "-" "Jetpack by WordPress.com"
39.35.238.245 - - [11/Jul/2026:15:18:18 -0400] "POST /xmlrpc.php HTTP/2" 200 218 "-" "Jetpack by WordPress.com (Jetpack 12.0; WordPress 6.4)"
39.35.238.245 - - [11/Jul/2026:15:18:29 -0400] "POST /xmlrpc.php HTTP/2" 200 218 "-" "Jetpack by WordPress.com"
173.239.214.113 - - [11/Jul/2026:15:18:44 -0400] "POST /wp-login.php HTTP/2" 200 3555 "-" "Mozilla/5.0 (Windows NT 10.0; Win64; x64) AppleWebKit/537.36 Chrome/129.0.0.0 Safari/537.36"
173.239.214.127 - - [11/Jul/2026:15:18:44 -0400] "POST /wp-login.php HTTP/2" 200 3545 "-" "Mozilla/5.0 (Windows NT 10.0; Win64; rv:143.0) Gecko/20100101 Firefox/143.0"
39.35.238.245 - - [11/Jul/2026:15:18:42 -0400] "POST /xmlrpc.php HTTP/2" 200 218 "-" "WordPress.com; https://wordpress.com"
39.35.238.245 - - [11/Jul/2026:15:18:53 -0400] "POST /xmlrpc.php HTTP/2" 200 218 "-" "Jetpack by WordPress.com (Jetpack 12.0; WordPress 6.2)"
39.35.238.245 - - [11/Jul/2026:15:19:05 -0400] "POST /xmlrpc.php HTTP/2" 200 218 "-" "Jetpack by WordPress.com"
50.6.198.96 - - [11/Jul/2026:15:11:32 -0400] "POST /wp-cron.php?doing_wp_cron=1783797092.6853189468383789062500 HTTP/2" 200 0 "-" "WordPress/7.0; https://soulfood.gr"
209.42.18.223 - - [11/Jul/2026:15:12:07 -0400] "GET /wp-login.php HTTP/2" 200 3390 "-" "Mozilla/5.0 (iPhone; CPU iPhone OS 18_0 like Mac OS X) AppleWebKit/605.1.15 (KHTML, like Gecko) Version/18.0 Mobile/15E148 Safari/604.1"
209.42.18.223 - - [11/Jul/2026:15:12:08 -0400] "POST /wp-login.php HTTP/2" 200 3559 "https://www.soulfood.gr/wp-login.php" "Mozilla/5.0 (iPhone; CPU iPhone OS 18_0 like Mac OS X) AppleWebKit/605.1.15 (KHTML, like Gecko) Version/18.0 Mobile/15E148 Safari/604.1"
50.6.198.96 - - [11/Jul/2026:15:14:31 -0400] "POST /wp-cron.php?doing_wp_cron=1783797271.1171069145202636718750 HTTP/2" 200 0 "-" "WordPress/7.0; https://soulfood.gr"
150.107.232.161 - - [11/Jul/2026:15:15:54 -0400] "GET /hg/ HTTP/2" 404 18502 "-" "Mozilla/5.0 (Macintosh; Intel Mac OS X 10_15_7) AppleWebKit/537.36 (KHTML, like Gecko) Chrome/94.0.4606.71 Safari/537.36"
74.235.96.117 - - [11/Jul/2026:15:16:48 -0400] "POST /xmlrpc.php HTTP/2" 200 240 "-" "Mozilla/5.0 (Macintosh; Intel Mac OS X 10_15_7) AppleWebKit/537.36 (KHTML, like Gecko) Chrome/144.0.0.0 Safari/537.36"
50.6.198.96 - - [11/Jul/2026:15:17:25 -0400] "POST /wp-cron.php?doing_wp_cron=1783797445.2375700473785400390625 HTTP/2" 200 0 "-" "WordPress/7.0; https://soulfood.gr"
20.63.87.152 - - [11/Jul/2026:15:17:59 -0400] "GET /.tmb/ HTTP/2" 404 3417 "-" "Mozilla/5.0 (Windows NT 10.0; Win64; x64) AppleWebKit/537.36 (KHTML, like Gecko) Chrome/120.0.0.0 Safari/537.36"
20.63.87.152 - - [11/Jul/2026:15:17:59 -0400] "GET /.well-known/acme-challenge/ HTTP/2" 404 3417 "-" "Mozilla/5.0 (Windows NT 10.0; Win64; x64) AppleWebKit/537.36 (KHTML, like Gecko) Chrome/120.0.0.0 Safari/537.36"
20.63.87.152 - - [11/Jul/2026:15:17:59 -0400] "GET /.well-known/wp-cron.php HTTP/2" 404 3417 "-" "Mozilla/5.0 (Windows NT 10.0; Win64; x64) AppleWebKit/537.36 (KHTML, like Gecko) Chrome/120.0.0.0 Safari/537.36"
20.63.87.152 - - [11/Jul/2026:15:17:59 -0400] "GET /002.php HTTP/2" 404 3417 "-" "Mozilla/5.0 (Windows NT 10.0; Win64; x64) AppleWebKit/537.36 (KHTML, like Gecko) Chrome/120.0.0.0 Safari/537.36"
20.63.87.152 - - [11/Jul/2026:15:18:00 -0400] "GET /1.php HTTP/2" 404 3417 "-" "Mozilla/5.0 (Windows NT 10.0; Win64; x64) AppleWebKit/537.36 (KHTML, like Gecko) Chrome/120.0.0.0 Safari/537.36"
20.63.87.152 - - [11/Jul/2026:15:18:00 -0400] "GET /123.php HTTP/2" 404 3417 "-" "Mozilla/5.0 (Windows NT 10.0; Win64; x64) AppleWebKit/537.36 (KHTML, like Gecko) Chrome/120.0.0.0 Safari/537.36"
20.63.87.152 - - [11/Jul/2026:15:18:00 -0400] "GET /155.php HTTP/2" 404 3417 "-" "Mozilla/5.0 (Windows NT 10.0; Win64; x64) AppleWebKit/537.36 (KHTML, like Gecko) Chrome/120.0.0.0 Safari/537.36"
20.63.87.152 - - [11/Jul/2026:15:18:00 -0400] "GET /2.php HTTP/2" 404 3417 "-" "Mozilla/5.0 (Windows NT 10.0; Win64; x64) AppleWebKit/537.36 (KHTML, like Gecko) Chrome/120.0.0.0 Safari/537.36"
20.63.87.152 - - [11/Jul/2026:15:18:00 -0400] "GET /3.php HTTP/2" 404 3417 "-" "Mozilla/5.0 (Windows NT 10.0; Win64; x64) AppleWebKit/537.36 (KHTML, like Gecko) Chrome/120.0.0.0 Safari/537.36"
20.63.87.152 - - [11/Jul/2026:15:18:00 -0400] "GET /404.php HTTP/2" 404 3417 "-" "Mozilla/5.0 (Windows NT 10.0; Win64; x64) AppleWebKit/537.36 (KHTML, like Gecko) Chrome/120.0.0.0 Safari/537.36"
50.6.198.96 - - [11/Jul/2026:15:18:33 -0400] "POST /wp-cron.php?doing_wp_cron=1783797513.3077490329742431640625 HTTP/2" 200 0 "-" "WordPress/7.0; https://soulfood.gr"
43.167.232.38 - - [11/Jul/2026:15:26:55 -0400] "GET /?p=4471 HTTP/2" 301 0 "-" "Mozilla/5.0 (iPhone; CPU iPhone OS 13_2_3 like Mac OS X) AppleWebKit/605.1.15 (KHTML, like Gecko) Version/13.0.3 Mobile/15E148 Safari/604.1"
50.6.198.96 - - [11/Jul/2026:15:29:13 -0400] "POST /wp-cron.php?doing_wp_cron=1783798153.3013350963592529296875 HTTP/2" 200 0 "-" "WordPress/7.0; https://soulfood.gr"
173.239.214.107 - - [11/Jul/2026:15:29:49 -0400] "POST /wp-login.php HTTP/2" 200 3620 "-" "Mozilla/5.0 (Macintosh; Intel Mac OS X 10_15_7) AppleWebKit/605.1.15 Version/17.0 Safari/605.1.15"
45.131.195.225 - - [11/Jul/2026:15:29:49 -0400] "POST /wp-login.php HTTP/2" 200 3545 "-" "Mozilla/5.0 (Windows NT 10.0; Win64; x64) AppleWebKit/537.36 Chrome/129.0.0.0 Safari/537.36"
2a03:2880:f812:3a:: - - [11/Jul/2026:15:30:03 -0400] "GET /index.php/sitemap.xml HTTP/2" 404 0 "-" "Mozilla/5.0 (Macintosh; Intel Mac OS X 10_15_7) AppleWebKit/537.36 (KHTML, like Gecko) Chrome/145.0.0.0 Safari/537.36 (compatible; meta-externalagent/1.1 (+https://developers.facebook.com/docs/sharing/webmasters/crawler))"
66.249.91.130 - - [11/Jul/2026:15:38:34 -0400] "GET /.well-known/assetlinks.json HTTP/2" 404 18502 "-" "Mozilla/5.0 (Windows NT 10.0; Win64; x64)AppleWebKit/537.36 (KHTML, like Gecko) Chrome/91.0.4472.101 Safari/537.36"
104.131.116.82 - - [11/Jul/2026:15:40:45 -0400] "GET /wp-login.php HTTP/2" 200 3390 "-" "Mozilla/5.0 (iPhone; CPU iPhone OS 26_4_2 like Mac OS X) AppleWebKit/605.1.15 (KHTML, like Gecko) CriOS/148.0.7778.47 Mobile/15E148 Safari/604.1"
104.131.116.82 - - [11/Jul/2026:15:40:46 -0400] "POST /wp-login.php HTTP/2" 200 3556 "https://soulfood.gr/wp-login.php" "Mozilla/5.0 (iPhone; CPU iPhone OS 26_4_2 like Mac OS X) AppleWebKit/605.1.15 (KHTML, like Gecko) CriOS/148.0.7778.47 Mobile/15E148 Safari/604.1"
50.6.198.96 - - [11/Jul/2026:15:25:43 -0400] "POST /wp-cron.php?doing_wp_cron=1783797943.9316949844360351562500 HTTP/2" 200 0 "-" "WordPress/7.0; https://soulfood.gr"
50.6.198.96 - - [11/Jul/2026:15:26:56 -0400] "POST /wp-cron.php?doing_wp_cron=1783798016.5775570869445800781250 HTTP/2" 200 0 "-" "WordPress/7.0; https://soulfood.gr"
43.167.232.38 - - [11/Jul/2026:15:27:00 -0400] "GET /policies/ HTTP/2" 200 31637 "https://soulfood.gr/?p=4471" "Mozilla/5.0 (iPhone; CPU iPhone OS 13_2_3 like Mac OS X) AppleWebKit/605.1.15 (KHTML, like Gecko) Version/13.0.3 Mobile/15E148 Safari/604.1"
50.6.198.96 - - [11/Jul/2026:15:29:49 -0400] "POST /wp-cron.php?doing_wp_cron=1783798189.7410230636596679687500 HTTP/2" 200 0 "-" "WordPress/7.0; https://soulfood.gr"
43.167.241.46 - - [11/Jul/2026:15:34:15 -0400] "GET /personal-data/embed/ HTTP/2" 200 6685 "-" "Mozilla/5.0 (iPhone; CPU iPhone OS 13_2_3 like Mac OS X) AppleWebKit/605.1.15 (KHTML, like Gecko) Version/13.0.3 Mobile/15E148 Safari/604.1"
173.239.214.118 - - [11/Jul/2026:15:40:28 -0400] "POST /wp-login.php HTTP/2" 200 3618 "-" "Mozilla/5.0 (Macintosh; Intel Mac OS X 10_15_7) AppleWebKit/605.1.15 Version/17.0 Safari/605.1.15"
50.6.198.96 - - [11/Jul/2026:15:40:28 -0400] "POST /wp-cron.php?doing_wp_cron=1783798828.4463379383087158203125 HTTP/2" 200 0 "-" "WordPress/7.0; https://soulfood.gr"
173.239.214.101 - - [11/Jul/2026:15:40:28 -0400] "POST /wp-login.php HTTP/2" 200 3620 "-" "Mozilla/5.0 (Windows NT 10.0; Win64; rv:143.0) Gecko/20100101 Firefox/143.0"
14.228.196.98 - - [11/Jul/2026:15:25:43 -0400] "GET /phylum/model/ey17y2pcempzcz6.html HTTP/2" 404 18502 "-" "Mozilla/5.0 (Windows NT 6.1; Win64; x64) AppleWebKit/537.36 (KHTML, like Gecko) Brave Chrome/80.0.3987.87 Safari/537.36"
102.134.101.35 - - [11/Jul/2026:15:29:12 -0400] "POST /xmlrpc.php HTTP/2" 200 240 "-" "Mozilla/5.0 (Macintosh; Intel Mac OS X 10_15_7) AppleWebKit/537.36 (KHTML, like Gecko) Chrome/143.0.0.0 Safari/537.36"
173.239.214.95 - - [11/Jul/2026:15:29:49 -0400] "POST /wp-login.php HTTP/2" 200 3618 "-" "Mozilla/5.0 (Windows NT 10.0; Win64; rv:143.0) Gecko/20100101 Firefox/143.0"
50.6.198.96 - - [11/Jul/2026:15:34:16 -0400] "POST /wp-cron.php?doing_wp_cron=1783798456.3891139030456542968750 HTTP/2" 200 0 "-" "WordPress/7.0; https://soulfood.gr"
188.27.147.136 - - [11/Jul/2026:15:36:45 -0400] "GET /hello-world-2/?replytocom=2 HTTP/2" 200 30803 "-" "Mozilla/5.0 (Windows NT 5.1; WOW64) AppleWebKit/537.36 (KHTML, like Gecko) Chrome/75.0.3770.100 ADG/11.0.2566 AOLBUILD/11.0.2566 Safari/537.36"
50.6.198.96 - - [11/Jul/2026:15:38:35 -0400] "POST /wp-cron.php?doing_wp_cron=1783798715.2116189002990722656250 HTTP/2" 200 0 "-" "WordPress/7.0; https://soulfood.gr"
45.131.195.221 - - [11/Jul/2026:15:40:28 -0400] "POST /wp-login.php HTTP/2" 200 3555 "-" "Mozilla/5.0 (Macintosh; Intel Mac OS X 10_15_7) AppleWebKit/605.1.15 Version/17.0 Safari/605.1.15"
43.135.133.241 - - [11/Jul/2026:15:46:40 -0400] "GET /en/personal-data-eng/ HTTP/2" 200 23970 "-" "Mozilla/5.0 (iPhone; CPU iPhone OS 13_2_3 like Mac OS X) AppleWebKit/605.1.15 (KHTML, like Gecko) Version/13.0.3 Mobile/15E148 Safari/604.1"
4.205.168.44 - - [11/Jul/2026:15:49:00 -0400] "GET /wp-login.php HTTP/2" 200 3390 "-" "Mozilla/5.0 (iPhone; CPU iPhone OS 17_7 like Mac OS X) AppleWebKit/605.1.15 (KHTML, like Gecko) CriOS/143.0.6917.0 Mobile/15E148 Safari/604.1"
4.205.168.44 - - [11/Jul/2026:15:49:01 -0400] "POST /wp-login.php HTTP/2" 200 3556 "https://soulfood.gr/wp-login.php" "Mozilla/5.0 (iPhone; CPU iPhone OS 17_7 like Mac OS X) AppleWebKit/605.1.15 (KHTML, like Gecko) CriOS/143.0.6917.0 Mobile/15E148 Safari/604.1"
50.6.198.96 - - [11/Jul/2026:15:42:40 -0400] "POST /wp-cron.php?doing_wp_cron=1783798959.9703209400177001953125 HTTP/2" 200 0 "-" "WordPress/7.0; https://soulfood.gr"
50.6.198.96 - - [11/Jul/2026:15:46:40 -0400] "POST /wp-cron.php?doing_wp_cron=1783799200.6815249919891357421875 HTTP/2" 200 0 "-" "WordPress/7.0; https://soulfood.gr"
50.6.198.96 - - [11/Jul/2026:15:49:01 -0400] "POST /wp-cron.php?doing_wp_cron=1783799341.0239179134368896484375 HTTP/2" 200 0 "-" "WordPress/7.0; https://soulfood.gr"
173.239.214.123 - - [11/Jul/2026:15:51:43 -0400] "POST /wp-login.php HTTP/2" 200 3618 "-" "Mozilla/5.0 (Macintosh; Intel Mac OS X 10_15_7) AppleWebKit/605.1.15 Version/17.0 Safari/605.1.15"
109.112.146.63 - - [11/Jul/2026:15:42:39 -0400] "GET /shop/ HTTP/2" 200 18541 "-" "Mozilla/5.0 (Windows NT 10.0; WOW64; rv:136.0) Gecko/20100101 Firefox/136.0"
173.239.214.116 - - [11/Jul/2026:15:51:43 -0400] "POST /wp-login.php HTTP/2" 200 3555 "-" "Mozilla/5.0 (Windows NT 10.0; Win64; rv:143.0) Gecko/20100101 Firefox/143.0"
173.239.214.121 - - [11/Jul/2026:15:51:43 -0400] "POST /wp-login.php HTTP/2" 200 3545 "-" "Mozilla/5.0 (Macintosh; Intel Mac OS X 10_15_7) AppleWebKit/605.1.15 Version/17.0 Safari/605.1.15"
50.6.198.96 - - [11/Jul/2026:15:51:43 -0400] "POST /wp-cron.php?doing_wp_cron=1783799503.7445020675659179687500 HTTP/2" 200 0 "-" "WordPress/7.0; https://soulfood.gr"
173.239.214.87 - - [11/Jul/2026:15:51:43 -0400] "POST /wp-login.php HTTP/2" 200 3620 "-" "Mozilla/5.0 (Windows NT 10.0; Win64; x64) AppleWebKit/537.36 Chrome/129.0.0.0 Safari/537.36"
185.198.240.77 - - [11/Jul/2026:16:02:25 -0400] "POST /wp-login.php HTTP/2" 200 3620 "-" "Mozilla/5.0 (Windows NT 10.0; Win64; rv:143.0) Gecko/20100101 Firefox/143.0"
20.226.22.37 - - [11/Jul/2026:16:05:27 -0400] "GET /.dj/index.php HTTP/2" 401 53 "-" "Mozilla/5.0 (Windows NT 10.0; Win64; x64) AppleWebKit/537.36 (KHTML, like Gecko) Chrome/120.0.0.0 Safari/537.36"
20.226.22.37 - - [11/Jul/2026:16:05:27 -0400] "GET /.trash7206/index.php HTTP/2" 401 53 "-" "Mozilla/5.0 (Windows NT 10.0; Win64; x64) AppleWebKit/537.36 (KHTML, like Gecko) Chrome/120.0.0.0 Safari/537.36"
20.226.22.37 - - [11/Jul/2026:16:05:27 -0400] "GET /.well-known/acme-challenge/ HTTP/2" 401 53 "-" "Mozilla/5.0 (Windows NT 10.0; Win64; x64) AppleWebKit/537.36 (KHTML, like Gecko) Chrome/120.0.0.0 Safari/537.36"
20.226.22.37 - - [11/Jul/2026:16:05:28 -0400] "GET /.well-known/logs233/index.php HTTP/2" 401 53 "-" "Mozilla/5.0 (Windows NT 10.0; Win64; x64) AppleWebKit/537.36 (KHTML, like Gecko) Chrome/120.0.0.0 Safari/537.36"
20.226.22.37 - - [11/Jul/2026:16:05:28 -0400] "GET /0.kb-v3.php HTTP/2" 401 53 "-" "Mozilla/5.0 (Windows NT 10.0; Win64; x64) AppleWebKit/537.36 (KHTML, like Gecko) Chrome/120.0.0.0 Safari/537.36"
20.226.22.37 - - [11/Jul/2026:16:05:28 -0400] "GET /0.php HTTP/2" 401 53 "-" "Mozilla/5.0 (Windows NT 10.0; Win64; x64) AppleWebKit/537.36 (KHTML, like Gecko) Chrome/120.0.0.0 Safari/537.36"
20.226.22.37 - - [11/Jul/2026:16:05:28 -0400] "GET /01.php HTTP/2" 401 53 "-" "Mozilla/5.0 (Windows NT 10.0; Win64; x64) AppleWebKit/537.36 (KHTML, like Gecko) Chrome/120.0.0.0 Safari/537.36"
20.226.22.37 - - [11/Jul/2026:16:05:29 -0400] "GET /1.php HTTP/2" 401 53 "-" "Mozilla/5.0 (Windows NT 10.0; Win64; x64) AppleWebKit/537.36 (KHTML, like Gecko) Chrome/120.0.0.0 Safari/537.36"
20.226.22.37 - - [11/Jul/2026:16:05:29 -0400] "GET /100.php HTTP/2" 401 53 "-" "Mozilla/5.0 (Windows NT 10.0; Win64; x64) AppleWebKit/537.36 (KHTML, like Gecko) Chrome/120.0.0.0 Safari/537.36"
20.226.22.37 - - [11/Jul/2026:16:05:29 -0400] "GET /122.php HTTP/2" 401 53 "-" "Mozilla/5.0 (Windows NT 10.0; Win64; x64) AppleWebKit/537.36 (KHTML, like Gecko) Chrome/120.0.0.0 Safari/537.36"
20.226.22.37 - - [11/Jul/2026:16:05:29 -0400] "GET /123.php HTTP/2" 401 53 "-" "Mozilla/5.0 (Windows NT 10.0; Win64; x64) AppleWebKit/537.36 (KHTML, like Gecko) Chrome/120.0.0.0 Safari/537.36"
20.226.22.37 - - [11/Jul/2026:16:05:30 -0400] "GET /13.php HTTP/2" 401 53 "-" "Mozilla/5.0 (Windows NT 10.0; Win64; x64) AppleWebKit/537.36 (KHTML, like Gecko) Chrome/120.0.0.0 Safari/537.36"
20.226.22.37 - - [11/Jul/2026:16:05:30 -0400] "GET /133.php HTTP/2" 401 53 "-" "Mozilla/5.0 (Windows NT 10.0; Win64; x64) AppleWebKit/537.36 (KHTML, like Gecko) Chrome/120.0.0.0 Safari/537.36"
20.226.22.37 - - [11/Jul/2026:16:05:30 -0400] "GET /155.php HTTP/2" 401 53 "-" "Mozilla/5.0 (Windows NT 10.0; Win64; x64) AppleWebKit/537.36 (KHTML, like Gecko) Chrome/120.0.0.0 Safari/537.36"
20.226.22.37 - - [11/Jul/2026:16:05:30 -0400] "GET /177.php HTTP/2" 401 53 "-" "Mozilla/5.0 (Windows NT 10.0; Win64; x64) AppleWebKit/537.36 (KHTML, like Gecko) Chrome/120.0.0.0 Safari/537.36"
20.226.22.37 - - [11/Jul/2026:16:05:30 -0400] "GET /1index.php HTTP/2" 401 53 "-" "Mozilla/5.0 (Windows NT 10.0; Win64; x64) AppleWebKit/537.36 (KHTML, like Gecko) Chrome/120.0.0.0 Safari/537.36"
20.226.22.37 - - [11/Jul/2026:16:05:30 -0400] "GET /2.php HTTP/2" 401 53 "-" "Mozilla/5.0 (Windows NT 10.0; Win64; x64) AppleWebKit/537.36 (KHTML, like Gecko) Chrome/120.0.0.0 Safari/537.36"
20.226.22.37 - - [11/Jul/2026:16:05:30 -0400] "GET /222.php HTTP/2" 401 53 "-" "Mozilla/5.0 (Windows NT 10.0; Win64; x64) AppleWebKit/537.36 (KHTML, like Gecko) Chrome/120.0.0.0 Safari/537.36"
20.226.22.37 - - [11/Jul/2026:16:05:31 -0400] "GET /2p.update.php HTTP/2" 401 53 "-" "Mozilla/5.0 (Windows NT 10.0; Win64; x64) AppleWebKit/537.36 (KHTML, like Gecko) Chrome/120.0.0.0 Safari/537.36"
20.226.22.37 - - [11/Jul/2026:16:05:31 -0400] "GET /3.php HTTP/2" 401 53 "-" "Mozilla/5.0 (Windows NT 10.0; Win64; x64) AppleWebKit/537.36 (KHTML, like Gecko) Chrome/120.0.0.0 Safari/537.36"
50.6.198.96 - - [11/Jul/2026:16:02:25 -0400] "POST /wp-cron.php?doing_wp_cron=1783800145.9339900016784667968750 HTTP/2" 200 0 "-" "WordPress/7.0; https://soulfood.gr"
50.6.198.96 - - [11/Jul/2026:16:02:25 -0400] "POST /wp-cron.php?doing_wp_cron=1783800145.9340119361877441406250 HTTP/2" 200 0 "-" "WordPress/7.0; https://soulfood.gr"
185.198.240.73 - - [11/Jul/2026:16:02:25 -0400] "POST /wp-login.php HTTP/2" 200 3555 "-" "Mozilla/5.0 (Macintosh; Intel Mac OS X 10_15_7) AppleWebKit/605.1.15 Version/17.0 Safari/605.1.15"
50.6.198.96 - - [11/Jul/2026:16:03:58 -0400] "POST /wp-cron.php?doing_wp_cron=1783800237.9861669540405273437500 HTTP/2" 200 0 "-" "WordPress/7.0; https://soulfood.gr"
146.120.33.212 - - [11/Jul/2026:16:03:57 -0400] "GET /division/tool/ezddae1jqy1bhbi.html HTTP/2" 404 18502 "-" "Mozilla/5.0 (Windows NT 6.1; WOW64) AppleWebKit/537.36 (KHTML, like Gecko) Chrome/87.0.4280.141 Safari/537.36"
20.226.22.37 - - [11/Jul/2026:16:05:27 -0400] "GET /.tmb/ HTTP/2" 401 53 "-" "Mozilla/5.0 (Windows NT 10.0; Win64; x64) AppleWebKit/537.36 (KHTML, like Gecko) Chrome/120.0.0.0 Safari/537.36"
20.226.22.37 - - [11/Jul/2026:16:05:27 -0400] "GET /.well-known/ HTTP/2" 401 53 "-" "Mozilla/5.0 (Windows NT 10.0; Win64; x64) AppleWebKit/537.36 (KHTML, like Gecko) Chrome/120.0.0.0 Safari/537.36"
20.226.22.37 - - [11/Jul/2026:16:05:28 -0400] "GET /.well-known/gecko-litespeed.php HTTP/2" 401 53 "-" "Mozilla/5.0 (Windows NT 10.0; Win64; x64) AppleWebKit/537.36 (KHTML, like Gecko) Chrome/120.0.0.0 Safari/537.36"
20.226.22.37 - - [11/Jul/2026:16:05:28 -0400] "GET /.well-known/wp-cron.php HTTP/2" 401 53 "-" "Mozilla/5.0 (Windows NT 10.0; Win64; x64) AppleWebKit/537.36 (KHTML, like Gecko) Chrome/120.0.0.0 Safari/537.36"
20.226.22.37 - - [11/Jul/2026:16:05:28 -0400] "GET /002.php HTTP/2" 401 53 "-" "Mozilla/5.0 (Windows NT 10.0; Win64; x64) AppleWebKit/537.36 (KHTML, like Gecko) Chrome/120.0.0.0 Safari/537.36"
20.226.22.37 - - [11/Jul/2026:16:05:29 -0400] "GET /0x.php HTTP/2" 401 53 "-" "Mozilla/5.0 (Windows NT 10.0; Win64; x64) AppleWebKit/537.36 (KHTML, like Gecko) Chrome/120.0.0.0 Safari/537.36"
77.52.22.151 - - [11/Jul/2026:16:06:00 -0400] "GET /field/unit/fimcjnabzae0ncv.html HTTP/2" 404 18523 "-" "Mozilla/5.0 (Windows NT 5.1) AppleWebKit/537.36 (KHTML, like Gecko) Chrome/41.0.2224.3 Safari/537.36"
50.6.198.96 - - [11/Jul/2026:16:06:38 -0400] "POST /wp-cron.php?doing_wp_cron=1783800398.2091829776763916015625 HTTP/2" 200 0 "-" "WordPress/7.0; https://soulfood.gr"
3.250.157.202 - - [11/Jul/2026:16:06:58 -0400] "GET /wp-content/plugins/contact-form-7/includes/swv/js/index.js?ver=6.1.6 HTTP/2" 304 0 "https://soulfood.gr/" "Mozilla/5.0 (Windows NT 10.0; Win64; x64) AppleWebKit/537.36 (KHTML, like Gecko) Chrome/131.0.6778.0 Safari/537.36"
3.250.157.202 - - [11/Jul/2026:16:06:58 -0400] "GET /wp-content/themes/fladient/assets/js/bootstrap.bundle.min.js?ver=1.0 HTTP/2" 304 0 "https://soulfood.gr/" "Mozilla/5.0 (Windows NT 10.0; Win64; x64) AppleWebKit/537.36 (KHTML, like Gecko) Chrome/131.0.6778.0 Safari/537.36"
3.250.157.202 - - [11/Jul/2026:16:06:58 -0400] "GET /wp-content/plugins/fladient-plugin//assets/js/core.js?ver=1.0 HTTP/2" 304 0 "https://soulfood.gr/" "Mozilla/5.0 (Windows NT 10.0; Win64; x64) AppleWebKit/537.36 (KHTML, like Gecko) Chrome/131.0.6778.0 Safari/537.36"
3.250.157.202 - - [11/Jul/2026:16:06:58 -0400] "GET /wp-content/themes/fladient/assets/js/marquee.min.js?ver=1.0 HTTP/2" 304 0 "https://soulfood.gr/" "Mozilla/5.0 (Windows NT 10.0; Win64; x64) AppleWebKit/537.36 (KHTML, like Gecko) Chrome/131.0.6778.0 Safari/537.36"
3.250.157.202 - - [11/Jul/2026:16:06:58 -0400] "GET /wp-content/themes/fladient/assets/js/counterup.min.js?ver=1.0 HTTP/2" 304 0 "https://soulfood.gr/" "Mozilla/5.0 (Windows NT 10.0; Win64; x64) AppleWebKit/537.36 (KHTML, like Gecko) Chrome/131.0.6778.0 Safari/537.36"
20.226.22.37 - - [11/Jul/2026:16:05:31 -0400] "GET /3pjcpmfsd8b.php HTTP/2" 401 53 "-" "Mozilla/5.0 (Windows NT 10.0; Win64; x64) AppleWebKit/537.36 (KHTML, like Gecko) Chrome/120.0.0.0 Safari/537.36"
20.226.22.37 - - [11/Jul/2026:16:05:31 -0400] "GET /403.php HTTP/2" 401 53 "-" "Mozilla/5.0 (Windows NT 10.0; Win64; x64) AppleWebKit/537.36 (KHTML, like Gecko) Chrome/120.0.0.0 Safari/537.36"
20.226.22.37 - - [11/Jul/2026:16:05:31 -0400] "GET /404.php HTTP/2" 401 53 "-" "Mozilla/5.0 (Windows NT 10.0; Win64; x64) AppleWebKit/537.36 (KHTML, like Gecko) Chrome/120.0.0.0 Safari/537.36"
3.250.157.202 - - [11/Jul/2026:16:06:57 -0400] "GET /wp-includes/js/jquery/jquery-migrate.min.js?ver=3.4.1 HTTP/2" 304 0 "https://soulfood.gr/" "Mozilla/5.0 (Windows NT 10.0; Win64; x64) AppleWebKit/537.36 (KHTML, like Gecko) Chrome/131.0.6778.0 Safari/537.36"
3.250.157.202 - - [11/Jul/2026:16:06:58 -0400] "GET /wp-includes/js/dist/hooks.min.js?ver=7496969728ca0f95732d HTTP/2" 304 0 "https://soulfood.gr/" "Mozilla/5.0 (Windows NT 10.0; Win64; x64) AppleWebKit/537.36 (KHTML, like Gecko) Chrome/131.0.6778.0 Safari/537.36"
3.250.157.202 - - [11/Jul/2026:16:06:58 -0400] "GET /wp-includes/js/dist/i18n.min.js?ver=781d11515ad3d91786ec HTTP/2" 304 0 "https://soulfood.gr/" "Mozilla/5.0 (Windows NT 10.0; Win64; x64) AppleWebKit/537.36 (KHTML, like Gecko) Chrome/131.0.6778.0 Safari/537.36"
3.250.157.202 - - [11/Jul/2026:16:06:58 -0400] "GET /wp-includes/js/jquery/ui/core.min.js?ver=1.13.3 HTTP/2" 304 0 "https://soulfood.gr/" "Mozilla/5.0 (Windows NT 10.0; Win64; x64) AppleWebKit/537.36 (KHTML, like Gecko) Chrome/131.0.6778.0 Safari/537.36"
3.250.157.202 - - [11/Jul/2026:16:06:58 -0400] "GET /wp-content/plugins/duracelltomi-google-tag-manager/dist/js/gtm4wp-contact-form-7-tracker.js?ver=1.22.3 HTTP/2" 304 0 "https://soulfood.gr/" "Mozilla/5.0 (Windows NT 10.0; Win64; x64) AppleWebKit/537.36 (KHTML, like Gecko) Chrome/131.0.6778.0 Safari/537.36"
3.250.157.202 - - [11/Jul/2026:16:06:58 -0400] "GET /wp-content/themes/fladient/assets/js/wow.js?ver=1.0 HTTP/2" 304 0 "https://soulfood.gr/" "Mozilla/5.0 (Windows NT 10.0; Win64; x64) AppleWebKit/537.36 (KHTML, like Gecko) Chrome/131.0.6778.0 Safari/537.36"
3.250.157.202 - - [11/Jul/2026:16:06:58 -0400] "GET /wp-content/themes/fladient/assets/js/gsap.min.js?ver=1.0 HTTP/2" 304 0 "https://soulfood.gr/" "Mozilla/5.0 (Windows NT 10.0; Win64; x64) AppleWebKit/537.36 (KHTML, like Gecko) Chrome/131.0.6778.0 Safari/537.36"
