uawdijnntqw1x1x1
IP : 216.73.216.239
Hostname : odin2.mydev24.com
Kernel : Linux odin2.mydev24.com 5.14.0-611.41.1.el9_7.x86_64 #1 SMP PREEMPT_DYNAMIC Thu Mar 19 03:50:11 EDT 2026 x86_64
Disable Function : None :)
OS : Linux
PATH:
/
home
/
hrpsychology
/
lscache
/
.
/
c
/
..
/
.
/
..
/
.cpanel
/
..
/
access-logs
/
soulfood.gr.hrpsychology.gr-ssl_log
/
/
2001:1670:90:8e7f:dc26:b5ab:7d7c:874c - - [11/Jul/2026:08:08:36 -0400] "POST /xmlrpc.php HTTP/2" 200 0 "-" "WordPress.com; https://wordpress.com"
2001:1670:90:8e7f:dc26:b5ab:7d7c:874c - - [11/Jul/2026:08:08:47 -0400] "POST /xmlrpc.php HTTP/2" 200 0 "-" "Jetpack/13.0; WordPress/6.3; http://site44205755.com"
2001:1670:90:8e7f:dc26:b5ab:7d7c:874c - - [11/Jul/2026:08:08:57 -0400] "POST /xmlrpc.php HTTP/2" 200 0 "-" "WordPress.com; https://wordpress.com"
2001:1670:90:8e7f:dc26:b5ab:7d7c:874c - - [11/Jul/2026:08:09:08 -0400] "POST /xmlrpc.php HTTP/2" 200 0 "-" "Jetpack by WordPress.com (Jetpack 12.5; WordPress 6.4)"
2001:1670:90:8e7f:dc26:b5ab:7d7c:874c - - [11/Jul/2026:08:09:19 -0400] "POST /xmlrpc.php HTTP/2" 200 0 "-" "Jetpack by WordPress.com (Jetpack 12.0; WordPress 6.4)"
2001:1670:90:8e7f:dc26:b5ab:7d7c:874c - - [11/Jul/2026:08:09:29 -0400] "POST /xmlrpc.php HTTP/2" 200 0 "-" "Jetpack/12.0; WordPress/6.2; http://site63609889.com"
2001:1670:90:8e7f:dc26:b5ab:7d7c:874c - - [11/Jul/2026:08:09:40 -0400] "POST /xmlrpc.php HTTP/2" 200 0 "-" "Jetpack/12.5; WordPress/6.2; http://site46163665.com"
2001:1670:90:8e7f:dc26:b5ab:7d7c:874c - - [11/Jul/2026:08:09:50 -0400] "POST /xmlrpc.php HTTP/2" 200 0 "-" "WordPress.com; https://wordpress.com"
2001:1670:90:8e7f:dc26:b5ab:7d7c:874c - - [11/Jul/2026:08:10:01 -0400] "POST /xmlrpc.php HTTP/2" 200 0 "-" "Jetpack/12.1; WordPress/6.1; http://site10474334.com"
2001:1670:90:8e7f:dc26:b5ab:7d7c:874c - - [11/Jul/2026:08:10:11 -0400] "POST /xmlrpc.php HTTP/2" 200 0 "-" "Jetpack by WordPress.com"
2001:1670:90:8e7f:dc26:b5ab:7d7c:874c - - [11/Jul/2026:08:10:22 -0400] "POST /xmlrpc.php HTTP/2" 200 0 "-" "Jetpack by WordPress.com (Jetpack 12.1; WordPress 6.4)"
2001:1670:90:8e7f:dc26:b5ab:7d7c:874c - - [11/Jul/2026:08:10:32 -0400] "POST /xmlrpc.php HTTP/2" 200 0 "-" "Jetpack by WordPress.com (Jetpack 12.5; WordPress 6.4)"
2001:1670:90:8e7f:dc26:b5ab:7d7c:874c - - [11/Jul/2026:08:10:43 -0400] "POST /xmlrpc.php HTTP/2" 200 0 "-" "Jetpack by WordPress.com (Jetpack 12.0; WordPress 6.2)"
2001:1670:90:8e7f:dc26:b5ab:7d7c:874c - - [11/Jul/2026:08:10:53 -0400] "POST /xmlrpc.php HTTP/2" 200 0 "-" "WordPress.com; https://wordpress.com"
43.166.224.244 - - [11/Jul/2026:08:19:08 -0400] "GET /en/feed/ HTTP/2" 200 489 "-" "Mozilla/5.0 (iPhone; CPU iPhone OS 13_2_3 like Mac OS X) AppleWebKit/605.1.15 (KHTML, like Gecko) Version/13.0.3 Mobile/15E148 Safari/604.1"
217.182.128.41 - - [11/Jul/2026:08:19:25 -0400] "GET /wp-login.php HTTP/2" 200 3390 "-" "Mozilla/5.0 (iPhone; CPU iPhone OS 18_0 like Mac OS X) AppleWebKit/605.1.15 (KHTML, like Gecko) CriOS/144.0.6917.0 Mobile/15E148 Safari/604.1"
217.182.128.41 - - [11/Jul/2026:08:19:26 -0400] "POST /wp-login.php HTTP/2" 200 3556 "https://soulfood.gr/wp-login.php" "Mozilla/5.0 (iPhone; CPU iPhone OS 18_0 like Mac OS X) AppleWebKit/605.1.15 (KHTML, like Gecko) CriOS/144.0.6917.0 Mobile/15E148 Safari/604.1"
50.6.198.96 - - [11/Jul/2026:08:24:15 -0400] "POST /wp-cron.php?doing_wp_cron=1783772655.0596969127655029296875 HTTP/2" 200 0 "-" "WordPress/7.0; https://soulfood.gr"
78.46.99.182 - - [11/Jul/2026:08:24:14 -0400] "GET /wp-login.php HTTP/2" 200 3390 "-" "Mozilla/5.0 (X11; Linux x86_64) AppleWebKit/537.36 (KHTML, like Gecko) Chrome/147.0.0.0 Safari/537.36"
78.46.99.182 - - [11/Jul/2026:08:24:15 -0400] "POST /wp-login.php HTTP/2" 200 3556 "https://soulfood.gr/wp-login.php" "Mozilla/5.0 (X11; Linux x86_64) AppleWebKit/537.36 (KHTML, like Gecko) Chrome/147.0.0.0 Safari/537.36"
50.6.198.96 - - [11/Jul/2026:08:15:21 -0400] "POST /wp-cron.php?doing_wp_cron=1783772121.0369369983673095703125 HTTP/2" 200 0 "-" "WordPress/7.0; https://soulfood.gr"
43.157.53.115 - - [11/Jul/2026:08:15:18 -0400] "GET /wp-json/oembed/1.0/embed?url=https%3A%2F%2Fsoulfood.gr%2Fergo%2F&format=xml&lang=el HTTP/2" 200 1041 "-" "Mozilla/5.0 (iPhone; CPU iPhone OS 13_2_3 like Mac OS X) AppleWebKit/605.1.15 (KHTML, like Gecko) Version/13.0.3 Mobile/15E148 Safari/604.1"
50.6.198.96 - - [11/Jul/2026:08:19:09 -0400] "POST /wp-cron.php?doing_wp_cron=1783772349.4032299518585205078125 HTTP/2" 200 0 "-" "WordPress/7.0; https://soulfood.gr"
138.246.253.24 - - [11/Jul/2026:08:25:40 -0400] "GET /robots.txt HTTP/2" 401 53 "-" "Mozilla/5.0 (Windows NT 10.0; Win64; x64) AppleWebKit/537.36 (KHTML, like Gecko) Chrome/103.0.5060.134 Safari/537.36"
54.39.203.126 - - [11/Jul/2026:08:15:02 -0400] "GET /wp-comments-post.php HTTP/2" 405 0 "-" "Mozilla/5.0 (compatible; AhrefsBot/7.0; +http://ahrefs.com/robot/)"
50.6.198.96 - - [11/Jul/2026:08:19:26 -0400] "POST /wp-cron.php?doing_wp_cron=1783772366.1321349143981933593750 HTTP/2" 200 0 "-" "WordPress/7.0; https://soulfood.gr"
77.90.185.80 - - [11/Jul/2026:08:26:48 -0400] "GET / HTTP/2" 200 12485 "-" "Mozilla/5.0 (Windows NT 10.0; Win64; x64) AppleWebKit/537.36 (KHTML, like Gecko) Chrome/58.0.3029.110 Safari/537.3"
43.173.1.69 - - [11/Jul/2026:08:28:30 -0400] "GET /ergo/ HTTP/2" 200 17462 "https://soulfood.gr/?p=2" "Mozilla/5.0 (iPhone; CPU iPhone OS 13_2_3 like Mac OS X) AppleWebKit/605.1.15 (KHTML, like Gecko) Version/13.0.3 Mobile/15E148 Safari/604.1"
50.6.198.96 - - [11/Jul/2026:08:30:41 -0400] "POST /wp-cron.php?doing_wp_cron=1783773041.3394610881805419921875 HTTP/2" 200 0 "-" "WordPress/7.0; https://soulfood.gr"
43.134.54.246 - - [11/Jul/2026:08:30:40 -0400] "GET /en/contact-eng/ HTTP/2" 200 20688 "-" "Mozilla/5.0 (iPhone; CPU iPhone OS 13_2_3 like Mac OS X) AppleWebKit/605.1.15 (KHTML, like Gecko) Version/13.0.3 Mobile/15E148 Safari/604.1"
50.6.198.96 - - [11/Jul/2026:08:31:48 -0400] "POST /wp-cron.php?doing_wp_cron=1783773108.3600039482116699218750 HTTP/2" 200 0 "-" "WordPress/7.0; https://soulfood.gr"
189.5.220.224 - - [11/Jul/2026:08:31:47 -0400] "GET /nomenclature/pattern/elqezfeofze0rcv.html HTTP/2" 404 18502 "-" "Mozilla/5.0 (Windows NT 10.0; Win64; x64) AppleWebKit/537.36 (KHTML, like Gecko) Brave Chrome/89.0.4389.72 Safari/537.36"
50.6.198.96 - - [11/Jul/2026:08:33:03 -0400] "POST /wp-cron.php?doing_wp_cron=1783773183.2873508930206298828125 HTTP/2" 200 0 "-" "WordPress/7.0; https://soulfood.gr"
50.6.198.96 - - [11/Jul/2026:08:42:18 -0400] "POST /wp-cron.php?doing_wp_cron=1783773738.3235850334167480468750 HTTP/2" 200 0 "-" "WordPress/7.0; https://soulfood.gr"
47.86.33.52 - - [11/Jul/2026:08:42:17 -0400] "GET /wp-login.php HTTP/2" 200 3390 "-" "Mozilla/5.0 (X11; Linux x86_64) AppleWebKit/537.36 (KHTML, like Gecko) Chrome/133.0.0.0 Safari/537.36"
47.86.33.52 - - [11/Jul/2026:08:42:19 -0400] "POST /wp-login.php HTTP/2" 200 3556 "https://soulfood.gr/wp-login.php" "Mozilla/5.0 (X11; Linux x86_64) AppleWebKit/537.36 (KHTML, like Gecko) Chrome/133.0.0.0 Safari/537.36"
94.154.43.183 - - [11/Jul/2026:08:44:50 -0400] "GET / HTTP/2" 200 26422 "-" "Mozilla/5.0 (Windows NT 10.0; Win64; x64) AppleWebKit/537.36 (KHTML, like Gecko) Chrome/147.0.0.0 Safari/537.36"
50.6.198.96 - - [11/Jul/2026:08:28:26 -0400] "POST /wp-cron.php?doing_wp_cron=1783772906.0184121131896972656250 HTTP/2" 200 0 "-" "WordPress/7.0; https://soulfood.gr"
43.173.1.69 - - [11/Jul/2026:08:28:25 -0400] "GET /?p=2 HTTP/2" 301 0 "-" "Mozilla/5.0 (iPhone; CPU iPhone OS 13_2_3 like Mac OS X) AppleWebKit/605.1.15 (KHTML, like Gecko) Version/13.0.3 Mobile/15E148 Safari/604.1"
102.134.101.35 - - [11/Jul/2026:08:30:46 -0400] "GET /wp-login.php HTTP/2" 200 3390 "-" "Mozilla/5.0 (X11; Linux x86_64) AppleWebKit/537.36 (KHTML, like Gecko) Chrome/141.0.0.0 Safari/537.36"
102.134.101.35 - - [11/Jul/2026:08:30:47 -0400] "POST /wp-login.php HTTP/2" 200 3556 "https://soulfood.gr/wp-login.php" "Mozilla/5.0 (X11; Linux x86_64) AppleWebKit/537.36 (KHTML, like Gecko) Chrome/141.0.0.0 Safari/537.36"
212.34.13.101 - - [11/Jul/2026:08:33:02 -0400] "GET /faction/specimen/e8gfdh40t14ejel.html HTTP/2" 404 18502 "-" "Mozilla/5.0 (Windows NT 10.0; Win64; x64) AppleWebKit/537.36 (KHTML, like Gecko) Chrome/99.0.4844.84 Safari/537.36"
50.6.198.96 - - [11/Jul/2026:08:44:34 -0400] "POST /wp-cron.php?doing_wp_cron=1783773874.2529659271240234375000 HTTP/2" 200 0 "-" "WordPress/7.0; https://soulfood.gr"
43.166.253.94 - - [11/Jul/2026:08:34:54 -0400] "GET /wp-json/wp/v2/pages/2 HTTP/2" 200 1182 "-" "Mozilla/5.0 (iPhone; CPU iPhone OS 13_2_3 like Mac OS X) AppleWebKit/605.1.15 (KHTML, like Gecko) Version/13.0.3 Mobile/15E148 Safari/604.1"
94.154.43.178 - - [11/Jul/2026:08:44:33 -0400] "GET /.env HTTP/2" 404 18502 "-" "Mozilla/5.0 (Windows NT 10.0; Win64; x64) AppleWebKit/537.36 (KHTML, like Gecko) Chrome/147.0.0.0 Safari/537.36"
50.6.198.96 - - [11/Jul/2026:08:48:17 -0400] "POST /wp-cron.php?doing_wp_cron=1783774097.3382360935211181640625 HTTP/2" 200 0 "-" "WordPress/7.0; https://soulfood.gr"
2402:8100:2d73:9189:5d1c:8180:b296:e4ba - - [11/Jul/2026:08:48:16 -0400] "POST /xmlrpc.php HTTP/2" 200 218 "-" "Jetpack/12.0; WordPress/6.3; http://site52409588.com"
2402:8100:2d73:9189:5d1c:8180:b296:e4ba - - [11/Jul/2026:08:48:26 -0400] "POST /xmlrpc.php HTTP/2" 200 218 "-" "Jetpack by WordPress.com (Jetpack 12.0; WordPress 6.1)"
2402:8100:2d73:9189:5d1c:8180:b296:e4ba - - [11/Jul/2026:08:48:37 -0400] "POST /xmlrpc.php HTTP/2" 200 218 "-" "Jetpack by WordPress.com (Jetpack 13.0; WordPress 6.1)"
2402:8100:2d73:9189:5d1c:8180:b296:e4ba - - [11/Jul/2026:08:48:48 -0400] "POST /xmlrpc.php HTTP/2" 200 218 "-" "Jetpack/12.5; WordPress/6.4; http://site72448404.com"
2402:8100:2d73:9189:5d1c:8180:b296:e4ba - - [11/Jul/2026:08:49:00 -0400] "POST /xmlrpc.php HTTP/2" 200 218 "-" "WordPress.com; https://wordpress.com"
2402:8100:2d73:9189:5d1c:8180:b296:e4ba - - [11/Jul/2026:08:49:11 -0400] "POST /xmlrpc.php HTTP/2" 200 218 "-" "WordPress.com; https://wordpress.com"
2402:8100:2d73:9189:5d1c:8180:b296:e4ba - - [11/Jul/2026:08:49:21 -0400] "POST /xmlrpc.php HTTP/2" 200 218 "-" "Jetpack/12.1; WordPress/6.2; http://site46246968.com"
50.6.198.96 - - [11/Jul/2026:08:49:33 -0400] "POST /wp-cron.php?doing_wp_cron=1783774173.4515180587768554687500 HTTP/2" 200 0 "-" "WordPress/7.0; https://soulfood.gr"
2402:8100:2d73:9189:5d1c:8180:b296:e4ba - - [11/Jul/2026:08:49:33 -0400] "POST /xmlrpc.php HTTP/2" 200 218 "-" "WordPress.com; https://wordpress.com"
2402:8100:2d73:9189:5d1c:8180:b296:e4ba - - [11/Jul/2026:08:49:44 -0400] "POST /xmlrpc.php HTTP/2" 200 218 "-" "Jetpack by WordPress.com"
2402:8100:2d73:9189:5d1c:8180:b296:e4ba - - [11/Jul/2026:08:49:55 -0400] "POST /xmlrpc.php HTTP/2" 200 218 "-" "WordPress.com; https://wordpress.com"
2402:8100:2d73:9189:5d1c:8180:b296:e4ba - - [11/Jul/2026:08:50:06 -0400] "POST /xmlrpc.php HTTP/2" 200 218 "-" "Jetpack by WordPress.com (Jetpack 12.0; WordPress 6.3)"
2402:8100:2d73:9189:5d1c:8180:b296:e4ba - - [11/Jul/2026:08:50:17 -0400] "POST /xmlrpc.php HTTP/2" 200 218 "-" "Jetpack by WordPress.com"
50.6.198.96 - - [11/Jul/2026:08:50:29 -0400] "POST /wp-cron.php?doing_wp_cron=1783774229.4026589393615722656250 HTTP/2" 200 0 "-" "WordPress/7.0; https://soulfood.gr"
2402:8100:2d73:9189:5d1c:8180:b296:e4ba - - [11/Jul/2026:08:50:28 -0400] "POST /xmlrpc.php HTTP/2" 200 218 "-" "Jetpack/12.5; WordPress/6.4; http://site60846853.com"
2402:8100:2d73:9189:5d1c:8180:b296:e4ba - - [11/Jul/2026:08:50:39 -0400] "POST /xmlrpc.php HTTP/2" 200 218 "-" "Jetpack by WordPress.com (Jetpack 12.1; WordPress 6.4)"
2402:8100:2d73:9189:5d1c:8180:b296:e4ba - - [11/Jul/2026:08:50:50 -0400] "POST /xmlrpc.php HTTP/2" 200 218 "-" "Jetpack/13.0; WordPress/6.1; http://site86375120.com"
2402:8100:2d73:9189:5d1c:8180:b296:e4ba - - [11/Jul/2026:08:51:01 -0400] "POST /xmlrpc.php HTTP/2" 200 218 "-" "Jetpack by WordPress.com"
2402:8100:2d73:9189:5d1c:8180:b296:e4ba - - [11/Jul/2026:08:51:12 -0400] "POST /xmlrpc.php HTTP/2" 200 218 "-" "Jetpack/12.1; WordPress/6.3; http://site57474194.com"
2402:8100:2d73:9189:5d1c:8180:b296:e4ba - - [11/Jul/2026:08:51:22 -0400] "POST /xmlrpc.php HTTP/2" 200 218 "-" "WordPress.com; https://wordpress.com"
2402:8100:2d73:9189:5d1c:8180:b296:e4ba - - [11/Jul/2026:08:51:33 -0400] "POST /xmlrpc.php HTTP/2" 200 218 "-" "Jetpack by WordPress.com (Jetpack 12.5; WordPress 6.1)"
2402:8100:2d73:9189:5d1c:8180:b296:e4ba - - [11/Jul/2026:08:51:44 -0400] "POST /xmlrpc.php HTTP/2" 200 218 "-" "WordPress.com; https://wordpress.com"
2402:8100:2d73:9189:5d1c:8180:b296:e4ba - - [11/Jul/2026:08:51:55 -0400] "POST /xmlrpc.php HTTP/2" 200 218 "-" "WordPress.com; https://wordpress.com"
2402:8100:2d73:9189:5d1c:8180:b296:e4ba - - [11/Jul/2026:08:52:06 -0400] "POST /xmlrpc.php HTTP/2" 200 218 "-" "Jetpack by WordPress.com (Jetpack 12.5; WordPress 6.2)"
43.135.142.7 - - [11/Jul/2026:08:50:06 -0400] "GET /en/comments/feed/ HTTP/2" 200 365 "-" "Mozilla/5.0 (iPhone; CPU iPhone OS 13_2_3 like Mac OS X) AppleWebKit/605.1.15 (KHTML, like Gecko) Version/13.0.3 Mobile/15E148 Safari/604.1"
2405:201:5c00:f2be:bdc3:b8ec:598b:d50f - - [11/Jul/2026:08:51:56 -0400] "POST /xmlrpc.php HTTP/2" 200 218 "-" "WordPress.com; https://wordpress.com"
2405:201:5c00:f2be:bdc3:b8ec:598b:d50f - - [11/Jul/2026:08:52:08 -0400] "POST /xmlrpc.php HTTP/2" 200 218 "-" "Jetpack/12.0; WordPress/6.1; http://site16308238.com"
50.6.198.96 - - [11/Jul/2026:08:52:27 -0400] "POST /wp-cron.php?doing_wp_cron=1783774347.8416430950164794921875 HTTP/2" 200 0 "-" "WordPress/7.0; https://soulfood.gr"
2405:201:5c00:f2be:bdc3:b8ec:598b:d50f - - [11/Jul/2026:08:52:27 -0400] "POST /xmlrpc.php HTTP/2" 200 218 "-" "Jetpack by WordPress.com (Jetpack 12.5; WordPress 6.1)"
2405:201:5c00:f2be:bdc3:b8ec:598b:d50f - - [11/Jul/2026:08:52:39 -0400] "POST /xmlrpc.php HTTP/2" 200 218 "-" "Jetpack by WordPress.com (Jetpack 12.0; WordPress 6.1)"
2405:201:5c00:f2be:bdc3:b8ec:598b:d50f - - [11/Jul/2026:08:52:52 -0400] "POST /xmlrpc.php HTTP/2" 200 218 "-" "Jetpack/12.0; WordPress/6.4; http://site49470507.com"
2405:201:5c00:f2be:bdc3:b8ec:598b:d50f - - [11/Jul/2026:08:53:06 -0400] "POST /xmlrpc.php HTTP/2" 200 218 "-" "Jetpack by WordPress.com"
2405:201:5c00:f2be:bdc3:b8ec:598b:d50f - - [11/Jul/2026:08:53:21 -0400] "POST /xmlrpc.php HTTP/2" 200 218 "-" "Jetpack by WordPress.com (Jetpack 12.5; WordPress 6.2)"
2405:201:5c00:f2be:bdc3:b8ec:598b:d50f - - [11/Jul/2026:08:53:34 -0400] "POST /xmlrpc.php HTTP/2" 200 218 "-" "WordPress.com; https://wordpress.com"
2405:201:5c00:f2be:bdc3:b8ec:598b:d50f - - [11/Jul/2026:08:53:50 -0400] "POST /xmlrpc.php HTTP/2" 200 218 "-" "Jetpack/12.1; WordPress/6.1; http://site65302373.com"
2405:201:5c00:f2be:bdc3:b8ec:598b:d50f - - [11/Jul/2026:08:54:03 -0400] "POST /xmlrpc.php HTTP/2" 200 218 "-" "WordPress.com; https://wordpress.com"
2405:201:5c00:f2be:bdc3:b8ec:598b:d50f - - [11/Jul/2026:08:54:17 -0400] "POST /xmlrpc.php HTTP/2" 200 218 "-" "WordPress.com; https://wordpress.com"
2402:8100:2d73:9189:5d1c:8180:b296:e4ba - - [11/Jul/2026:08:54:27 -0400] "POST /xmlrpc.php HTTP/2" 200 218 "-" "Jetpack/12.0; WordPress/6.2; http://site82520719.com"
50.6.198.96 - - [11/Jul/2026:08:54:30 -0400] "POST /wp-cron.php?doing_wp_cron=1783774470.8923110961914062500000 HTTP/2" 200 0 "-" "WordPress/7.0; https://soulfood.gr"
2405:201:5c00:f2be:bdc3:b8ec:598b:d50f - - [11/Jul/2026:08:54:31 -0400] "POST /xmlrpc.php HTTP/2" 200 218 "-" "Jetpack by WordPress.com"
2402:8100:2d73:9189:5d1c:8180:b296:e4ba - - [11/Jul/2026:08:54:37 -0400] "POST /xmlrpc.php HTTP/2" 200 218 "-" "Jetpack by WordPress.com"
2405:201:5c00:f2be:bdc3:b8ec:598b:d50f - - [11/Jul/2026:08:54:44 -0400] "POST /xmlrpc.php HTTP/2" 200 218 "-" "Jetpack by WordPress.com"
2402:8100:2d73:9189:5d1c:8180:b296:e4ba - - [11/Jul/2026:08:54:48 -0400] "POST /xmlrpc.php HTTP/2" 200 218 "-" "Jetpack by WordPress.com"
2405:201:5c00:f2be:bdc3:b8ec:598b:d50f - - [11/Jul/2026:08:54:57 -0400] "POST /xmlrpc.php HTTP/2" 200 218 "-" "Jetpack by WordPress.com (Jetpack 13.0; WordPress 6.3)"
2402:8100:2d73:9189:5d1c:8180:b296:e4ba - - [11/Jul/2026:08:55:01 -0400] "POST /xmlrpc.php HTTP/2" 200 218 "-" "Jetpack by WordPress.com"
2402:8100:2d73:9189:5d1c:8180:b296:e4ba - - [11/Jul/2026:08:55:09 -0400] "POST /xmlrpc.php HTTP/2" 200 218 "-" "Jetpack by WordPress.com"
2405:201:5c00:f2be:bdc3:b8ec:598b:d50f - - [11/Jul/2026:08:55:10 -0400] "POST /xmlrpc.php HTTP/2" 200 218 "-" "WordPress.com; https://wordpress.com"
2402:8100:2d73:9189:5d1c:8180:b296:e4ba - - [11/Jul/2026:08:55:20 -0400] "POST /xmlrpc.php HTTP/2" 200 218 "-" "Jetpack by WordPress.com"
2405:201:5c00:f2be:bdc3:b8ec:598b:d50f - - [11/Jul/2026:08:55:22 -0400] "POST /xmlrpc.php HTTP/2" 200 218 "-" "Jetpack by WordPress.com (Jetpack 12.0; WordPress 6.2)"
50.6.198.96 - - [11/Jul/2026:08:55:31 -0400] "POST /wp-cron.php?doing_wp_cron=1783774531.9154140949249267578125 HTTP/2" 200 0 "-" "WordPress/7.0; https://soulfood.gr"
2402:8100:2d73:9189:5d1c:8180:b296:e4ba - - [11/Jul/2026:08:55:31 -0400] "POST /xmlrpc.php HTTP/2" 200 218 "-" "Jetpack by WordPress.com"
2405:201:5c00:f2be:bdc3:b8ec:598b:d50f - - [11/Jul/2026:08:55:34 -0400] "POST /xmlrpc.php HTTP/2" 200 218 "-" "Jetpack by WordPress.com (Jetpack 12.5; WordPress 6.1)"
2402:8100:2d73:9189:5d1c:8180:b296:e4ba - - [11/Jul/2026:08:55:42 -0400] "POST /xmlrpc.php HTTP/2" 200 218 "-" "WordPress.com; https://wordpress.com"
2405:201:5c00:f2be:bdc3:b8ec:598b:d50f - - [11/Jul/2026:08:55:46 -0400] "POST /xmlrpc.php HTTP/2" 200 218 "-" "Jetpack/12.0; WordPress/6.1; http://site79449664.com"
2402:8100:2d73:9189:5d1c:8180:b296:e4ba - - [11/Jul/2026:08:55:53 -0400] "POST /xmlrpc.php HTTP/2" 200 218 "-" "Jetpack/12.0; WordPress/6.2; http://site19111050.com"
2405:201:5c00:f2be:bdc3:b8ec:598b:d50f - - [11/Jul/2026:08:55:59 -0400] "POST /xmlrpc.php HTTP/2" 200 218 "-" "Jetpack/12.0; WordPress/6.1; http://site84786261.com"
2402:8100:2d73:9189:5d1c:8180:b296:e4ba - - [11/Jul/2026:08:56:04 -0400] "POST /xmlrpc.php HTTP/2" 200 218 "-" "Jetpack by WordPress.com"
2405:201:5c00:f2be:bdc3:b8ec:598b:d50f - - [11/Jul/2026:08:56:11 -0400] "POST /xmlrpc.php HTTP/2" 200 218 "-" "Jetpack by WordPress.com (Jetpack 12.0; WordPress 6.4)"
2402:8100:2d73:9189:5d1c:8180:b296:e4ba - - [11/Jul/2026:08:56:15 -0400] "POST /xmlrpc.php HTTP/2" 200 218 "-" "Jetpack/13.0; WordPress/6.2; http://site84700056.com"
101.36.112.4 - - [11/Jul/2026:08:56:17 -0400] "GET / HTTP/2" 200 26423 "http://soulfood.gr/" "Mozilla/5.0 (Linux; Android 14; SM-G6100; Build/UD1A.250427.225) AppleWebKit/537.36 (KHTML, like Gecko) Chrome/138.0.7204.83 Mobile Safari/537.36"
101.36.112.4 - - [11/Jul/2026:08:56:18 -0400] "GET / HTTP/2" 200 26423 "https://soulfood.gr/" "Mozilla/5.0 (iPhone; CPU iPhone OS 18_1 like Mac OS X) AppleWebKit/537.36 (KHTML, like Gecko) CriOS/111.0.5563.11 Mobile/15E148 Safari/537.36"
2405:201:5c00:f2be:bdc3:b8ec:598b:d50f - - [11/Jul/2026:08:56:22 -0400] "POST /xmlrpc.php HTTP/2" 200 218 "-" "Jetpack/13.0; WordPress/6.3; http://site47783577.com"
2402:8100:2d73:9189:5d1c:8180:b296:e4ba - - [11/Jul/2026:08:56:25 -0400] "POST /xmlrpc.php HTTP/2" 200 218 "-" "Jetpack by WordPress.com (Jetpack 12.0; WordPress 6.4)"
2405:201:5c00:f2be:bdc3:b8ec:598b:d50f - - [11/Jul/2026:08:56:33 -0400] "POST /xmlrpc.php HTTP/2" 200 218 "-" "WordPress.com; https://wordpress.com"
2402:8100:2d73:9189:5d1c:8180:b296:e4ba - - [11/Jul/2026:08:56:36 -0400] "POST /xmlrpc.php HTTP/2" 200 218 "-" "Jetpack by WordPress.com"
2405:201:5c00:f2be:bdc3:b8ec:598b:d50f - - [11/Jul/2026:08:56:46 -0400] "POST /xmlrpc.php HTTP/2" 200 218 "-" "Jetpack by WordPress.com"
2402:8100:2d73:9189:5d1c:8180:b296:e4ba - - [11/Jul/2026:08:56:47 -0400] "POST /xmlrpc.php HTTP/2" 200 218 "-" "Jetpack/13.0; WordPress/6.4; http://site95891095.com"
2402:8100:2d73:9189:5d1c:8180:b296:e4ba - - [11/Jul/2026:08:56:58 -0400] "POST /xmlrpc.php HTTP/2" 200 218 "-" "Jetpack by WordPress.com (Jetpack 13.0; WordPress 6.2)"
2405:201:5c00:f2be:bdc3:b8ec:598b:d50f - - [11/Jul/2026:08:57:01 -0400] "POST /xmlrpc.php HTTP/2" 200 218 "-" "WordPress.com; https://wordpress.com"
2402:8100:2d73:9189:5d1c:8180:b296:e4ba - - [11/Jul/2026:08:57:09 -0400] "POST /xmlrpc.php HTTP/2" 200 218 "-" "Jetpack/12.0; WordPress/6.2; http://site62478619.com"
2405:201:5c00:f2be:bdc3:b8ec:598b:d50f - - [11/Jul/2026:08:57:13 -0400] "POST /xmlrpc.php HTTP/2" 200 218 "-" "Jetpack by WordPress.com"
101.33.55.204 - - [11/Jul/2026:08:57:15 -0400] "GET /wp-content/uploads/2025/07/Digital- HTTP/2" 404 18501 "-" "Mozilla/5.0 (iPhone; CPU iPhone OS 13_2_3 like Mac OS X) AppleWebKit/605.1.15 (KHTML, like Gecko) Version/13.0.3 Mobile/15E148 Safari/604.1"
2402:8100:2d73:9189:5d1c:8180:b296:e4ba - - [11/Jul/2026:08:57:20 -0400] "POST /xmlrpc.php HTTP/2" 200 218 "-" "Jetpack by WordPress.com"
50.6.198.96 - - [11/Jul/2026:08:57:27 -0400] "POST /wp-cron.php?doing_wp_cron=1783774647.4675610065460205078125 HTTP/2" 200 0 "-" "WordPress/7.0; https://soulfood.gr"
2405:201:5c00:f2be:bdc3:b8ec:598b:d50f - - [11/Jul/2026:08:57:27 -0400] "POST /xmlrpc.php HTTP/2" 200 218 "-" "WordPress.com; https://wordpress.com"
2402:8100:2d73:9189:5d1c:8180:b296:e4ba - - [11/Jul/2026:08:57:30 -0400] "POST /xmlrpc.php HTTP/2" 200 218 "-" "Jetpack/12.5; WordPress/6.2; http://site94595848.com"
2402:8100:2d73:9189:5d1c:8180:b296:e4ba - - [11/Jul/2026:08:57:41 -0400] "POST /xmlrpc.php HTTP/2" 200 218 "-" "Jetpack by WordPress.com"
2405:201:5c00:f2be:bdc3:b8ec:598b:d50f - - [11/Jul/2026:08:57:42 -0400] "POST /xmlrpc.php HTTP/2" 200 218 "-" "WordPress.com; https://wordpress.com"
2402:8100:2d73:9189:5d1c:8180:b296:e4ba - - [11/Jul/2026:08:57:52 -0400] "POST /xmlrpc.php HTTP/2" 200 218 "-" "Jetpack by WordPress.com (Jetpack 12.1; WordPress 6.4)"
2405:201:5c00:f2be:bdc3:b8ec:598b:d50f - - [11/Jul/2026:08:57:53 -0400] "POST /xmlrpc.php HTTP/2" 200 218 "-" "Jetpack by WordPress.com"
2402:8100:2d73:9189:5d1c:8180:b296:e4ba - - [11/Jul/2026:08:58:02 -0400] "POST /xmlrpc.php HTTP/2" 200 218 "-" "Jetpack/13.0; WordPress/6.4; http://site73595972.com"
2405:201:5c00:f2be:bdc3:b8ec:598b:d50f - - [11/Jul/2026:08:58:07 -0400] "POST /xmlrpc.php HTTP/2" 200 218 "-" "Jetpack/12.0; WordPress/6.4; http://site12151143.com"
2402:8100:2d73:9189:5d1c:8180:b296:e4ba - - [11/Jul/2026:08:58:13 -0400] "POST /xmlrpc.php HTTP/2" 200 218 "-" "Jetpack by WordPress.com"
2405:201:5c00:f2be:bdc3:b8ec:598b:d50f - - [11/Jul/2026:08:58:20 -0400] "POST /xmlrpc.php HTTP/2" 200 218 "-" "WordPress.com; https://wordpress.com"
50.6.198.96 - - [11/Jul/2026:08:58:24 -0400] "POST /wp-cron.php?doing_wp_cron=1783774704.4891870021820068359375 HTTP/2" 200 0 "-" "WordPress/7.0; https://soulfood.gr"
2402:8100:2d73:9189:5d1c:8180:b296:e4ba - - [11/Jul/2026:08:58:24 -0400] "POST /xmlrpc.php HTTP/2" 200 218 "-" "WordPress.com; https://wordpress.com"
2402:8100:2d73:9189:5d1c:8180:b296:e4ba - - [11/Jul/2026:08:58:34 -0400] "POST /xmlrpc.php HTTP/2" 200 218 "-" "Jetpack by WordPress.com"
2405:201:5c00:f2be:bdc3:b8ec:598b:d50f - - [11/Jul/2026:08:58:35 -0400] "POST /xmlrpc.php HTTP/2" 200 218 "-" "Jetpack/13.0; WordPress/6.2; http://site67766115.com"
2402:8100:2d73:9189:5d1c:8180:b296:e4ba - - [11/Jul/2026:08:58:45 -0400] "POST /xmlrpc.php HTTP/2" 200 218 "-" "Jetpack/12.1; WordPress/6.1; http://site92378929.com"
2405:201:5c00:f2be:bdc3:b8ec:598b:d50f - - [11/Jul/2026:08:58:48 -0400] "POST /xmlrpc.php HTTP/2" 200 218 "-" "Jetpack by WordPress.com (Jetpack 12.0; WordPress 6.4)"
2402:8100:2d73:9189:5d1c:8180:b296:e4ba - - [11/Jul/2026:08:58:56 -0400] "POST /xmlrpc.php HTTP/2" 200 218 "-" "WordPress.com; https://wordpress.com"
2405:201:5c00:f2be:bdc3:b8ec:598b:d50f - - [11/Jul/2026:08:59:01 -0400] "POST /xmlrpc.php HTTP/2" 200 218 "-" "Jetpack by WordPress.com (Jetpack 12.5; WordPress 6.1)"
2402:8100:2d73:9189:5d1c:8180:b296:e4ba - - [11/Jul/2026:08:59:06 -0400] "POST /xmlrpc.php HTTP/2" 200 218 "-" "Jetpack/13.0; WordPress/6.3; http://site97237412.com"
2405:201:5c00:f2be:bdc3:b8ec:598b:d50f - - [11/Jul/2026:08:59:15 -0400] "POST /xmlrpc.php HTTP/2" 200 218 "-" "Jetpack by WordPress.com"
2402:8100:2d73:9189:5d1c:8180:b296:e4ba - - [11/Jul/2026:08:59:17 -0400] "POST /xmlrpc.php HTTP/2" 200 218 "-" "WordPress.com; https://wordpress.com"
2402:8100:2d73:9189:5d1c:8180:b296:e4ba - - [11/Jul/2026:08:59:28 -0400] "POST /xmlrpc.php HTTP/2" 200 218 "-" "Jetpack by WordPress.com"
2405:201:5c00:f2be:bdc3:b8ec:598b:d50f - - [11/Jul/2026:08:59:29 -0400] "POST /xmlrpc.php HTTP/2" 200 218 "-" "Jetpack/12.5; WordPress/6.4; http://site61170907.com"
2402:8100:2d73:9189:5d1c:8180:b296:e4ba - - [11/Jul/2026:08:59:38 -0400] "POST /xmlrpc.php HTTP/2" 200 218 "-" "Jetpack/12.1; WordPress/6.2; http://site12427391.com"
2405:201:5c00:f2be:bdc3:b8ec:598b:d50f - - [11/Jul/2026:08:59:43 -0400] "POST /xmlrpc.php HTTP/2" 200 218 "-" "WordPress.com; https://wordpress.com"
2402:8100:2d73:9189:5d1c:8180:b296:e4ba - - [11/Jul/2026:08:59:49 -0400] "POST /xmlrpc.php HTTP/2" 200 218 "-" "Jetpack by WordPress.com"
2405:201:5c00:f2be:bdc3:b8ec:598b:d50f - - [11/Jul/2026:08:59:56 -0400] "POST /xmlrpc.php HTTP/2" 200 218 "-" "Jetpack by WordPress.com (Jetpack 12.1; WordPress 6.1)"
2402:8100:2d73:9189:5d1c:8180:b296:e4ba - - [11/Jul/2026:09:00:00 -0400] "POST /xmlrpc.php HTTP/2" 200 218 "-" "Jetpack by WordPress.com (Jetpack 12.0; WordPress 6.1)"
2405:201:5c00:f2be:bdc3:b8ec:598b:d50f - - [11/Jul/2026:09:00:09 -0400] "POST /xmlrpc.php HTTP/2" 200 218 "-" "Jetpack/12.0; WordPress/6.2; http://site69992779.com"
2402:8100:2d73:9189:5d1c:8180:b296:e4ba - - [11/Jul/2026:09:00:11 -0400] "POST /xmlrpc.php HTTP/2" 200 218 "-" "WordPress.com; https://wordpress.com"
2402:8100:2d73:9189:5d1c:8180:b296:e4ba - - [11/Jul/2026:09:00:21 -0400] "POST /xmlrpc.php HTTP/2" 200 218 "-" "Jetpack by WordPress.com"
2405:201:5c00:f2be:bdc3:b8ec:598b:d50f - - [11/Jul/2026:09:00:23 -0400] "POST /xmlrpc.php HTTP/2" 200 218 "-" "Jetpack/12.0; WordPress/6.3; http://site47021574.com"
2402:8100:2d73:9189:5d1c:8180:b296:e4ba - - [11/Jul/2026:09:00:32 -0400] "POST /xmlrpc.php HTTP/2" 200 218 "-" "Jetpack/12.0; WordPress/6.1; http://site28990525.com"
2405:201:5c00:f2be:bdc3:b8ec:598b:d50f - - [11/Jul/2026:09:00:38 -0400] "POST /xmlrpc.php HTTP/2" 200 218 "-" "Jetpack by WordPress.com"
2402:8100:2d73:9189:5d1c:8180:b296:e4ba - - [11/Jul/2026:09:00:43 -0400] "POST /xmlrpc.php HTTP/2" 200 218 "-" "Jetpack/12.0; WordPress/6.4; http://site75105978.com"
43.159.143.187 - - [11/Jul/2026:09:00:50 -0400] "GET /wp-json/oembed/1.0/embed?url=https%3A%2F%2Fsoulfood.gr%2Fen%2F&lang=en HTTP/2" 200 1020 "-" "Mozilla/5.0 (iPhone; CPU iPhone OS 13_2_3 like Mac OS X) AppleWebKit/605.1.15 (KHTML, like Gecko) Version/13.0.3 Mobile/15E148 Safari/604.1"
2405:201:5c00:f2be:bdc3:b8ec:598b:d50f - - [11/Jul/2026:09:00:52 -0400] "POST /xmlrpc.php HTTP/2" 200 218 "-" "Jetpack by WordPress.com (Jetpack 12.0; WordPress 6.3)"
2402:8100:2d73:9189:5d1c:8180:b296:e4ba - - [11/Jul/2026:09:00:53 -0400] "POST /xmlrpc.php HTTP/2" 200 218 "-" "Jetpack/12.1; WordPress/6.3; http://site40629709.com"
2402:8100:2d73:9189:5d1c:8180:b296:e4ba - - [11/Jul/2026:09:01:04 -0400] "POST /xmlrpc.php HTTP/2" 200 218 "-" "Jetpack/12.5; WordPress/6.3; http://site78318163.com"
2405:201:5c00:f2be:bdc3:b8ec:598b:d50f - - [11/Jul/2026:09:01:07 -0400] "POST /xmlrpc.php HTTP/2" 200 218 "-" "Jetpack/12.1; WordPress/6.1; http://site45912740.com"
2402:8100:2d73:9189:5d1c:8180:b296:e4ba - - [11/Jul/2026:09:01:15 -0400] "POST /xmlrpc.php HTTP/2" 200 218 "-" "Jetpack by WordPress.com"
2405:201:5c00:f2be:bdc3:b8ec:598b:d50f - - [11/Jul/2026:09:01:24 -0400] "POST /xmlrpc.php HTTP/2" 200 218 "-" "WordPress.com; https://wordpress.com"
2402:8100:2d73:9189:5d1c:8180:b296:e4ba - - [11/Jul/2026:09:01:26 -0400] "POST /xmlrpc.php HTTP/2" 200 218 "-" "Jetpack by WordPress.com (Jetpack 12.5; WordPress 6.4)"
2402:8100:2d73:9189:5d1c:8180:b296:e4ba - - [11/Jul/2026:09:01:36 -0400] "POST /xmlrpc.php HTTP/2" 200 218 "-" "Jetpack by WordPress.com (Jetpack 12.1; WordPress 6.4)"
2405:201:5c00:f2be:bdc3:b8ec:598b:d50f - - [11/Jul/2026:09:01:37 -0400] "POST /xmlrpc.php HTTP/2" 200 218 "-" "Jetpack/13.0; WordPress/6.2; http://site66750665.com"
50.6.198.96 - - [11/Jul/2026:08:48:27 -0400] "POST /wp-cron.php?doing_wp_cron=1783774107.0322370529174804687500 HTTP/2" 200 0 "-" "WordPress/7.0; https://soulfood.gr"
50.6.198.96 - - [11/Jul/2026:08:51:24 -0400] "POST /wp-cron.php?doing_wp_cron=1783774284.1072900295257568359375 HTTP/2" 200 0 "-" "WordPress/7.0; https://soulfood.gr"
50.6.198.96 - - [11/Jul/2026:08:53:26 -0400] "POST /wp-cron.php?doing_wp_cron=1783774406.0641241073608398437500 HTTP/2" 200 0 "-" "WordPress/7.0; https://soulfood.gr"
50.6.198.96 - - [11/Jul/2026:08:53:35 -0400] "POST /wp-cron.php?doing_wp_cron=1783774415.0773620605468750000000 HTTP/2" 200 0 "-" "WordPress/7.0; https://soulfood.gr"
2402:8100:2d73:9189:5d1c:8180:b296:e4ba - - [11/Jul/2026:08:54:16 -0400] "POST /xmlrpc.php HTTP/2" 200 218 "-" "WordPress.com; https://wordpress.com"
50.6.198.96 - - [11/Jul/2026:08:56:26 -0400] "POST /wp-cron.php?doing_wp_cron=1783774586.1131699085235595703125 HTTP/2" 200 0 "-" "WordPress/7.0; https://soulfood.gr"
50.6.198.96 - - [11/Jul/2026:08:59:28 -0400] "POST /wp-cron.php?doing_wp_cron=1783774768.7018470764160156250000 HTTP/2" 200 0 "-" "WordPress/7.0; https://soulfood.gr"
50.6.198.96 - - [11/Jul/2026:09:01:24 -0400] "POST /wp-cron.php?doing_wp_cron=1783774884.4886329174041748046875 HTTP/2" 200 0 "-" "WordPress/7.0; https://soulfood.gr"
2402:8100:2d73:9189:5d1c:8180:b296:e4ba - - [11/Jul/2026:08:52:16 -0400] "POST /xmlrpc.php HTTP/2" 200 218 "-" "Jetpack by WordPress.com (Jetpack 13.0; WordPress 6.2)"
2402:8100:2d73:9189:5d1c:8180:b296:e4ba - - [11/Jul/2026:08:52:27 -0400] "POST /xmlrpc.php HTTP/2" 200 218 "-" "Jetpack/12.0; WordPress/6.4; http://site32184514.com"
2402:8100:2d73:9189:5d1c:8180:b296:e4ba - - [11/Jul/2026:08:52:38 -0400] "POST /xmlrpc.php HTTP/2" 200 218 "-" "Jetpack by WordPress.com"
2402:8100:2d73:9189:5d1c:8180:b296:e4ba - - [11/Jul/2026:08:52:49 -0400] "POST /xmlrpc.php HTTP/2" 200 218 "-" "Jetpack/12.1; WordPress/6.4; http://site64260605.com"
2402:8100:2d73:9189:5d1c:8180:b296:e4ba - - [11/Jul/2026:08:52:59 -0400] "POST /xmlrpc.php HTTP/2" 200 218 "-" "Jetpack by WordPress.com"
2402:8100:2d73:9189:5d1c:8180:b296:e4ba - - [11/Jul/2026:08:53:10 -0400] "POST /xmlrpc.php HTTP/2" 200 218 "-" "Jetpack by WordPress.com (Jetpack 12.1; WordPress 6.3)"
2402:8100:2d73:9189:5d1c:8180:b296:e4ba - - [11/Jul/2026:08:53:21 -0400] "POST /xmlrpc.php HTTP/2" 200 218 "-" "Jetpack/12.5; WordPress/6.4; http://site39191938.com"
2402:8100:2d73:9189:5d1c:8180:b296:e4ba - - [11/Jul/2026:08:53:31 -0400] "POST /xmlrpc.php HTTP/2" 200 218 "-" "WordPress.com; https://wordpress.com"
2402:8100:2d73:9189:5d1c:8180:b296:e4ba - - [11/Jul/2026:08:53:42 -0400] "POST /xmlrpc.php HTTP/2" 200 218 "-" "Jetpack by WordPress.com"
2402:8100:2d73:9189:5d1c:8180:b296:e4ba - - [11/Jul/2026:08:53:53 -0400] "POST /xmlrpc.php HTTP/2" 200 218 "-" "Jetpack by WordPress.com"
2402:8100:2d73:9189:5d1c:8180:b296:e4ba - - [11/Jul/2026:08:54:05 -0400] "POST /xmlrpc.php HTTP/2" 200 218 "-" "Jetpack/13.0; WordPress/6.4; http://site88093333.com"
158.173.79.8 - - [11/Jul/2026:08:56:48 -0400] "GET /contact-us/ HTTP/2" 200 21354 "https://soulfood.gr/contact-us/" "Mozilla/5.0 (Windows NT 6.3; Win64; x64) AppleWebKit/537.36 (KHTML, like Gecko) Chrome/103.0.5060.53 Safari/537.36"
158.173.79.8 - - [11/Jul/2026:08:56:49 -0400] "POST /contact-us/ HTTP/2" 200 21491 "https://soulfood.gr/contact-us/" "Mozilla/5.0 (Windows NT 6.3; Win64; x64) AppleWebKit/537.36 (KHTML, like Gecko) Chrome/103.0.5060.53 Safari/537.36"
50.6.198.96 - - [11/Jul/2026:09:00:32 -0400] "POST /wp-cron.php?doing_wp_cron=1783774832.8078329563140869140625 HTTP/2" 200 0 "-" "WordPress/7.0; https://soulfood.gr"
20.215.220.190 - - [11/Jul/2026:09:01:38 -0400] "GET / HTTP/2" 200 26422 "-" "Mozilla/5.0 AppleWebKit/537.36 (KHTML, like Gecko); compatible; ChatGPT-User/1.0; +https://openai.com/bot"
160.187.68.132 - - [11/Jul/2026:09:01:45 -0400] "GET /wp-login.php HTTP/2" 200 3390 "-" "Mozilla/5.0 (Linux; Android 10; K) AppleWebKit/537.36 (KHTML, like Gecko) Chrome/145.0.0.0 Mobile Safari/537.36"
160.187.68.132 - - [11/Jul/2026:09:01:46 -0400] "POST /wp-login.php HTTP/2" 200 3556 "https://soulfood.gr/wp-login.php" "Mozilla/5.0 (Linux; Android 10; K) AppleWebKit/537.36 (KHTML, like Gecko) Chrome/145.0.0.0 Mobile Safari/537.36"
2402:8100:2d73:9189:5d1c:8180:b296:e4ba - - [11/Jul/2026:09:01:47 -0400] "POST /xmlrpc.php HTTP/2" 200 218 "-" "Jetpack by WordPress.com"
2405:201:5c00:f2be:bdc3:b8ec:598b:d50f - - [11/Jul/2026:09:01:51 -0400] "POST /xmlrpc.php HTTP/2" 200 218 "-" "Jetpack/12.1; WordPress/6.3; http://site87764606.com"
2402:8100:2d73:9189:5d1c:8180:b296:e4ba - - [11/Jul/2026:09:01:58 -0400] "POST /xmlrpc.php HTTP/2" 200 218 "-" "Jetpack by WordPress.com"
2405:201:5c00:f2be:bdc3:b8ec:598b:d50f - - [11/Jul/2026:09:02:04 -0400] "POST /xmlrpc.php HTTP/2" 200 218 "-" "Jetpack/12.1; WordPress/6.1; http://site35042701.com"
2402:8100:2d73:9189:5d1c:8180:b296:e4ba - - [11/Jul/2026:09:02:08 -0400] "POST /xmlrpc.php HTTP/2" 200 218 "-" "Jetpack/12.1; WordPress/6.2; http://site13200979.com"
2405:201:5c00:f2be:bdc3:b8ec:598b:d50f - - [11/Jul/2026:09:02:18 -0400] "POST /xmlrpc.php HTTP/2" 200 218 "-" "Jetpack by WordPress.com"
2402:8100:2d73:9189:5d1c:8180:b296:e4ba - - [11/Jul/2026:09:02:19 -0400] "POST /xmlrpc.php HTTP/2" 200 218 "-" "Jetpack by WordPress.com (Jetpack 12.5; WordPress 6.2)"
2402:8100:2d73:9189:5d1c:8180:b296:e4ba - - [11/Jul/2026:09:02:30 -0400] "POST /xmlrpc.php HTTP/2" 200 218 "-" "Jetpack by WordPress.com (Jetpack 13.0; WordPress 6.2)"
2405:201:5c00:f2be:bdc3:b8ec:598b:d50f - - [11/Jul/2026:09:02:32 -0400] "POST /xmlrpc.php HTTP/2" 200 218 "-" "Jetpack/12.1; WordPress/6.3; http://site32213044.com"
2402:8100:2d73:9189:5d1c:8180:b296:e4ba - - [11/Jul/2026:09:02:41 -0400] "POST /xmlrpc.php HTTP/2" 200 218 "-" "Jetpack/12.0; WordPress/6.3; http://site21642427.com"
2405:201:5c00:f2be:bdc3:b8ec:598b:d50f - - [11/Jul/2026:09:02:48 -0400] "POST /xmlrpc.php HTTP/2" 200 218 "-" "Jetpack/13.0; WordPress/6.2; http://site85532970.com"
2402:8100:2d73:9189:5d1c:8180:b296:e4ba - - [11/Jul/2026:09:02:51 -0400] "POST /xmlrpc.php HTTP/2" 200 218 "-" "Jetpack by WordPress.com (Jetpack 12.1; WordPress 6.1)"
2402:8100:2d73:9189:5d1c:8180:b296:e4ba - - [11/Jul/2026:09:03:02 -0400] "POST /xmlrpc.php HTTP/2" 200 218 "-" "Jetpack by WordPress.com (Jetpack 13.0; WordPress 6.4)"
2402:8100:2d73:9189:5d1c:8180:b296:e4ba - - [11/Jul/2026:09:03:13 -0400] "POST /xmlrpc.php HTTP/2" 200 218 "-" "Jetpack by WordPress.com"
2405:201:5c00:f2be:bdc3:b8ec:598b:d50f - - [11/Jul/2026:09:03:16 -0400] "POST /xmlrpc.php HTTP/2" 200 218 "-" "Jetpack by WordPress.com (Jetpack 12.0; WordPress 6.2)"
2402:8100:2d73:9189:5d1c:8180:b296:e4ba - - [11/Jul/2026:09:03:23 -0400] "POST /xmlrpc.php HTTP/2" 200 218 "-" "WordPress.com; https://wordpress.com"
2402:8100:2d73:9189:5d1c:8180:b296:e4ba - - [11/Jul/2026:09:03:34 -0400] "POST /xmlrpc.php HTTP/2" 200 218 "-" "Jetpack by WordPress.com"
2402:8100:2d73:9189:5d1c:8180:b296:e4ba - - [11/Jul/2026:09:03:45 -0400] "POST /xmlrpc.php HTTP/2" 200 218 "-" "Jetpack by WordPress.com (Jetpack 12.1; WordPress 6.1)"
2405:201:5c00:f2be:bdc3:b8ec:598b:d50f - - [11/Jul/2026:09:03:46 -0400] "POST /xmlrpc.php HTTP/2" 200 218 "-" "Jetpack by WordPress.com"
2402:8100:2d73:9189:5d1c:8180:b296:e4ba - - [11/Jul/2026:09:04:07 -0400] "POST /xmlrpc.php HTTP/2" 200 218 "-" "Jetpack/13.0; WordPress/6.1; http://site98462256.com"
2402:8100:2d73:9189:5d1c:8180:b296:e4ba - - [11/Jul/2026:09:04:17 -0400] "POST /xmlrpc.php HTTP/2" 200 218 "-" "WordPress.com; https://wordpress.com"
2402:8100:2d73:9189:5d1c:8180:b296:e4ba - - [11/Jul/2026:09:04:28 -0400] "POST /xmlrpc.php HTTP/2" 200 218 "-" "Jetpack by WordPress.com"
94.249.85.69 - - [11/Jul/2026:09:04:27 -0400] "GET /sector/option/emszptgm5dgq1qx.html HTTP/2" 404 18502 "-" "Mozilla/5.0 (Macintosh; Intel Mac OS X 10_12_6) AppleWebKit/537.36 (KHTML, like Gecko) Chrome/89.0.4389.90 Safari/537.36"
2402:8100:2d73:9189:5d1c:8180:b296:e4ba - - [11/Jul/2026:09:04:38 -0400] "POST /xmlrpc.php HTTP/2" 200 218 "-" "Jetpack/13.0; WordPress/6.4; http://site56717094.com"
2402:8100:2d73:9189:5d1c:8180:b296:e4ba - - [11/Jul/2026:09:04:49 -0400] "POST /xmlrpc.php HTTP/2" 200 218 "-" "Jetpack by WordPress.com (Jetpack 12.1; WordPress 6.4)"
2402:8100:2d73:9189:5d1c:8180:b296:e4ba - - [11/Jul/2026:09:05:00 -0400] "POST /xmlrpc.php HTTP/2" 200 218 "-" "Jetpack/12.5; WordPress/6.3; http://site60948570.com"
2402:8100:2d73:9189:5d1c:8180:b296:e4ba - - [11/Jul/2026:09:05:10 -0400] "POST /xmlrpc.php HTTP/2" 200 218 "-" "WordPress.com; https://wordpress.com"
2402:8100:2d73:9189:5d1c:8180:b296:e4ba - - [11/Jul/2026:09:05:21 -0400] "POST /xmlrpc.php HTTP/2" 200 218 "-" "Jetpack/13.0; WordPress/6.4; http://site14074535.com"
2402:8100:2d73:9189:5d1c:8180:b296:e4ba - - [11/Jul/2026:09:05:32 -0400] "POST /xmlrpc.php HTTP/2" 200 218 "-" "Jetpack by WordPress.com"
2402:8100:2d73:9189:5d1c:8180:b296:e4ba - - [11/Jul/2026:09:05:43 -0400] "POST /xmlrpc.php HTTP/2" 200 218 "-" "Jetpack by WordPress.com (Jetpack 12.1; WordPress 6.4)"
2402:8100:2d73:9189:5d1c:8180:b296:e4ba - - [11/Jul/2026:09:05:53 -0400] "POST /xmlrpc.php HTTP/2" 200 218 "-" "Jetpack by WordPress.com"
2402:8100:2d73:9189:5d1c:8180:b296:e4ba - - [11/Jul/2026:09:06:04 -0400] "POST /xmlrpc.php HTTP/2" 200 218 "-" "WordPress.com; https://wordpress.com"
2402:8100:2d73:9189:5d1c:8180:b296:e4ba - - [11/Jul/2026:09:06:15 -0400] "POST /xmlrpc.php HTTP/2" 200 218 "-" "Jetpack by WordPress.com"
2402:8100:2d73:9189:5d1c:8180:b296:e4ba - - [11/Jul/2026:09:06:25 -0400] "POST /xmlrpc.php HTTP/2" 200 218 "-" "Jetpack by WordPress.com (Jetpack 12.0; WordPress 6.3)"
2402:8100:2d73:9189:5d1c:8180:b296:e4ba - - [11/Jul/2026:09:06:36 -0400] "POST /xmlrpc.php HTTP/2" 200 218 "-" "Jetpack by WordPress.com"
2402:8100:2d73:9189:5d1c:8180:b296:e4ba - - [11/Jul/2026:09:06:47 -0400] "POST /xmlrpc.php HTTP/2" 200 218 "-" "WordPress.com; https://wordpress.com"
2402:8100:2d73:9189:5d1c:8180:b296:e4ba - - [11/Jul/2026:09:06:58 -0400] "POST /xmlrpc.php HTTP/2" 200 218 "-" "Jetpack by WordPress.com (Jetpack 12.0; WordPress 6.1)"
2402:8100:2d73:9189:5d1c:8180:b296:e4ba - - [11/Jul/2026:09:07:08 -0400] "POST /xmlrpc.php HTTP/2" 200 218 "-" "Jetpack by WordPress.com (Jetpack 12.1; WordPress 6.3)"
5.182.209.54 - - [11/Jul/2026:09:07:14 -0400] "GET /wp-login.php HTTP/2" 200 3390 "-" "Mozilla/5.0 (Windows NT 10.0; Win64; x64) AppleWebKit/537.36 (KHTML, like Gecko) Chrome/146.0.0.0 Safari/537.36"
2402:8100:2d73:9189:5d1c:8180:b296:e4ba - - [11/Jul/2026:09:07:19 -0400] "POST /xmlrpc.php HTTP/2" 200 218 "-" "Jetpack by WordPress.com (Jetpack 12.1; WordPress 6.2)"
50.6.198.96 - - [11/Jul/2026:09:07:30 -0400] "POST /wp-cron.php?doing_wp_cron=1783775250.5493240356445312500000 HTTP/2" 200 0 "-" "WordPress/7.0; https://soulfood.gr"
2402:8100:2d73:9189:5d1c:8180:b296:e4ba - - [11/Jul/2026:09:07:30 -0400] "POST /xmlrpc.php HTTP/2" 200 218 "-" "Jetpack by WordPress.com (Jetpack 12.0; WordPress 6.3)"
2402:8100:2d73:9189:5d1c:8180:b296:e4ba - - [11/Jul/2026:09:07:40 -0400] "POST /xmlrpc.php HTTP/2" 200 218 "-" "Jetpack by WordPress.com (Jetpack 12.0; WordPress 6.4)"
2402:8100:2d73:9189:5d1c:8180:b296:e4ba - - [11/Jul/2026:09:07:51 -0400] "POST /xmlrpc.php HTTP/2" 200 218 "-" "Jetpack by WordPress.com"
2402:8100:2d73:9189:5d1c:8180:b296:e4ba - - [11/Jul/2026:09:08:02 -0400] "POST /xmlrpc.php HTTP/2" 200 218 "-" "Jetpack/12.1; WordPress/6.4; http://site75574986.com"
2402:8100:2d73:9189:5d1c:8180:b296:e4ba - - [11/Jul/2026:09:08:12 -0400] "POST /xmlrpc.php HTTP/2" 200 218 "-" "Jetpack by WordPress.com"
2402:8100:2d73:9189:5d1c:8180:b296:e4ba - - [11/Jul/2026:09:08:23 -0400] "POST /xmlrpc.php HTTP/2" 200 218 "-" "Jetpack by WordPress.com"
50.6.198.96 - - [11/Jul/2026:09:04:28 -0400] "POST /wp-cron.php?doing_wp_cron=1783775068.6160910129547119140625 HTTP/2" 200 0 "-" "WordPress/7.0; https://soulfood.gr"
123.20.30.166 - - [11/Jul/2026:09:06:04 -0400] "GET /organization/detail/ev9xumxma6xvcje.html HTTP/2" 404 18501 "-" "Mozilla/5.0 (Windows NT 10.0) AppleWebKit/537.36 (KHTML, like Gecko) Chrome/80.0.3987.132 Safari/537.36"
50.6.198.96 - - [11/Jul/2026:09:06:26 -0400] "POST /wp-cron.php?doing_wp_cron=1783775186.2833321094512939453125 HTTP/2" 200 0 "-" "WordPress/7.0; https://soulfood.gr"
5.182.209.54 - - [11/Jul/2026:09:07:15 -0400] "POST /wp-login.php HTTP/2" 200 3556 "https://soulfood.gr/wp-login.php" "Mozilla/5.0 (Windows NT 10.0; Win64; x64) AppleWebKit/537.36 (KHTML, like Gecko) Chrome/146.0.0.0 Safari/537.36"
50.6.198.96 - - [11/Jul/2026:09:08:25 -0400] "POST /wp-cron.php?doing_wp_cron=1783775305.9106590747833251953125 HTTP/2" 200 0 "-" "WordPress/7.0; https://soulfood.gr"
213.209.159.223 - - [11/Jul/2026:09:08:32 -0400] "GET /.env.production HTTP/2" 401 53 "-" "Mozilla/4.0 (compatible; MSIE 5.0; SunOS 5.8 sun4u) Opera 5.0 [en]"
213.209.159.223 - - [11/Jul/2026:09:08:32 -0400] "GET /.env.dev HTTP/2" 401 53 "-" "Mozilla/4.0 (compatible; MSIE 5.0; SunOS 5.8 sun4u) Opera 5.0 [en]"
213.209.159.223 - - [11/Jul/2026:09:08:33 -0400] "GET /.env.test HTTP/2" 401 53 "-" "Mozilla/4.0 (compatible; MSIE 5.0; SunOS 5.8 sun4u) Opera 5.0 [en]"
213.209.159.223 - - [11/Jul/2026:09:08:33 -0400] "GET /.env.backup HTTP/2" 401 53 "-" "Mozilla/4.0 (compatible; MSIE 5.0; SunOS 5.8 sun4u) Opera 5.0 [en]"
213.209.159.223 - - [11/Jul/2026:09:08:33 -0400] "GET /.aws/config HTTP/2" 401 53 "-" "Mozilla/4.0 (compatible; MSIE 5.0; SunOS 5.8 sun4u) Opera 5.0 [en]"
213.209.159.223 - - [11/Jul/2026:09:08:33 -0400] "GET /config.json HTTP/2" 401 53 "-" "Mozilla/4.0 (compatible; MSIE 5.0; SunOS 5.8 sun4u) Opera 5.0 [en]"
213.209.159.223 - - [11/Jul/2026:09:08:34 -0400] "GET /config.yml HTTP/2" 401 53 "-" "Mozilla/4.0 (compatible; MSIE 5.0; SunOS 5.8 sun4u) Opera 5.0 [en]"
213.209.159.223 - - [11/Jul/2026:09:08:34 -0400] "GET /config.ini HTTP/2" 401 53 "-" "Mozilla/4.0 (compatible; MSIE 5.0; SunOS 5.8 sun4u) Opera 5.0 [en]"
213.209.159.223 - - [11/Jul/2026:09:08:34 -0400] "GET /configuration.yaml HTTP/2" 401 53 "-" "Mozilla/4.0 (compatible; MSIE 5.0; SunOS 5.8 sun4u) Opera 5.0 [en]"
213.209.159.223 - - [11/Jul/2026:09:08:35 -0400] "GET /settings.json HTTP/2" 401 53 "-" "Mozilla/4.0 (compatible; MSIE 5.0; SunOS 5.8 sun4u) Opera 5.0 [en]"
213.209.159.223 - - [11/Jul/2026:09:08:35 -0400] "GET /settings.php HTTP/2" 401 53 "-" "Mozilla/4.0 (compatible; MSIE 5.0; SunOS 5.8 sun4u) Opera 5.0 [en]"
213.209.159.223 - - [11/Jul/2026:09:08:35 -0400] "GET /application.properties HTTP/2" 401 53 "-" "Mozilla/4.0 (compatible; MSIE 5.0; SunOS 5.8 sun4u) Opera 5.0 [en]"
213.209.159.223 - - [11/Jul/2026:09:08:35 -0400] "GET /application.yaml HTTP/2" 401 53 "-" "Mozilla/4.0 (compatible; MSIE 5.0; SunOS 5.8 sun4u) Opera 5.0 [en]"
213.209.159.223 - - [11/Jul/2026:09:08:35 -0400] "GET /secrets.yaml HTTP/2" 401 53 "-" "Mozilla/4.0 (compatible; MSIE 5.0; SunOS 5.8 sun4u) Opera 5.0 [en]"
213.209.159.223 - - [11/Jul/2026:09:08:36 -0400] "GET /credentials.json HTTP/2" 401 53 "-" "Mozilla/4.0 (compatible; MSIE 5.0; SunOS 5.8 sun4u) Opera 5.0 [en]"
213.209.159.223 - - [11/Jul/2026:09:08:36 -0400] "GET /credentials.xml HTTP/2" 401 53 "-" "Mozilla/4.0 (compatible; MSIE 5.0; SunOS 5.8 sun4u) Opera 5.0 [en]"
213.209.159.223 - - [11/Jul/2026:09:08:36 -0400] "GET /database.yml HTTP/2" 401 53 "-" "Mozilla/4.0 (compatible; MSIE 5.0; SunOS 5.8 sun4u) Opera 5.0 [en]"
213.209.159.223 - - [11/Jul/2026:09:08:36 -0400] "GET /database.yaml HTTP/2" 401 53 "-" "Mozilla/4.0 (compatible; MSIE 5.0; SunOS 5.8 sun4u) Opera 5.0 [en]"
50.6.198.96 - - [11/Jul/2026:09:08:36 -0400] "POST /wp-cron.php?doing_wp_cron=1783775316.8196480274200439453125 HTTP/2" 200 0 "-" "WordPress/7.0; https://soulfood.gr"
213.209.159.223 - - [11/Jul/2026:09:08:32 -0400] "GET /.env HTTP/2" 401 53 "-" "Mozilla/4.0 (compatible; MSIE 5.0; SunOS 5.8 sun4u) Opera 5.0 [en]"
213.209.159.223 - - [11/Jul/2026:09:08:32 -0400] "GET /.env.local HTTP/2" 401 53 "-" "Mozilla/4.0 (compatible; MSIE 5.0; SunOS 5.8 sun4u) Opera 5.0 [en]"
213.209.159.223 - - [11/Jul/2026:09:08:32 -0400] "GET /.env.development HTTP/2" 401 53 "-" "Mozilla/4.0 (compatible; MSIE 5.0; SunOS 5.8 sun4u) Opera 5.0 [en]"
213.209.159.223 - - [11/Jul/2026:09:08:32 -0400] "GET /.env.staging HTTP/2" 401 53 "-" "Mozilla/4.0 (compatible; MSIE 5.0; SunOS 5.8 sun4u) Opera 5.0 [en]"
213.209.159.223 - - [11/Jul/2026:09:08:33 -0400] "GET /.env.example HTTP/2" 401 53 "-" "Mozilla/4.0 (compatible; MSIE 5.0; SunOS 5.8 sun4u) Opera 5.0 [en]"
213.209.159.223 - - [11/Jul/2026:09:08:33 -0400] "GET /.envrc HTTP/2" 401 53 "-" "Mozilla/4.0 (compatible; MSIE 5.0; SunOS 5.8 sun4u) Opera 5.0 [en]"
213.209.159.223 - - [11/Jul/2026:09:08:33 -0400] "GET /.aws/credentials HTTP/2" 401 53 "-" "Mozilla/4.0 (compatible; MSIE 5.0; SunOS 5.8 sun4u) Opera 5.0 [en]"
213.209.159.223 - - [11/Jul/2026:09:08:34 -0400] "GET /config.yaml HTTP/2" 401 53 "-" "Mozilla/4.0 (compatible; MSIE 5.0; SunOS 5.8 sun4u) Opera 5.0 [en]"
213.209.159.223 - - [11/Jul/2026:09:08:34 -0400] "GET /config.xml HTTP/2" 401 53 "-" "Mozilla/4.0 (compatible; MSIE 5.0; SunOS 5.8 sun4u) Opera 5.0 [en]"
213.209.159.223 - - [11/Jul/2026:09:08:34 -0400] "GET /configuration.json HTTP/2" 401 53 "-" "Mozilla/4.0 (compatible; MSIE 5.0; SunOS 5.8 sun4u) Opera 5.0 [en]"
213.209.159.223 - - [11/Jul/2026:09:08:34 -0400] "GET /configuration.xml HTTP/2" 401 53 "-" "Mozilla/4.0 (compatible; MSIE 5.0; SunOS 5.8 sun4u) Opera 5.0 [en]"
213.209.159.223 - - [11/Jul/2026:09:08:35 -0400] "GET /settings.py HTTP/2" 401 53 "-" "Mozilla/4.0 (compatible; MSIE 5.0; SunOS 5.8 sun4u) Opera 5.0 [en]"
213.209.159.223 - - [11/Jul/2026:09:08:35 -0400] "GET /settings.ini HTTP/2" 401 53 "-" "Mozilla/4.0 (compatible; MSIE 5.0; SunOS 5.8 sun4u) Opera 5.0 [en]"
213.209.159.223 - - [11/Jul/2026:09:08:35 -0400] "GET /application.yml HTTP/2" 401 53 "-" "Mozilla/4.0 (compatible; MSIE 5.0; SunOS 5.8 sun4u) Opera 5.0 [en]"
213.209.159.223 - - [11/Jul/2026:09:08:35 -0400] "GET /secrets.yml HTTP/2" 401 53 "-" "Mozilla/4.0 (compatible; MSIE 5.0; SunOS 5.8 sun4u) Opera 5.0 [en]"
213.209.159.223 - - [11/Jul/2026:09:08:36 -0400] "GET /secrets.json HTTP/2" 401 53 "-" "Mozilla/4.0 (compatible; MSIE 5.0; SunOS 5.8 sun4u) Opera 5.0 [en]"
213.209.159.223 - - [11/Jul/2026:09:08:36 -0400] "GET /credentials.ini HTTP/2" 401 53 "-" "Mozilla/4.0 (compatible; MSIE 5.0; SunOS 5.8 sun4u) Opera 5.0 [en]"
2402:8100:2d73:9189:5d1c:8180:b296:e4ba - - [11/Jul/2026:09:08:34 -0400] "POST /xmlrpc.php HTTP/2" 200 218 "-" "Jetpack/13.0; WordPress/6.2; http://site59593843.com"
213.209.159.223 - - [11/Jul/2026:09:08:36 -0400] "GET /database.json HTTP/2" 401 53 "-" "Mozilla/4.0 (compatible; MSIE 5.0; SunOS 5.8 sun4u) Opera 5.0 [en]"
213.209.159.223 - - [11/Jul/2026:09:08:37 -0400] "GET /web.config HTTP/2" 401 53 "-" "Mozilla/4.0 (compatible; MSIE 5.0; SunOS 5.8 sun4u) Opera 5.0 [en]"
213.209.159.223 - - [11/Jul/2026:09:08:37 -0400] "GET /.env.old HTTP/2" 401 53 "-" "Mozilla/4.0 (compatible; MSIE 5.0; SunOS 5.8 sun4u) Opera 5.0 [en]"
213.209.159.223 - - [11/Jul/2026:09:08:37 -0400] "GET /.env.dist HTTP/2" 401 53 "-" "Mozilla/4.0 (compatible; MSIE 5.0; SunOS 5.8 sun4u) Opera 5.0 [en]"
213.209.159.223 - - [11/Jul/2026:09:08:38 -0400] "GET /config.php.old HTTP/2" 401 53 "-" "Mozilla/4.0 (compatible; MSIE 5.0; SunOS 5.8 sun4u) Opera 5.0 [en]"
213.209.159.223 - - [11/Jul/2026:09:08:38 -0400] "GET /config.php.swp HTTP/2" 401 53 "-" "Mozilla/4.0 (compatible; MSIE 5.0; SunOS 5.8 sun4u) Opera 5.0 [en]"
213.209.159.223 - - [11/Jul/2026:09:08:39 -0400] "GET /.git/config HTTP/2" 401 53 "-" "Mozilla/4.0 (compatible; MSIE 5.0; SunOS 5.8 sun4u) Opera 5.0 [en]"
213.209.159.223 - - [11/Jul/2026:09:08:39 -0400] "GET /.git/logs/HEAD HTTP/2" 401 53 "-" "Mozilla/4.0 (compatible; MSIE 5.0; SunOS 5.8 sun4u) Opera 5.0 [en]"
213.209.159.223 - - [11/Jul/2026:09:08:39 -0400] "GET /.svn/wc.db HTTP/2" 401 53 "-" "Mozilla/4.0 (compatible; MSIE 5.0; SunOS 5.8 sun4u) Opera 5.0 [en]"
213.209.159.223 - - [11/Jul/2026:09:08:40 -0400] "GET /.bzr/ HTTP/2" 401 53 "-" "Mozilla/4.0 (compatible; MSIE 5.0; SunOS 5.8 sun4u) Opera 5.0 [en]"
213.209.159.223 - - [11/Jul/2026:09:08:40 -0400] "GET /.gitattributes HTTP/2" 401 53 "-" "Mozilla/4.0 (compatible; MSIE 5.0; SunOS 5.8 sun4u) Opera 5.0 [en]"
213.209.159.223 - - [11/Jul/2026:09:08:40 -0400] "GET /error.log HTTP/2" 401 53 "-" "Mozilla/4.0 (compatible; MSIE 5.0; SunOS 5.8 sun4u) Opera 5.0 [en]"
213.209.159.223 - - [11/Jul/2026:09:08:40 -0400] "GET /debug.log HTTP/2" 401 53 "-" "Mozilla/4.0 (compatible; MSIE 5.0; SunOS 5.8 sun4u) Opera 5.0 [en]"
213.209.159.223 - - [11/Jul/2026:09:08:41 -0400] "GET /laravel.log HTTP/2" 401 53 "-" "Mozilla/4.0 (compatible; MSIE 5.0; SunOS 5.8 sun4u) Opera 5.0 [en]"
213.209.159.223 - - [11/Jul/2026:09:08:41 -0400] "GET /app.log HTTP/2" 401 53 "-" "Mozilla/4.0 (compatible; MSIE 5.0; SunOS 5.8 sun4u) Opera 5.0 [en]"
213.209.159.223 - - [11/Jul/2026:09:08:41 -0400] "GET /storage/logs/laravel.log HTTP/2" 401 53 "-" "Mozilla/4.0 (compatible; MSIE 5.0; SunOS 5.8 sun4u) Opera 5.0 [en]"
213.209.159.223 - - [11/Jul/2026:09:08:41 -0400] "GET /php_error.log HTTP/2" 401 53 "-" "Mozilla/4.0 (compatible; MSIE 5.0; SunOS 5.8 sun4u) Opera 5.0 [en]"
213.209.159.223 - - [11/Jul/2026:09:08:41 -0400] "GET /php_errors.log HTTP/2" 401 53 "-" "Mozilla/4.0 (compatible; MSIE 5.0; SunOS 5.8 sun4u) Opera 5.0 [en]"
213.209.159.223 - - [11/Jul/2026:09:08:41 -0400] "GET /logs/ HTTP/2" 401 53 "-" "Mozilla/4.0 (compatible; MSIE 5.0; SunOS 5.8 sun4u) Opera 5.0 [en]"
213.209.159.223 - - [11/Jul/2026:09:08:41 -0400] "GET /log/ HTTP/2" 401 53 "-" "Mozilla/4.0 (compatible; MSIE 5.0; SunOS 5.8 sun4u) Opera 5.0 [en]"
213.209.159.223 - - [11/Jul/2026:09:08:41 -0400] "GET /tmp/ HTTP/2" 401 53 "-" "Mozilla/4.0 (compatible; MSIE 5.0; SunOS 5.8 sun4u) Opera 5.0 [en]"
213.209.159.223 - - [11/Jul/2026:09:08:41 -0400] "GET /temp/ HTTP/2" 401 53 "-" "Mozilla/4.0 (compatible; MSIE 5.0; SunOS 5.8 sun4u) Opera 5.0 [en]"
