114.119.154.215 - - [11/Jul/2026:15:04:43 -0400] "GET /?f=2540365729 HTTP/1.1" 200 84 "http://psychologyeng.soulfood.gr/sitemap328.xml" "Mozilla/5.0 (Linux; Android 7.0;) AppleWebKit/537.36 (HTML, like Gecko) Mobile Safari/537.36 (compatible; PetalBot;+https://webmaster.petalsearch.com/site/petalbot)"
114.119.136.3 - - [11/Jul/2026:15:06:07 -0400] "GET /?f=2540365729 HTTP/1.1" 200 84 "http://psychologyeng.soulfood.gr/?sitemap162.xml" "Mozilla/5.0 (Linux; Android 7.0;) AppleWebKit/537.36 (HTML, like Gecko) Mobile Safari/537.36 (compatible; PetalBot;+https://webmaster.petalsearch.com/site/petalbot)"
2a03:2880:18ff:41:: - - [11/Jul/2026:15:09:06 -0400] "GET /robots.txt HTTP/1.1" 200 94 "-" "facebookexternalhit/1.1 (+http://www.facebook.com/externalhit_uatext.php)"
114.119.139.53 - - [11/Jul/2026:15:13:05 -0400] "GET /?f=2536989040 HTTP/1.1" 200 84 "http://psychologyeng.soulfood.gr/sitemap387.xml" "Mozilla/5.0 (Linux; Android 7.0;) AppleWebKit/537.36 (HTML, like Gecko) Mobile Safari/537.36 (compatible; PetalBot;+https://webmaster.petalsearch.com/site/petalbot)"
66.249.77.198 - - [11/Jul/2026:15:13:54 -0400] "GET /ctg/apiAllLCate/ HTTP/1.1" 200 34058 "http://psychologyeng.soulfood.gr/?f=2073545351" "Mozilla/5.0 (Linux; Android 6.0.1; Nexus 5X Build/MMB29P) AppleWebKit/537.36 (KHTML, like Gecko) Chrome/150.0.7871.46 Mobile Safari/537.36 (compatible; GoogleOther)"
114.119.139.53 - - [11/Jul/2026:15:15:52 -0400] "GET /?f=2536989040 HTTP/1.1" 200 84 "http://psychologyeng.soulfood.gr/?sitemap162.xml" "Mozilla/5.0 (Linux; Android 7.0;) AppleWebKit/537.36 (HTML, like Gecko) Mobile Safari/537.36 (compatible; PetalBot;+https://webmaster.petalsearch.com/site/petalbot)"
114.119.136.3 - - [11/Jul/2026:15:21:26 -0400] "GET /?f=2534564826 HTTP/1.1" 200 84 "http://psychologyeng.soulfood.gr/?sitemap257.xml" "Mozilla/5.0 (Linux; Android 7.0;) AppleWebKit/537.36 (HTML, like Gecko) Mobile Safari/537.36 (compatible; PetalBot;+https://webmaster.petalsearch.com/site/petalbot)"
114.119.154.215 - - [11/Jul/2026:15:24:13 -0400] "GET /?f=2534401303 HTTP/1.1" 200 84 "http://psychologyeng.soulfood.gr/sitemap217.xml" "Mozilla/5.0 (Linux; Android 7.0;) AppleWebKit/537.36 (HTML, like Gecko) Mobile Safari/537.36 (compatible; PetalBot;+https://webmaster.petalsearch.com/site/petalbot)"
114.119.153.105 - - [11/Jul/2026:15:08:54 -0400] "GET /?f=2539153630 HTTP/1.1" 200 84 "http://psychologyeng.soulfood.gr/?sitemap162.xml" "Mozilla/5.0 (Linux; Android 7.0;) AppleWebKit/537.36 (HTML, like Gecko) Mobile Safari/537.36 (compatible; PetalBot;+https://webmaster.petalsearch.com/site/petalbot)"
114.119.153.105 - - [11/Jul/2026:15:10:18 -0400] "GET /?f=2537941531 HTTP/1.1" 200 84 "http://psychologyeng.soulfood.gr/sitemap305.xml" "Mozilla/5.0 (Linux; Android 7.0;) AppleWebKit/537.36 (HTML, like Gecko) Mobile Safari/537.36 (compatible; PetalBot;+https://webmaster.petalsearch.com/site/petalbot)"
114.119.158.128 - - [11/Jul/2026:15:14:30 -0400] "GET /?f=2536989040 HTTP/1.1" 200 84 "http://psychologyeng.soulfood.gr/?sitemap257.xml" "Mozilla/5.0 (Linux; Android 7.0;) AppleWebKit/537.36 (HTML, like Gecko) Mobile Safari/537.36 (compatible; PetalBot;+https://webmaster.petalsearch.com/site/petalbot)"
114.119.158.128 - - [11/Jul/2026:15:17:15 -0400] "GET /?f=2535776941 HTTP/1.1" 200 84 "http://psychologyeng.soulfood.gr/sitemap217.xml" "Mozilla/5.0 (Linux; Android 7.0;) AppleWebKit/537.36 (HTML, like Gecko) Mobile Safari/537.36 (compatible; PetalBot;+https://webmaster.petalsearch.com/site/petalbot)"
114.119.156.225 - - [11/Jul/2026:15:18:39 -0400] "GET /?f=2535776941 HTTP/1.1" 200 84 "http://psychologyeng.soulfood.gr/?sitemap162.xml" "Mozilla/5.0 (Linux; Android 7.0;) AppleWebKit/537.36 (HTML, like Gecko) Mobile Safari/537.36 (compatible; PetalBot;+https://webmaster.petalsearch.com/site/petalbot)"
114.119.136.3 - - [11/Jul/2026:15:11:41 -0400] "GET /?f=2537941531 HTTP/1.1" 200 84 "http://psychologyeng.soulfood.gr/?sitemap162.xml" "Mozilla/5.0 (Linux; Android 7.0;) AppleWebKit/537.36 (HTML, like Gecko) Mobile Safari/537.36 (compatible; PetalBot;+https://webmaster.petalsearch.com/site/petalbot)"
66.249.77.200 - - [11/Jul/2026:15:13:30 -0400] "GET /?f=2073545351 HTTP/1.1" 200 34724 "-" "Mozilla/5.0 (Linux; Android 6.0.1; Nexus 5X Build/MMB29P) AppleWebKit/537.36 (KHTML, like Gecko) Chrome/150.0.7871.46 Mobile Safari/537.36 (compatible; GoogleOther)"
66.249.77.199 - - [11/Jul/2026:15:13:40 -0400] "GET /odr/order/apiGetCartItems/ HTTP/1.1" 200 33925 "http://psychologyeng.soulfood.gr/?f=2073545351" "Mozilla/5.0 (Linux; Android 6.0.1; Nexus 5X Build/MMB29P) AppleWebKit/537.36 (KHTML, like Gecko) Chrome/150.0.7871.46 Mobile Safari/537.36 (compatible; GoogleOther)"
114.119.156.225 - - [11/Jul/2026:15:20:02 -0400] "GET /?f=2534564826 HTTP/1.1" 200 84 "http://psychologyeng.soulfood.gr/sitemap363.xml" "Mozilla/5.0 (Linux; Android 7.0;) AppleWebKit/537.36 (HTML, like Gecko) Mobile Safari/537.36 (compatible; PetalBot;+https://webmaster.petalsearch.com/site/petalbot)"
114.119.139.167 - - [11/Jul/2026:15:22:49 -0400] "GET /?f=2534564826 HTTP/1.1" 200 84 "http://psychologyeng.soulfood.gr/?sitemap162.xml" "Mozilla/5.0 (Linux; Android 7.0;) AppleWebKit/537.36 (HTML, like Gecko) Mobile Safari/537.36 (compatible; PetalBot;+https://webmaster.petalsearch.com/site/petalbot)"
66.249.77.195 - - [11/Jul/2026:15:25:48 -0400] "GET /?f=444104693 HTTP/1.1" 200 33836 "-" "Mozilla/5.0 (Linux; Android 6.0.1; Nexus 5X Build/MMB29P) AppleWebKit/537.36 (KHTML, like Gecko) Chrome/150.0.7871.46 Mobile Safari/537.36 (compatible; Googlebot/2.1; +http://www.google.com/bot.html)"
114.119.156.225 - - [11/Jul/2026:15:27:00 -0400] "GET /?f=2532400252 HTTP/1.1" 200 84 "http://psychologyeng.soulfood.gr/?sitemap892.xml" "Mozilla/5.0 (Linux; Android 7.0;) AppleWebKit/537.36 (HTML, like Gecko) Mobile Safari/537.36 (compatible; PetalBot;+https://webmaster.petalsearch.com/site/petalbot)"
114.119.139.167 - - [11/Jul/2026:15:28:23 -0400] "GET /?f=2532236713 HTTP/1.1" 200 84 "http://psychologyeng.soulfood.gr/?sitemap659.xml" "Mozilla/5.0 (Linux; Android 7.0;) AppleWebKit/537.36 (HTML, like Gecko) Mobile Safari/537.36 (compatible; PetalBot;+https://webmaster.petalsearch.com/site/petalbot)"
114.119.136.3 - - [11/Jul/2026:15:31:10 -0400] "GET /?f=2531024614 HTTP/1.1" 200 84 "http://psychologyeng.soulfood.gr/?sitemap659.xml" "Mozilla/5.0 (Linux; Android 7.0;) AppleWebKit/537.36 (HTML, like Gecko) Mobile Safari/537.36 (compatible; PetalBot;+https://webmaster.petalsearch.com/site/petalbot)"
114.119.153.105 - - [11/Jul/2026:15:35:21 -0400] "GET /?f=252977064 HTTP/1.1" 200 84 "http://psychologyeng.soulfood.gr/?sitemap892.xml" "Mozilla/5.0 (Linux; Android 7.0;) AppleWebKit/537.36 (HTML, like Gecko) Mobile Safari/537.36 (compatible; PetalBot;+https://webmaster.petalsearch.com/site/petalbot)"
114.119.158.128 - - [11/Jul/2026:15:38:08 -0400] "GET /?f=2525223743 HTTP/1.1" 200 84 "http://psychologyeng.soulfood.gr/sitemap1000.xml" "Mozilla/5.0 (Linux; Android 7.0;) AppleWebKit/537.36 (HTML, like Gecko) Mobile Safari/537.36 (compatible; PetalBot;+https://webmaster.petalsearch.com/site/petalbot)"
114.119.154.215 - - [11/Jul/2026:15:40:54 -0400] "GET /?f=2520241135 HTTP/1.1" 200 84 "http://psychologyeng.soulfood.gr/?sitemap162.xml" "Mozilla/5.0 (Linux; Android 7.0;) AppleWebKit/537.36 (HTML, like Gecko) Mobile Safari/537.36 (compatible; PetalBot;+https://webmaster.petalsearch.com/site/petalbot)"
114.119.139.53 - - [11/Jul/2026:15:25:36 -0400] "GET /?f=2534401303 HTTP/1.1" 200 84 "http://psychologyeng.soulfood.gr/?sitemap162.xml" "Mozilla/5.0 (Linux; Android 7.0;) AppleWebKit/537.36 (HTML, like Gecko) Mobile Safari/537.36 (compatible; PetalBot;+https://webmaster.petalsearch.com/site/petalbot)"
114.119.136.3 - - [11/Jul/2026:15:33:57 -0400] "GET /?f=252977064 HTTP/1.1" 200 84 "http://psychologyeng.soulfood.gr/sitemap384.xml" "Mozilla/5.0 (Linux; Android 7.0;) AppleWebKit/537.36 (HTML, like Gecko) Mobile Safari/537.36 (compatible; PetalBot;+https://webmaster.petalsearch.com/site/petalbot)"
114.119.158.128 - - [11/Jul/2026:15:36:44 -0400] "GET /?f=252977064 HTTP/1.1" 200 84 "http://psychologyeng.soulfood.gr/?sitemap162.xml" "Mozilla/5.0 (Linux; Android 7.0;) AppleWebKit/537.36 (HTML, like Gecko) Mobile Safari/537.36 (compatible; PetalBot;+https://webmaster.petalsearch.com/site/petalbot)"
114.119.134.206 - - [11/Jul/2026:15:29:47 -0400] "GET /?f=2531024614 HTTP/1.1" 200 84 "http://psychologyeng.soulfood.gr/?sitemap892.xml" "Mozilla/5.0 (Linux; Android 7.0;) AppleWebKit/537.36 (HTML, like Gecko) Mobile Safari/537.36 (compatible; PetalBot;+https://webmaster.petalsearch.com/site/petalbot)"
114.119.139.53 - - [11/Jul/2026:15:32:34 -0400] "GET /?f=2529812515 HTTP/1.1" 200 84 "http://psychologyeng.soulfood.gr/?sitemap659.xml" "Mozilla/5.0 (Linux; Android 7.0;) AppleWebKit/537.36 (HTML, like Gecko) Mobile Safari/537.36 (compatible; PetalBot;+https://webmaster.petalsearch.com/site/petalbot)"
114.119.139.167 - - [11/Jul/2026:15:39:31 -0400] "GET /?f=2520241135 HTTP/1.1" 200 84 "http://psychologyeng.soulfood.gr/sitemap284.xml" "Mozilla/5.0 (Linux; Android 7.0;) AppleWebKit/537.36 (HTML, like Gecko) Mobile Safari/537.36 (compatible; PetalBot;+https://webmaster.petalsearch.com/site/petalbot)"
66.249.77.193 - - [11/Jul/2026:15:44:47 -0400] "GET /?f=4069472293 HTTP/1.1" 200 33538 "-" "Mozilla/5.0 (Linux; Android 6.0.1; Nexus 5X Build/MMB29P) AppleWebKit/537.36 (KHTML, like Gecko) Chrome/150.0.7871.46 Mobile Safari/537.36 (compatible; Googlebot/2.1; +http://www.google.com/bot.html)"
114.119.153.105 - - [11/Jul/2026:15:46:28 -0400] "GET /?f=2517653398 HTTP/1.1" 200 84 "http://psychologyeng.soulfood.gr/?sitemap162.xml" "Mozilla/5.0 (Linux; Android 7.0;) AppleWebKit/537.36 (HTML, like Gecko) Mobile Safari/537.36 (compatible; PetalBot;+https://webmaster.petalsearch.com/site/petalbot)"
114.119.136.3 - - [11/Jul/2026:15:49:15 -0400] "GET /?f=251764965 HTTP/1.1" 200 84 "http://psychologyeng.soulfood.gr/?sitemap162.xml" "Mozilla/5.0 (Linux; Android 7.0;) AppleWebKit/537.36 (HTML, like Gecko) Mobile Safari/537.36 (compatible; PetalBot;+https://webmaster.petalsearch.com/site/petalbot)"
114.119.136.3 - - [11/Jul/2026:15:52:02 -0400] "GET /?f=2516093774 HTTP/1.1" 200 84 "http://psychologyeng.soulfood.gr/?sitemap659.xml" "Mozilla/5.0 (Linux; Android 7.0;) AppleWebKit/537.36 (HTML, like Gecko) Mobile Safari/537.36 (compatible; PetalBot;+https://webmaster.petalsearch.com/site/petalbot)"
114.119.156.225 - - [11/Jul/2026:15:53:25 -0400] "GET /?f=2514881675 HTTP/1.1" 200 84 "http://psychologyeng.soulfood.gr/?sitemap659.xml" "Mozilla/5.0 (Linux; Android 7.0;) AppleWebKit/537.36 (HTML, like Gecko) Mobile Safari/537.36 (compatible; PetalBot;+https://webmaster.petalsearch.com/site/petalbot)"
114.119.139.53 - - [11/Jul/2026:15:57:35 -0400] "GET /?f=2512457461 HTTP/1.1" 200 84 "http://psychologyeng.soulfood.gr/sitemap211.xml" "Mozilla/5.0 (Linux; Android 7.0;) AppleWebKit/537.36 (HTML, like Gecko) Mobile Safari/537.36 (compatible; PetalBot;+https://webmaster.petalsearch.com/site/petalbot)"
216.244.66.198 - - [11/Jul/2026:15:44:15 -0400] "GET /tags/38-stress?format=feed&type=rss HTTP/1.1" 200 84 "-" "Mozilla/5.0 (compatible; DotBot/1.2; +https://opensiteexplorer.org/dotbot; help@moz.com)"
216.244.66.198 - - [11/Jul/2026:15:44:20 -0400] "GET /tags/49-%CE%AD%CF%81%CF%89%CF%84%CE%B1%CF%82?format=feed&type=atom HTTP/1.1" 200 84 "-" "Mozilla/5.0 (compatible; DotBot/1.2; +https://opensiteexplorer.org/dotbot; help@moz.com)"
114.119.139.53 - - [11/Jul/2026:15:45:05 -0400] "GET /?f=2517816921 HTTP/1.1" 200 84 "http://psychologyeng.soulfood.gr/?sitemap162.xml" "Mozilla/5.0 (Linux; Android 7.0;) AppleWebKit/537.36 (HTML, like Gecko) Mobile Safari/537.36 (compatible; PetalBot;+https://webmaster.petalsearch.com/site/petalbot)"
114.119.158.128 - - [11/Jul/2026:15:47:53 -0400] "GET /?f=251764965 HTTP/1.1" 200 84 "http://psychologyeng.soulfood.gr/sitemap288.xml" "Mozilla/5.0 (Linux; Android 7.0;) AppleWebKit/537.36 (HTML, like Gecko) Mobile Safari/537.36 (compatible; PetalBot;+https://webmaster.petalsearch.com/site/petalbot)"
114.119.134.206 - - [11/Jul/2026:15:54:49 -0400] "GET /?f=2513669560 HTTP/1.1" 200 84 "http://psychologyeng.soulfood.gr/sitemap1000.xml" "Mozilla/5.0 (Linux; Android 7.0;) AppleWebKit/537.36 (HTML, like Gecko) Mobile Safari/537.36 (compatible; PetalBot;+https://webmaster.petalsearch.com/site/petalbot)"
66.249.77.198 - - [11/Jul/2026:15:56:06 -0400] "GET /robots.txt HTTP/1.1" 304 0 "-" "Mozilla/5.0 (compatible; Googlebot/2.1; +http://www.google.com/bot.html)"
114.119.139.167 - - [11/Jul/2026:15:56:12 -0400] "GET /?f=2513669560 HTTP/1.1" 200 84 "http://psychologyeng.soulfood.gr/?sitemap659.xml" "Mozilla/5.0 (Linux; Android 7.0;) AppleWebKit/537.36 (HTML, like Gecko) Mobile Safari/537.36 (compatible; PetalBot;+https://webmaster.petalsearch.com/site/petalbot)"
114.119.134.206 - - [11/Jul/2026:15:42:18 -0400] "GET /?f=2519029036 HTTP/1.1" 200 84 "http://psychologyeng.soulfood.gr/sitemap38.xml" "Mozilla/5.0 (Linux; Android 7.0;) AppleWebKit/537.36 (HTML, like Gecko) Mobile Safari/537.36 (compatible; PetalBot;+https://webmaster.petalsearch.com/site/petalbot)"
114.119.158.128 - - [11/Jul/2026:15:43:41 -0400] "GET /?f=2519029036 HTTP/1.1" 200 84 "http://psychologyeng.soulfood.gr/?sitemap162.xml" "Mozilla/5.0 (Linux; Android 7.0;) AppleWebKit/537.36 (HTML, like Gecko) Mobile Safari/537.36 (compatible; PetalBot;+https://webmaster.petalsearch.com/site/petalbot)"
114.119.156.225 - - [11/Jul/2026:15:50:38 -0400] "GET /?f=2516093774 HTTP/1.1" 200 84 "http://psychologyeng.soulfood.gr/?sitemap892.xml" "Mozilla/5.0 (Linux; Android 7.0;) AppleWebKit/537.36 (HTML, like Gecko) Mobile Safari/537.36 (compatible; PetalBot;+https://webmaster.petalsearch.com/site/petalbot)"
66.249.77.199 - - [11/Jul/2026:15:56:07 -0400] "GET /?f=2229005170 HTTP/1.1" 200 34041 "-" "Mozilla/5.0 (Linux; Android 6.0.1; Nexus 5X Build/MMB29P) AppleWebKit/537.36 (KHTML, like Gecko) Chrome/150.0.7871.46 Mobile Safari/537.36 (compatible; Googlebot/2.1; +http://www.google.com/bot.html)"
114.119.139.53 - - [11/Jul/2026:16:00:24 -0400] "GET /?f=2510129348 HTTP/1.1" 200 84 "http://psychologyeng.soulfood.gr/sitemap1000.xml" "Mozilla/5.0 (Linux; Android 7.0;) AppleWebKit/537.36 (HTML, like Gecko) Mobile Safari/537.36 (compatible; PetalBot;+https://webmaster.petalsearch.com/site/petalbot)"
114.119.136.3 - - [11/Jul/2026:16:03:11 -0400] "GET /?f=250812474 HTTP/1.1" 200 84 "http://psychologyeng.soulfood.gr/sitemap1000.xml" "Mozilla/5.0 (Linux; Android 7.0;) AppleWebKit/537.36 (HTML, like Gecko) Mobile Safari/537.36 (compatible; PetalBot;+https://webmaster.petalsearch.com/site/petalbot)"
114.119.153.105 - - [11/Jul/2026:16:04:34 -0400] "GET /?f=2503934657 HTTP/1.1" 200 84 "http://psychologyeng.soulfood.gr/sitemap38.xml" "Mozilla/5.0 (Linux; Android 7.0;) AppleWebKit/537.36 (HTML, like Gecko) Mobile Safari/537.36 (compatible; PetalBot;+https://webmaster.petalsearch.com/site/petalbot)"
114.119.154.215 - - [11/Jul/2026:16:05:58 -0400] "GET /?f=2503934657 HTTP/1.1" 200 84 "http://psychologyeng.soulfood.gr/?sitemap162.xml" "Mozilla/5.0 (Linux; Android 7.0;) AppleWebKit/537.36 (HTML, like Gecko) Mobile Safari/537.36 (compatible; PetalBot;+https://webmaster.petalsearch.com/site/petalbot)"
114.119.136.3 - - [11/Jul/2026:16:08:45 -0400] "GET /?f=2501510459 HTTP/1.1" 200 84 "http://psychologyeng.soulfood.gr/sitemap38.xml" "Mozilla/5.0 (Linux; Android 7.0;) AppleWebKit/537.36 (HTML, like Gecko) Mobile Safari/537.36 (compatible; PetalBot;+https://webmaster.petalsearch.com/site/petalbot)"
66.249.77.200 - - [11/Jul/2026:16:14:13 -0400] "GET /?f=485045965 HTTP/1.1" 200 34612 "-" "Mozilla/5.0 (Linux; Android 6.0.1; Nexus 5X Build/MMB29P) AppleWebKit/537.36 (KHTML, like Gecko) Chrome/150.0.7871.46 Mobile Safari/537.36 (compatible; Googlebot/2.1; +http://www.google.com/bot.html)"
114.119.156.225 - - [11/Jul/2026:15:59:00 -0400] "GET /?f=2512457461 HTTP/1.1" 200 84 "http://psychologyeng.soulfood.gr/?sitemap162.xml" "Mozilla/5.0 (Linux; Android 7.0;) AppleWebKit/537.36 (HTML, like Gecko) Mobile Safari/537.36 (compatible; PetalBot;+https://webmaster.petalsearch.com/site/petalbot)"
66.249.77.193 - - [11/Jul/2026:16:02:00 -0400] "GET /?f=2493620603 HTTP/1.1" 200 37117 "-" "Mozilla/5.0 (Linux; Android 6.0.1; Nexus 5X Build/MMB29P) AppleWebKit/537.36 (KHTML, like Gecko) Chrome/150.0.7871.46 Mobile Safari/537.36 (compatible; Googlebot/2.1; +http://www.google.com/bot.html)"
66.249.77.200 - - [11/Jul/2026:16:09:16 -0400] "GET /?f=4101666879 HTTP/1.1" 200 34232 "-" "Mozilla/5.0 (Linux; Android 6.0.1; Nexus 5X Build/MMB29P) AppleWebKit/537.36 (KHTML, like Gecko) Chrome/150.0.7871.46 Mobile Safari/537.36 (compatible; Googlebot/2.1; +http://www.google.com/bot.html)"
114.119.139.167 - - [11/Jul/2026:16:11:32 -0400] "GET /?f=25001926 HTTP/1.1" 200 84 "http://psychologyeng.soulfood.gr/sitemap284.xml" "Mozilla/5.0 (Linux; Android 7.0;) AppleWebKit/537.36 (HTML, like Gecko) Mobile Safari/537.36 (compatible; PetalBot;+https://webmaster.petalsearch.com/site/petalbot)"
114.119.139.167 - - [11/Jul/2026:16:14:19 -0400] "GET /?f=2499345869 HTTP/1.1" 200 84 "http://psychologyeng.soulfood.gr/sitemap387.xml" "Mozilla/5.0 (Linux; Android 7.0;) AppleWebKit/537.36 (HTML, like Gecko) Mobile Safari/537.36 (compatible; PetalBot;+https://webmaster.petalsearch.com/site/petalbot)"
114.119.153.105 - - [11/Jul/2026:16:01:47 -0400] "GET /?f=2508917265 HTTP/1.1" 200 84 "http://psychologyeng.soulfood.gr/?sitemap892.xml" "Mozilla/5.0 (Linux; Android 7.0;) AppleWebKit/537.36 (HTML, like Gecko) Mobile Safari/537.36 (compatible; PetalBot;+https://webmaster.petalsearch.com/site/petalbot)"
114.119.154.215 - - [11/Jul/2026:16:07:21 -0400] "GET /?f=2502722558 HTTP/1.1" 200 84 "http://psychologyeng.soulfood.gr/?sitemap162.xml" "Mozilla/5.0 (Linux; Android 7.0;) AppleWebKit/537.36 (HTML, like Gecko) Mobile Safari/537.36 (compatible; PetalBot;+https://webmaster.petalsearch.com/site/petalbot)"
114.119.136.3 - - [11/Jul/2026:16:10:08 -0400] "GET /?f=2501510459 HTTP/1.1" 200 84 "http://psychologyeng.soulfood.gr/?sitemap162.xml" "Mozilla/5.0 (Linux; Android 7.0;) AppleWebKit/537.36 (HTML, like Gecko) Mobile Safari/537.36 (compatible; PetalBot;+https://webmaster.petalsearch.com/site/petalbot)"
66.249.77.200 - - [11/Jul/2026:16:11:20 -0400] "GET /?f=786761736 HTTP/1.1" 200 33151 "-" "Mozilla/5.0 (Linux; Android 6.0.1; Nexus 5X Build/MMB29P) AppleWebKit/537.36 (KHTML, like Gecko) Chrome/150.0.7871.46 Mobile Safari/537.36 (compatible; Googlebot/2.1; +http://www.google.com/bot.html)"
114.119.154.215 - - [11/Jul/2026:16:12:55 -0400] "GET /?f=25001926 HTTP/1.1" 200 84 "http://psychologyeng.soulfood.gr/?sitemap162.xml" "Mozilla/5.0 (Linux; Android 7.0;) AppleWebKit/537.36 (HTML, like Gecko) Mobile Safari/537.36 (compatible; PetalBot;+https://webmaster.petalsearch.com/site/petalbot)"
114.119.156.225 - - [11/Jul/2026:16:15:42 -0400] "GET /?f=2499345869 HTTP/1.1" 200 84 "http://psychologyeng.soulfood.gr/sitemap1000.xml" "Mozilla/5.0 (Linux; Android 7.0;) AppleWebKit/537.36 (HTML, like Gecko) Mobile Safari/537.36 (compatible; PetalBot;+https://webmaster.petalsearch.com/site/petalbot)"
114.119.136.3 - - [11/Jul/2026:16:17:06 -0400] "GET /?f=2499345869 HTTP/1.1" 200 84 "http://psychologyeng.soulfood.gr/?sitemap162.xml" "Mozilla/5.0 (Linux; Android 7.0;) AppleWebKit/537.36 (HTML, like Gecko) Mobile Safari/537.36 (compatible; PetalBot;+https://webmaster.petalsearch.com/site/petalbot)"
114.119.153.105 - - [11/Jul/2026:16:19:53 -0400] "GET /?f=2498133754 HTTP/1.1" 200 84 "http://psychologyeng.soulfood.gr/?sitemap162.xml" "Mozilla/5.0 (Linux; Android 7.0;) AppleWebKit/537.36 (HTML, like Gecko) Mobile Safari/537.36 (compatible; PetalBot;+https://webmaster.petalsearch.com/site/petalbot)"
114.119.136.3 - - [11/Jul/2026:16:24:03 -0400] "GET /?f=2496921655 HTTP/1.1" 200 84 "http://psychologyeng.soulfood.gr/?sitemap162.xml" "Mozilla/5.0 (Linux; Android 7.0;) AppleWebKit/537.36 (HTML, like Gecko) Mobile Safari/537.36 (compatible; PetalBot;+https://webmaster.petalsearch.com/site/petalbot)"
66.249.77.194 - - [11/Jul/2026:16:25:08 -0400] "GET /?f=1482981645 HTTP/1.1" 200 34420 "-" "Mozilla/5.0 (Linux; Android 6.0.1; Nexus 5X Build/MMB29P) AppleWebKit/537.36 (KHTML, like Gecko) Chrome/150.0.7871.46 Mobile Safari/537.36 (compatible; Googlebot/2.1; +http://www.google.com/bot.html)"
114.119.139.53 - - [11/Jul/2026:16:31:01 -0400] "GET /?f=2494757065 HTTP/1.1" 200 84 "http://psychologyeng.soulfood.gr/?sitemap70.xml" "Mozilla/5.0 (Linux; Android 7.0;) AppleWebKit/537.36 (HTML, like Gecko) Mobile Safari/537.36 (compatible; PetalBot;+https://webmaster.petalsearch.com/site/petalbot)"
114.119.158.128 - - [11/Jul/2026:16:18:29 -0400] "GET /?f=2498133754 HTTP/1.1" 200 84 "http://psychologyeng.soulfood.gr/sitemap284.xml" "Mozilla/5.0 (Linux; Android 7.0;) AppleWebKit/537.36 (HTML, like Gecko) Mobile Safari/537.36 (compatible; PetalBot;+https://webmaster.petalsearch.com/site/petalbot)"
66.249.77.198 - - [11/Jul/2026:16:19:36 -0400] "GET /?f=4083136097 HTTP/1.1" 200 33120 "-" "Mozilla/5.0 (Linux; Android 6.0.1; Nexus 5X Build/MMB29P) AppleWebKit/537.36 (KHTML, like Gecko) Chrome/150.0.7871.46 Mobile Safari/537.36 (compatible; Googlebot/2.1; +http://www.google.com/bot.html)"
114.119.136.3 - - [11/Jul/2026:16:26:50 -0400] "GET /?f=2495709556 HTTP/1.1" 200 84 "http://psychologyeng.soulfood.gr/sitemap284.xml" "Mozilla/5.0 (Linux; Android 7.0;) AppleWebKit/537.36 (HTML, like Gecko) Mobile Safari/537.36 (compatible; PetalBot;+https://webmaster.petalsearch.com/site/petalbot)"
66.249.77.200 - - [11/Jul/2026:16:17:17 -0400] "GET /?f=2716284500 HTTP/1.1" 200 34036 "-" "Mozilla/5.0 (Linux; Android 6.0.1; Nexus 5X Build/MMB29P) AppleWebKit/537.36 (KHTML, like Gecko) Chrome/150.0.7871.46 Mobile Safari/537.36 (compatible; Googlebot/2.1; +http://www.google.com/bot.html)"
66.249.77.199 - - [11/Jul/2026:16:22:06 -0400] "GET /?f=3163147363 HTTP/1.1" 200 34858 "-" "Mozilla/5.0 (Linux; Android 6.0.1; Nexus 5X Build/MMB29P) AppleWebKit/537.36 (KHTML, like Gecko) Chrome/150.0.7871.46 Mobile Safari/537.36 (compatible; Googlebot/2.1; +http://www.google.com/bot.html)"
114.119.158.128 - - [11/Jul/2026:16:25:27 -0400] "GET /?f=249600375 HTTP/1.1" 200 84 "http://psychologyeng.soulfood.gr/?sitemap892.xml" "Mozilla/5.0 (Linux; Android 7.0;) AppleWebKit/537.36 (HTML, like Gecko) Mobile Safari/537.36 (compatible; PetalBot;+https://webmaster.petalsearch.com/site/petalbot)"
114.119.139.167 - - [11/Jul/2026:16:28:14 -0400] "GET /?f=2495709556 HTTP/1.1" 200 84 "http://psychologyeng.soulfood.gr/?sitemap162.xml" "Mozilla/5.0 (Linux; Android 7.0;) AppleWebKit/537.36 (HTML, like Gecko) Mobile Safari/537.36 (compatible; PetalBot;+https://webmaster.petalsearch.com/site/petalbot)"
114.119.158.128 - - [11/Jul/2026:16:29:37 -0400] "GET /?f=2494757065 HTTP/1.1" 200 84 "http://psychologyeng.soulfood.gr/sitemap38.xml" "Mozilla/5.0 (Linux; Android 7.0;) AppleWebKit/537.36 (HTML, like Gecko) Mobile Safari/537.36 (compatible; PetalBot;+https://webmaster.petalsearch.com/site/petalbot)"
114.119.153.105 - - [11/Jul/2026:16:39:22 -0400] "GET /?f=2493381443 HTTP/1.1" 200 84 "http://psychologyeng.soulfood.gr/sitemap401.xml" "Mozilla/5.0 (Linux; Android 7.0;) AppleWebKit/537.36 (HTML, like Gecko) Mobile Safari/537.36 (compatible; PetalBot;+https://webmaster.petalsearch.com/site/petalbot)"
114.119.153.105 - - [11/Jul/2026:16:40:45 -0400] "GET /?f=2493381443 HTTP/1.1" 200 84 "http://psychologyeng.soulfood.gr/sitemap115.xml" "Mozilla/5.0 (Linux; Android 7.0;) AppleWebKit/537.36 (HTML, like Gecko) Mobile Safari/537.36 (compatible; PetalBot;+https://webmaster.petalsearch.com/site/petalbot)"
66.249.77.195 - - [11/Jul/2026:16:45:28 -0400] "GET /?f=4228899871 HTTP/1.1" 200 33717 "-" "Mozilla/5.0 (Linux; Android 6.0.1; Nexus 5X Build/MMB29P) AppleWebKit/537.36 (KHTML, like Gecko) Chrome/150.0.7871.46 Mobile Safari/537.36 (compatible; Googlebot/2.1; +http://www.google.com/bot.html)"
66.249.77.193 - - [11/Jul/2026:16:47:51 -0400] "GET /?f=2468088334 HTTP/1.1" 200 34017 "-" "Mozilla/5.0 (Linux; Android 6.0.1; Nexus 5X Build/MMB29P) AppleWebKit/537.36 (KHTML, like Gecko) Chrome/150.0.7871.46 Mobile Safari/537.36 (compatible; Googlebot/2.1; +http://www.google.com/bot.html)"
114.119.153.105 - - [11/Jul/2026:16:32:24 -0400] "GET /?f=2494757065 HTTP/1.1" 200 84 "http://psychologyeng.soulfood.gr/?sitemap162.xml" "Mozilla/5.0 (Linux; Android 7.0;) AppleWebKit/537.36 (HTML, like Gecko) Mobile Safari/537.36 (compatible; PetalBot;+https://webmaster.petalsearch.com/site/petalbot)"
114.119.154.215 - - [11/Jul/2026:16:33:48 -0400] "GET /?f=2494593542 HTTP/1.1" 200 84 "http://psychologyeng.soulfood.gr/sitemap402.xml" "Mozilla/5.0 (Linux; Android 8.0.0; SM-G955U Build/R16NW) AppleWebKit/537.36 (KHTML, like Gecko) Chrome/148.0.0.0 Mobile Safari/537.36"
114.119.139.167 - - [11/Jul/2026:16:35:11 -0400] "GET /?f=2494593542 HTTP/1.1" 200 84 "http://psychologyeng.soulfood.gr/sitemap266.xml" "Mozilla/5.0 (Linux; Android 7.0;) AppleWebKit/537.36 (HTML, like Gecko) Mobile Safari/537.36 (compatible; PetalBot;+https://webmaster.petalsearch.com/site/petalbot)"
66.249.77.199 - - [11/Jul/2026:16:41:07 -0400] "GET /?f=2451796524 HTTP/1.1" 200 33391 "-" "Mozilla/5.0 (Linux; Android 6.0.1; Nexus 5X Build/MMB29P) AppleWebKit/537.36 (KHTML, like Gecko) Chrome/150.0.7871.46 Mobile Safari/537.36 (compatible; Googlebot/2.1; +http://www.google.com/bot.html)"
114.119.139.53 - - [11/Jul/2026:16:42:09 -0400] "GET /?f=2493381443 HTTP/1.1" 200 84 "http://psychologyeng.soulfood.gr/?sitemap162.xml" "Mozilla/5.0 (Linux; Android 7.0;) AppleWebKit/537.36 (HTML, like Gecko) Mobile Safari/537.36 (compatible; PetalBot;+https://webmaster.petalsearch.com/site/petalbot)"
114.119.134.206 - - [11/Jul/2026:16:43:32 -0400] "GET /?f=2492169360 HTTP/1.1" 200 84 "http://psychologyeng.soulfood.gr/sitemap288.xml" "Mozilla/5.0 (Linux; Android 7.0;) AppleWebKit/537.36 (HTML, like Gecko) Mobile Safari/537.36 (compatible; PetalBot;+https://webmaster.petalsearch.com/site/petalbot)"
114.119.156.225 - - [11/Jul/2026:16:44:56 -0400] "GET /?f=2492169360 HTTP/1.1" 200 84 "http://psychologyeng.soulfood.gr/?sitemap162.xml" "Mozilla/5.0 (Linux; Android 7.0;) AppleWebKit/537.36 (HTML, like Gecko) Mobile Safari/537.36 (compatible; PetalBot;+https://webmaster.petalsearch.com/site/petalbot)"
114.119.158.128 - - [11/Jul/2026:16:46:19 -0400] "GET /?f=2491216853 HTTP/1.1" 200 84 "http://psychologyeng.soulfood.gr/?sitemap892.xml" "Mozilla/5.0 (Linux; Android 7.0;) AppleWebKit/537.36 (HTML, like Gecko) Mobile Safari/537.36 (compatible; PetalBot;+https://webmaster.petalsearch.com/site/petalbot)"
114.119.153.105 - - [11/Jul/2026:16:47:43 -0400] "GET /?f=2490004770 HTTP/1.1" 200 84 "http://psychologyeng.soulfood.gr/?sitemap659.xml" "Mozilla/5.0 (Linux; Android 7.0;) AppleWebKit/537.36 (HTML, like Gecko) Mobile Safari/537.36 (compatible; PetalBot;+https://webmaster.petalsearch.com/site/petalbot)"
114.119.158.128 - - [11/Jul/2026:16:36:35 -0400] "GET /?f=2494593542 HTTP/1.1" 200 84 "http://psychologyeng.soulfood.gr/?sitemap162.xml" "Mozilla/5.0 (Linux; Android 7.0;) AppleWebKit/537.36 (HTML, like Gecko) Mobile Safari/537.36 (compatible; PetalBot;+https://webmaster.petalsearch.com/site/petalbot)"
114.119.139.53 - - [11/Jul/2026:16:37:58 -0400] "GET /?f=249436852 HTTP/1.1" 200 84 "http://psychologyeng.soulfood.gr/?sitemap659.xml" "Mozilla/5.0 (Linux; Android 7.0;) AppleWebKit/537.36 (HTML, like Gecko) Mobile Safari/537.36 (compatible; PetalBot;+https://webmaster.petalsearch.com/site/petalbot)"
66.249.77.198 - - [11/Jul/2026:16:38:48 -0400] "GET /?f=368158649 HTTP/1.1" 200 34076 "-" "Mozilla/5.0 (Linux; Android 6.0.1; Nexus 5X Build/MMB29P) AppleWebKit/537.36 (KHTML, like Gecko) Chrome/150.0.7871.46 Mobile Safari/537.36 (compatible; Googlebot/2.1; +http://www.google.com/bot.html)"
66.249.77.200 - - [11/Jul/2026:16:43:24 -0400] "GET /?f=1938905189 HTTP/1.1" 200 34842 "-" "Mozilla/5.0 (Linux; Android 6.0.1; Nexus 5X Build/MMB29P) AppleWebKit/537.36 (KHTML, like Gecko) Chrome/150.0.7871.46 Mobile Safari/537.36 (compatible; Googlebot/2.1; +http://www.google.com/bot.html)"
114.119.158.128 - - [11/Jul/2026:16:51:54 -0400] "GET /?f=2487580572 HTTP/1.1" 200 84 "http://psychologyeng.soulfood.gr/?sitemap257.xml" "Mozilla/5.0 (Linux; Android 7.0;) AppleWebKit/537.36 (HTML, like Gecko) Mobile Safari/537.36 (compatible; PetalBot;+https://webmaster.petalsearch.com/site/petalbot)"
114.119.136.3 - - [11/Jul/2026:16:54:42 -0400] "GET /?f=248224769 HTTP/1.1" 200 84 "http://psychologyeng.soulfood.gr/sitemap1000.xml" "Mozilla/5.0 (Linux; Android 7.0;) AppleWebKit/537.36 (HTML, like Gecko) Mobile Safari/537.36 (compatible; PetalBot;+https://webmaster.petalsearch.com/site/petalbot)"
114.119.134.206 - - [11/Jul/2026:16:58:51 -0400] "GET /?f=2480222228 HTTP/1.1" 200 84 "http://psychologyeng.soulfood.gr/?sitemap892.xml" "Mozilla/5.0 (Linux; Android 7.0;) AppleWebKit/537.36 (HTML, like Gecko) Mobile Safari/537.36 (compatible; PetalBot;+https://webmaster.petalsearch.com/site/petalbot)"
114.119.139.167 - - [11/Jul/2026:17:03:01 -0400] "GET /?f=2474027537 HTTP/1.1" 200 84 "http://psychologyeng.soulfood.gr/?sitemap162.xml" "Mozilla/5.0 (Linux; Android 7.0;) AppleWebKit/537.36 (HTML, like Gecko) Mobile Safari/537.36 (compatible; PetalBot;+https://webmaster.petalsearch.com/site/petalbot)"
114.119.158.128 - - [11/Jul/2026:16:57:27 -0400] "GET /?f=2481434327 HTTP/1.1" 200 84 "http://psychologyeng.soulfood.gr/?sitemap892.xml" "Mozilla/5.0 (Linux; Android 7.0;) AppleWebKit/537.36 (HTML, like Gecko) Mobile Safari/537.36 (compatible; PetalBot;+https://webmaster.petalsearch.com/site/petalbot)"
66.249.77.199 - - [11/Jul/2026:16:58:24 -0400] "GET /?f=474535466 HTTP/1.1" 200 34317 "-" "Mozilla/5.0 (Linux; Android 6.0.1; Nexus 5X Build/MMB29P) AppleWebKit/537.36 (KHTML, like Gecko) Chrome/150.0.7871.46 Mobile Safari/537.36 (compatible; Googlebot/2.1; +http://www.google.com/bot.html)"
114.119.139.53 - - [11/Jul/2026:17:00:14 -0400] "GET /?f=2479010145 HTTP/1.1" 200 84 "http://psychologyeng.soulfood.gr/?sitemap659.xml" "Mozilla/5.0 (Linux; Android 7.0;) AppleWebKit/537.36 (HTML, like Gecko) Mobile Safari/537.36 (compatible; PetalBot;+https://webmaster.petalsearch.com/site/petalbot)"
66.249.77.198 - - [11/Jul/2026:17:03:35 -0400] "GET /?f=1544541053 HTTP/1.1" 200 34291 "-" "Mozilla/5.0 (Linux; Android 6.0.1; Nexus 5X Build/MMB29P) AppleWebKit/537.36 (KHTML, like Gecko) Chrome/150.0.7871.46 Mobile Safari/537.36 (compatible; Googlebot/2.1; +http://www.google.com/bot.html)"
114.119.136.3 - - [11/Jul/2026:16:49:06 -0400] "GET /?f=2488792671 HTTP/1.1" 200 84 "http://psychologyeng.soulfood.gr/?sitemap659.xml" "Mozilla/5.0 (Linux; Android 7.0;) AppleWebKit/537.36 (HTML, like Gecko) Mobile Safari/537.36 (compatible; PetalBot;+https://webmaster.petalsearch.com/site/petalbot)"
66.249.77.195 - - [11/Jul/2026:16:50:12 -0400] "GET /?f=1098152637 HTTP/1.1" 200 34009 "-" "Mozilla/5.0 (Linux; Android 6.0.1; Nexus 5X Build/MMB29P) AppleWebKit/537.36 (KHTML, like Gecko) Chrome/150.0.7871.46 Mobile Safari/537.36 (compatible; Googlebot/2.1; +http://www.google.com/bot.html)"
114.119.154.215 - - [11/Jul/2026:16:50:29 -0400] "GET /?f=2487580572 HTTP/1.1" 200 84 "http://psychologyeng.soulfood.gr/sitemap379.xml" "Mozilla/5.0 (Linux; Android 7.0;) AppleWebKit/537.36 (HTML, like Gecko) Mobile Safari/537.36 (compatible; PetalBot;+https://webmaster.petalsearch.com/site/petalbot)"
114.119.139.53 - - [11/Jul/2026:16:53:17 -0400] "GET /?f=2484040344 HTTP/1.1" 200 84 "http://psychologyeng.soulfood.gr/?sitemap892.xml" "Mozilla/5.0 (Linux; Android 7.0;) AppleWebKit/537.36 (HTML, like Gecko) Mobile Safari/537.36 (compatible; PetalBot;+https://webmaster.petalsearch.com/site/petalbot)"
66.249.77.200 - - [11/Jul/2026:16:54:07 -0400] "GET /?f=927331788 HTTP/1.1" 200 34277 "-" "Mozilla/5.0 (Linux; Android 6.0.1; Nexus 5X Build/MMB29P) AppleWebKit/537.36 (KHTML, like Gecko) Chrome/150.0.7871.46 Mobile Safari/537.36 (compatible; Googlebot/2.1; +http://www.google.com/bot.html)"
114.119.139.167 - - [11/Jul/2026:16:56:04 -0400] "GET /?f=248224769 HTTP/1.1" 200 84 "http://psychologyeng.soulfood.gr/?sitemap659.xml" "Mozilla/5.0 (Linux; Android 7.0;) AppleWebKit/537.36 (HTML, like Gecko) Mobile Safari/537.36 (compatible; PetalBot;+https://webmaster.petalsearch.com/site/petalbot)"
114.119.158.128 - - [11/Jul/2026:17:01:37 -0400] "GET /?f=2474027537 HTTP/1.1" 200 84 "http://psychologyeng.soulfood.gr/sitemap115.xml" "Mozilla/5.0 (Linux; Android 7.0;) AppleWebKit/537.36 (HTML, like Gecko) Mobile Safari/537.36 (compatible; PetalBot;+https://webmaster.petalsearch.com/site/petalbot)"
114.119.139.167 - - [11/Jul/2026:17:04:25 -0400] "GET /?f=2472815438 HTTP/1.1" 200 84 "http://psychologyeng.soulfood.gr/sitemap28.xml" "Mozilla/5.0 (Linux; Android 7.0;) AppleWebKit/537.36 (HTML, like Gecko) Mobile Safari/537.36 (compatible; PetalBot;+https://webmaster.petalsearch.com/site/petalbot)"
114.119.142.73 - - [11/Jul/2026:17:13:04 -0400] "GET /sitemap-subitems-1531.xml HTTP/1.1" 200 13687 "-" "Mozilla/5.0 (Linux; Android 7.0;) AppleWebKit/537.36 (KHTML, like Gecko) Mobile Safari/537.36 (compatible; PetalBot;+https://webmaster.petalsearch.com/site/petalbot)"
66.249.77.200 - - [11/Jul/2026:17:06:50 -0400] "GET /?f=1101700170 HTTP/1.1" 200 32652 "-" "Mozilla/5.0 (Linux; Android 6.0.1; Nexus 5X Build/MMB29P) AppleWebKit/537.36 (KHTML, like Gecko) Chrome/150.0.7871.46 Mobile Safari/537.36 (compatible; Googlebot/2.1; +http://www.google.com/bot.html)"
66.249.77.199 - - [11/Jul/2026:17:11:06 -0400] "GET /?f=2371576577 HTTP/1.1" 200 37792 "-" "Mozilla/5.0 (Linux; Android 6.0.1; Nexus 5X Build/MMB29P) AppleWebKit/537.36 (KHTML, like Gecko) Chrome/150.0.7871.46 Mobile Safari/537.36 (compatible; Googlebot/2.1; +http://www.google.com/bot.html)"
114.119.134.206 - - [11/Jul/2026:17:05:48 -0400] "GET /?f=2469438749 HTTP/1.1" 200 84 "http://psychologyeng.soulfood.gr/sitemap28.xml" "Mozilla/5.0 (Linux; Android 7.0;) AppleWebKit/537.36 (HTML, like Gecko) Mobile Safari/537.36 (compatible; PetalBot;+https://webmaster.petalsearch.com/site/petalbot)"
114.119.154.181 - - [11/Jul/2026:17:12:16 -0400] "GET /sitemap-subitems-1580.xml HTTP/1.1" 200 13679 "-" "Mozilla/5.0 (Linux; Android 7.0;) AppleWebKit/537.36 (KHTML, like Gecko) Mobile Safari/537.36 (compatible; PetalBot;+https://webmaster.petalsearch.com/site/petalbot)"
114.119.158.204 - - [11/Jul/2026:17:14:02 -0400] "GET /sitemap-subitems-1550.xml HTTP/1.1" 200 13689 "-" "Mozilla/5.0 (Linux; Android 7.0;) AppleWebKit/537.36 (KHTML, like Gecko) Mobile Safari/537.36 (compatible; PetalBot;+https://webmaster.petalsearch.com/site/petalbot)"
114.119.139.167 - - [11/Jul/2026:17:14:56 -0400] "GET /?f=997697884 HTTP/1.1" 200 84 "http://psychologyeng.soulfood.gr/sitemap-subitems-1580.xml" "Mozilla/5.0 (Linux; Android 7.0;) AppleWebKit/537.36 (HTML, like Gecko) Mobile Safari/537.36 (compatible; PetalBot;+https://webmaster.petalsearch.com/site/petalbot)"
114.119.136.3 - - [11/Jul/2026:17:17:42 -0400] "GET /?f=996485769 HTTP/1.1" 200 84 "http://psychologyeng.soulfood.gr/sitemap-subitems-1580.xml" "Mozilla/5.0 (Linux; Android 7.0;) AppleWebKit/537.36 (HTML, like Gecko) Mobile Safari/537.36 (compatible; PetalBot;+https://webmaster.petalsearch.com/site/petalbot)"
114.119.139.167 - - [11/Jul/2026:17:19:06 -0400] "GET /?f=996365761 HTTP/1.1" 200 84 "http://psychologyeng.soulfood.gr/sitemap-subitems-1531.xml" "Mozilla/5.0 (Linux; Android 7.0;) AppleWebKit/537.36 (HTML, like Gecko) Mobile Safari/537.36 (compatible; PetalBot;+https://webmaster.petalsearch.com/site/petalbot)"
114.119.156.225 - - [11/Jul/2026:17:20:29 -0400] "GET /?f=995273670 HTTP/1.1" 200 84 "http://psychologyeng.soulfood.gr/sitemap-subitems-1580.xml" "Mozilla/5.0 (Linux; Android 7.0;) AppleWebKit/537.36 (HTML, like Gecko) Mobile Safari/537.36 (compatible; PetalBot;+https://webmaster.petalsearch.com/site/petalbot)"
114.119.139.167 - - [11/Jul/2026:17:16:19 -0400] "GET /?f=997577844 HTTP/1.1" 200 84 "http://psychologyeng.soulfood.gr/sitemap-subitems-1531.xml" "Mozilla/5.0 (Linux; Android 7.0;) AppleWebKit/537.36 (HTML, like Gecko) Mobile Safari/537.36 (compatible; PetalBot;+https://webmaster.petalsearch.com/site/petalbot)"
114.119.134.206 - - [11/Jul/2026:17:21:53 -0400] "GET /?f=994037648 HTTP/1.1" 200 84 "http://psychologyeng.soulfood.gr/sitemap-subitems-1531.xml" "Mozilla/5.0 (Linux; Android 7.0;) AppleWebKit/537.36 (HTML, like Gecko) Mobile Safari/537.36 (compatible; PetalBot;+https://webmaster.petalsearch.com/site/petalbot)"
114.119.153.105 - - [11/Jul/2026:17:23:16 -0400] "GET /?f=993109080 HTTP/1.1" 200 84 "http://psychologyeng.soulfood.gr/sitemap-subitems-1580.xml" "Mozilla/5.0 (Linux; Android 7.0;) AppleWebKit/537.36 (HTML, like Gecko) Mobile Safari/537.36 (compatible; PetalBot;+https://webmaster.petalsearch.com/site/petalbot)"
114.119.156.225 - - [11/Jul/2026:17:26:03 -0400] "GET /?f=992825549 HTTP/1.1" 200 84 "http://psychologyeng.soulfood.gr/sitemap-subitems-1531.xml" "Mozilla/5.0 (Linux; Android 7.0;) AppleWebKit/537.36 (HTML, like Gecko) Mobile Safari/537.36 (compatible; PetalBot;+https://webmaster.petalsearch.com/site/petalbot)"
114.119.134.206 - - [11/Jul/2026:17:30:14 -0400] "GET /?f=991613434 HTTP/1.1" 200 84 "http://psychologyeng.soulfood.gr/sitemap-subitems-1531.xml" "Mozilla/5.0 (Linux; Android 7.0;) AppleWebKit/537.36 (HTML, like Gecko) Mobile Safari/537.36 (compatible; PetalBot;+https://webmaster.petalsearch.com/site/petalbot)"
114.119.153.105 - - [11/Jul/2026:17:34:24 -0400] "GET /?f=990401335 HTTP/1.1" 200 84 "http://psychologyeng.soulfood.gr/sitemap-subitems-1531.xml" "Mozilla/5.0 (Linux; Android 7.0;) AppleWebKit/537.36 (HTML, like Gecko) Mobile Safari/537.36 (compatible; PetalBot;+https://webmaster.petalsearch.com/site/petalbot)"
114.119.134.206 - - [11/Jul/2026:17:35:47 -0400] "GET /?f=989568868 HTTP/1.1" 200 84 "http://psychologyeng.soulfood.gr/sitemap-subitems-1580.xml" "Mozilla/5.0 (Linux; Android 7.0;) AppleWebKit/537.36 (HTML, like Gecko) Mobile Safari/537.36 (compatible; PetalBot;+https://webmaster.petalsearch.com/site/petalbot)"
101.99.88.90 - - [11/Jul/2026:17:24:22 -0400] "GET / HTTP/1.1" 200 34706 "-" "Mozilla/5.0 (compatible; Googlebot/2.1; +http://www.google.com/bot.html)"
101.99.88.90 - - [11/Jul/2026:17:24:23 -0400] "GET /wp-content/qq1d69dc/index.php HTTP/1.1" 403 1242 "-" "-"
114.119.136.3 - - [11/Jul/2026:17:24:39 -0400] "GET /?f=992945557 HTTP/1.1" 200 84 "http://psychologyeng.soulfood.gr/sitemap-subitems-1580.xml" "Mozilla/5.0 (Linux; Android 7.0;) AppleWebKit/537.36 (HTML, like Gecko) Mobile Safari/537.36 (compatible; PetalBot;+https://webmaster.petalsearch.com/site/petalbot)"
114.119.136.3 - - [11/Jul/2026:17:27:37 -0400] "GET /?f=99193648 HTTP/1.1" 200 84 "http://psychologyeng.soulfood.gr/sitemap-subitems-1580.xml" "Mozilla/5.0 (Linux; Android 7.0;) AppleWebKit/537.36 (HTML, like Gecko) Mobile Safari/537.36 (compatible; PetalBot;+https://webmaster.petalsearch.com/site/petalbot)"
114.119.158.128 - - [11/Jul/2026:17:28:50 -0400] "GET /?f=991733474 HTTP/1.1" 200 84 "http://psychologyeng.soulfood.gr/sitemap-subitems-1580.xml" "Mozilla/5.0 (Linux; Android 7.0;) AppleWebKit/537.36 (HTML, like Gecko) Mobile Safari/537.36 (compatible; PetalBot;+https://webmaster.petalsearch.com/site/petalbot)"
114.119.154.215 - - [11/Jul/2026:17:33:01 -0400] "GET /?f=990521375 HTTP/1.1" 200 84 "http://psychologyeng.soulfood.gr/sitemap-subitems-1580.xml" "Mozilla/5.0 (Linux; Android 7.0;) AppleWebKit/537.36 (HTML, like Gecko) Mobile Safari/537.36 (compatible; PetalBot;+https://webmaster.petalsearch.com/site/petalbot)"
114.119.134.206 - - [11/Jul/2026:17:31:37 -0400] "GET /?f=99073608 HTTP/1.1" 200 84 "http://psychologyeng.soulfood.gr/sitemap-subitems-1531.xml" "Mozilla/5.0 (Linux; Android 7.0;) AppleWebKit/537.36 (HTML, like Gecko) Mobile Safari/537.36 (compatible; PetalBot;+https://webmaster.petalsearch.com/site/petalbot)"
114.119.158.128 - - [11/Jul/2026:17:37:11 -0400] "GET /?f=989448860 HTTP/1.1" 200 84 "http://psychologyeng.soulfood.gr/sitemap-subitems-1531.xml" "Mozilla/5.0 (Linux; Android 7.0;) AppleWebKit/537.36 (HTML, like Gecko) Mobile Safari/537.36 (compatible; PetalBot;+https://webmaster.petalsearch.com/site/petalbot)"
114.119.136.3 - - [11/Jul/2026:17:38:35 -0400] "GET /?f=988356785 HTTP/1.1" 200 84 "http://psychologyeng.soulfood.gr/sitemap-subitems-1580.xml" "Mozilla/5.0 (Linux; Android 7.0;) AppleWebKit/537.36 (HTML, like Gecko) Mobile Safari/537.36 (compatible; PetalBot;+https://webmaster.petalsearch.com/site/petalbot)"
114.119.134.206 - - [11/Jul/2026:17:52:30 -0400] "GET /?f=972050291 HTTP/1.1" 200 84 "http://psychologyeng.soulfood.gr/sitemap-subitems-1580.xml" "Mozilla/5.0 (Linux; Android 7.0;) AppleWebKit/537.36 (HTML, like Gecko) Mobile Safari/537.36 (compatible; PetalBot;+https://webmaster.petalsearch.com/site/petalbot)"
114.119.139.167 - - [11/Jul/2026:17:55:17 -0400] "GET /?f=970838208 HTTP/1.1" 200 84 "http://psychologyeng.soulfood.gr/sitemap-subitems-1580.xml" "Mozilla/5.0 (Linux; Android 7.0;) AppleWebKit/537.36 (HTML, like Gecko) Mobile Safari/537.36 (compatible; PetalBot;+https://webmaster.petalsearch.com/site/petalbot)"
114.119.153.105 - - [11/Jul/2026:17:39:58 -0400] "GET /?f=988236745 HTTP/1.1" 200 84 "http://psychologyeng.soulfood.gr/sitemap-subitems-1531.xml" "Mozilla/5.0 (Linux; Android 7.0;) AppleWebKit/537.36 (HTML, like Gecko) Mobile Safari/537.36 (compatible; PetalBot;+https://webmaster.petalsearch.com/site/petalbot)"
114.119.134.206 - - [11/Jul/2026:17:41:22 -0400] "GET /?f=987144686 HTTP/1.1" 200 84 "http://psychologyeng.soulfood.gr/sitemap-subitems-1580.xml" "Mozilla/5.0 (Linux; Android 8.0.0; SM-G955U Build/R16NW) AppleWebKit/537.36 (KHTML, like Gecko) Chrome/148.0.0.0 Mobile Safari/537.36"
114.119.158.128 - - [11/Jul/2026:17:42:45 -0400] "GET /?f=987024646 HTTP/1.1" 200 84 "http://psychologyeng.soulfood.gr/sitemap-subitems-1531.xml" "Mozilla/5.0 (Linux; Android 7.0;) AppleWebKit/537.36 (HTML, like Gecko) Mobile Safari/537.36 (compatible; PetalBot;+https://webmaster.petalsearch.com/site/petalbot)"
114.119.139.167 - - [11/Jul/2026:17:44:09 -0400] "GET /?f=985932587 HTTP/1.1" 200 84 "http://psychologyeng.soulfood.gr/sitemap-subitems-1580.xml" "Mozilla/5.0 (Linux; Android 7.0;) AppleWebKit/537.36 (HTML, like Gecko) Mobile Safari/537.36 (compatible; PetalBot;+https://webmaster.petalsearch.com/site/petalbot)"
45.227.253.15 - - [11/Jul/2026:17:45:25 -0400] "GET /?of=1 HTTP/1.1" 200 15281 "-" "Mozilla/5.0 (iPad; U; CPU OS 4_3_3 like Mac OS X; ja) AppleWebKit/533.17.9 (KHTML, like Gecko) Version/5.0.2 Mobile/8J2 Safari/6533.18.5"
114.119.139.167 - - [11/Jul/2026:17:53:53 -0400] "GET /?f=971930283 HTTP/1.1" 200 84 "http://psychologyeng.soulfood.gr/sitemap-subitems-1531.xml" "Mozilla/5.0 (Linux; Android 7.0;) AppleWebKit/537.36 (HTML, like Gecko) Mobile Safari/537.36 (compatible; PetalBot;+https://webmaster.petalsearch.com/site/petalbot)"
114.119.158.128 - - [11/Jul/2026:17:45:32 -0400] "GET /?f=985812547 HTTP/1.1" 200 84 "http://psychologyeng.soulfood.gr/sitemap-subitems-1531.xml" "Mozilla/5.0 (Linux; Android 7.0;) AppleWebKit/537.36 (HTML, like Gecko) Mobile Safari/537.36 (compatible; PetalBot;+https://webmaster.petalsearch.com/site/petalbot)"
114.119.154.215 - - [11/Jul/2026:17:46:56 -0400] "GET /?f=982272351 HTTP/1.1" 200 84 "http://psychologyeng.soulfood.gr/sitemap-subitems-1531.xml" "Mozilla/5.0 (Linux; Android 7.0;) AppleWebKit/537.36 (HTML, like Gecko) Mobile Safari/537.36 (compatible; PetalBot;+https://webmaster.petalsearch.com/site/petalbot)"
114.119.134.206 - - [11/Jul/2026:17:48:19 -0400] "GET /?f=97981549 HTTP/1.1" 200 84 "http://psychologyeng.soulfood.gr/sitemap-subitems-1580.xml" "Mozilla/5.0 (Linux; Android 7.0;) AppleWebKit/537.36 (HTML, like Gecko) Mobile Safari/537.36 (compatible; PetalBot;+https://webmaster.petalsearch.com/site/petalbot)"
114.119.158.128 - - [11/Jul/2026:17:49:43 -0400] "GET /?f=972213814 HTTP/1.1" 200 84 "http://psychologyeng.soulfood.gr/sitemap-subitems-1580.xml" "Mozilla/5.0 (Linux; Android 7.0;) AppleWebKit/537.36 (HTML, like Gecko) Mobile Safari/537.36 (compatible; PetalBot;+https://webmaster.petalsearch.com/site/petalbot)"
216.244.66.198 - - [11/Jul/2026:17:50:26 -0400] "GET /robots.txt HTTP/1.1" 304 0 "-" "Mozilla/5.0 (compatible; DotBot/1.2; +https://opensiteexplorer.org/dotbot; help@moz.com)"
114.119.156.225 - - [11/Jul/2026:17:51:06 -0400] "GET /?f=972093806 HTTP/1.1" 200 84 "http://psychologyeng.soulfood.gr/sitemap-subitems-1531.xml" "Mozilla/5.0 (Linux; Android 7.0;) AppleWebKit/537.36 (HTML, like Gecko) Mobile Safari/537.36 (compatible; PetalBot;+https://webmaster.petalsearch.com/site/petalbot)"
45.227.253.15 - - [11/Jul/2026:17:53:14 -0400] "GET /index.php/jk HTTP/1.1" 200 63 "-" "Mozilla/5.0 (Windows NT 10.0; Win64; x64) AppleWebKit/537.36 (KHTML, like Gecko) Chrome/75.0.3780 Safari/537.36 Edg/75.0.139"
216.244.66.198 - - [11/Jul/2026:17:56:39 -0400] "GET /tags/44-%CE%B4%CF%85%CF%83%CE%BA%CE%BF%CE%BB%CE%AF%CE%B5%CF%82?format=feed&type=atom HTTP/1.1" 200 84 "-" "Mozilla/5.0 (compatible; DotBot/1.2; +https://opensiteexplorer.org/dotbot; help@moz.com)"
114.119.153.105 - - [11/Jul/2026:17:59:27 -0400] "GET /?f=999956447 HTTP/1.1" 200 84 "http://psychologyeng.soulfood.gr/sitemap-subitems-1550.xml" "Mozilla/5.0 (Linux; Android 7.0;) AppleWebKit/537.36 (HTML, like Gecko) Mobile Safari/537.36 (compatible; PetalBot;+https://webmaster.petalsearch.com/site/petalbot)"
114.119.158.128 - - [11/Jul/2026:18:09:12 -0400] "GET /?f=991827431 HTTP/1.1" 200 84 "http://psychologyeng.soulfood.gr/sitemap-subitems-1550.xml" "Mozilla/5.0 (Linux; Android 7.0;) AppleWebKit/537.36 (HTML, like Gecko) Mobile Safari/537.36 (compatible; PetalBot;+https://webmaster.petalsearch.com/site/petalbot)"
114.119.139.167 - - [11/Jul/2026:18:01:03 -0400] "GET /?f=998744348 HTTP/1.1" 200 84 "http://psychologyeng.soulfood.gr/sitemap-subitems-1550.xml" "Mozilla/5.0 (Linux; Android 7.0;) AppleWebKit/537.36 (HTML, like Gecko) Mobile Safari/537.36 (compatible; PetalBot;+https://webmaster.petalsearch.com/site/petalbot)"
114.119.139.167 - - [11/Jul/2026:18:05:01 -0400] "GET /?f=995367659 HTTP/1.1" 200 84 "http://psychologyeng.soulfood.gr/sitemap-subitems-1550.xml" "Mozilla/5.0 (Linux; Android 7.0;) AppleWebKit/537.36 (HTML, like Gecko) Mobile Safari/537.36 (compatible; PetalBot;+https://webmaster.petalsearch.com/site/petalbot)"
66.249.77.193 - - [11/Jul/2026:18:08:32 -0400] "GET /?f=1165376168 HTTP/1.1" 200 32662 "-" "Mozilla/5.0 (Linux; Android 6.0.1; Nexus 5X Build/MMB29P) AppleWebKit/537.36 (KHTML, like Gecko) Chrome/150.0.7871.46 Mobile Safari/537.36 (compatible; Googlebot/2.1; +http://www.google.com/bot.html)"
114.119.139.53 - - [11/Jul/2026:18:10:36 -0400] "GET /?f=990615332 HTTP/1.1" 200 84 "http://psychologyeng.soulfood.gr/sitemap-subitems-1550.xml" "Mozilla/5.0 (Linux; Android 7.0;) AppleWebKit/537.36 (HTML, like Gecko) Mobile Safari/537.36 (compatible; PetalBot;+https://webmaster.petalsearch.com/site/petalbot)"
114.119.134.206 - - [11/Jul/2026:18:11:59 -0400] "GET /?f=981043952 HTTP/1.1" 200 84 "http://psychologyeng.soulfood.gr/sitemap-subitems-1550.xml" "Mozilla/5.0 (Linux; Android 7.0;) AppleWebKit/537.36 (HTML, like Gecko) Mobile Safari/537.36 (compatible; PetalBot;+https://webmaster.petalsearch.com/site/petalbot)"
114.119.139.53 - - [11/Jul/2026:17:56:40 -0400] "GET /?f=970718168 HTTP/1.1" 200 84 "http://psychologyeng.soulfood.gr/sitemap-subitems-1531.xml" "Mozilla/5.0 (Linux; Android 7.0;) AppleWebKit/537.36 (HTML, like Gecko) Mobile Safari/537.36 (compatible; PetalBot;+https://webmaster.petalsearch.com/site/petalbot)"
66.249.77.199 - - [11/Jul/2026:17:56:44 -0400] "GET /?f=1762779685 HTTP/1.1" 200 33261 "-" "Mozilla/5.0 (Linux; Android 6.0.1; Nexus 5X Build/MMB29P) AppleWebKit/537.36 (KHTML, like Gecko) Chrome/150.0.7871.46 Mobile Safari/537.36 (compatible; Googlebot/2.1; +http://www.google.com/bot.html)"
114.119.156.225 - - [11/Jul/2026:17:58:04 -0400] "GET /?f=969626109 HTTP/1.1" 200 84 "http://psychologyeng.soulfood.gr/sitemap-subitems-1580.xml" "Mozilla/5.0 (Linux; Android 7.0;) AppleWebKit/537.36 (HTML, like Gecko) Mobile Safari/537.36 (compatible; PetalBot;+https://webmaster.petalsearch.com/site/petalbot)"
114.119.158.128 - - [11/Jul/2026:18:02:14 -0400] "GET /?f=997791857 HTTP/1.1" 200 84 "http://psychologyeng.soulfood.gr/sitemap-subitems-1550.xml" "Mozilla/5.0 (Linux; Android 7.0;) AppleWebKit/537.36 (HTML, like Gecko) Mobile Safari/537.36 (compatible; PetalBot;+https://webmaster.petalsearch.com/site/petalbot)"
114.119.154.215 - - [11/Jul/2026:18:03:38 -0400] "GET /?f=996579758 HTTP/1.1" 200 84 "http://psychologyeng.soulfood.gr/sitemap-subitems-1550.xml" "Mozilla/5.0 (Linux; Android 7.0;) AppleWebKit/537.36 (HTML, like Gecko) Mobile Safari/537.36 (compatible; PetalBot;+https://webmaster.petalsearch.com/site/petalbot)"
114.119.158.128 - - [11/Jul/2026:18:06:25 -0400] "GET /?f=994155544 HTTP/1.1" 200 84 "http://psychologyeng.soulfood.gr/sitemap-subitems-1550.xml" "Mozilla/5.0 (Linux; Android 7.0;) AppleWebKit/537.36 (HTML, like Gecko) Mobile Safari/537.36 (compatible; PetalBot;+https://webmaster.petalsearch.com/site/petalbot)"
114.119.139.53 - - [11/Jul/2026:18:07:49 -0400] "GET /?f=99287605 HTTP/1.1" 200 84 "http://psychologyeng.soulfood.gr/sitemap-subitems-1550.xml" "Mozilla/5.0 (Linux; Android 7.0;) AppleWebKit/537.36 (HTML, like Gecko) Mobile Safari/537.36 (compatible; PetalBot;+https://webmaster.petalsearch.com/site/petalbot)"
114.119.136.3 - - [11/Jul/2026:18:13:23 -0400] "GET /?f=98075522 HTTP/1.1" 200 84 "http://psychologyeng.soulfood.gr/sitemap-subitems-1550.xml" "Mozilla/5.0 (Linux; Android 7.0;) AppleWebKit/537.36 (HTML, like Gecko) Mobile Safari/537.36 (compatible; PetalBot;+https://webmaster.petalsearch.com/site/petalbot)"
