114.119.134.206 - - [11/Jul/2026:18:14:46 -0400] "GET /?f=979831853 HTTP/1.1" 200 84 "http://psychologyeng.soulfood.gr/sitemap-subitems-1550.xml" "Mozilla/5.0 (Linux; Android 7.0;) AppleWebKit/537.36 (HTML, like Gecko) Mobile Safari/537.36 (compatible; PetalBot;+https://webmaster.petalsearch.com/site/petalbot)"
114.119.139.53 - - [11/Jul/2026:18:16:10 -0400] "GET /?f=976455164 HTTP/1.1" 200 84 "http://psychologyeng.soulfood.gr/sitemap-subitems-1550.xml" "Mozilla/5.0 (Linux; Android 7.0;) AppleWebKit/537.36 (HTML, like Gecko) Mobile Safari/537.36 (compatible; PetalBot;+https://webmaster.petalsearch.com/site/petalbot)"
114.119.154.215 - - [11/Jul/2026:18:17:33 -0400] "GET /?f=975243049 HTTP/1.1" 200 84 "http://psychologyeng.soulfood.gr/sitemap-subitems-1550.xml" "Mozilla/5.0 (Linux; Android 7.0;) AppleWebKit/537.36 (HTML, like Gecko) Mobile Safari/537.36 (compatible; PetalBot;+https://webmaster.petalsearch.com/site/petalbot)"
114.119.158.128 - - [11/Jul/2026:18:21:43 -0400] "GET /?f=969506069 HTTP/1.1" 200 84 "http://psychologyeng.soulfood.gr/sitemap-subitems-1531.xml" "Mozilla/5.0 (Linux; Android 7.0;) AppleWebKit/537.36 (HTML, like Gecko) Mobile Safari/537.36 (compatible; PetalBot;+https://webmaster.petalsearch.com/site/petalbot)"
114.119.134.206 - - [11/Jul/2026:18:20:20 -0400] "GET /?f=973867427 HTTP/1.1" 200 84 "http://psychologyeng.soulfood.gr/sitemap-subitems-1550.xml" "Mozilla/5.0 (Linux; Android 7.0;) AppleWebKit/537.36 (HTML, like Gecko) Mobile Safari/537.36 (compatible; PetalBot;+https://webmaster.petalsearch.com/site/petalbot)"
146.190.98.216 - - [11/Jul/2026:18:22:10 -0400] "GET /templates/shaper_helix3/templateDetails.xml HTTP/1.1" 404 1251 "-" "Mozilla/5.0 (Macintosh; Intel Mac OS X 14_7) AppleWebKit/605.1.15 (KHTML, like Gecko) Version/18.1 Safari/605.1.15"
146.190.98.216 - - [11/Jul/2026:18:22:11 -0400] "GET /administrator/ HTTP/1.1" 200 84 "-" "Mozilla/5.0 (Macintosh; Intel Mac OS X 14_7) AppleWebKit/605.1.15 (KHTML, like Gecko) Version/18.1 Safari/605.1.15"
114.119.156.225 - - [11/Jul/2026:18:28:41 -0400] "GET /?f=960148686 HTTP/1.1" 200 84 "http://psychologyeng.soulfood.gr/sitemap-subitems-1550.xml" "Mozilla/5.0 (Linux; Android 7.0;) AppleWebKit/537.36 (HTML, like Gecko) Mobile Safari/537.36 (compatible; PetalBot;+https://webmaster.petalsearch.com/site/petalbot)"
114.119.139.53 - - [11/Jul/2026:18:18:57 -0400] "GET /?f=975079526 HTTP/1.1" 200 84 "http://psychologyeng.soulfood.gr/sitemap-subitems-1550.xml" "Mozilla/5.0 (Linux; Android 7.0;) AppleWebKit/537.36 (HTML, like Gecko) Mobile Safari/537.36 (compatible; PetalBot;+https://webmaster.petalsearch.com/site/petalbot)"
43.172.197.15 - - [11/Jul/2026:18:20:39 -0400] "GET / HTTP/1.1" 200 84 "-" "Mozilla/5.0 (Windows NT 10.0; Win64; x64) AppleWebKit/537.36 (KHTML, like Gecko) Chrome/131.0.0.0 Safari/537.36"
114.119.158.128 - - [11/Jul/2026:18:23:07 -0400] "GET /?f=96863423 HTTP/1.1" 200 84 "http://psychologyeng.soulfood.gr/sitemap-subitems-1550.xml" "Mozilla/5.0 (Linux; Android 7.0;) AppleWebKit/537.36 (HTML, like Gecko) Mobile Safari/537.36 (compatible; PetalBot;+https://webmaster.petalsearch.com/site/petalbot)"
114.119.139.167 - - [11/Jul/2026:18:24:31 -0400] "GET /?f=966129380 HTTP/1.1" 200 84 "http://psychologyeng.soulfood.gr/sitemap-subitems-1531.xml" "Mozilla/5.0 (Linux; Android 7.0;) AppleWebKit/537.36 (HTML, like Gecko) Mobile Safari/537.36 (compatible; PetalBot;+https://webmaster.petalsearch.com/site/petalbot)"
114.119.156.225 - - [11/Jul/2026:18:25:54 -0400] "GET /?f=965037305 HTTP/1.1" 200 84 "http://psychologyeng.soulfood.gr/sitemap-subitems-1580.xml" "Mozilla/5.0 (Linux; Android 7.0;) AppleWebKit/537.36 (HTML, like Gecko) Mobile Safari/537.36 (compatible; PetalBot;+https://webmaster.petalsearch.com/site/petalbot)"
114.119.139.167 - - [11/Jul/2026:18:27:18 -0400] "GET /?f=964917297 HTTP/1.1" 200 84 "http://psychologyeng.soulfood.gr/sitemap-subitems-1531.xml" "Mozilla/5.0 (Linux; Android 7.0;) AppleWebKit/537.36 (HTML, like Gecko) Mobile Safari/537.36 (compatible; PetalBot;+https://webmaster.petalsearch.com/site/petalbot)"
114.119.139.167 - - [11/Jul/2026:18:38:27 -0400] "GET /?f=955465909 HTTP/1.1" 200 84 "http://psychologyeng.soulfood.gr/sitemap-subitems-1580.xml" "Mozilla/5.0 (Linux; Android 7.0;) AppleWebKit/537.36 (HTML, like Gecko) Mobile Safari/537.36 (compatible; PetalBot;+https://webmaster.petalsearch.com/site/petalbot)"
114.119.158.128 - - [11/Jul/2026:18:39:50 -0400] "GET /?f=955345901 HTTP/1.1" 200 84 "http://psychologyeng.soulfood.gr/sitemap-subitems-1531.xml" "Mozilla/5.0 (Linux; Android 7.0;) AppleWebKit/537.36 (HTML, like Gecko) Mobile Safari/537.36 (compatible; PetalBot;+https://webmaster.petalsearch.com/site/petalbot)"
114.119.154.215 - - [11/Jul/2026:18:42:37 -0400] "GET /?f=954253826 HTTP/1.1" 200 84 "http://psychologyeng.soulfood.gr/sitemap-subitems-1580.xml" "Mozilla/5.0 (Linux; Android 7.0;) AppleWebKit/537.36 (HTML, like Gecko) Mobile Safari/537.36 (compatible; PetalBot;+https://webmaster.petalsearch.com/site/petalbot)"
114.119.153.105 - - [11/Jul/2026:18:45:24 -0400] "GET /?f=952972177 HTTP/1.1" 200 84 "http://psychologyeng.soulfood.gr/sitemap-subitems-1550.xml" "Mozilla/5.0 (Linux; Android 7.0;) AppleWebKit/537.36 (HTML, like Gecko) Mobile Safari/537.36 (compatible; PetalBot;+https://webmaster.petalsearch.com/site/petalbot)"
114.119.153.105 - - [11/Jul/2026:18:30:05 -0400] "GET /?f=958936587 HTTP/1.1" 200 84 "http://psychologyeng.soulfood.gr/sitemap-subitems-1550.xml" "Mozilla/5.0 (Linux; Android 7.0;) AppleWebKit/537.36 (HTML, like Gecko) Mobile Safari/537.36 (compatible; PetalBot;+https://webmaster.petalsearch.com/site/petalbot)"
114.119.139.167 - - [11/Jul/2026:18:35:41 -0400] "GET /?f=956512373 HTTP/1.1" 200 84 "http://psychologyeng.soulfood.gr/sitemap-subitems-1550.xml" "Mozilla/5.0 (Linux; Android 7.0;) AppleWebKit/537.36 (HTML, like Gecko) Mobile Safari/537.36 (compatible; PetalBot;+https://webmaster.petalsearch.com/site/petalbot)"
114.119.139.53 - - [11/Jul/2026:18:41:14 -0400] "GET /?f=954347783 HTTP/1.1" 200 84 "http://psychologyeng.soulfood.gr/sitemap-subitems-1550.xml" "Mozilla/5.0 (Linux; Android 7.0;) AppleWebKit/537.36 (HTML, like Gecko) Mobile Safari/537.36 (compatible; PetalBot;+https://webmaster.petalsearch.com/site/petalbot)"
114.119.158.128 - - [11/Jul/2026:18:31:28 -0400] "GET /?f=95816959 HTTP/1.1" 200 84 "http://psychologyeng.soulfood.gr/sitemap-subitems-1580.xml" "Mozilla/5.0 (Linux; Android 7.0;) AppleWebKit/537.36 (HTML, like Gecko) Mobile Safari/537.36 (compatible; PetalBot;+https://webmaster.petalsearch.com/site/petalbot)"
114.119.134.206 - - [11/Jul/2026:18:32:52 -0400] "GET /?f=957724472 HTTP/1.1" 200 84 "http://psychologyeng.soulfood.gr/sitemap-subitems-1550.xml" "Mozilla/5.0 (Linux; Android 7.0;) AppleWebKit/537.36 (HTML, like Gecko) Mobile Safari/537.36 (compatible; PetalBot;+https://webmaster.petalsearch.com/site/petalbot)"
114.119.134.206 - - [11/Jul/2026:18:34:52 -0400] "GET /?f=95696919 HTTP/1.1" 200 84 "http://psychologyeng.soulfood.gr/sitemap-subitems-1531.xml" "Mozilla/5.0 (Linux; Android 7.0;) AppleWebKit/537.36 (HTML, like Gecko) Mobile Safari/537.36 (compatible; PetalBot;+https://webmaster.petalsearch.com/site/petalbot)"
114.119.139.53 - - [11/Jul/2026:18:37:03 -0400] "GET /?f=955559882 HTTP/1.1" 200 84 "http://psychologyeng.soulfood.gr/sitemap-subitems-1550.xml" "Mozilla/5.0 (Linux; Android 7.0;) AppleWebKit/537.36 (HTML, like Gecko) Mobile Safari/537.36 (compatible; PetalBot;+https://webmaster.petalsearch.com/site/petalbot)"
114.119.158.128 - - [11/Jul/2026:18:44:00 -0400] "GET /?f=954184260 HTTP/1.1" 200 84 "http://psychologyeng.soulfood.gr/sitemap-subitems-1550.xml" "Mozilla/5.0 (Linux; Android 8.0.0; SM-G955U Build/R16NW) AppleWebKit/537.36 (KHTML, like Gecko) Chrome/148.0.0.0 Mobile Safari/537.36"
114.119.153.105 - - [11/Jul/2026:18:48:11 -0400] "GET /?f=951805673 HTTP/1.1" 200 84 "http://psychologyeng.soulfood.gr/sitemap-subitems-1531.xml" "Mozilla/5.0 (Linux; Android 7.0;) AppleWebKit/537.36 (HTML, like Gecko) Mobile Safari/537.36 (compatible; PetalBot;+https://webmaster.petalsearch.com/site/petalbot)"
114.119.158.128 - - [11/Jul/2026:18:50:58 -0400] "GET /?f=950593574 HTTP/1.1" 200 84 "http://psychologyeng.soulfood.gr/sitemap-subitems-1531.xml" "Mozilla/5.0 (Linux; Android 7.0;) AppleWebKit/537.36 (HTML, like Gecko) Mobile Safari/537.36 (compatible; PetalBot;+https://webmaster.petalsearch.com/site/petalbot)"
114.119.156.225 - - [11/Jul/2026:18:52:21 -0400] "GET /?f=949595488 HTTP/1.1" 200 84 "http://psychologyeng.soulfood.gr/sitemap-subitems-1550.xml" "Mozilla/5.0 (Linux; Android 7.0;) AppleWebKit/537.36 (HTML, like Gecko) Mobile Safari/537.36 (compatible; PetalBot;+https://webmaster.petalsearch.com/site/petalbot)"
114.119.139.167 - - [11/Jul/2026:18:53:45 -0400] "GET /?f=949501515 HTTP/1.1" 200 84 "http://psychologyeng.soulfood.gr/sitemap-subitems-1580.xml" "Mozilla/5.0 (Linux; Android 7.0;) AppleWebKit/537.36 (HTML, like Gecko) Mobile Safari/537.36 (compatible; PetalBot;+https://webmaster.petalsearch.com/site/petalbot)"
114.119.139.53 - - [11/Jul/2026:18:55:09 -0400] "GET /?f=949381475 HTTP/1.1" 200 84 "http://psychologyeng.soulfood.gr/sitemap-subitems-1531.xml" "Mozilla/5.0 (Linux; Android 7.0;) AppleWebKit/537.36 (HTML, like Gecko) Mobile Safari/537.36 (compatible; PetalBot;+https://webmaster.petalsearch.com/site/petalbot)"
114.119.154.215 - - [11/Jul/2026:18:46:47 -0400] "GET /?f=951925713 HTTP/1.1" 200 84 "http://psychologyeng.soulfood.gr/sitemap-subitems-1580.xml" "Mozilla/5.0 (Linux; Android 7.0;) AppleWebKit/537.36 (HTML, like Gecko) Mobile Safari/537.36 (compatible; PetalBot;+https://webmaster.petalsearch.com/site/petalbot)"
114.119.134.206 - - [11/Jul/2026:18:49:35 -0400] "GET /?f=950713614 HTTP/1.1" 200 84 "http://psychologyeng.soulfood.gr/sitemap-subitems-1580.xml" "Mozilla/5.0 (Linux; Android 7.0;) AppleWebKit/537.36 (HTML, like Gecko) Mobile Safari/537.36 (compatible; PetalBot;+https://webmaster.petalsearch.com/site/petalbot)"
114.119.136.3 - - [11/Jul/2026:18:57:56 -0400] "GET /?f=948289400 HTTP/1.1" 200 84 "http://psychologyeng.soulfood.gr/sitemap-subitems-1580.xml" "Mozilla/5.0 (Linux; Android 7.0;) AppleWebKit/537.36 (HTML, like Gecko) Mobile Safari/537.36 (compatible; PetalBot;+https://webmaster.petalsearch.com/site/petalbot)"
114.119.156.225 - - [11/Jul/2026:19:00:43 -0400] "GET /?f=947336925 HTTP/1.1" 200 84 "http://psychologyeng.soulfood.gr/sitemap-subitems-1580.xml" "Mozilla/5.0 (Linux; Android 7.0;) AppleWebKit/537.36 (HTML, like Gecko) Mobile Safari/537.36 (compatible; PetalBot;+https://webmaster.petalsearch.com/site/petalbot)"
114.119.158.128 - - [11/Jul/2026:18:56:32 -0400] "GET /?f=948383389 HTTP/1.1" 200 84 "http://psychologyeng.soulfood.gr/sitemap-subitems-1550.xml" "Mozilla/5.0 (Linux; Android 7.0;) AppleWebKit/537.36 (HTML, like Gecko) Mobile Safari/537.36 (compatible; PetalBot;+https://webmaster.petalsearch.com/site/petalbot)"
114.119.153.105 - - [11/Jul/2026:18:59:19 -0400] "GET /?f=948169392 HTTP/1.1" 200 84 "http://psychologyeng.soulfood.gr/sitemap-subitems-1531.xml" "Mozilla/5.0 (Linux; Android 7.0;) AppleWebKit/537.36 (HTML, like Gecko) Mobile Safari/537.36 (compatible; PetalBot;+https://webmaster.petalsearch.com/site/petalbot)"
114.119.136.3 - - [11/Jul/2026:19:02:08 -0400] "GET /?f=947216885 HTTP/1.1" 200 84 "http://psychologyeng.soulfood.gr/sitemap-subitems-1531.xml" "Mozilla/5.0 (Linux; Android 7.0;) AppleWebKit/537.36 (HTML, like Gecko) Mobile Safari/537.36 (compatible; PetalBot;+https://webmaster.petalsearch.com/site/petalbot)"
114.119.136.3 - - [11/Jul/2026:19:04:55 -0400] "GET /?f=94604860 HTTP/1.1" 200 84 "http://psychologyeng.soulfood.gr/sitemap-subitems-1580.xml" "Mozilla/5.0 (Linux; Android 7.0;) AppleWebKit/537.36 (HTML, like Gecko) Mobile Safari/537.36 (compatible; PetalBot;+https://webmaster.petalsearch.com/site/petalbot)"
114.119.134.206 - - [11/Jul/2026:19:06:19 -0400] "GET /?f=946004802 HTTP/1.1" 200 84 "http://psychologyeng.soulfood.gr/sitemap-subitems-1531.xml" "Mozilla/5.0 (Linux; Android 7.0;) AppleWebKit/537.36 (HTML, like Gecko) Mobile Safari/537.36 (compatible; PetalBot;+https://webmaster.petalsearch.com/site/petalbot)"
114.119.154.215 - - [11/Jul/2026:19:09:06 -0400] "GET /?f=944912711 HTTP/1.1" 200 84 "http://psychologyeng.soulfood.gr/sitemap-subitems-1580.xml" "Mozilla/5.0 (Linux; Android 7.0;) AppleWebKit/537.36 (HTML, like Gecko) Mobile Safari/537.36 (compatible; PetalBot;+https://webmaster.petalsearch.com/site/petalbot)"
45.227.253.15 - - [11/Jul/2026:19:09:56 -0400] "GET /language/en-GB/en-GB/index.php?of=1 HTTP/1.1" 200 2370 "-" "Mozilla/5.0 (iPhone; CPU iPhone OS 11_3 like Mac OS X) AppleWebKit/605.1.15 (KHTML, like Gecko) Version/11.0.4 Mobile/15E148 Safari/604.1"
114.119.158.128 - - [11/Jul/2026:19:03:32 -0400] "GET /?f=946124810 HTTP/1.1" 200 84 "http://psychologyeng.soulfood.gr/sitemap-subitems-1580.xml" "Mozilla/5.0 (Linux; Android 7.0;) AppleWebKit/537.36 (HTML, like Gecko) Mobile Safari/537.36 (compatible; PetalBot;+https://webmaster.petalsearch.com/site/petalbot)"
114.119.158.128 - - [11/Jul/2026:19:10:29 -0400] "GET /?f=94484820 HTTP/1.1" 200 84 "http://psychologyeng.soulfood.gr/sitemap-subitems-1531.xml" "Mozilla/5.0 (Linux; Android 7.0;) AppleWebKit/537.36 (HTML, like Gecko) Mobile Safari/537.36 (compatible; PetalBot;+https://webmaster.petalsearch.com/site/petalbot)"
114.119.139.53 - - [11/Jul/2026:19:11:53 -0400] "GET /?f=944749188 HTTP/1.1" 200 84 "http://psychologyeng.soulfood.gr/sitemap-subitems-1580.xml" "Mozilla/5.0 (Linux; Android 7.0;) AppleWebKit/537.36 (HTML, like Gecko) Mobile Safari/537.36 (compatible; PetalBot;+https://webmaster.petalsearch.com/site/petalbot)"
114.119.139.167 - - [11/Jul/2026:19:13:16 -0400] "GET /?f=944629180 HTTP/1.1" 200 84 "http://psychologyeng.soulfood.gr/sitemap-subitems-1531.xml" "Mozilla/5.0 (Linux; Android 7.0;) AppleWebKit/537.36 (HTML, like Gecko) Mobile Safari/537.36 (compatible; PetalBot;+https://webmaster.petalsearch.com/site/petalbot)"
114.119.139.53 - - [11/Jul/2026:19:14:40 -0400] "GET /?f=94321313 HTTP/1.1" 200 84 "http://psychologyeng.soulfood.gr/sitemap-subitems-1531.xml" "Mozilla/5.0 (Linux; Android 7.0;) AppleWebKit/537.36 (HTML, like Gecko) Mobile Safari/537.36 (compatible; PetalBot;+https://webmaster.petalsearch.com/site/petalbot)"
114.119.153.105 - - [11/Jul/2026:19:16:03 -0400] "GET /?f=941252491 HTTP/1.1" 200 84 "http://psychologyeng.soulfood.gr/sitemap-subitems-1531.xml" "Mozilla/5.0 (Linux; Android 7.0;) AppleWebKit/537.36 (HTML, like Gecko) Mobile Safari/537.36 (compatible; PetalBot;+https://webmaster.petalsearch.com/site/petalbot)"
114.119.134.206 - - [11/Jul/2026:19:17:27 -0400] "GET /?f=940160416 HTTP/1.1" 200 84 "http://psychologyeng.soulfood.gr/sitemap-subitems-1580.xml" "Mozilla/5.0 (Linux; Android 7.0;) AppleWebKit/537.36 (HTML, like Gecko) Mobile Safari/537.36 (compatible; PetalBot;+https://webmaster.petalsearch.com/site/petalbot)"
45.227.253.15 - - [11/Jul/2026:19:18:51 -0400] "GET /administrator/components/com_postinstall/src/src/index.php?of=1 HTTP/1.1" 200 0 "-" "Mozilla/5.0 (Windows NT 6.1; WOW64; rv:70.0) Gecko/20100101 Firefox/70.0"
45.227.253.15 - - [11/Jul/2026:19:18:11 -0400] "GET /filefuns.php?of=1 HTTP/1.1" 200 2400 "-" "Mozilla/5.0 (Windows NT 10.0; Win64; x64; rv:81.0) Gecko/20100101 Firefox/81.0"
114.119.139.53 - - [11/Jul/2026:19:18:50 -0400] "GET /?f=940040376 HTTP/1.1" 200 84 "http://psychologyeng.soulfood.gr/sitemap-subitems-1531.xml" "Mozilla/5.0 (Linux; Android 7.0;) AppleWebKit/537.36 (HTML, like Gecko) Mobile Safari/537.36 (compatible; PetalBot;+https://webmaster.petalsearch.com/site/petalbot)"
45.227.253.15 - - [11/Jul/2026:19:15:17 -0400] "GET /58344/58344/index.php?of=1 HTTP/1.1" 200 0 "-" "Mozilla/5.0 (Macintosh; Intel Mac OS X 10.14; rv:103.0) Gecko/20100101 Firefox/101.0"
45.227.253.15 - - [11/Jul/2026:19:22:45 -0400] "GET /413944-juejiang/?of=1 HTTP/1.1" 200 15281 "-" "Mozilla/5.0 (Windows NT 6.3; WOW64; rv:74.0) Gecko/20100101 Firefox/74.0"
114.119.136.3 - - [11/Jul/2026:19:24:24 -0400] "GET /?f=936285980 HTTP/1.1" 200 84 "http://psychologyeng.soulfood.gr/sitemap-subitems-1531.xml" "Mozilla/5.0 (Linux; Android 7.0;) AppleWebKit/537.36 (HTML, like Gecko) Mobile Safari/537.36 (compatible; PetalBot;+https://webmaster.petalsearch.com/site/petalbot)"
114.119.139.53 - - [11/Jul/2026:19:25:48 -0400] "GET /?f=93392745 HTTP/1.1" 200 84 "http://psychologyeng.soulfood.gr/sitemap-subitems-1580.xml" "Mozilla/5.0 (Linux; Android 7.0;) AppleWebKit/537.36 (HTML, like Gecko) Mobile Safari/537.36 (compatible; PetalBot;+https://webmaster.petalsearch.com/site/petalbot)"
114.119.158.128 - - [11/Jul/2026:19:35:32 -0400] "GET /?f=927881072 HTTP/1.1" 200 84 "http://psychologyeng.soulfood.gr/sitemap-subitems-1550.xml" "Mozilla/5.0 (Linux; Android 7.0;) AppleWebKit/537.36 (HTML, like Gecko) Mobile Safari/537.36 (compatible; PetalBot;+https://webmaster.petalsearch.com/site/petalbot)"
45.227.253.15 - - [11/Jul/2026:19:19:51 -0400] "GET /cli/error/error/index.php?of=1 HTTP/1.1" 200 0 "-" "Mozilla/5.0 (iPhone; CPU iPhone OS 12_3 like Mac OS X) AppleWebKit/605.1.15 (KHTML, like Gecko) Version/12.0.4 Mobile/15E148 Safari/604.1"
45.227.253.15 - - [11/Jul/2026:19:20:44 -0400] "GET /9ea5b/sxeseis2/sxeseis2/index.php?of=1 HTTP/1.1" 200 2326 "-" "Mozilla/5.0 (Windows NT 10.0; Win64; x64) AppleWebKit/537.36 (KHTML, like Gecko) Chrome/75.0.3780 Safari/537.36 Edg/75.0.139"
114.119.153.105 - - [11/Jul/2026:19:23:01 -0400] "GET /?f=936405988 HTTP/1.1" 200 84 "http://psychologyeng.soulfood.gr/sitemap-subitems-1580.xml" "Mozilla/5.0 (Linux; Android 7.0;) AppleWebKit/537.36 (HTML, like Gecko) Mobile Safari/537.36 (compatible; PetalBot;+https://webmaster.petalsearch.com/site/petalbot)"
114.119.139.167 - - [11/Jul/2026:19:27:11 -0400] "GET /?f=93323211 HTTP/1.1" 200 84 "http://psychologyeng.soulfood.gr/sitemap-subitems-1550.xml" "Mozilla/5.0 (Linux; Android 7.0;) AppleWebKit/537.36 (HTML, like Gecko) Mobile Safari/537.36 (compatible; PetalBot;+https://webmaster.petalsearch.com/site/petalbot)"
114.119.139.53 - - [11/Jul/2026:19:28:35 -0400] "GET /?f=93229222 HTTP/1.1" 200 84 "http://psychologyeng.soulfood.gr/sitemap-subitems-1580.xml" "Mozilla/5.0 (Linux; Android 7.0;) AppleWebKit/537.36 (HTML, like Gecko) Mobile Safari/537.36 (compatible; PetalBot;+https://webmaster.petalsearch.com/site/petalbot)"
114.119.154.215 - - [11/Jul/2026:19:29:58 -0400] "GET /?f=93109214 HTTP/1.1" 200 84 "http://psychologyeng.soulfood.gr/sitemap-subitems-1531.xml" "Mozilla/5.0 (Linux; Android 7.0;) AppleWebKit/537.36 (HTML, like Gecko) Mobile Safari/537.36 (compatible; PetalBot;+https://webmaster.petalsearch.com/site/petalbot)"
114.119.134.206 - - [11/Jul/2026:19:34:09 -0400] "GET /?f=928044579 HTTP/1.1" 200 84 "http://psychologyeng.soulfood.gr/sitemap-subitems-1550.xml" "Mozilla/5.0 (Linux; Android 7.0;) AppleWebKit/537.36 (HTML, like Gecko) Mobile Safari/537.36 (compatible; PetalBot;+https://webmaster.petalsearch.com/site/petalbot)"
114.119.158.128 - - [11/Jul/2026:19:20:14 -0400] "GET /?f=937661602 HTTP/1.1" 200 84 "http://psychologyeng.soulfood.gr/sitemap-subitems-1531.xml" "Mozilla/5.0 (Linux; Android 7.0;) AppleWebKit/537.36 (HTML, like Gecko) Mobile Safari/537.36 (compatible; PetalBot;+https://webmaster.petalsearch.com/site/petalbot)"
204.12.208.18 - - [11/Jul/2026:19:20:31 -0400] "GET /wp-content/qq1d69dc/index.php HTTP/1.1" 403 1242 "http://psychologyeng.soulfood.gr/wp-content/qq1d69dc/index.php" "Mozilla/5.0 (Windows NT 5.1) AppleWebKit/534.30 (KHTML, like Gecko) Chrome/12.0.742.122 Safari/534.30 ChromePlus/1.6.3.1"
204.12.208.18 - - [11/Jul/2026:19:20:31 -0400] "GET /wp-content/qq1d69dc/index.php HTTP/1.1" 403 1242 "http://psychologyeng.soulfood.gr/wp-content/qq1d69dc/index.php" "Mozilla/5.0 (Macintosh; Intel Mac OS X 10_6_8) AppleWebKit/535.1 (KHTML, like Gecko) RockMelt/0.9.64.361 Chrome/13.0.782.218 Safari/535.1"
204.12.208.18 - - [11/Jul/2026:19:20:31 -0400] "GET /wp-content/qq1d69dc/index.php HTTP/1.1" 403 1242 "http://psychologyeng.soulfood.gr/wp-content/qq1d69dc/index.php" "Mozilla/5.0 (Macintosh; Intel Mac OS X 10_6_8) AppleWebKit/535.1 (KHTML, like Gecko) Chrome/13.0.782.220 Safari/535.1"
114.119.139.53 - - [11/Jul/2026:19:21:37 -0400] "GET /?f=936449503 HTTP/1.1" 200 84 "http://psychologyeng.soulfood.gr/sitemap-subitems-1531.xml" "Mozilla/5.0 (Linux; Android 7.0;) AppleWebKit/537.36 (HTML, like Gecko) Mobile Safari/537.36 (compatible; PetalBot;+https://webmaster.petalsearch.com/site/petalbot)"
45.227.253.15 - - [11/Jul/2026:19:24:45 -0400] "GET /?of=1 HTTP/1.1" 200 15281 "-" "Mozilla/5.0 (Windows NT 10.0; Win64; x64; rv:81.0) Gecko/20100101 Firefox/81.0"
114.119.134.206 - - [11/Jul/2026:19:31:22 -0400] "GET /?f=930468777 HTTP/1.1" 200 84 "http://psychologyeng.soulfood.gr/sitemap-subitems-1550.xml" "Mozilla/5.0 (Linux; Android 7.0;) AppleWebKit/537.36 (HTML, like Gecko) Mobile Safari/537.36 (compatible; PetalBot;+https://webmaster.petalsearch.com/site/petalbot)"
114.119.139.53 - - [11/Jul/2026:19:32:45 -0400] "GET /?f=929256678 HTTP/1.1" 200 84 "http://psychologyeng.soulfood.gr/sitemap-subitems-1550.xml" "Mozilla/5.0 (Linux; Android 7.0;) AppleWebKit/537.36 (HTML, like Gecko) Mobile Safari/537.36 (compatible; PetalBot;+https://webmaster.petalsearch.com/site/petalbot)"
114.119.153.105 - - [11/Jul/2026:19:36:56 -0400] "GET /?f=926928565 HTTP/1.1" 200 84 "http://psychologyeng.soulfood.gr/sitemap-subitems-1550.xml" "Mozilla/5.0 (Linux; Android 7.0;) AppleWebKit/537.36 (HTML, like Gecko) Mobile Safari/537.36 (compatible; PetalBot;+https://webmaster.petalsearch.com/site/petalbot)"
114.119.139.53 - - [11/Jul/2026:19:39:43 -0400] "GET /?f=926714568 HTTP/1.1" 200 84 "http://psychologyeng.soulfood.gr/sitemap-subitems-1531.xml" "Mozilla/5.0 (Linux; Android 7.0;) AppleWebKit/537.36 (HTML, like Gecko) Mobile Safari/537.36 (compatible; PetalBot;+https://webmaster.petalsearch.com/site/petalbot)"
114.119.134.206 - - [11/Jul/2026:19:42:29 -0400] "GET /?f=925622509 HTTP/1.1" 200 84 "http://psychologyeng.soulfood.gr/sitemap-subitems-1580.xml" "Mozilla/5.0 (Linux; Android 7.0;) AppleWebKit/537.36 (HTML, like Gecko) Mobile Safari/537.36 (compatible; PetalBot;+https://webmaster.petalsearch.com/site/petalbot)"
114.119.156.225 - - [11/Jul/2026:19:45:17 -0400] "GET /?f=923292284 HTTP/1.1" 200 84 "http://psychologyeng.soulfood.gr/sitemap-subitems-1550.xml" "Mozilla/5.0 (Linux; Android 7.0;) AppleWebKit/537.36 (HTML, like Gecko) Mobile Safari/537.36 (compatible; PetalBot;+https://webmaster.petalsearch.com/site/petalbot)"
114.119.158.128 - - [11/Jul/2026:19:46:40 -0400] "GET /?f=92276747 HTTP/1.1" 200 84 "http://psychologyeng.soulfood.gr/sitemap-subitems-1580.xml" "Mozilla/5.0 (Linux; Android 7.0;) AppleWebKit/537.36 (HTML, like Gecko) Mobile Safari/537.36 (compatible; PetalBot;+https://webmaster.petalsearch.com/site/petalbot)"
114.119.153.105 - - [11/Jul/2026:19:38:19 -0400] "GET /?f=926834608 HTTP/1.1" 200 84 "http://psychologyeng.soulfood.gr/sitemap-subitems-1580.xml" "Mozilla/5.0 (Linux; Android 7.0;) AppleWebKit/537.36 (HTML, like Gecko) Mobile Safari/537.36 (compatible; PetalBot;+https://webmaster.petalsearch.com/site/petalbot)"
114.119.153.105 - - [11/Jul/2026:19:41:18 -0400] "GET /?f=925716482 HTTP/1.1" 200 84 "http://psychologyeng.soulfood.gr/sitemap-subitems-1550.xml" "Mozilla/5.0 (Linux; Android 7.0;) AppleWebKit/537.36 (HTML, like Gecko) Mobile Safari/537.36 (compatible; PetalBot;+https://webmaster.petalsearch.com/site/petalbot)"
114.119.134.206 - - [11/Jul/2026:19:43:53 -0400] "GET /?f=924504383 HTTP/1.1" 200 84 "http://psychologyeng.soulfood.gr/sitemap-subitems-1550.xml" "Mozilla/5.0 (Linux; Android 7.0;) AppleWebKit/537.36 (HTML, like Gecko) Mobile Safari/537.36 (compatible; PetalBot;+https://webmaster.petalsearch.com/site/petalbot)"
114.119.154.215 - - [11/Jul/2026:19:48:04 -0400] "GET /?f=922245820 HTTP/1.1" 200 84 "http://psychologyeng.soulfood.gr/sitemap-subitems-1580.xml" "Mozilla/5.0 (Linux; Android 7.0;) AppleWebKit/537.36 (HTML, like Gecko) Mobile Safari/537.36 (compatible; PetalBot;+https://webmaster.petalsearch.com/site/petalbot)"
114.119.154.215 - - [11/Jul/2026:19:49:27 -0400] "GET /?f=922125780 HTTP/1.1" 200 84 "http://psychologyeng.soulfood.gr/sitemap-subitems-1531.xml" "Mozilla/5.0 (Linux; Android 7.0;) AppleWebKit/537.36 (HTML, like Gecko) Mobile Safari/537.36 (compatible; PetalBot;+https://webmaster.petalsearch.com/site/petalbot)"
114.119.154.215 - - [11/Jul/2026:19:50:51 -0400] "GET /?f=92156707 HTTP/1.1" 200 84 "http://psychologyeng.soulfood.gr/sitemap-subitems-1531.xml" "Mozilla/5.0 (Linux; Android 7.0;) AppleWebKit/537.36 (HTML, like Gecko) Mobile Safari/537.36 (compatible; PetalBot;+https://webmaster.petalsearch.com/site/petalbot)"
114.119.158.128 - - [11/Jul/2026:19:52:14 -0400] "GET /?f=921127694 HTTP/1.1" 200 84 "http://psychologyeng.soulfood.gr/sitemap-subitems-1550.xml" "Mozilla/5.0 (Linux; Android 7.0;) AppleWebKit/537.36 (HTML, like Gecko) Mobile Safari/537.36 (compatible; PetalBot;+https://webmaster.petalsearch.com/site/petalbot)"
114.119.158.128 - - [11/Jul/2026:19:53:38 -0400] "GET /?f=921033705 HTTP/1.1" 200 84 "http://psychologyeng.soulfood.gr/sitemap-subitems-1580.xml" "Mozilla/5.0 (Linux; Android 7.0;) AppleWebKit/537.36 (HTML, like Gecko) Mobile Safari/537.36 (compatible; PetalBot;+https://webmaster.petalsearch.com/site/petalbot)"
114.119.153.105 - - [11/Jul/2026:19:56:25 -0400] "GET /?f=919915595 HTTP/1.1" 200 84 "http://psychologyeng.soulfood.gr/sitemap-subitems-1550.xml" "Mozilla/5.0 (Linux; Android 7.0;) AppleWebKit/537.36 (HTML, like Gecko) Mobile Safari/537.36 (compatible; PetalBot;+https://webmaster.petalsearch.com/site/petalbot)"
114.119.134.206 - - [11/Jul/2026:19:57:48 -0400] "GET /?f=919821606 HTTP/1.1" 200 84 "http://psychologyeng.soulfood.gr/sitemap-subitems-1580.xml" "Mozilla/5.0 (Linux; Android 7.0;) AppleWebKit/537.36 (HTML, like Gecko) Mobile Safari/537.36 (compatible; PetalBot;+https://webmaster.petalsearch.com/site/petalbot)"
114.119.134.206 - - [11/Jul/2026:20:03:22 -0400] "GET /?f=918609507 HTTP/1.1" 200 84 "http://psychologyeng.soulfood.gr/sitemap-subitems-1580.xml" "Mozilla/5.0 (Linux; Android 7.0;) AppleWebKit/537.36 (HTML, like Gecko) Mobile Safari/537.36 (compatible; PetalBot;+https://webmaster.petalsearch.com/site/petalbot)"
114.119.158.128 - - [11/Jul/2026:20:08:58 -0400] "GET /?f=917373485 HTTP/1.1" 200 84 "http://psychologyeng.soulfood.gr/sitemap-subitems-1531.xml" "Mozilla/5.0 (Linux; Android 7.0;) AppleWebKit/537.36 (HTML, like Gecko) Mobile Safari/537.36 (compatible; PetalBot;+https://webmaster.petalsearch.com/site/petalbot)"
114.119.139.167 - - [11/Jul/2026:19:55:01 -0400] "GET /?f=920913697 HTTP/1.1" 200 84 "http://psychologyeng.soulfood.gr/sitemap-subitems-1531.xml" "Mozilla/5.0 (Linux; Android 7.0;) AppleWebKit/537.36 (HTML, like Gecko) Mobile Safari/537.36 (compatible; PetalBot;+https://webmaster.petalsearch.com/site/petalbot)"
114.119.154.215 - - [11/Jul/2026:20:00:36 -0400] "GET /?f=919538075 HTTP/1.1" 200 84 "http://psychologyeng.soulfood.gr/sitemap-subitems-1531.xml" "Mozilla/5.0 (Linux; Android 7.0;) AppleWebKit/537.36 (HTML, like Gecko) Mobile Safari/537.36 (compatible; PetalBot;+https://webmaster.petalsearch.com/site/petalbot)"
114.119.134.206 - - [11/Jul/2026:20:01:59 -0400] "GET /?f=918703480 HTTP/1.1" 200 84 "http://psychologyeng.soulfood.gr/sitemap-subitems-1550.xml" "Mozilla/5.0 (Linux; Android 7.0;) AppleWebKit/537.36 (HTML, like Gecko) Mobile Safari/537.36 (compatible; PetalBot;+https://webmaster.petalsearch.com/site/petalbot)"
114.119.158.128 - - [11/Jul/2026:20:04:46 -0400] "GET /?f=918585584 HTTP/1.1" 200 84 "http://psychologyeng.soulfood.gr/sitemap-subitems-1531.xml" "Mozilla/5.0 (Linux; Android 7.0;) AppleWebKit/537.36 (HTML, like Gecko) Mobile Safari/537.36 (compatible; PetalBot;+https://webmaster.petalsearch.com/site/petalbot)"
114.119.156.225 - - [11/Jul/2026:19:59:12 -0400] "GET /?f=919701598 HTTP/1.1" 200 84 "http://psychologyeng.soulfood.gr/sitemap-subitems-1531.xml" "Mozilla/5.0 (Linux; Android 7.0;) AppleWebKit/537.36 (HTML, like Gecko) Mobile Safari/537.36 (compatible; PetalBot;+https://webmaster.petalsearch.com/site/petalbot)"
114.119.154.215 - - [11/Jul/2026:20:06:10 -0400] "GET /?f=917657016 HTTP/1.1" 200 84 "http://psychologyeng.soulfood.gr/sitemap-subitems-1580.xml" "Mozilla/5.0 (Linux; Android 7.0;) AppleWebKit/537.36 (HTML, like Gecko) Mobile Safari/537.36 (compatible; PetalBot;+https://webmaster.petalsearch.com/site/petalbot)"
114.119.134.206 - - [11/Jul/2026:20:07:33 -0400] "GET /?f=917493493 HTTP/1.1" 200 84 "http://psychologyeng.soulfood.gr/sitemap-subitems-1580.xml" "Mozilla/5.0 (Linux; Android 7.0;) AppleWebKit/537.36 (HTML, like Gecko) Mobile Safari/537.36 (compatible; PetalBot;+https://webmaster.petalsearch.com/site/petalbot)"
114.119.139.53 - - [11/Jul/2026:20:10:22 -0400] "GET /?f=916281410 HTTP/1.1" 200 84 "http://psychologyeng.soulfood.gr/sitemap-subitems-1580.xml" "Mozilla/5.0 (Linux; Android 7.0;) AppleWebKit/537.36 (HTML, like Gecko) Mobile Safari/537.36 (compatible; PetalBot;+https://webmaster.petalsearch.com/site/petalbot)"
114.119.139.53 - - [11/Jul/2026:20:15:56 -0400] "GET /?f=914949271 HTTP/1.1" 200 84 "http://psychologyeng.soulfood.gr/sitemap-subitems-1531.xml" "Mozilla/5.0 (Linux; Android 7.0;) AppleWebKit/537.36 (HTML, like Gecko) Mobile Safari/537.36 (compatible; PetalBot;+https://webmaster.petalsearch.com/site/petalbot)"
114.119.139.167 - - [11/Jul/2026:20:18:43 -0400] "GET /?f=91064632 HTTP/1.1" 200 84 "http://psychologyeng.soulfood.gr/sitemap-subitems-1580.xml" "Mozilla/5.0 (Linux; Android 7.0;) AppleWebKit/537.36 (HTML, like Gecko) Mobile Safari/537.36 (compatible; PetalBot;+https://webmaster.petalsearch.com/site/petalbot)"
114.119.139.53 - - [11/Jul/2026:20:21:30 -0400] "GET /?f=910360483 HTTP/1.1" 200 84 "http://psychologyeng.soulfood.gr/sitemap-subitems-1531.xml" "Mozilla/5.0 (Linux; Android 7.0;) AppleWebKit/537.36 (HTML, like Gecko) Mobile Safari/537.36 (compatible; PetalBot;+https://webmaster.petalsearch.com/site/petalbot)"
114.119.139.53 - - [11/Jul/2026:20:13:09 -0400] "GET /?f=945841279 HTTP/1.1" 200 84 "http://psychologyeng.soulfood.gr/sitemap-subitems-1531.xml" "Mozilla/5.0 (Linux; Android 7.0;) AppleWebKit/537.36 (HTML, like Gecko) Mobile Safari/537.36 (compatible; PetalBot;+https://webmaster.petalsearch.com/site/petalbot)"
114.119.139.53 - - [11/Jul/2026:20:24:17 -0400] "GET /?f=90944624 HTTP/1.1" 200 84 "http://psychologyeng.soulfood.gr/sitemap-subitems-1531.xml" "Mozilla/5.0 (Linux; Android 7.0;) AppleWebKit/537.36 (HTML, like Gecko) Mobile Safari/537.36 (compatible; PetalBot;+https://webmaster.petalsearch.com/site/petalbot)"
114.119.134.206 - - [11/Jul/2026:20:25:41 -0400] "GET /?f=905939342 HTTP/1.1" 200 84 "http://psychologyeng.soulfood.gr/sitemap-subitems-1580.xml" "Mozilla/5.0 (Linux; Android 7.0;) AppleWebKit/537.36 (HTML, like Gecko) Mobile Safari/537.36 (compatible; PetalBot;+https://webmaster.petalsearch.com/site/petalbot)"
114.119.154.215 - - [11/Jul/2026:20:11:45 -0400] "GET /?f=916161370 HTTP/1.1" 200 84 "http://psychologyeng.soulfood.gr/sitemap-subitems-1531.xml" "Mozilla/5.0 (Linux; Android 7.0;) AppleWebKit/537.36 (HTML, like Gecko) Mobile Safari/537.36 (compatible; PetalBot;+https://webmaster.petalsearch.com/site/petalbot)"
114.119.136.3 - - [11/Jul/2026:20:17:19 -0400] "GET /?f=911572582 HTTP/1.1" 200 84 "http://psychologyeng.soulfood.gr/sitemap-subitems-1531.xml" "Mozilla/5.0 (Linux; Android 7.0;) AppleWebKit/537.36 (HTML, like Gecko) Mobile Safari/537.36 (compatible; PetalBot;+https://webmaster.petalsearch.com/site/petalbot)"
114.119.139.53 - - [11/Jul/2026:20:20:06 -0400] "GET /?f=910480523 HTTP/1.1" 200 84 "http://psychologyeng.soulfood.gr/sitemap-subitems-1580.xml" "Mozilla/5.0 (Linux; Android 7.0;) AppleWebKit/537.36 (HTML, like Gecko) Mobile Safari/537.36 (compatible; PetalBot;+https://webmaster.petalsearch.com/site/petalbot)"
114.119.158.128 - - [11/Jul/2026:20:22:54 -0400] "GET /?f=910180660 HTTP/1.1" 200 84 "http://psychologyeng.soulfood.gr/sitemap-subitems-1550.xml" "Mozilla/5.0 (Linux; Android 7.0;) AppleWebKit/537.36 (HTML, like Gecko) Mobile Safari/537.36 (compatible; PetalBot;+https://webmaster.petalsearch.com/site/petalbot)"
/home/hrpsychology/access-logs/psychologyeng.soulfood.gr