20.63.87.152 - - [11/Jul/2026:08:36:40 -0400] "GET /wp-admin/css/colors/ectoplasm/ HTTP/2" 404 543 "-" "Mozilla/5.0 (Windows NT 10.0; Win64; x64) AppleWebKit/537.36 (KHTML, like Gecko) Chrome/120.0.0.0 Safari/537.36"
20.63.87.152 - - [11/Jul/2026:08:36:41 -0400] "GET /wp-content/ HTTP/2" 200 643 "-" "Mozilla/5.0 (Windows NT 10.0; Win64; x64) AppleWebKit/537.36 (KHTML, like Gecko) Chrome/120.0.0.0 Safari/537.36"
20.63.87.152 - - [11/Jul/2026:08:36:41 -0400] "GET /ww5.php HTTP/2" 404 543 "-" "Mozilla/5.0 (Windows NT 10.0; Win64; x64) AppleWebKit/537.36 (KHTML, like Gecko) Chrome/120.0.0.0 Safari/537.36"
20.63.87.152 - - [11/Jul/2026:08:36:41 -0400] "GET /2.php HTTP/2" 404 543 "-" "Mozilla/5.0 (Windows NT 10.0; Win64; x64) AppleWebKit/537.36 (KHTML, like Gecko) Chrome/120.0.0.0 Safari/537.36"
20.63.87.152 - - [11/Jul/2026:08:36:41 -0400] "GET /wp-admin/classwithtostring.php HTTP/2" 404 543 "-" "Mozilla/5.0 (Windows NT 10.0; Win64; x64) AppleWebKit/537.36 (KHTML, like Gecko) Chrome/120.0.0.0 Safari/537.36"
20.63.87.152 - - [11/Jul/2026:08:36:41 -0400] "GET /atomlib.php HTTP/2" 404 543 "-" "Mozilla/5.0 (Windows NT 10.0; Win64; x64) AppleWebKit/537.36 (KHTML, like Gecko) Chrome/120.0.0.0 Safari/537.36"
20.63.87.152 - - [11/Jul/2026:08:36:41 -0400] "GET /rip.php HTTP/2" 404 543 "-" "Mozilla/5.0 (Windows NT 10.0; Win64; x64) AppleWebKit/537.36 (KHTML, like Gecko) Chrome/120.0.0.0 Safari/537.36"
20.63.87.152 - - [11/Jul/2026:08:36:42 -0400] "GET /p.php HTTP/2" 404 543 "-" "Mozilla/5.0 (Windows NT 10.0; Win64; x64) AppleWebKit/537.36 (KHTML, like Gecko) Chrome/120.0.0.0 Safari/537.36"
20.63.87.152 - - [11/Jul/2026:08:36:42 -0400] "GET /php.php HTTP/2" 404 543 "-" "Mozilla/5.0 (Windows NT 10.0; Win64; x64) AppleWebKit/537.36 (KHTML, like Gecko) Chrome/120.0.0.0 Safari/537.36"
66.249.75.5 - - [11/Jul/2026:08:37:24 -0400] "GET /roster/project/ep4q15sbhps2829.htm HTTP/2" 200 31519 "-" "Mozilla/5.0 (Linux; Android 6.0.1; Nexus 5X Build/MMB29P) AppleWebKit/537.36 (KHTML, like Gecko) Chrome/150.0.7871.46 Mobile Safari/537.36 (compatible; Googlebot/2.1; +http://www.google.com/bot.html)"
66.249.75.6 - - [11/Jul/2026:08:38:16 -0400] "GET /kingdom/system/ebav7byqnvy898f.htm HTTP/2" 200 30263 "-" "Mozilla/5.0 (Linux; Android 6.0.1; Nexus 5X Build/MMB29P) AppleWebKit/537.36 (KHTML, like Gecko) Chrome/150.0.7871.46 Mobile Safari/537.36 (compatible; Googlebot/2.1; +http://www.google.com/bot.html)"
185.191.171.15 - - [11/Jul/2026:08:41:42 -0400] "GET /%CF%83%CF%85%CE%BD%CF%84%CE%B1%CE%B3%CE%B5%CF%83/%CE%BA%CF%8C%CE%BA%CE%BA%CE%B9%CE%BD%CE%BF-%CE%BA%CF%81%CE%AD%CE%B1%CF%82/550-%CF%83%CE%B1%CE%BB%CE%AC%CF%84%CE%B1-%CE%BC%CE%B5-%CE%B1%CF%87%CE%BB%CE%AC%CE%B4%CE%B9%CE%B1-%CE%BA%CE%B1%CE%B9-%CE%BC%CE%B1%CE%BD%CE%BF%CF%8D%CF%81%CE%B9 HTTP/2" 404 0 "-" "Mozilla/5.0 (compatible; SemrushBot/7~bl; +http://www.semrush.com/bot.html)"
66.249.75.8 - - [11/Jul/2026:08:42:26 -0400] "GET /schema/proceeds/f5scptgb5tk6ai1.htm HTTP/2" 200 30725 "-" "Mozilla/5.0 (Linux; Android 6.0.1; Nexus 5X Build/MMB29P) AppleWebKit/537.36 (KHTML, like Gecko) Chrome/150.0.7871.46 Mobile Safari/537.36 (compatible; Googlebot/2.1; +http://www.google.com/bot.html)"
66.249.75.8 - - [11/Jul/2026:08:42:51 -0400] "GET /establishment/derivative/evein32c3n2oj0j.htm HTTP/2" 200 32300 "-" "Mozilla/5.0 (Linux; Android 6.0.1; Nexus 5X Build/MMB29P) AppleWebKit/537.36 (KHTML, like Gecko) Chrome/150.0.7871.46 Mobile Safari/537.36 (compatible; Googlebot/2.1; +http://www.google.com/bot.html)"
66.249.75.8 - - [11/Jul/2026:08:43:17 -0400] "GET /aspect/particle/eut12ihri2h3rfy.htm HTTP/2" 200 33630 "-" "Mozilla/5.0 (Linux; Android 6.0.1; Nexus 5X Build/MMB29P) AppleWebKit/537.36 (KHTML, like Gecko) Chrome/150.0.7871.46 Mobile Safari/537.36 (compatible; Googlebot/2.1; +http://www.google.com/bot.html)"
192.161.165.103 - - [11/Jul/2026:08:45:01 -0400] "GET /t3-assets/css/css-decbe-04925.css HTTP/2" 200 20244 "https://nutrition.soulfood.gr/%CE%B4%CE%B9%CE%B1%CF%84%CF%81%CE%BF%CF%86%CE%B7/%CE%B4%CE%B9%CE%B1%CF%84%CF%81%CE%BF%CF%86%CE%AE-%CF%80%CE%B1%CE%B8%CE%BF%CE%BB%CE%BF%CE%B3%CE%B9%CE%BA%CE%AD%CF%82-%CE%BA%CE%B1%CF%84%CE%B1%CF%83%CF%84%CE%AC%CF%83%CE%B5%CE%B9%CF%82" "Mozilla/5.0 (Linux; Android 6.0; Nexus 5 Build/MRA58N) AppleWebKit/537.36 (KHTML, like Gecko) Chrome/49.0.6268.1002 Mobile Safari/537.36"
192.161.165.103 - - [11/Jul/2026:08:45:01 -0400] "GET /t3-assets/css/css-71f6c-71828.css HTTP/2" 200 6638 "https://nutrition.soulfood.gr/%CE%B4%CE%B9%CE%B1%CF%84%CF%81%CE%BF%CF%86%CE%B7/%CE%B4%CE%B9%CE%B1%CF%84%CF%81%CE%BF%CF%86%CE%AE-%CF%80%CE%B1%CE%B8%CE%BF%CE%BB%CE%BF%CE%B3%CE%B9%CE%BA%CE%AD%CF%82-%CE%BA%CE%B1%CF%84%CE%B1%CF%83%CF%84%CE%AC%CF%83%CE%B5%CE%B9%CF%82" "Mozilla/5.0 (Linux; Android 6.0; Nexus 5 Build/MRA58N) AppleWebKit/537.36 (KHTML, like Gecko) Chrome/49.0.6268.1002 Mobile Safari/537.36"
192.161.165.103 - - [11/Jul/2026:08:45:02 -0400] "GET /plugins/system/t3/base-bs3/fonts/font-awesome/css/icomoon-to-fw.css HTTP/2" 200 2440 "https://nutrition.soulfood.gr/t3-assets/css/css-0edf6-89743.css" "Mozilla/5.0 (Linux; Android 6.0; Nexus 5 Build/MRA58N) AppleWebKit/537.36 (KHTML, like Gecko) Chrome/49.0.6268.1002 Mobile Safari/537.36"
192.161.165.103 - - [11/Jul/2026:08:45:03 -0400] "GET /images/2023/05/04/ayksiso-varos.jpg HTTP/2" 200 19041 "https://nutrition.soulfood.gr/%CE%B4%CE%B9%CE%B1%CF%84%CF%81%CE%BF%CF%86%CE%B7/%CE%B4%CE%B9%CE%B1%CF%84%CF%81%CE%BF%CF%86%CE%AE-%CF%80%CE%B1%CE%B8%CE%BF%CE%BB%CE%BF%CE%B3%CE%B9%CE%BA%CE%AD%CF%82-%CE%BA%CE%B1%CF%84%CE%B1%CF%83%CF%84%CE%AC%CF%83%CE%B5%CE%B9%CF%82" "Mozilla/5.0 (Linux; Android 6.0; Nexus 5 Build/MRA58N) AppleWebKit/537.36 (KHTML, like Gecko) Chrome/49.0.6268.1002 Mobile Safari/537.36"
192.161.165.103 - - [11/Jul/2026:08:45:03 -0400] "GET /images/2023/03/07/immune.jpg HTTP/2" 200 58293 "https://nutrition.soulfood.gr/%CE%B4%CE%B9%CE%B1%CF%84%CF%81%CE%BF%CF%86%CE%B7/%CE%B4%CE%B9%CE%B1%CF%84%CF%81%CE%BF%CF%86%CE%AE-%CF%80%CE%B1%CE%B8%CE%BF%CE%BB%CE%BF%CE%B3%CE%B9%CE%BA%CE%AD%CF%82-%CE%BA%CE%B1%CF%84%CE%B1%CF%83%CF%84%CE%AC%CF%83%CE%B5%CE%B9%CF%82" "Mozilla/5.0 (Linux; Android 6.0; Nexus 5 Build/MRA58N) AppleWebKit/537.36 (KHTML, like Gecko) Chrome/49.0.6268.1002 Mobile Safari/537.36"
192.161.165.103 - - [11/Jul/2026:08:45:03 -0400] "GET /images/2023/05/20/linkedin.png HTTP/2" 200 5823 "https://nutrition.soulfood.gr/%CE%B4%CE%B9%CE%B1%CF%84%CF%81%CE%BF%CF%86%CE%B7/%CE%B4%CE%B9%CE%B1%CF%84%CF%81%CE%BF%CF%86%CE%AE-%CF%80%CE%B1%CE%B8%CE%BF%CE%BB%CE%BF%CE%B3%CE%B9%CE%BA%CE%AD%CF%82-%CE%BA%CE%B1%CF%84%CE%B1%CF%83%CF%84%CE%AC%CF%83%CE%B5%CE%B9%CF%82" "Mozilla/5.0 (Linux; Android 6.0; Nexus 5 Build/MRA58N) AppleWebKit/537.36 (KHTML, like Gecko) Chrome/49.0.6268.1002 Mobile Safari/537.36"
192.161.165.103 - - [11/Jul/2026:08:45:04 -0400] "GET /images/2023/02/14/hungover.jpg HTTP/2" 200 31168 "https://nutrition.soulfood.gr/%CE%B4%CE%B9%CE%B1%CF%84%CF%81%CE%BF%CF%86%CE%B7/%CE%B4%CE%B9%CE%B1%CF%84%CF%81%CE%BF%CF%86%CE%AE-%CF%80%CE%B1%CE%B8%CE%BF%CE%BB%CE%BF%CE%B3%CE%B9%CE%BA%CE%AD%CF%82-%CE%BA%CE%B1%CF%84%CE%B1%CF%83%CF%84%CE%AC%CF%83%CE%B5%CE%B9%CF%82" "Mozilla/5.0 (Linux; Android 6.0; Nexus 5 Build/MRA58N) AppleWebKit/537.36 (KHTML, like Gecko) Chrome/49.0.6268.1002 Mobile Safari/537.36"
192.161.165.103 - - [11/Jul/2026:08:45:04 -0400] "GET /images/2022/06/21/microbioma.jpg HTTP/2" 200 33896 "https://nutrition.soulfood.gr/%CE%B4%CE%B9%CE%B1%CF%84%CF%81%CE%BF%CF%86%CE%B7/%CE%B4%CE%B9%CE%B1%CF%84%CF%81%CE%BF%CF%86%CE%AE-%CF%80%CE%B1%CE%B8%CE%BF%CE%BB%CE%BF%CE%B3%CE%B9%CE%BA%CE%AD%CF%82-%CE%BA%CE%B1%CF%84%CE%B1%CF%83%CF%84%CE%AC%CF%83%CE%B5%CE%B9%CF%82" "Mozilla/5.0 (Linux; Android 6.0; Nexus 5 Build/MRA58N) AppleWebKit/537.36 (KHTML, like Gecko) Chrome/49.0.6268.1002 Mobile Safari/537.36"
192.161.165.103 - - [11/Jul/2026:08:45:05 -0400] "GET /templates/ja_oslo/images/dot-bg.png HTTP/2" 200 1087 "https://nutrition.soulfood.gr/t3-assets/css/css-0edf6-89743.css" "Mozilla/5.0 (Linux; Android 6.0; Nexus 5 Build/MRA58N) AppleWebKit/537.36 (KHTML, like Gecko) Chrome/49.0.6268.1002 Mobile Safari/537.36"
114.130.98.138 - - [11/Jul/2026:08:45:50 -0400] "GET /product/145035547 HTTP/2" 404 543 "-" "Mozilla/5.0 (Windows NT 6.3; Win64; x64) AppleWebKit/537.36 (KHTML, like Gecko) Chrome/108.0.0.0 Safari/537.36"
66.249.75.1 - - [11/Jul/2026:08:46:04 -0400] "GET /compilation/object/f4lw6y9bmkpzkz6.htm HTTP/2" 200 31371 "-" "Mozilla/5.0 (Linux; Android 6.0.1; Nexus 5X Build/MMB29P) AppleWebKit/537.36 (KHTML, like Gecko) Chrome/150.0.7871.46 Mobile Safari/537.36 (compatible; Googlebot/2.1; +http://www.google.com/bot.html)"
66.249.75.8 - - [11/Jul/2026:08:46:40 -0400] "GET /register/abhelp/eo9qumxca6xv4je.htm HTTP/2" 200 30959 "-" "Mozilla/5.0 (Linux; Android 6.0.1; Nexus 5X Build/MMB29P) AppleWebKit/537.36 (KHTML, like Gecko) Chrome/150.0.7871.46 Mobile Safari/537.36 (compatible; Googlebot/2.1; +http://www.google.com/bot.html)"
66.249.75.2 - - [11/Jul/2026:08:47:32 -0400] "GET /status/construction/e6b0k0z90kzlfxg.htm HTTP/2" 200 30516 "-" "Mozilla/5.0 (Linux; Android 6.0.1; Nexus 5X Build/MMB29P) AppleWebKit/537.36 (KHTML, like Gecko) Chrome/150.0.7871.46 Mobile Safari/537.36 (compatible; Googlebot/2.1; +http://www.google.com/bot.html)"
66.249.75.1 - - [11/Jul/2026:08:47:58 -0400] "GET /style/belonging/fgshptgb5qk6xi1.htm HTTP/2" 200 29690 "-" "Mozilla/5.0 (Linux; Android 6.0.1; Nexus 5X Build/MMB29P) AppleWebKit/537.36 (KHTML, like Gecko) Chrome/150.0.7871.46 Mobile Safari/537.36 (compatible; Googlebot/2.1; +http://www.google.com/bot.html)"
20.63.87.152 - - [11/Jul/2026:08:48:47 -0400] "GET /0.kb-v3.php HTTP/2" 404 543 "-" "Mozilla/5.0 (Windows NT 10.0; Win64; x64) AppleWebKit/537.36 (KHTML, like Gecko) Chrome/120.0.0.0 Safari/537.36"
20.63.87.152 - - [11/Jul/2026:08:48:48 -0400] "GET /002.php HTTP/2" 404 543 "-" "Mozilla/5.0 (Windows NT 10.0; Win64; x64) AppleWebKit/537.36 (KHTML, like Gecko) Chrome/120.0.0.0 Safari/537.36"
66.249.75.1 - - [11/Jul/2026:08:48:48 -0400] "GET /pride/appliance/f5d0ae1bqe5r43m.htm HTTP/2" 200 30204 "-" "Mozilla/5.0 (Linux; Android 6.0.1; Nexus 5X Build/MMB29P) AppleWebKit/537.36 (KHTML, like Gecko) Chrome/150.0.7871.46 Mobile Safari/537.36 (compatible; Googlebot/2.1; +http://www.google.com/bot.html)"
20.63.87.152 - - [11/Jul/2026:08:48:49 -0400] "GET /0xd.php HTTP/2" 404 543 "-" "Mozilla/5.0 (Windows NT 10.0; Win64; x64) AppleWebKit/537.36 (KHTML, like Gecko) Chrome/120.0.0.0 Safari/537.36"
20.63.87.152 - - [11/Jul/2026:08:48:49 -0400] "GET /10.php HTTP/2" 404 543 "-" "Mozilla/5.0 (Windows NT 10.0; Win64; x64) AppleWebKit/537.36 (KHTML, like Gecko) Chrome/120.0.0.0 Safari/537.36"
20.63.87.152 - - [11/Jul/2026:08:48:50 -0400] "GET /122.php HTTP/2" 404 543 "-" "Mozilla/5.0 (Windows NT 10.0; Win64; x64) AppleWebKit/537.36 (KHTML, like Gecko) Chrome/120.0.0.0 Safari/537.36"
66.249.75.2 - - [11/Jul/2026:08:48:50 -0400] "GET /typology/derivative/f5lv6y9bmvpzlz6.htm HTTP/2" 404 17839 "-" "Mozilla/5.0 (Linux; Android 6.0.1; Nexus 5X Build/MMB29P) AppleWebKit/537.36 (KHTML, like Gecko) Chrome/150.0.7871.46 Mobile Safari/537.36 (compatible; GoogleOther)"
20.63.87.152 - - [11/Jul/2026:08:48:50 -0400] "GET /123.php HTTP/2" 404 543 "-" "Mozilla/5.0 (Windows NT 10.0; Win64; x64) AppleWebKit/537.36 (KHTML, like Gecko) Chrome/120.0.0.0 Safari/537.36"
20.63.87.152 - - [11/Jul/2026:08:48:50 -0400] "GET /13.php HTTP/2" 404 543 "-" "Mozilla/5.0 (Windows NT 10.0; Win64; x64) AppleWebKit/537.36 (KHTML, like Gecko) Chrome/120.0.0.0 Safari/537.36"
20.63.87.152 - - [11/Jul/2026:08:48:51 -0400] "GET /133.php HTTP/2" 404 543 "-" "Mozilla/5.0 (Windows NT 10.0; Win64; x64) AppleWebKit/537.36 (KHTML, like Gecko) Chrome/120.0.0.0 Safari/537.36"
20.63.87.152 - - [11/Jul/2026:08:48:51 -0400] "GET /155.php HTTP/2" 404 543 "-" "Mozilla/5.0 (Windows NT 10.0; Win64; x64) AppleWebKit/537.36 (KHTML, like Gecko) Chrome/120.0.0.0 Safari/537.36"
20.63.87.152 - - [11/Jul/2026:08:48:51 -0400] "GET /166.php HTTP/2" 404 543 "-" "Mozilla/5.0 (Windows NT 10.0; Win64; x64) AppleWebKit/537.36 (KHTML, like Gecko) Chrome/120.0.0.0 Safari/537.36"
20.63.87.152 - - [11/Jul/2026:08:48:51 -0400] "GET /177.php HTTP/2" 404 543 "-" "Mozilla/5.0 (Windows NT 10.0; Win64; x64) AppleWebKit/537.36 (KHTML, like Gecko) Chrome/120.0.0.0 Safari/537.36"
20.63.87.152 - - [11/Jul/2026:08:48:52 -0400] "GET /1index.php HTTP/2" 404 543 "-" "Mozilla/5.0 (Windows NT 10.0; Win64; x64) AppleWebKit/537.36 (KHTML, like Gecko) Chrome/120.0.0.0 Safari/537.36"
20.63.87.152 - - [11/Jul/2026:08:48:52 -0400] "GET /2.php HTTP/2" 404 543 "-" "Mozilla/5.0 (Windows NT 10.0; Win64; x64) AppleWebKit/537.36 (KHTML, like Gecko) Chrome/120.0.0.0 Safari/537.36"
20.63.87.152 - - [11/Jul/2026:08:48:52 -0400] "GET /222.php HTTP/2" 404 543 "-" "Mozilla/5.0 (Windows NT 10.0; Win64; x64) AppleWebKit/537.36 (KHTML, like Gecko) Chrome/120.0.0.0 Safari/537.36"
20.63.87.152 - - [11/Jul/2026:08:48:53 -0400] "GET /23a.php HTTP/2" 404 543 "-" "Mozilla/5.0 (Windows NT 10.0; Win64; x64) AppleWebKit/537.36 (KHTML, like Gecko) Chrome/120.0.0.0 Safari/537.36"
66.249.75.1 - - [11/Jul/2026:08:48:53 -0400] "GET /framework/unit/fcbqk0zb06rp0d8.htm HTTP/2" 404 17149 "-" "Mozilla/5.0 (Linux; Android 6.0.1; Nexus 5X Build/MMB29P) AppleWebKit/537.36 (KHTML, like Gecko) Chrome/150.0.7871.46 Mobile Safari/537.36 (compatible; GoogleOther)"
20.63.87.152 - - [11/Jul/2026:08:48:53 -0400] "GET /289.php HTTP/2" 404 543 "-" "Mozilla/5.0 (Windows NT 10.0; Win64; x64) AppleWebKit/537.36 (KHTML, like Gecko) Chrome/120.0.0.0 Safari/537.36"
20.63.87.152 - - [11/Jul/2026:08:48:53 -0400] "GET /2p.php HTTP/2" 404 543 "-" "Mozilla/5.0 (Windows NT 10.0; Win64; x64) AppleWebKit/537.36 (KHTML, like Gecko) Chrome/120.0.0.0 Safari/537.36"
20.63.87.152 - - [11/Jul/2026:08:48:53 -0400] "GET /2p.update.php HTTP/2" 404 543 "-" "Mozilla/5.0 (Windows NT 10.0; Win64; x64) AppleWebKit/537.36 (KHTML, like Gecko) Chrome/120.0.0.0 Safari/537.36"
20.63.87.152 - - [11/Jul/2026:08:48:54 -0400] "GET /3.php HTTP/2" 404 543 "-" "Mozilla/5.0 (Windows NT 10.0; Win64; x64) AppleWebKit/537.36 (KHTML, like Gecko) Chrome/120.0.0.0 Safari/537.36"
20.63.87.152 - - [11/Jul/2026:08:48:54 -0400] "GET /3pjcpmfsd8b.php HTTP/2" 404 543 "-" "Mozilla/5.0 (Windows NT 10.0; Win64; x64) AppleWebKit/537.36 (KHTML, like Gecko) Chrome/120.0.0.0 Safari/537.36"
20.63.87.152 - - [11/Jul/2026:08:48:54 -0400] "GET /403.php HTTP/2" 404 543 "-" "Mozilla/5.0 (Windows NT 10.0; Win64; x64) AppleWebKit/537.36 (KHTML, like Gecko) Chrome/120.0.0.0 Safari/537.36"
20.63.87.152 - - [11/Jul/2026:08:48:54 -0400] "GET /404.php HTTP/2" 404 543 "-" "Mozilla/5.0 (Windows NT 10.0; Win64; x64) AppleWebKit/537.36 (KHTML, like Gecko) Chrome/120.0.0.0 Safari/537.36"
20.63.87.152 - - [11/Jul/2026:08:48:54 -0400] "GET /4pjcpmfsd8b.php HTTP/2" 404 543 "-" "Mozilla/5.0 (Windows NT 10.0; Win64; x64) AppleWebKit/537.36 (KHTML, like Gecko) Chrome/120.0.0.0 Safari/537.36"
20.63.87.152 - - [11/Jul/2026:08:48:55 -0400] "GET /630sogjm.php HTTP/2" 404 543 "-" "Mozilla/5.0 (Windows NT 10.0; Win64; x64) AppleWebKit/537.36 (KHTML, like Gecko) Chrome/120.0.0.0 Safari/537.36"
20.63.87.152 - - [11/Jul/2026:08:48:55 -0400] "GET /66.php HTTP/2" 404 543 "-" "Mozilla/5.0 (Windows NT 10.0; Win64; x64) AppleWebKit/537.36 (KHTML, like Gecko) Chrome/120.0.0.0 Safari/537.36"
20.63.87.152 - - [11/Jul/2026:08:48:55 -0400] "GET /666.php HTTP/2" 404 543 "-" "Mozilla/5.0 (Windows NT 10.0; Win64; x64) AppleWebKit/537.36 (KHTML, like Gecko) Chrome/120.0.0.0 Safari/537.36"
20.63.87.152 - - [11/Jul/2026:08:48:55 -0400] "GET /7.php HTTP/2" 404 543 "-" "Mozilla/5.0 (Windows NT 10.0; Win64; x64) AppleWebKit/537.36 (KHTML, like Gecko) Chrome/120.0.0.0 Safari/537.36"
192.161.165.103 - - [11/Jul/2026:08:45:01 -0400] "GET /t3-assets/css/css-0edf6-89743.css HTTP/2" 200 24726 "https://nutrition.soulfood.gr/%CE%B4%CE%B9%CE%B1%CF%84%CF%81%CE%BF%CF%86%CE%B7/%CE%B4%CE%B9%CE%B1%CF%84%CF%81%CE%BF%CF%86%CE%AE-%CF%80%CE%B1%CE%B8%CE%BF%CE%BB%CE%BF%CE%B3%CE%B9%CE%BA%CE%AD%CF%82-%CE%BA%CE%B1%CF%84%CE%B1%CF%83%CF%84%CE%AC%CF%83%CE%B5%CE%B9%CF%82" "Mozilla/5.0 (Linux; Android 6.0; Nexus 5 Build/MRA58N) AppleWebKit/537.36 (KHTML, like Gecko) Chrome/49.0.6268.1002 Mobile Safari/537.36"
192.161.165.103 - - [11/Jul/2026:08:45:02 -0400] "GET /images/%CE%95%CE%B9%CE%BA%CF%8C%CE%BD%CE%B118.jpg HTTP/2" 200 11842 "https://nutrition.soulfood.gr/%CE%B4%CE%B9%CE%B1%CF%84%CF%81%CE%BF%CF%86%CE%B7/%CE%B4%CE%B9%CE%B1%CF%84%CF%81%CE%BF%CF%86%CE%AE-%CF%80%CE%B1%CE%B8%CE%BF%CE%BB%CE%BF%CE%B3%CE%B9%CE%BA%CE%AD%CF%82-%CE%BA%CE%B1%CF%84%CE%B1%CF%83%CF%84%CE%AC%CF%83%CE%B5%CE%B9%CF%82" "Mozilla/5.0 (Linux; Android 6.0; Nexus 5 Build/MRA58N) AppleWebKit/537.36 (KHTML, like Gecko) Chrome/49.0.6268.1002 Mobile Safari/537.36"
192.161.165.103 - - [11/Jul/2026:08:45:02 -0400] "GET /images/logo%20soulfood.png HTTP/2" 200 334718 "https://nutrition.soulfood.gr/%CE%B4%CE%B9%CE%B1%CF%84%CF%81%CE%BF%CF%86%CE%B7/%CE%B4%CE%B9%CE%B1%CF%84%CF%81%CE%BF%CF%86%CE%AE-%CF%80%CE%B1%CE%B8%CE%BF%CE%BB%CE%BF%CE%B3%CE%B9%CE%BA%CE%AD%CF%82-%CE%BA%CE%B1%CF%84%CE%B1%CF%83%CF%84%CE%AC%CF%83%CE%B5%CE%B9%CF%82" "Mozilla/5.0 (Linux; Android 6.0; Nexus 5 Build/MRA58N) AppleWebKit/537.36 (KHTML, like Gecko) Chrome/49.0.6268.1002 Mobile Safari/537.36"
192.161.165.103 - - [11/Jul/2026:08:45:03 -0400] "GET /images/%CE%95%CE%B9%CE%BA%CF%8C%CE%BD%CE%B114.png HTTP/2" 200 153685 "https://nutrition.soulfood.gr/%CE%B4%CE%B9%CE%B1%CF%84%CF%81%CE%BF%CF%86%CE%B7/%CE%B4%CE%B9%CE%B1%CF%84%CF%81%CE%BF%CF%86%CE%AE-%CF%80%CE%B1%CE%B8%CE%BF%CE%BB%CE%BF%CE%B3%CE%B9%CE%BA%CE%AD%CF%82-%CE%BA%CE%B1%CF%84%CE%B1%CF%83%CF%84%CE%AC%CF%83%CE%B5%CE%B9%CF%82" "Mozilla/5.0 (Linux; Android 6.0; Nexus 5 Build/MRA58N) AppleWebKit/537.36 (KHTML, like Gecko) Chrome/49.0.6268.1002 Mobile Safari/537.36"
192.161.165.103 - - [11/Jul/2026:08:45:03 -0400] "GET /images/2023/05/20/instagram.png HTTP/2" 200 16180 "https://nutrition.soulfood.gr/%CE%B4%CE%B9%CE%B1%CF%84%CF%81%CE%BF%CF%86%CE%B7/%CE%B4%CE%B9%CE%B1%CF%84%CF%81%CE%BF%CF%86%CE%AE-%CF%80%CE%B1%CE%B8%CE%BF%CE%BB%CE%BF%CE%B3%CE%B9%CE%BA%CE%AD%CF%82-%CE%BA%CE%B1%CF%84%CE%B1%CF%83%CF%84%CE%AC%CF%83%CE%B5%CE%B9%CF%82" "Mozilla/5.0 (Linux; Android 6.0; Nexus 5 Build/MRA58N) AppleWebKit/537.36 (KHTML, like Gecko) Chrome/49.0.6268.1002 Mobile Safari/537.36"
66.249.75.2 - - [11/Jul/2026:08:45:28 -0400] "GET /sector/publication/f9tq2ihbim970vq.htm HTTP/2" 200 31215 "-" "Mozilla/5.0 (Linux; Android 6.0.1; Nexus 5X Build/MMB29P) AppleWebKit/537.36 (KHTML, like Gecko) Chrome/150.0.7871.46 Mobile Safari/537.36 (compatible; Googlebot/2.1; +http://www.google.com/bot.html)"
20.63.87.152 - - [11/Jul/2026:08:48:48 -0400] "GET /0.php HTTP/2" 404 543 "-" "Mozilla/5.0 (Windows NT 10.0; Win64; x64) AppleWebKit/537.36 (KHTML, like Gecko) Chrome/120.0.0.0 Safari/537.36"
20.63.87.152 - - [11/Jul/2026:08:48:48 -0400] "GET /0x.php HTTP/2" 404 543 "-" "Mozilla/5.0 (Windows NT 10.0; Win64; x64) AppleWebKit/537.36 (KHTML, like Gecko) Chrome/120.0.0.0 Safari/537.36"
20.63.87.152 - - [11/Jul/2026:08:48:49 -0400] "GET /1.php HTTP/2" 404 543 "-" "Mozilla/5.0 (Windows NT 10.0; Win64; x64) AppleWebKit/537.36 (KHTML, like Gecko) Chrome/120.0.0.0 Safari/537.36"
20.63.87.152 - - [11/Jul/2026:08:48:50 -0400] "GET /100.php HTTP/2" 404 543 "-" "Mozilla/5.0 (Windows NT 10.0; Win64; x64) AppleWebKit/537.36 (KHTML, like Gecko) Chrome/120.0.0.0 Safari/537.36"
66.249.75.5 - - [11/Jul/2026:08:50:30 -0400] "GET /classification/offering/fhdeae1bqi5r43m.htm HTTP/2" 200 30658 "-" "Mozilla/5.0 (Linux; Android 6.0.1; Nexus 5X Build/MMB29P) AppleWebKit/537.36 (KHTML, like Gecko) Chrome/150.0.7871.46 Mobile Safari/537.36 (compatible; Googlebot/2.1; +http://www.google.com/bot.html)"
66.249.75.4 - - [11/Jul/2026:08:50:56 -0400] "GET /section/serial/eo5meut4uetf4ra.htm HTTP/2" 200 31189 "-" "Mozilla/5.0 (Linux; Android 6.0.1; Nexus 5X Build/MMB29P) AppleWebKit/537.36 (KHTML, like Gecko) Chrome/150.0.7871.46 Mobile Safari/537.36 (compatible; Googlebot/2.1; +http://www.google.com/bot.html)"
66.249.75.4 - - [11/Jul/2026:08:50:56 -0400] "GET /domain/extra/fkpymqdb2ph3pfy.htm HTTP/2" 200 30851 "-" "Mozilla/5.0 (Linux; Android 6.0.1; Nexus 5X Build/MMB29P) AppleWebKit/537.36 (KHTML, like Gecko) Chrome/150.0.7871.46 Mobile Safari/537.36 (compatible; Googlebot/2.1; +http://www.google.com/bot.html)"
66.249.75.4 - - [11/Jul/2026:08:50:59 -0400] "GET /conglomeration/trait/fwgjdh4bt78ua6p.htm HTTP/2" 200 30979 "-" "Mozilla/5.0 (Linux; Android 6.0.1; Nexus 5X Build/MMB29P) AppleWebKit/537.36 (KHTML, like Gecko) Chrome/150.0.7871.46 Mobile Safari/537.36 (compatible; Googlebot/2.1; +http://www.google.com/bot.html)"
66.249.75.4 - - [11/Jul/2026:08:51:50 -0400] "GET /taxon/freight/e61fy2pdempz9z6.htm HTTP/2" 200 31539 "-" "Mozilla/5.0 (Linux; Android 6.0.1; Nexus 5X Build/MMB29P) AppleWebKit/537.36 (KHTML, like Gecko) Chrome/150.0.7871.46 Mobile Safari/537.36 (compatible; Googlebot/2.1; +http://www.google.com/bot.html)"
66.249.75.4 - - [11/Jul/2026:08:52:42 -0400] "GET /label/fragment/ec4815szhps2a29.htm HTTP/2" 200 30654 "-" "Mozilla/5.0 (Linux; Android 6.0.1; Nexus 5X Build/MMB29P) AppleWebKit/537.36 (KHTML, like Gecko) Chrome/150.0.7871.46 Mobile Safari/537.36 (compatible; Googlebot/2.1; +http://www.google.com/bot.html)"
66.249.75.5 - - [11/Jul/2026:08:52:44 -0400] "GET /status/outcome/eqjrgk7vw47htho.htm HTTP/2" 200 31023 "-" "Mozilla/5.0 (Linux; Android 6.0.1; Nexus 5X Build/MMB29P) AppleWebKit/537.36 (KHTML, like Gecko) Chrome/150.0.7871.46 Mobile Safari/537.36 (compatible; Googlebot/2.1; +http://www.google.com/bot.html)"
66.249.75.4 - - [11/Jul/2026:08:53:16 -0400] "GET /list/object/fbktt98b9g0ytmh.htm HTTP/2" 200 30578 "-" "Mozilla/5.0 (Linux; Android 6.0.1; Nexus 5X Build/MMB29P) AppleWebKit/537.36 (KHTML, like Gecko) Chrome/150.0.7871.46 Mobile Safari/537.36 (compatible; Googlebot/2.1; +http://www.google.com/bot.html)"
66.249.75.4 - - [11/Jul/2026:08:53:25 -0400] "GET /label/serial/ecs4ptgp5dgqoqx.htm HTTP/2" 200 30457 "-" "Mozilla/5.0 (Linux; Android 6.0.1; Nexus 5X Build/MMB29P) AppleWebKit/537.36 (KHTML, like Gecko) Chrome/150.0.7871.46 Mobile Safari/537.36 (compatible; Googlebot/2.1; +http://www.google.com/bot.html)"
66.249.75.6 - - [11/Jul/2026:08:54:08 -0400] "GET /association/segment/endhae1iqy1bgbi.htm HTTP/2" 200 30030 "-" "Mozilla/5.0 (Linux; Android 6.0.1; Nexus 5X Build/MMB29P) AppleWebKit/537.36 (KHTML, like Gecko) Chrome/150.0.7871.46 Mobile Safari/537.36 (compatible; Googlebot/2.1; +http://www.google.com/bot.html)"
66.249.75.1 - - [11/Jul/2026:08:55:13 -0400] "GET /territory/consequence/fkm2jnabzme0jcv.htm HTTP/2" 200 30321 "-" "Mozilla/5.0 (Linux; Android 6.0.1; Nexus 5X Build/MMB29P) AppleWebKit/537.36 (KHTML, like Gecko) Chrome/150.0.7871.46 Mobile Safari/537.36 (compatible; Googlebot/2.1; +http://www.google.com/bot.html)"
66.249.75.1 - - [11/Jul/2026:08:55:16 -0400] "GET /branch/kind/enp6mqdb2adnxnu.htm HTTP/2" 200 30621 "-" "Mozilla/5.0 (Linux; Android 6.0.1; Nexus 5X Build/MMB29P) AppleWebKit/537.36 (KHTML, like Gecko) Chrome/150.0.7871.46 Mobile Safari/537.36 (compatible; Googlebot/2.1; +http://www.google.com/bot.html)"
66.249.75.1 - - [11/Jul/2026:08:55:39 -0400] "GET /shoal/fabrication/elpwmqdb2adnpnu.htm HTTP/2" 200 31785 "-" "Mozilla/5.0 (Linux; Android 6.0.1; Nexus 5X Build/MMB29P) AppleWebKit/537.36 (KHTML, like Gecko) Chrome/150.0.7871.46 Mobile Safari/537.36 (compatible; Googlebot/2.1; +http://www.google.com/bot.html)"
66.249.75.1 - - [11/Jul/2026:08:57:46 -0400] "GET /grade/output/e6fm0s3ggc312pk.htm HTTP/2" 200 30837 "-" "Mozilla/5.0 (Linux; Android 6.0.1; Nexus 5X Build/MMB29P) AppleWebKit/537.36 (KHTML, like Gecko) Chrome/150.0.7871.46 Mobile Safari/537.36 (compatible; Googlebot/2.1; +http://www.google.com/bot.html)"
20.63.87.152 - - [11/Jul/2026:08:48:56 -0400] "GET /8.php HTTP/2" 404 543 "-" "Mozilla/5.0 (Windows NT 10.0; Win64; x64) AppleWebKit/537.36 (KHTML, like Gecko) Chrome/120.0.0.0 Safari/537.36"
20.63.87.152 - - [11/Jul/2026:08:48:56 -0400] "GET /8573.php HTTP/2" 404 543 "-" "Mozilla/5.0 (Windows NT 10.0; Win64; x64) AppleWebKit/537.36 (KHTML, like Gecko) Chrome/120.0.0.0 Safari/537.36"
20.63.87.152 - - [11/Jul/2026:08:48:56 -0400] "GET /87.php HTTP/2" 404 543 "-" "Mozilla/5.0 (Windows NT 10.0; Win64; x64) AppleWebKit/537.36 (KHTML, like Gecko) Chrome/120.0.0.0 Safari/537.36"
20.63.87.152 - - [11/Jul/2026:08:48:56 -0400] "GET /a.php HTTP/2" 404 543 "-" "Mozilla/5.0 (Windows NT 10.0; Win64; x64) AppleWebKit/537.36 (KHTML, like Gecko) Chrome/120.0.0.0 Safari/537.36"
20.63.87.152 - - [11/Jul/2026:08:48:57 -0400] "GET /a7.php HTTP/2" 404 543 "-" "Mozilla/5.0 (Windows NT 10.0; Win64; x64) AppleWebKit/537.36 (KHTML, like Gecko) Chrome/120.0.0.0 Safari/537.36"
66.249.75.8 - - [11/Jul/2026:08:49:14 -0400] "GET /ilk/shipment/erxrialuyuljs72.htm HTTP/2" 200 32742 "-" "Mozilla/5.0 (Linux; Android 6.0.1; Nexus 5X Build/MMB29P) AppleWebKit/537.36 (KHTML, like Gecko) Chrome/150.0.7871.46 Mobile Safari/537.36 (compatible; Googlebot/2.1; +http://www.google.com/bot.html)"
66.249.75.6 - - [11/Jul/2026:08:50:05 -0400] "GET /schedule/work/fvcqxp0bdugqnqx.htm HTTP/2" 200 30710 "-" "Mozilla/5.0 (Linux; Android 6.0.1; Nexus 5X Build/MMB29P) AppleWebKit/537.36 (KHTML, like Gecko) Chrome/150.0.7871.46 Mobile Safari/537.36 (compatible; Googlebot/2.1; +http://www.google.com/bot.html)"
85.208.96.210 - - [11/Jul/2026:08:50:22 -0400] "GET /%CE%B4%CE%B9%CE%B1%CF%84%CF%81%CE%BF%CF%86%CE%BF%CE%BB%CE%BF%CE%B3%CE%B9%CE%B1/%CE%B3%CE%B5%CE%BD%CE%B9%CE%BA%CE%AE-%CE%BA%CE%B1%CF%84%CE%B7%CE%B3%CE%BF%CF%81%CE%AF%CE%B1/333-%E2%80%A2-1900-%CE%B8%CE%B5%CF%81%CE%BC%CE%B9%CE%B4%CF%89%CE%BD HTTP/2" 404 0 "-" "Mozilla/5.0 (compatible; SemrushBot/7~bl; +http://www.semrush.com/bot.html)"
66.249.75.6 - - [11/Jul/2026:08:52:16 -0400] "GET /kind/effect/en5oeutfuetf5ra.htm HTTP/2" 200 30611 "-" "Mozilla/5.0 (Linux; Android 6.0.1; Nexus 5X Build/MMB29P) AppleWebKit/537.36 (KHTML, like Gecko) Chrome/150.0.7871.46 Mobile Safari/537.36 (compatible; Googlebot/2.1; +http://www.google.com/bot.html)"
66.249.75.8 - - [11/Jul/2026:08:55:14 -0400] "GET /echelon/abtameru/el7i48vgksv5o5c.htm HTTP/2" 200 30852 "-" "Mozilla/5.0 (Linux; Android 6.0.1; Nexus 5X Build/MMB29P) AppleWebKit/537.36 (KHTML, like Gecko) Chrome/150.0.7871.46 Mobile Safari/537.36 (compatible; Googlebot/2.1; +http://www.google.com/bot.html)"
47.128.114.162 - - [11/Jul/2026:08:56:08 -0400] "GET /%CF%83%CF%85%CE%BD%CF%84%CE%B1%CE%B3%CE%B5%CF%83/%CE%BA%CF%8C%CE%BA%CE%BA%CE%B9%CE%BD%CE%BF-%CE%BA%CF%81%CE%AD%CE%B1%CF%82/617-%CF%83%CF%80%CE%B9%CF%84%CE%B9%CE%BA%CE%AE-%CF%80%CF%81%CE%B1%CE%BB%CE%AF%CE%BD%CE%B1-%CF%86%CE%BF%CF%85%CE%BD%CF%84%CE%BF%CF%85%CE%BA%CE%B9%CE%BF%CF%8D HTTP/2" 404 0 "-" "Mozilla/5.0 (Linux; Android 5.0) AppleWebKit/537.36 (KHTML, like Gecko) Mobile Safari/537.36 (compatible; Bytespider; spider-feedback@bytedance.com)"
66.249.75.2 - - [11/Jul/2026:08:56:16 -0400] "GET /club/division/ex20brqtrbqcwo7.htm HTTP/2" 200 31080 "-" "Mozilla/5.0 (Linux; Android 6.0.1; Nexus 5X Build/MMB29P) AppleWebKit/537.36 (KHTML, like Gecko) Chrome/150.0.7871.46 Mobile Safari/537.36 (compatible; Googlebot/2.1; +http://www.google.com/bot.html)"
66.249.75.8 - - [11/Jul/2026:08:56:52 -0400] "GET /facet/trait/erfg0s3igc31mpk.htm HTTP/2" 200 30005 "-" "Mozilla/5.0 (Linux; Android 6.0.1; Nexus 5X Build/MMB29P) AppleWebKit/537.36 (KHTML, like Gecko) Chrome/150.0.7871.46 Mobile Safari/537.36 (compatible; Googlebot/2.1; +http://www.google.com/bot.html)"
169.224.121.5 - - [11/Jul/2026:08:58:32 -0400] "GET /ranking/cooperate/i91lywd8brv1k_33485.phtml HTTP/2" 404 543 "-" "Mozilla/5.0 (Windows NT 6.1) AppleWebKit/537.36 (KHTML, like Gecko) Brave Chrome/78.0.3904.108 Safari/537.36"
190.24.56.95 - - [11/Jul/2026:08:59:15 -0400] "GET /%CF%83%CF%85%CE%BD%CF%84%CE%B1%CE%B3%CE%B5%CF%83/%CE%BA%CF%8C%CE%BA%CE%BA%CE%B9%CE%BD%CE%BF-%CE%BA%CF%81%CE%AD%CE%B1%CF%82/302-%CF%83%CE%B1%CE%BB%CE%AC%CF%84%CE%B1-%CE%BC%CE%B5-%CF%81%CF%8C%CE%BA%CE%B1,-%CF%80%CE%BF%CF%81%CF%84%CE%BF%CE%BA%CE%AC%CE%BB%CE%B9-%CE%BA%CF%81%CE%BF%CF%85%CF%84%CF%8C%CE%BD HTTP/2" 200 8354 "-" "Mozilla/5.0 (Macintosh; Intel Mac OS X 11_1_0) AppleWebKit/537.36 (KHTML, like Gecko) Brave Chrome/89.0.4389.72 Safari/537.36"
66.249.75.8 - - [11/Jul/2026:08:59:29 -0400] "GET /area/make/eos0ptgu5dgq5qx.htm HTTP/2" 200 31013 "-" "Mozilla/5.0 (Linux; Android 6.0.1; Nexus 5X Build/MMB29P) AppleWebKit/537.36 (KHTML, like Gecko) Chrome/150.0.7871.46 Mobile Safari/537.36 (compatible; Googlebot/2.1; +http://www.google.com/bot.html)"
66.249.75.8 - - [11/Jul/2026:08:59:54 -0400] "GET /aggregation/unit/eyg0dh4dt14egel.htm HTTP/2" 200 30430 "-" "Mozilla/5.0 (Linux; Android 6.0.1; Nexus 5X Build/MMB29P) AppleWebKit/537.36 (KHTML, like Gecko) Chrome/150.0.7871.46 Mobile Safari/537.36 (compatible; Googlebot/2.1; +http://www.google.com/bot.html)"
66.249.75.1 - - [11/Jul/2026:09:00:20 -0400] "GET /establishment/asset/f7msjnabzfe06cv.htm HTTP/2" 200 32870 "-" "Mozilla/5.0 (Linux; Android 6.0.1; Nexus 5X Build/MMB29P) AppleWebKit/537.36 (KHTML, like Gecko) Chrome/150.0.7871.46 Mobile Safari/537.36 (compatible; Googlebot/2.1; +http://www.google.com/bot.html)"
66.249.75.1 - - [11/Jul/2026:09:00:45 -0400] "GET /fraternity/inventory/f9egn32b3vus6gb.htm HTTP/2" 200 32444 "-" "Mozilla/5.0 (Linux; Android 6.0.1; Nexus 5X Build/MMB29P) AppleWebKit/537.36 (KHTML, like Gecko) Chrome/150.0.7871.46 Mobile Safari/537.36 (compatible; Googlebot/2.1; +http://www.google.com/bot.html)"
66.249.75.1 - - [11/Jul/2026:09:01:11 -0400] "GET /taxonomy/resource/f11cy2pbemtfcra.htm HTTP/2" 200 30489 "-" "Mozilla/5.0 (Linux; Android 6.0.1; Nexus 5X Build/MMB29P) AppleWebKit/537.36 (KHTML, like Gecko) Chrome/150.0.7871.46 Mobile Safari/537.36 (compatible; Googlebot/2.1; +http://www.google.com/bot.html)"
192.161.165.103 - - [11/Jul/2026:08:45:01 -0400] "GET /t3-assets/css/css-c0f9c-71828.css HTTP/2" 200 482 "https://nutrition.soulfood.gr/%CE%B4%CE%B9%CE%B1%CF%84%CF%81%CE%BF%CF%86%CE%B7/%CE%B4%CE%B9%CE%B1%CF%84%CF%81%CE%BF%CF%86%CE%AE-%CF%80%CE%B1%CE%B8%CE%BF%CE%BB%CE%BF%CE%B3%CE%B9%CE%BA%CE%AD%CF%82-%CE%BA%CE%B1%CF%84%CE%B1%CF%83%CF%84%CE%AC%CF%83%CE%B5%CE%B9%CF%82" "Mozilla/5.0 (Linux; Android 6.0; Nexus 5 Build/MRA58N) AppleWebKit/537.36 (KHTML, like Gecko) Chrome/49.0.6268.1002 Mobile Safari/537.36"
192.161.165.103 - - [11/Jul/2026:08:45:02 -0400] "GET /plugins/system/t3/base-bs3/fonts/font-awesome/css/font-awesome-base.css HTTP/2" 200 5592 "https://nutrition.soulfood.gr/t3-assets/css/css-0edf6-89743.css" "Mozilla/5.0 (Linux; Android 6.0; Nexus 5 Build/MRA58N) AppleWebKit/537.36 (KHTML, like Gecko) Chrome/49.0.6268.1002 Mobile Safari/537.36"
192.161.165.103 - - [11/Jul/2026:08:45:03 -0400] "GET /images/%CE%95%CE%B9%CE%BA%CF%8C%CE%BD%CE%B19.png HTTP/2" 200 134069 "https://nutrition.soulfood.gr/%CE%B4%CE%B9%CE%B1%CF%84%CF%81%CE%BF%CF%86%CE%B7/%CE%B4%CE%B9%CE%B1%CF%84%CF%81%CE%BF%CF%86%CE%AE-%CF%80%CE%B1%CE%B8%CE%BF%CE%BB%CE%BF%CE%B3%CE%B9%CE%BA%CE%AD%CF%82-%CE%BA%CE%B1%CF%84%CE%B1%CF%83%CF%84%CE%AC%CF%83%CE%B5%CE%B9%CF%82" "Mozilla/5.0 (Linux; Android 6.0; Nexus 5 Build/MRA58N) AppleWebKit/537.36 (KHTML, like Gecko) Chrome/49.0.6268.1002 Mobile Safari/537.36"
192.161.165.103 - - [11/Jul/2026:08:45:04 -0400] "GET /images/2023/02/14/hypoglycemia.jpg HTTP/2" 200 31937 "https://nutrition.soulfood.gr/%CE%B4%CE%B9%CE%B1%CF%84%CF%81%CE%BF%CF%86%CE%B7/%CE%B4%CE%B9%CE%B1%CF%84%CF%81%CE%BF%CF%86%CE%AE-%CF%80%CE%B1%CE%B8%CE%BF%CE%BB%CE%BF%CE%B3%CE%B9%CE%BA%CE%AD%CF%82-%CE%BA%CE%B1%CF%84%CE%B1%CF%83%CF%84%CE%AC%CF%83%CE%B5%CE%B9%CF%82" "Mozilla/5.0 (Linux; Android 6.0; Nexus 5 Build/MRA58N) AppleWebKit/537.36 (KHTML, like Gecko) Chrome/49.0.6268.1002 Mobile Safari/537.36"
192.161.165.103 - - [11/Jul/2026:08:45:05 -0400] "GET /images/2022/09/01/fodmap.jpg HTTP/2" 200 60192 "https://nutrition.soulfood.gr/%CE%B4%CE%B9%CE%B1%CF%84%CF%81%CE%BF%CF%86%CE%B7/%CE%B4%CE%B9%CE%B1%CF%84%CF%81%CE%BF%CF%86%CE%AE-%CF%80%CE%B1%CE%B8%CE%BF%CE%BB%CE%BF%CE%B3%CE%B9%CE%BA%CE%AD%CF%82-%CE%BA%CE%B1%CF%84%CE%B1%CF%83%CF%84%CE%AC%CF%83%CE%B5%CE%B9%CF%82" "Mozilla/5.0 (Linux; Android 6.0; Nexus 5 Build/MRA58N) AppleWebKit/537.36 (KHTML, like Gecko) Chrome/49.0.6268.1002 Mobile Safari/537.36"
192.161.165.103 - - [11/Jul/2026:08:45:05 -0400] "GET /images/2022/06/06/dms.jpg HTTP/2" 200 35291 "https://nutrition.soulfood.gr/%CE%B4%CE%B9%CE%B1%CF%84%CF%81%CE%BF%CF%86%CE%B7/%CE%B4%CE%B9%CE%B1%CF%84%CF%81%CE%BF%CF%86%CE%AE-%CF%80%CE%B1%CE%B8%CE%BF%CE%BB%CE%BF%CE%B3%CE%B9%CE%BA%CE%AD%CF%82-%CE%BA%CE%B1%CF%84%CE%B1%CF%83%CF%84%CE%AC%CF%83%CE%B5%CE%B9%CF%82" "Mozilla/5.0 (Linux; Android 6.0; Nexus 5 Build/MRA58N) AppleWebKit/537.36 (KHTML, like Gecko) Chrome/49.0.6268.1002 Mobile Safari/537.36"
66.249.75.5 - - [11/Jul/2026:08:54:34 -0400] "GET /taxonomy/portion/eagbdh4nt14eqel.htm HTTP/2" 200 30515 "-" "Mozilla/5.0 (Linux; Android 6.0.1; Nexus 5X Build/MMB29P) AppleWebKit/537.36 (KHTML, like Gecko) Chrome/150.0.7871.46 Mobile Safari/537.36 (compatible; Googlebot/2.1; +http://www.google.com/bot.html)"
47.82.13.150 - - [11/Jul/2026:08:56:13 -0400] "GET /%CF%83%CF%85%CE%BD%CF%84%CE%B1%CE%B3%CE%B5%CF%83/%CE%BA%CF%8C%CE%BA%CE%BA%CE%B9%CE%BD%CE%BF-%CE%BA%CF%81%CE%AD%CE%B1%CF%82/553-%CF%88%CE%B7%CF%84%CE%AD%CF%82-%CE%BA%CE%BF%CF%84%CE%BF%CE%BC%CF%80%CE%BF%CF%85%CE%BA%CE%B9%CE%AD%CF%82 HTTP/2" 200 8122 "-" "Mozilla/5.0 (Windows NT 10.0; Win64; x64) AppleWebKit/537.36 (KHTML, like Gecko) Chrome/139.0.0.0 Safari/537.36"
40.77.167.235 - - [11/Jul/2026:08:59:50 -0400] "GET /product/432865593 HTTP/2" 404 17 "-" "Mozilla/5.0 AppleWebKit/537.36 (KHTML, like Gecko; compatible; bingbot/2.0; +http://www.bing.com/bingbot.htm) Chrome/116.0.1938.76 Safari/537.36"
66.249.75.1 - - [11/Jul/2026:08:58:12 -0400] "GET /clique/assembly/e1fd0s3jgc31rpk.htm HTTP/2" 200 30529 "-" "Mozilla/5.0 (Linux; Android 6.0.1; Nexus 5X Build/MMB29P) AppleWebKit/537.36 (KHTML, like Gecko) Chrome/150.0.7871.46 Mobile Safari/537.36 (compatible; Googlebot/2.1; +http://www.google.com/bot.html)"
66.249.75.1 - - [11/Jul/2026:08:59:02 -0400] "GET /denomination/consignment/fqckxp0bd4gq3qx.htm HTTP/2" 200 29196 "-" "Mozilla/5.0 (Linux; Android 6.0.1; Nexus 5X Build/MMB29P) AppleWebKit/537.36 (KHTML, like Gecko) Chrome/150.0.7871.46 Mobile Safari/537.36 (compatible; Googlebot/2.1; +http://www.google.com/bot.html)"
66.249.75.1 - - [11/Jul/2026:08:59:03 -0400] "GET /colony/craft/fewe5lkblscazyt.htm HTTP/2" 200 29577 "-" "Mozilla/5.0 (Linux; Android 6.0.1; Nexus 5X Build/MMB29P) AppleWebKit/537.36 (KHTML, like Gecko) Chrome/150.0.7871.46 Mobile Safari/537.36 (compatible; Googlebot/2.1; +http://www.google.com/bot.html)"
66.249.75.8 - - [11/Jul/2026:09:01:44 -0400] "GET /shoal/edition/fnz18onbo1fd51w.htm HTTP/2" 200 30832 "-" "Mozilla/5.0 (Linux; Android 6.0.1; Nexus 5X Build/MMB29P) AppleWebKit/537.36 (KHTML, like Gecko) Chrome/150.0.7871.46 Mobile Safari/537.36 (compatible; Googlebot/2.1; +http://www.google.com/bot.html)"
66.249.75.1 - - [11/Jul/2026:09:01:56 -0400] "GET /chart/supplement/fthuq65b64xveje.htm HTTP/2" 404 17027 "-" "Mozilla/5.0 (Linux; Android 6.0.1; Nexus 5X Build/MMB29P) AppleWebKit/537.36 (KHTML, like Gecko) Chrome/150.0.7871.46 Mobile Safari/537.36 (compatible; GoogleOther)"
66.249.75.8 - - [11/Jul/2026:09:02:35 -0400] "GET /grade/subassembly/fz0eldob1e4e3el.htm HTTP/2" 200 30986 "-" "Mozilla/5.0 (Linux; Android 6.0.1; Nexus 5X Build/MMB29P) AppleWebKit/537.36 (KHTML, like Gecko) Chrome/150.0.7871.46 Mobile Safari/537.36 (compatible; Googlebot/2.1; +http://www.google.com/bot.html)"
66.249.75.8 - - [11/Jul/2026:09:02:40 -0400] "GET /classification/output/e2qrzfevfze0ocv.htm HTTP/2" 200 30965 "-" "Mozilla/5.0 (Linux; Android 6.0.1; Nexus 5X Build/MMB29P) AppleWebKit/537.36 (KHTML, like Gecko) Chrome/150.0.7871.46 Mobile Safari/537.36 (compatible; Googlebot/2.1; +http://www.google.com/bot.html)"
66.249.75.5 - - [11/Jul/2026:09:07:21 -0400] "GET /status/unit/e2d6ae16qy1bybi.htm HTTP/2" 200 31498 "-" "Mozilla/5.0 (Linux; Android 6.0.1; Nexus 5X Build/MMB29P) AppleWebKit/537.36 (KHTML, like Gecko) Chrome/150.0.7871.46 Mobile Safari/537.36 (compatible; Googlebot/2.1; +http://www.google.com/bot.html)"
66.249.75.4 - - [11/Jul/2026:09:07:47 -0400] "GET /territory/class/f7rzc4fbsqv525c.htm HTTP/2" 200 31295 "-" "Mozilla/5.0 (Linux; Android 6.0.1; Nexus 5X Build/MMB29P) AppleWebKit/537.36 (KHTML, like Gecko) Chrome/150.0.7871.46 Mobile Safari/537.36 (compatible; Googlebot/2.1; +http://www.google.com/bot.html)"
66.249.75.4 - - [11/Jul/2026:09:09:31 -0400] "GET /echelon/substance/fqvuswjb8ln9jl4.htm HTTP/2" 200 30698 "-" "Mozilla/5.0 (Linux; Android 6.0.1; Nexus 5X Build/MMB29P) AppleWebKit/537.36 (KHTML, like Gecko) Chrome/150.0.7871.46 Mobile Safari/537.36 (compatible; Googlebot/2.1; +http://www.google.com/bot.html)"
66.249.75.2 - - [11/Jul/2026:09:03:10 -0400] "GET /level/collection/eoprmqdd2adnxnu.htm HTTP/2" 200 32600 "-" "Mozilla/5.0 (Linux; Android 6.0.1; Nexus 5X Build/MMB29P) AppleWebKit/537.36 (KHTML, like Gecko) Chrome/150.0.7871.46 Mobile Safari/537.36 (compatible; Googlebot/2.1; +http://www.google.com/bot.html)"
66.249.75.8 - - [11/Jul/2026:09:03:49 -0400] "GET /faction/fragment/d07b48v5ksv5s5c.htm HTTP/2" 200 30698 "-" "Mozilla/5.0 (Linux; Android 6.0.1; Nexus 5X Build/MMB29P) AppleWebKit/537.36 (KHTML, like Gecko) Chrome/150.0.7871.46 Mobile Safari/537.36 (compatible; Googlebot/2.1; +http://www.google.com/bot.html)"
66.249.75.8 - - [11/Jul/2026:09:03:53 -0400] "GET /genre/specimen/ecz88onho8n9zl4.htm HTTP/2" 200 31169 "-" "Mozilla/5.0 (Linux; Android 6.0.1; Nexus 5X Build/MMB29P) AppleWebKit/537.36 (KHTML, like Gecko) Chrome/150.0.7871.46 Mobile Safari/537.36 (compatible; Googlebot/2.1; +http://www.google.com/bot.html)"
40.77.167.235 - - [11/Jul/2026:09:04:20 -0400] "GET /product/777326983 HTTP/2" 404 17 "-" "Mozilla/5.0 AppleWebKit/537.36 (KHTML, like Gecko; compatible; bingbot/2.0; +http://www.bing.com/bingbot.htm) Chrome/116.0.1938.76 Safari/537.36"
66.249.75.8 - - [11/Jul/2026:09:04:40 -0400] "GET /schedule/model/eeh8q65b6q5rv3m.htm HTTP/2" 200 29992 "-" "Mozilla/5.0 (Linux; Android 6.0.1; Nexus 5X Build/MMB29P) AppleWebKit/537.36 (KHTML, like Gecko) Chrome/150.0.7871.46 Mobile Safari/537.36 (compatible; Googlebot/2.1; +http://www.google.com/bot.html)"
66.249.75.1 - - [11/Jul/2026:09:05:16 -0400] "GET /form/segment/fvbyk0zb03rpvd8.htm HTTP/2" 200 30810 "-" "Mozilla/5.0 (Linux; Android 6.0.1; Nexus 5X Build/MMB29P) AppleWebKit/537.36 (KHTML, like Gecko) Chrome/150.0.7871.46 Mobile Safari/537.36 (compatible; Googlebot/2.1; +http://www.google.com/bot.html)"
66.249.75.4 - - [11/Jul/2026:09:05:52 -0400] "GET /establishment/detail/en5yeut1uetfrra.htm HTTP/2" 200 30930 "-" "Mozilla/5.0 (Linux; Android 6.0.1; Nexus 5X Build/MMB29P) AppleWebKit/537.36 (KHTML, like Gecko) Chrome/150.0.7871.46 Mobile Safari/537.36 (compatible; Googlebot/2.1; +http://www.google.com/bot.html)"
103.124.237.220 - - [11/Jul/2026:09:06:10 -0400] "GET /product/217934135 HTTP/2" 404 543 "-" "Mozilla/5.0 (Windows NT 10.0) AppleWebKit/537.36 (KHTML, like Gecko) Chrome/106.0.0.0 Safari/537.36"
66.249.75.6 - - [11/Jul/2026:09:06:28 -0400] "GET /make/thing/ednbwcbpcwbxt9s.htm HTTP/2" 200 31606 "-" "Mozilla/5.0 (Linux; Android 6.0.1; Nexus 5X Build/MMB29P) AppleWebKit/537.36 (KHTML, like Gecko) Chrome/150.0.7871.46 Mobile Safari/537.36 (compatible; Googlebot/2.1; +http://www.google.com/bot.html)"
66.249.75.5 - - [11/Jul/2026:09:08:38 -0400] "GET /strain/unit/eaf40s3sgc31ipk.htm HTTP/2" 200 31188 "-" "Mozilla/5.0 (Linux; Android 6.0.1; Nexus 5X Build/MMB29P) AppleWebKit/537.36 (KHTML, like Gecko) Chrome/150.0.7871.46 Mobile Safari/537.36 (compatible; Googlebot/2.1; +http://www.google.com/bot.html)"
66.249.75.5 - - [11/Jul/2026:09:09:30 -0400] "GET /unit/project/fxfd0s3bg5jt1t0.htm HTTP/2" 200 30862 "-" "Mozilla/5.0 (Linux; Android 6.0.1; Nexus 5X Build/MMB29P) AppleWebKit/537.36 (KHTML, like Gecko) Chrome/150.0.7871.46 Mobile Safari/537.36 (compatible; Googlebot/2.1; +http://www.google.com/bot.html)"
66.249.75.1 - - [11/Jul/2026:09:04:07 -0400] "GET /stratum/composition/e3xlialoyuljy72.htm HTTP/2" 200 31571 "-" "Mozilla/5.0 (Linux; Android 6.0.1; Nexus 5X Build/MMB29P) AppleWebKit/537.36 (KHTML, like Gecko) Chrome/150.0.7871.46 Mobile Safari/537.36 (compatible; Googlebot/2.1; +http://www.google.com/bot.html)"
66.249.75.5 - - [11/Jul/2026:09:10:22 -0400] "GET /section/version/e0zh8onro8n99l4.htm HTTP/2" 200 31417 "-" "Mozilla/5.0 (Linux; Android 6.0.1; Nexus 5X Build/MMB29P) AppleWebKit/537.36 (KHTML, like Gecko) Chrome/150.0.7871.46 Mobile Safari/537.36 (compatible; Googlebot/2.1; +http://www.google.com/bot.html)"
66.249.75.4 - - [11/Jul/2026:09:10:47 -0400] "GET /rubric/asset/ezh0q6556q5r73m.htm HTTP/2" 200 31985 "-" "Mozilla/5.0 (Linux; Android 6.0.1; Nexus 5X Build/MMB29P) AppleWebKit/537.36 (KHTML, like Gecko) Chrome/150.0.7871.46 Mobile Safari/537.36 (compatible; Googlebot/2.1; +http://www.google.com/bot.html)"
66.249.75.4 - - [11/Jul/2026:09:10:48 -0400] "GET /clade/version/espfmqd12adnpnu.htm HTTP/2" 200 30508 "-" "Mozilla/5.0 (Linux; Android 6.0.1; Nexus 5X Build/MMB29P) AppleWebKit/537.36 (KHTML, like Gecko) Chrome/150.0.7871.46 Mobile Safari/537.36 (compatible; Googlebot/2.1; +http://www.google.com/bot.html)"
66.249.75.4 - - [11/Jul/2026:09:11:39 -0400] "GET /aspect/stock/fnzy8onboufd21w.htm HTTP/2" 200 31904 "-" "Mozilla/5.0 (Linux; Android 6.0.1; Nexus 5X Build/MMB29P) AppleWebKit/537.36 (KHTML, like Gecko) Chrome/150.0.7871.46 Mobile Safari/537.36 (compatible; Googlebot/2.1; +http://www.google.com/bot.html)"
66.249.75.4 - - [11/Jul/2026:09:11:39 -0400] "GET /make/attribute/fnkwt98b9t0yqmh.htm HTTP/2" 200 30193 "-" "Mozilla/5.0 (Linux; Android 6.0.1; Nexus 5X Build/MMB29P) AppleWebKit/537.36 (KHTML, like Gecko) Chrome/150.0.7871.46 Mobile Safari/537.36 (compatible; Googlebot/2.1; +http://www.google.com/bot.html)"
66.249.75.4 - - [11/Jul/2026:09:12:05 -0400] "GET /aggregation/class/fply6y9bm2pz8z6.htm HTTP/2" 200 30556 "-" "Mozilla/5.0 (Linux; Android 6.0.1; Nexus 5X Build/MMB29P) AppleWebKit/537.36 (KHTML, like Gecko) Chrome/150.0.7871.46 Mobile Safari/537.36 (compatible; Googlebot/2.1; +http://www.google.com/bot.html)"
66.249.75.4 - - [11/Jul/2026:09:12:30 -0400] "GET /lot/particle/eila6y9cmi974vq.htm HTTP/2" 200 30875 "-" "Mozilla/5.0 (Linux; Android 6.0.1; Nexus 5X Build/MMB29P) AppleWebKit/537.36 (KHTML, like Gecko) Chrome/150.0.7871.46 Mobile Safari/537.36 (compatible; Googlebot/2.1; +http://www.google.com/bot.html)"
66.249.75.5 - - [11/Jul/2026:09:13:56 -0400] "GET /stratum/attachment/fhiq3v6bjjmwiw3.htm HTTP/2" 200 30680 "-" "Mozilla/5.0 (Linux; Android 6.0.1; Nexus 5X Build/MMB29P) AppleWebKit/537.36 (KHTML, like Gecko) Chrome/150.0.7871.46 Mobile Safari/537.36 (compatible; Googlebot/2.1; +http://www.google.com/bot.html)"
66.249.75.4 - - [11/Jul/2026:09:14:27 -0400] "GET /union/example/fx4v15sbhywizud.htm HTTP/2" 200 30074 "-" "Mozilla/5.0 (Linux; Android 6.0.1; Nexus 5X Build/MMB29P) AppleWebKit/537.36 (KHTML, like Gecko) Chrome/150.0.7871.46 Mobile Safari/537.36 (compatible; Googlebot/2.1; +http://www.google.com/bot.html)"
66.249.75.5 - - [11/Jul/2026:09:14:30 -0400] "GET /hierarchy/artifact/fybrk0zb0xrpjd8.htm HTTP/2" 200 30853 "-" "Mozilla/5.0 (Linux; Android 6.0.1; Nexus 5X Build/MMB29P) AppleWebKit/537.36 (KHTML, like Gecko) Chrome/150.0.7871.46 Mobile Safari/537.36 (compatible; Googlebot/2.1; +http://www.google.com/bot.html)"
66.249.75.4 - - [11/Jul/2026:09:14:57 -0400] "GET /faction/yield/e8jsgk71w47hnho.htm HTTP/2" 200 29175 "-" "Mozilla/5.0 (Linux; Android 6.0.1; Nexus 5X Build/MMB29P) AppleWebKit/537.36 (KHTML, like Gecko) Chrome/150.0.7871.46 Mobile Safari/537.36 (compatible; Googlebot/2.1; +http://www.google.com/bot.html)"
66.249.75.4 - - [11/Jul/2026:09:15:00 -0400] "GET /division/volume/enynvzmdbjmw8w3.htm HTTP/2" 200 30944 "-" "Mozilla/5.0 (Linux; Android 6.0.1; Nexus 5X Build/MMB29P) AppleWebKit/537.36 (KHTML, like Gecko) Chrome/150.0.7871.46 Mobile Safari/537.36 (compatible; Googlebot/2.1; +http://www.google.com/bot.html)"
66.249.75.4 - - [11/Jul/2026:09:15:51 -0400] "GET /aspect/output/fpgbdh4btu8uf6p.htm HTTP/2" 200 31328 "-" "Mozilla/5.0 (Linux; Android 6.0.1; Nexus 5X Build/MMB29P) AppleWebKit/537.36 (KHTML, like Gecko) Chrome/150.0.7871.46 Mobile Safari/537.36 (compatible; Googlebot/2.1; +http://www.google.com/bot.html)"
66.249.75.4 - - [11/Jul/2026:09:15:53 -0400] "GET /denomination/contraption/eo8yhxwjxhwimud.htm HTTP/2" 200 30323 "-" "Mozilla/5.0 (Linux; Android 6.0.1; Nexus 5X Build/MMB29P) AppleWebKit/537.36 (KHTML, like Gecko) Chrome/150.0.7871.46 Mobile Safari/537.36 (compatible; Googlebot/2.1; +http://www.google.com/bot.html)"
66.249.75.4 - - [11/Jul/2026:09:16:22 -0400] "GET /territory/prototype/eyz08onpo8n9nl4.htm HTTP/2" 200 31539 "-" "Mozilla/5.0 (Linux; Android 6.0.1; Nexus 5X Build/MMB29P) AppleWebKit/537.36 (KHTML, like Gecko) Chrome/150.0.7871.46 Mobile Safari/537.36 (compatible; Googlebot/2.1; +http://www.google.com/bot.html)"
66.249.75.4 - - [11/Jul/2026:09:16:48 -0400] "GET /batch/bit/f2uvf7ibvpy8i8f.htm HTTP/2" 200 30435 "-" "Mozilla/5.0 (Linux; Android 6.0.1; Nexus 5X Build/MMB29P) AppleWebKit/537.36 (KHTML, like Gecko) Chrome/150.0.7871.46 Mobile Safari/537.36 (compatible; Googlebot/2.1; +http://www.google.com/bot.html)"
66.249.75.6 - - [11/Jul/2026:09:17:14 -0400] "GET /unit/mechanism/fmjtgk7bwtbx39s.htm HTTP/2" 200 30820 "-" "Mozilla/5.0 (Linux; Android 6.0.1; Nexus 5X Build/MMB29P) AppleWebKit/537.36 (KHTML, like Gecko) Chrome/150.0.7871.46 Mobile Safari/537.36 (compatible; Googlebot/2.1; +http://www.google.com/bot.html)"
66.249.75.5 - - [11/Jul/2026:09:17:39 -0400] "GET /taxonomy/stock/fgkft98b960y1mh.htm HTTP/2" 200 31832 "-" "Mozilla/5.0 (Linux; Android 6.0.1; Nexus 5X Build/MMB29P) AppleWebKit/537.36 (KHTML, like Gecko) Chrome/150.0.7871.46 Mobile Safari/537.36 (compatible; Googlebot/2.1; +http://www.google.com/bot.html)"
66.249.75.6 - - [11/Jul/2026:09:18:05 -0400] "GET /organization/tool/ejz78onto8n9ll4.htm HTTP/2" 200 30235 "-" "Mozilla/5.0 (Linux; Android 6.0.1; Nexus 5X Build/MMB29P) AppleWebKit/537.36 (KHTML, like Gecko) Chrome/150.0.7871.46 Mobile Safari/537.36 (compatible; Googlebot/2.1; +http://www.google.com/bot.html)"
66.249.75.5 - - [11/Jul/2026:09:14:27 -0400] "GET /robots.txt HTTP/2" 304 0 "-" "Mozilla/5.0 (compatible; Googlebot/2.1; +http://www.google.com/bot.html)"
66.249.75.6 - - [11/Jul/2026:09:13:25 -0400] "GET /unit/abtameru/frqczfebfp64csn.htm HTTP/2" 200 32783 "-" "Mozilla/5.0 (Linux; Android 6.0.1; Nexus 5X Build/MMB29P) AppleWebKit/537.36 (KHTML, like Gecko) Chrome/150.0.7871.46 Mobile Safari/537.36 (compatible; Googlebot/2.1; +http://www.google.com/bot.html)"
66.249.75.6 - - [11/Jul/2026:09:18:31 -0400] "GET /sphere/commodity/f07g48vbkzzlhxg.htm HTTP/2" 200 30840 "-" "Mozilla/5.0 (Linux; Android 6.0.1; Nexus 5X Build/MMB29P) AppleWebKit/537.36 (KHTML, like Gecko) Chrome/150.0.7871.46 Mobile Safari/537.36 (compatible; Googlebot/2.1; +http://www.google.com/bot.html)"
66.249.75.6 - - [11/Jul/2026:09:19:24 -0400] "GET /hierarchy/label/fn1jy2pbe1tfvra.htm HTTP/2" 200 30971 "-" "Mozilla/5.0 (Linux; Android 6.0.1; Nexus 5X Build/MMB29P) AppleWebKit/537.36 (KHTML, like Gecko) Chrome/150.0.7871.46 Mobile Safari/537.36 (compatible; Googlebot/2.1; +http://www.google.com/bot.html)"
66.249.75.4 - - [11/Jul/2026:09:19:25 -0400] "GET /format/volume/f17d48vbkbzlrxg.htm HTTP/2" 200 31136 "-" "Mozilla/5.0 (Linux; Android 6.0.1; Nexus 5X Build/MMB29P) AppleWebKit/537.36 (KHTML, like Gecko) Chrome/150.0.7871.46 Mobile Safari/537.36 (compatible; Googlebot/2.1; +http://www.google.com/bot.html)"
66.249.75.4 - - [11/Jul/2026:09:19:27 -0400] "GET /aspect/unit/euq3zfemfze07cv.htm HTTP/2" 200 28702 "-" "Mozilla/5.0 (Linux; Android 6.0.1; Nexus 5X Build/MMB29P) AppleWebKit/537.36 (KHTML, like Gecko) Chrome/150.0.7871.46 Mobile Safari/537.36 (compatible; Googlebot/2.1; +http://www.google.com/bot.html)"
66.249.75.4 - - [11/Jul/2026:09:19:40 -0400] "GET /phylum/resource/eyrac4fysofdo1w.htm HTTP/2" 200 31774 "-" "Mozilla/5.0 (Linux; Android 6.0.1; Nexus 5X Build/MMB29P) AppleWebKit/537.36 (KHTML, like Gecko) Chrome/150.0.7871.46 Mobile Safari/537.36 (compatible; Googlebot/2.1; +http://www.google.com/bot.html)"
66.249.75.6 - - [11/Jul/2026:09:20:16 -0400] "GET /format/asset/eztg2ih1i2h3rfy.htm HTTP/2" 200 30396 "-" "Mozilla/5.0 (Linux; Android 6.0.1; Nexus 5X Build/MMB29P) AppleWebKit/537.36 (KHTML, like Gecko) Chrome/150.0.7871.46 Mobile Safari/537.36 (compatible; Googlebot/2.1; +http://www.google.com/bot.html)"
66.249.75.6 - - [11/Jul/2026:09:21:07 -0400] "GET /version/part/e905ldo71xomwa5.htm HTTP/2" 200 31837 "-" "Mozilla/5.0 (Linux; Android 6.0.1; Nexus 5X Build/MMB29P) AppleWebKit/537.36 (KHTML, like Gecko) Chrome/150.0.7871.46 Mobile Safari/537.36 (compatible; Googlebot/2.1; +http://www.google.com/bot.html)"
47.128.114.179 - - [11/Jul/2026:09:22:50 -0400] "GET /%CF%83%CF%85%CE%BD%CF%84%CE%B1%CE%B3%CE%B5%CF%83/%CE%BA%CF%8C%CE%BA%CE%BA%CE%B9%CE%BD%CE%BF-%CE%BA%CF%81%CE%AD%CE%B1%CF%82/612-%CE%BA%CE%B5%CF%86%CF%84%CE%B5%CE%B4%CE%AC%CE%BA%CE%B9%CE%B1-%CE%B1%CE%BB%CE%AC-%CE%B9%CF%84%CE%B1%CE%BB%CE%B9%CE%BA%CE%AC HTTP/2" 404 0 "-" "Mozilla/5.0 (Linux; Android 5.0) AppleWebKit/537.36 (KHTML, like Gecko) Mobile Safari/537.36 (compatible; Bytespider; spider-feedback@bytedance.com)"
66.249.75.4 - - [11/Jul/2026:09:23:24 -0400] "GET /bracket/asset/erp0mqdv2adn9nu.htm HTTP/2" 200 31281 "-" "Mozilla/5.0 (Linux; Android 6.0.1; Nexus 5X Build/MMB29P) AppleWebKit/537.36 (KHTML, like Gecko) Chrome/150.0.7871.46 Mobile Safari/537.36 (compatible; Googlebot/2.1; +http://www.google.com/bot.html)"
66.249.75.5 - - [11/Jul/2026:09:25:27 -0400] "GET /division/piece/ftcexp0bdbgq0qx.htm HTTP/2" 200 33305 "-" "Mozilla/5.0 (Linux; Android 6.0.1; Nexus 5X Build/MMB29P) AppleWebKit/537.36 (KHTML, like Gecko) Chrome/150.0.7871.46 Mobile Safari/537.36 (compatible; Googlebot/2.1; +http://www.google.com/bot.html)"
