uawdijnntqw1x1x1
IP : 216.73.216.201
Hostname : odin2.mydev24.com
Kernel : Linux odin2.mydev24.com 5.14.0-611.41.1.el9_7.x86_64 #1 SMP PREEMPT_DYNAMIC Thu Mar 19 03:50:11 EDT 2026 x86_64
Disable Function : None :)
OS : Linux
PATH:
/
home
/
hrpsychology
/
access-logs
/
nutrition.soulfood.gr
/
/
50.6.198.96 - - [10/Jul/2026:08:10:12 -0400] "GET /.well-known/acme-challenge/NMOR2WCURL95Z96FRVH16NF5E4IBHKDJ HTTP/1.1" 200 64 "-" "Cpanel-HTTP-Client/1.0"
17.22.245.233 - - [10/Jul/2026:08:21:36 -0400] "GET /robots.txt HTTP/1.1" 304 0 "-" "Mozilla/5.0 (Macintosh; Intel Mac OS X 10_15_7) AppleWebKit/605.1.15 (KHTML, like Gecko) Version/17.4 Safari/605.1.15 (Applebot/0.1; +http://www.apple.com/go/applebot)"
17.22.245.233 - - [10/Jul/2026:08:21:36 -0400] "GET /tags/%CF%88%CE%AC%CF%81%CE%B9-%CE%B8%CE%B1%CE%BB%CE%B1%CF%83%CF%83%CE%B9%CE%BD%CE%AC?format=feed&type=rss HTTP/1.1" 404 1502 "-" "Mozilla/5.0 (Macintosh; Intel Mac OS X 10_15_7) AppleWebKit/605.1.15 (KHTML, like Gecko) Version/17.4 Safari/605.1.15 (Applebot/0.1; +http://www.apple.com/go/applebot)"
216.73.216.111 - - [10/Jul/2026:08:30:58 -0400] "GET /robots.txt HTTP/1.1" 304 0 "-" "Mozilla/5.0 AppleWebKit/537.36 (KHTML, like Gecko; compatible; ClaudeBot/1.0; +claudebot@anthropic.com)"
204.12.208.18 - - [10/Jul/2026:08:51:49 -0400] "GET /wp-content/pl15dde5/index.php HTTP/1.1" 403 1242 "http://nutrition.soulfood.gr/wp-content/pl15dde5/index.php" "Opera/9.80 (Windows NT 6.1; U; ja) Presto/2.10.229 Version/11.60"
204.12.208.18 - - [10/Jul/2026:08:51:49 -0400] "GET /wp-content/pl15dde5/index.php HTTP/1.1" 403 1242 "http://nutrition.soulfood.gr/wp-content/pl15dde5/index.php" "Mozilla/4.0 (compatible; MSIE 7.0; Windows NT 5.1; SV1; .NET CLR 1.1.4322; .NET CLR 2.0.50727; InfoPath.1)"
204.12.208.18 - - [10/Jul/2026:09:00:21 -0400] "GET /wp-content/js1a0340/index.php HTTP/1.1" 403 1242 "http://nutrition.soulfood.gr/wp-content/js1a0340/index.php" "Mozilla/5.0 (compatible; MSIE 9.0; Windows NT 6.1; WOW64; Trident/5.0)"
204.12.208.18 - - [10/Jul/2026:09:00:22 -0400] "GET /wp-content/js1a0340/index.php HTTP/1.1" 403 1242 "http://nutrition.soulfood.gr/wp-content/js1a0340/index.php" "Mozilla/5.0 (compatible; MSIE 9.0; Windows NT 6.0; Trident/5.0)"
204.12.208.18 - - [10/Jul/2026:09:00:22 -0400] "GET /wp-content/js1a0340/index.php HTTP/1.1" 403 1242 "http://nutrition.soulfood.gr/wp-content/js1a0340/index.php" "Mozilla/5.0 (compatible; MSIE 10.0; Windows NT 6.1; Trident/6.0)"
204.12.208.18 - - [10/Jul/2026:08:51:49 -0400] "GET /wp-content/pl15dde5/index.php HTTP/1.1" 403 1242 "http://nutrition.soulfood.gr/wp-content/pl15dde5/index.php" "Opera/9.80 (Macintosh; Intel Mac OS X 10.6.8; U; ja) Presto/2.10.289 Version/12.00"
204.12.208.18 - - [10/Jul/2026:09:45:56 -0400] "GET /wp-content/pl15dde5/index.php HTTP/1.1" 403 1242 "http://nutrition.soulfood.gr/wp-content/pl15dde5/index.php" "Mozilla/4.0 (compatible; MSIE 7.0; Windows NT 5.1; .NET CLR 1.1.4322; .NET CLR 2.0.50727; .NET CLR 3.0.04506.30)"
204.12.208.18 - - [10/Jul/2026:09:45:56 -0400] "GET /wp-content/pl15dde5/index.php HTTP/1.1" 403 1242 "http://nutrition.soulfood.gr/wp-content/pl15dde5/index.php" "Mozilla/4.0 (compatible; MSIE 7.0; Windows NT 6.0; SLCC1; .NET CLR 2.0.50727; Media Center PC 5.0; .NET CLR 3.0.04506)"
204.12.208.18 - - [10/Jul/2026:09:45:57 -0400] "GET /wp-content/pl15dde5/index.php HTTP/1.1" 403 1242 "http://nutrition.soulfood.gr/wp-content/pl15dde5/index.php" "Mozilla/4.0 (compatible; MSIE 8.0; Windows NT 5.1; Trident/4.0; .NET CLR 2.0.50727; .NET CLR 3.0.04506.30; .NET CLR 3.0.04506.648)"
45.227.253.15 - - [10/Jul/2026:09:51:30 -0400] "GET /index.php/jk HTTP/1.1" 200 63 "-" "Mozilla/5.0 (Windows NT 10.0; Win64; x64; rv:80.0) Gecko/20100101 Firefox/80.0"
216.73.216.111 - - [10/Jul/2026:10:17:57 -0400] "GET /index.php/sitemap.xml HTTP/1.1" 404 20212 "-" "Mozilla/5.0 AppleWebKit/537.36 (KHTML, like Gecko; compatible; ClaudeBot/1.0; +claudebot@anthropic.com)"
204.12.208.18 - - [10/Jul/2026:10:40:26 -0400] "GET /wp-content/pl15dde5/index.php HTTP/1.1" 403 1242 "http://nutrition.soulfood.gr/wp-content/pl15dde5/index.php" "Mozilla/4.0 (compatible; MSIE 7.0; Windows NT 5.1; SV1)"
204.12.208.18 - - [10/Jul/2026:10:40:26 -0400] "GET /wp-content/pl15dde5/index.php HTTP/1.1" 403 1242 "http://nutrition.soulfood.gr/wp-content/pl15dde5/index.php" "Mozilla/4.0 (compatible; MSIE 7.0; Windows NT 5.1)"
204.12.208.18 - - [10/Jul/2026:10:40:26 -0400] "GET /wp-content/pl15dde5/index.php HTTP/1.1" 403 1242 "http://nutrition.soulfood.gr/wp-content/pl15dde5/index.php" "Mozilla/4.0 (compatible; MSIE 7.0; Windows NT 6.0; SLCC1; .NET CLR 2.0.50727; Media Center PC 5.0; .NET CLR 3.0.04506)"
50.6.198.96 - - [10/Jul/2026:11:10:07 -0400] "GET /.well-known/acme-challenge/H72_BKZRF91O3P0F-O6A1N_C2YINGI6W HTTP/1.1" 200 64 "-" "Cpanel-HTTP-Client/1.0"
216.73.216.124 - - [10/Jul/2026:11:30:26 -0400] "GET /robots.txt HTTP/1.1" 304 0 "-" "Mozilla/5.0 AppleWebKit/537.36 (KHTML, like Gecko; compatible; ClaudeBot/1.0; +claudebot@anthropic.com)"
116.179.32.205 - - [10/Jul/2026:11:47:41 -0400] "GET /%CF%83%CF%85%CE%BD%CF%84%CE%B1%CE%B3%CE%B5%CF%83/%CE%BA%CF%8C%CE%BA%CE%BA%CE%B9%CE%BD%CE%BF-%CE%BA%CF%81%CE%AD%CE%B1%CF%82/409-%CF%81%CE%B9%CE%B6%CF%8C%CF%84%CE%BF-%CE%BC%CE%B5-%CE%B3%CE%B1%CF%81%CE%AF%CE%B4%CE%B5%CF%82-%CE%BA%CE%B1%CE%B9-%CF%83%CE%B1%CF%86%CF%81%CE%AC%CE%BD HTTP/1.1" 200 33 "-" "Mozilla/5.0 (compatible; Baiduspider/2.0; +http://www.baidu.com/search/spider.html)"
111.225.214.151 - - [10/Jul/2026:11:47:42 -0400] "GET /robots.txt HTTP/1.1" 200 100 "-" "Mozilla/5.0 (Windows NT 10.0; WOW64) AppleWebKit/537.36 (KHTML, like Gecko) Chrome/48.0.2564.116 Safari/537.36"
204.12.208.18 - - [10/Jul/2026:11:34:48 -0400] "GET /wp-content/pl15dde5/index.php HTTP/1.1" 403 1242 "http://nutrition.soulfood.gr/wp-content/pl15dde5/index.php" "Opera/9.80 (Windows NT 6.1; U; ja) Presto/2.10.229 Version/11.60"
204.12.208.18 - - [10/Jul/2026:11:34:48 -0400] "GET /wp-content/pl15dde5/index.php HTTP/1.1" 403 1242 "http://nutrition.soulfood.gr/wp-content/pl15dde5/index.php" "Mozilla/4.0 (compatible; MSIE 7.0; Windows NT 5.1; SV1; .NET CLR 1.1.4322; .NET CLR 2.0.50727; InfoPath.1)"
204.12.208.18 - - [10/Jul/2026:11:34:48 -0400] "GET /wp-content/pl15dde5/index.php HTTP/1.1" 403 1242 "http://nutrition.soulfood.gr/wp-content/pl15dde5/index.php" "Mozilla/4.0 (compatible; MSIE 7.0; Windows NT 5.1; SV1)"
66.249.75.5 - - [10/Jul/2026:12:08:13 -0400] "GET /robots.txt HTTP/1.1" 304 0 "-" "Mozilla/5.0 (compatible; Googlebot/2.1; +http://www.google.com/bot.html)"
66.249.75.6 - - [10/Jul/2026:12:08:15 -0400] "GET /ads.txt HTTP/1.1" 200 38023 "-" "Mozilla/5.0 (compatible; Googlebot/2.1; +http://www.google.com/bot.html)"
216.73.216.124 - - [10/Jul/2026:12:26:23 -0400] "GET /index.php/sitemap.xml HTTP/1.1" 404 19506 "-" "Mozilla/5.0 AppleWebKit/537.36 (KHTML, like Gecko; compatible; ClaudeBot/1.0; +claudebot@anthropic.com)"
204.12.208.18 - - [10/Jul/2026:12:28:54 -0400] "GET /wp-content/pl15dde5/index.php HTTP/1.1" 403 1242 "http://nutrition.soulfood.gr/wp-content/pl15dde5/index.php" "Mozilla/5.0 (compatible; MSIE 9.0; Windows NT 6.0; Trident/5.0)"
204.12.208.18 - - [10/Jul/2026:12:28:54 -0400] "GET /wp-content/pl15dde5/index.php HTTP/1.1" 403 1242 "http://nutrition.soulfood.gr/wp-content/pl15dde5/index.php" "Mozilla/4.0 (compatible; MSIE 8.0; Windows NT 5.1; Trident/4.0; .NET CLR 2.0.50727; .NET CLR 3.0.04506.30; .NET CLR 3.0.04506.648)"
204.12.208.18 - - [10/Jul/2026:12:28:54 -0400] "GET /wp-content/pl15dde5/index.php HTTP/1.1" 403 1242 "http://nutrition.soulfood.gr/wp-content/pl15dde5/index.php" "Mozilla/4.0 (compatible; MSIE 8.0; Windows NT 5.1; Trident/4.0; EasyBits GO v1.0; InfoPath.1; .NET CLR 2.0.50727; .NET CLR 3.0.4506.2152; .NET CLR 3.5.30729)"
62.60.130.228 - - [10/Jul/2026:12:54:55 -0400] "GET /index.php?option=com_sppagebuilder&task=asset.uploadCustomIcon HTTP/1.1" 500 756 "-" "Mozilla/5.0 (Windows NT 10.0; Win64; x64) AppleWebKit/537.36 (KHTML, like Gecko) Chrome/119.0.0.0 Safari/537.36 Edg/119.0.2151.97"
62.60.130.228 - - [10/Jul/2026:12:54:53 -0400] "GET / HTTP/1.1" 200 18459 "-" "Mozilla/5.0 (Macintosh; Intel Mac OS X 10_15_7) AppleWebKit/537.36 (KHTML, like Gecko) Chrome/118.0.5993.88 Safari/537.36"
62.60.130.228 - - [10/Jul/2026:12:54:57 -0400] "GET /administrator/components/com_jce/jce.xml HTTP/1.1" 200 931 "-" "Mozilla/5.0 (Macintosh; Intel Mac OS X 13_6_2) AppleWebKit/537.36 (KHTML, like Gecko) Chrome/120.0.6099.130 Safari/537.36"
62.60.130.228 - - [10/Jul/2026:12:54:57 -0400] "GET / HTTP/1.1" 200 18459 "-" "Mozilla/5.0 (X11; Ubuntu; Linux x86_64; rv:121.0) Gecko/20100101 Firefox/121.0"
62.60.130.228 - - [10/Jul/2026:12:54:59 -0400] "POST /index.php?option=com_jce&task=profiles.import HTTP/1.1" 200 271 "-" "Mozilla/5.0 (X11; Ubuntu; Linux x86_64) AppleWebKit/537.36 (KHTML, like Gecko) Chrome/122.0.6261.57 Safari/537.36"
62.60.130.228 - - [10/Jul/2026:12:55:00 -0400] "POST /administrator/index.php?option=com_jce&task=profiles.import HTTP/1.1" 200 4226 "-" "Mozilla/5.0 (X11; Linux x86_64) Gecko/20100101 Firefox/122.0"
204.12.208.18 - - [10/Jul/2026:13:21:48 -0400] "GET /wp-content/pl15dde5/index.php HTTP/1.1" 403 1242 "http://nutrition.soulfood.gr/wp-content/pl15dde5/index.php" "Mozilla/5.0 (Macintosh; Intel Mac OS X 10_8) AppleWebKit/536.25 (KHTML, like Gecko) Version/6.0 Safari/536.25"
204.12.208.18 - - [10/Jul/2026:13:21:48 -0400] "GET /wp-content/pl15dde5/index.php HTTP/1.1" 403 1242 "http://nutrition.soulfood.gr/wp-content/pl15dde5/index.php" "Mozilla/4.0 (compatible; MSIE 6.0; X11; Linux i686; ja) Opera 10.10"
204.12.208.18 - - [10/Jul/2026:13:21:48 -0400] "GET /wp-content/pl15dde5/index.php HTTP/1.1" 403 1242 "http://nutrition.soulfood.gr/wp-content/pl15dde5/index.php" "Opera/9.80 (Windows NT 6.1; U; ja) Presto/2.10.229 Version/11.60"
62.60.130.228 - - [10/Jul/2026:14:03:26 -0400] "GET / HTTP/1.1" 200 18457 "-" "Mozilla/5.0 (X11; Ubuntu; Linux x86_64; rv:119.0.1) Gecko/20100101 Firefox/119.0.1"
62.60.130.228 - - [10/Jul/2026:14:03:40 -0400] "GET /index.php?option=com_sppagebuilder&task=asset.uploadCustomIcon HTTP/1.1" 500 756 "-" "Mozilla/5.0 (X11; Ubuntu; Linux x86_64) AppleWebKit/537.36 (KHTML, like Gecko) Chrome/121.0.6167.85 Safari/537.36"
62.60.130.228 - - [10/Jul/2026:14:03:45 -0400] "GET /administrator/components/com_jce/jce.xml HTTP/1.1" 200 931 "-" "Mozilla/5.0 (Macintosh; Intel Mac OS X 13_6_2) AppleWebKit/537.36 (KHTML, like Gecko) Chrome/121.0.6167.85 Safari/537.36"
62.60.130.228 - - [10/Jul/2026:14:03:45 -0400] "GET / HTTP/1.1" 200 18457 "-" "Mozilla/5.0 (X11; Ubuntu; Linux x86_64; rv:118.0.2) Gecko/20100101 Firefox/118.0.2"
62.60.130.228 - - [10/Jul/2026:14:03:50 -0400] "POST /index.php?option=com_jce&task=profiles.import HTTP/1.1" 200 271 "-" "Mozilla/5.0 (X11; Ubuntu; Linux x86_64) AppleWebKit/537.36 (KHTML, like Gecko) Chrome/119.0.6045.159 Safari/537.36"
62.60.130.228 - - [10/Jul/2026:14:03:52 -0400] "POST /administrator/index.php?option=com_jce&task=profiles.import HTTP/1.1" 200 4226 "-" "Mozilla/5.0 (Windows NT 10.0; Win64; x64) AppleWebKit/537.36 (KHTML, like Gecko) Chrome/119.0.0.0 Safari/537.36 Edg/119.0.2151.97"
204.12.208.18 - - [10/Jul/2026:14:15:26 -0400] "GET /wp-content/pl15dde5/index.php HTTP/1.1" 403 1242 "http://nutrition.soulfood.gr/wp-content/pl15dde5/index.php" "Mozilla/5.0 (compatible; MSIE 10.0; Windows NT 6.1; Trident/6.0)"
204.12.208.18 - - [10/Jul/2026:14:15:26 -0400] "GET /wp-content/pl15dde5/index.php HTTP/1.1" 403 1242 "http://nutrition.soulfood.gr/wp-content/pl15dde5/index.php" "Mozilla/5.0 (compatible; MSIE 10.0; Windows NT 6.2; Win64; x64; Trident/6.0)"
204.12.208.18 - - [10/Jul/2026:14:15:26 -0400] "GET /wp-content/pl15dde5/index.php HTTP/1.1" 403 1242 "http://nutrition.soulfood.gr/wp-content/pl15dde5/index.php" "Mozilla/5.0 (Windows; U; Windows NT 5.1; en-US) AppleWebKit/534.16 (KHTML, like Gecko) Chrome/10.0.648.151 Safari/534.16"
146.190.98.216 - - [10/Jul/2026:14:30:11 -0400] "POST /index.php?option=com_ajax&plugin=helix3&format=json HTTP/1.1" 200 63 "-" "Mozilla/5.0 (Windows NT 10.0; Win64; x64) AppleWebKit/537.36"
146.190.98.216 - - [10/Jul/2026:14:30:12 -0400] "POST /index.php?option=com_ajax&plugin=helix3&format=json HTTP/1.1" 200 63 "-" "Mozilla/5.0 (Windows NT 10.0; Win64; x64) AppleWebKit/537.36"
146.190.98.216 - - [10/Jul/2026:14:30:12 -0400] "GET /_h3x_cd9e9lgz.php.json?c=echo+TEST HTTP/1.1" 404 20 "-" "Mozilla/5.0 (Windows NT 10.0; Win64; x64) AppleWebKit/537.36"
146.190.98.216 - - [10/Jul/2026:14:30:13 -0400] "POST /index.php?option=com_ajax&plugin=helix3&format=json HTTP/1.1" 200 63 "-" "Mozilla/5.0 (Windows NT 10.0; Win64; x64) AppleWebKit/537.36"
146.190.98.216 - - [10/Jul/2026:14:30:13 -0400] "GET /images/_h3x_jqnhac7c.php.json?c=echo+TEST HTTP/1.1" 404 1251 "-" "Mozilla/5.0 (Windows NT 10.0; Win64; x64) AppleWebKit/537.36"
146.190.98.216 - - [10/Jul/2026:14:30:13 -0400] "POST /index.php?option=com_ajax&plugin=helix3&format=json HTTP/1.1" 200 63 "-" "Mozilla/5.0 (Windows NT 10.0; Win64; x64) AppleWebKit/537.36"
146.190.98.216 - - [10/Jul/2026:14:30:14 -0400] "GET /tmp/_h3x_ov2az3n5.php.json?c=echo+TEST HTTP/1.1" 404 1251 "-" "Mozilla/5.0 (Windows NT 10.0; Win64; x64) AppleWebKit/537.36"
146.190.98.216 - - [10/Jul/2026:14:30:14 -0400] "POST /index.php?option=com_ajax&plugin=helix3&format=json HTTP/1.1" 200 63 "-" "Mozilla/5.0 (Windows NT 10.0; Win64; x64) AppleWebKit/537.36"
146.190.98.216 - - [10/Jul/2026:14:30:15 -0400] "GET /cache/_h3x_jooyli1q.php.json?c=echo+TEST HTTP/1.1" 404 1251 "-" "Mozilla/5.0 (Windows NT 10.0; Win64; x64) AppleWebKit/537.36"
146.190.98.216 - - [10/Jul/2026:14:30:15 -0400] "POST /index.php?option=com_ajax&plugin=helix3&format=json HTTP/1.1" 200 63 "-" "Mozilla/5.0 (Windows NT 10.0; Win64; x64) AppleWebKit/537.36"
146.190.98.216 - - [10/Jul/2026:14:30:16 -0400] "GET /media/_h3x_cgktmkz0.php.json?c=echo+TEST HTTP/1.1" 404 1251 "-" "Mozilla/5.0 (Windows NT 10.0; Win64; x64) AppleWebKit/537.36"
146.190.98.216 - - [10/Jul/2026:14:30:16 -0400] "POST /index.php?option=com_ajax&plugin=helix3&format=json HTTP/1.1" 200 63 "-" "Mozilla/5.0 (Windows NT 10.0; Win64; x64) AppleWebKit/537.36"
146.190.98.216 - - [10/Jul/2026:14:30:16 -0400] "GET /logs/_h3x_68uz2749.php.json?c=echo+TEST HTTP/1.1" 404 20 "-" "Mozilla/5.0 (Windows NT 10.0; Win64; x64) AppleWebKit/537.36"
146.190.98.216 - - [10/Jul/2026:14:30:17 -0400] "POST /index.php?option=com_ajax&plugin=helix3&format=json HTTP/1.1" 200 63 "-" "Mozilla/5.0 (Windows NT 10.0; Win64; x64) AppleWebKit/537.36"
146.190.98.216 - - [10/Jul/2026:14:30:17 -0400] "GET /uploads/_h3x_ozy60wma.php.json?c=echo+TEST HTTP/1.1" 404 20 "-" "Mozilla/5.0 (Windows NT 10.0; Win64; x64) AppleWebKit/537.36"
146.190.98.216 - - [10/Jul/2026:14:30:18 -0400] "POST /index.php?option=com_ajax&plugin=helix3&format=json HTTP/1.1" 200 63 "-" "Mozilla/5.0 (Windows NT 10.0; Win64; x64) AppleWebKit/537.36"
146.190.98.216 - - [10/Jul/2026:14:30:18 -0400] "GET /files/_h3x_osjao523.php.json?c=echo+TEST HTTP/1.1" 404 20 "-" "Mozilla/5.0 (Windows NT 10.0; Win64; x64) AppleWebKit/537.36"
216.73.216.124 - - [10/Jul/2026:14:36:02 -0400] "GET /robots.txt HTTP/1.1" 304 0 "-" "Mozilla/5.0 AppleWebKit/537.36 (KHTML, like Gecko; compatible; ClaudeBot/1.0; +claudebot@anthropic.com)"
216.73.216.124 - - [10/Jul/2026:14:36:26 -0400] "GET /index.php/sitemap.xml HTTP/1.1" 404 19727 "-" "Mozilla/5.0 AppleWebKit/537.36 (KHTML, like Gecko; compatible; ClaudeBot/1.0; +claudebot@anthropic.com)"
128.199.139.159 - - [10/Jul/2026:14:53:09 -0400] "GET /images/%CE%95%CE%B9%CE%BA%CF%8C%CE%BD%CE%B116.png HTTP/1.1" 200 97289 "http://nutrition.soulfood.gr/" "Mozilla/5.0 (Windows NT 10.0; Win64; x64) AppleWebKit/537.36 (KHTML, like Gecko) Chrome/117.0.0.0 Safari/537.36"
146.148.49.249 - - [10/Jul/2026:14:58:00 -0400] "HEAD /backup/ HTTP/1.1" 404 0 "-" "Mozilla/5.0 (Linux; Android 13; Infinix X688B) AppleWebKit/537.36 (KHTML, like Gecko) Chrome/124.0.6367.48 Mobile Safari/537.36"
146.148.49.249 - - [10/Jul/2026:14:58:01 -0400] "HEAD / HTTP/1.1" 200 0 "-" "Mozilla/5.0 (Linux; Android 13; Pixel 7a) AppleWebKit/537.36 (KHTML, like Gecko) Chrome/124.0.6367.82 Mobile Safari/537.36"
146.148.49.249 - - [10/Jul/2026:14:58:01 -0400] "HEAD /old/ HTTP/1.1" 404 0 "-" "Mozilla/5.0 (Macintosh; Intel Mac OS X 13_5) AppleWebKit/605.1.15 (KHTML, like Gecko) Version/16.5 Safari/605.1.15"
146.148.49.249 - - [10/Jul/2026:14:58:01 -0400] "HEAD /wordpress/ HTTP/1.1" 404 0 "-" "Mozilla/5.0 (iPad; CPU OS 17_4 like Mac OS X) AppleWebKit/605.1.15 (KHTML, like Gecko) Version/17.4 Mobile/15E148 Safari/604.1"
146.148.49.249 - - [10/Jul/2026:14:58:02 -0400] "HEAD /new/ HTTP/1.1" 404 0 "-" "Mozilla/5.0 (Linux; Android 13; Nokia G42 5G) AppleWebKit/537.36 (KHTML, like Gecko) Chrome/126.0.6478.41 Mobile Safari/537.36"
146.148.49.249 - - [10/Jul/2026:14:58:02 -0400] "HEAD /blog/ HTTP/1.1" 404 0 "-" "Mozilla/5.0 (Macintosh; Intel Mac OS X 15_0) AppleWebKit/537.36 (KHTML, like Gecko) Chrome/125.0.6422.141 Safari/537.36"
146.148.49.249 - - [10/Jul/2026:14:58:02 -0400] "HEAD /wp/ HTTP/1.1" 404 0 "-" "Mozilla/5.0 (Linux; Android 11; moto g31) AppleWebKit/537.36 (KHTML, like Gecko) Chrome/122.0.6261.96 Mobile Safari/537.36"
85.11.167.175 - - [10/Jul/2026:15:05:59 -0400] "GET / HTTP/1.1" 200 18457 "-" "Mozilla/5.0 (Windows NT 10.0; Win64; x64) AppleWebKit/537.36 (KHTML, like Gecko) Chrome/119.0.0.0 Safari/537.36 Edg/119.0.2151.97"
85.11.167.175 - - [10/Jul/2026:15:06:01 -0400] "GET / HTTP/1.1" 200 18459 "-" "Mozilla/5.0 (Macintosh; Intel Mac OS X 12_6_2) AppleWebKit/605.1.15 (KHTML, like Gecko) Version/16.6.1 Safari/605.1.15"
85.11.167.175 - - [10/Jul/2026:15:06:01 -0400] "POST /index.php?option=com_jce&task=profiles.import HTTP/1.1" 200 275 "-" "Mozilla/5.0 (Macintosh; Intel Mac OS X 10_15_7) AppleWebKit/537.36 (KHTML, like Gecko) Chrome/121.0.6167.85 Safari/537.36"
85.11.167.175 - - [10/Jul/2026:15:06:02 -0400] "POST /administrator/index.php?option=com_jce&task=profiles.import HTTP/1.1" 200 4226 "-" "Mozilla/5.0 (X11; Linux x86_64) AppleWebKit/537.36 (KHTML, like Gecko) Chrome/118.0.5993.88 Safari/537.36"
204.12.208.18 - - [10/Jul/2026:15:09:24 -0400] "GET /wp-content/pl15dde5/index.php HTTP/1.1" 403 1242 "http://nutrition.soulfood.gr/wp-content/pl15dde5/index.php" "Mozilla/5.0 (Macintosh; U; Intel Mac OS X 10_6_2; ja-jp) AppleWebKit/531.21.8 (KHTML, like Gecko) Version/4.0.4 Safari/531.21.10"
204.12.208.18 - - [10/Jul/2026:15:09:25 -0400] "GET /wp-content/pl15dde5/index.php HTTP/1.1" 403 1242 "http://nutrition.soulfood.gr/wp-content/pl15dde5/index.php" "Mozilla/5.0 (Macintosh; U; Intel Mac OS X 10_6_3; ja-jp) AppleWebKit/533.16 (KHTML, like Gecko) Version/5.0 Safari/533.16"
204.12.208.18 - - [10/Jul/2026:15:09:25 -0400] "GET /wp-content/pl15dde5/index.php HTTP/1.1" 403 1242 "http://nutrition.soulfood.gr/wp-content/pl15dde5/index.php" "Mozilla/4.0 (compatible; MSIE 6.0; X11; Linux i686; ja) Opera 10.10"
85.11.167.175 - - [10/Jul/2026:15:06:00 -0400] "GET /administrator/components/com_jce/jce.xml HTTP/1.1" 200 931 "-" "Mozilla/5.0 (Macintosh; Intel Mac OS X 10_15_7) AppleWebKit/537.36 (KHTML, like Gecko) Chrome/118.0.5993.88 Safari/537.36"
45.227.253.15 - - [10/Jul/2026:15:18:31 -0400] "GET /index.php/jk HTTP/1.1" 200 63 "-" "Mozilla/5.0 (Macintosh; Intel Mac OS X 10.15; rv:80.0) Gecko/20100101 Firefox/80.0"
43.173.181.106 - - [10/Jul/2026:15:39:48 -0400] "GET /tags/77-vegan?format=feed&type=atom HTTP/1.1" 200 8843 "-" "Mozilla/5.0 (Windows NT 10.0; Win64; x64) AppleWebKit/537.36 (KHTML, like Gecko) Chrome/133.0.0.0 Safari/537.36"
204.12.208.18 - - [10/Jul/2026:16:02:19 -0400] "GET /wp-content/pl15dde5/index.php HTTP/1.1" 403 1242 "http://nutrition.soulfood.gr/wp-content/pl15dde5/index.php" "Mozilla/5.0 (Macintosh; Intel Mac OS X 10_8) AppleWebKit/536.25 (KHTML, like Gecko) Version/6.0 Safari/536.25"
204.12.208.18 - - [10/Jul/2026:16:02:19 -0400] "GET /wp-content/pl15dde5/index.php HTTP/1.1" 403 1242 "http://nutrition.soulfood.gr/wp-content/pl15dde5/index.php" "Opera/9.80 (Windows NT 6.1; U; ja) Presto/2.10.229 Version/11.60"
204.12.208.18 - - [10/Jul/2026:16:02:19 -0400] "GET /wp-content/pl15dde5/index.php HTTP/1.1" 403 1242 "http://nutrition.soulfood.gr/wp-content/pl15dde5/index.php" "Opera/9.80 (Macintosh; Intel Mac OS X 10.6.8; U; ja) Presto/2.10.289 Version/12.00"
216.73.216.124 - - [10/Jul/2026:16:12:41 -0400] "GET /%CF%83%CF%85%CE%BD%CF%84%CE%B1%CE%B3%CE%B5%CF%83/%CE%BA%CE%BF%CF%84%CF%8C%CF%80%CE%BF%CF%85%CE%BB%CE%BF HTTP/1.1" 404 8437 "-" "Mozilla/5.0 AppleWebKit/537.36 (KHTML, like Gecko; compatible; ClaudeBot/1.0; +claudebot@anthropic.com)"
43.135.107.245 - - [10/Jul/2026:16:17:24 -0400] "GET /images/2022/02/14/mavromatika.jpg HTTP/1.1" 200 50217 "-" "Mozilla/5.0 (Windows NT 10.0; Win64; x64) AppleWebKit/537.36"
45.227.253.15 - - [10/Jul/2026:16:49:59 -0400] "GET /?of=1 HTTP/1.1" 200 15626 "-" "Mozilla/5.0 (Windows NT 10.0; Win64; x64) AppleWebKit/537.36 (KHTML, like Gecko) Chrome/84.0.4183.83 Safari/537.36"
204.12.208.18 - - [10/Jul/2026:16:55:29 -0400] "GET /wp-content/pl15dde5/index.php HTTP/1.1" 403 1242 "http://nutrition.soulfood.gr/wp-content/pl15dde5/index.php" "Mozilla/5.0 (compatible; MSIE 10.0; Windows NT 6.2; Trident/6.0)"
204.12.208.18 - - [10/Jul/2026:16:55:29 -0400] "GET /wp-content/pl15dde5/index.php HTTP/1.1" 403 1242 "http://nutrition.soulfood.gr/wp-content/pl15dde5/index.php" "Mozilla/5.0 (compatible; MSIE 10.0; Windows NT 6.2; ARM; Trident/6.0)"
204.12.208.18 - - [10/Jul/2026:16:55:30 -0400] "GET /wp-content/pl15dde5/index.php HTTP/1.1" 403 1242 "http://nutrition.soulfood.gr/wp-content/pl15dde5/index.php" "Mozilla/5.0 (Windows; U; Windows NT 5.1; en-US) AppleWebKit/534.16 (KHTML, like Gecko) Chrome/10.0.648.151 Safari/534.16"
50.6.198.96 - - [10/Jul/2026:17:10:13 -0400] "GET /.well-known/acme-challenge/B8O7Q05FPYOF8UGDZANVECV139LPJY1C HTTP/1.1" 200 64 "-" "Cpanel-HTTP-Client/1.0"
216.73.216.124 - - [10/Jul/2026:17:30:20 -0400] "GET /robots.txt HTTP/1.1" 304 0 "-" "Mozilla/5.0 AppleWebKit/537.36 (KHTML, like Gecko; compatible; ClaudeBot/1.0; +claudebot@anthropic.com)"
216.73.216.124 - - [10/Jul/2026:17:30:31 -0400] "GET /index.php/sitemap.xml HTTP/1.1" 404 19098 "-" "Mozilla/5.0 AppleWebKit/537.36 (KHTML, like Gecko; compatible; ClaudeBot/1.0; +claudebot@anthropic.com)"
204.12.208.18 - - [10/Jul/2026:17:48:27 -0400] "GET /wp-content/pl15dde5/index.php HTTP/1.1" 403 1242 "http://nutrition.soulfood.gr/wp-content/pl15dde5/index.php" "Mozilla/4.0 (compatible; MSIE 7.0; Windows NT 5.1; .NET CLR 1.1.4322; .NET CLR 2.0.50727)"
204.12.208.18 - - [10/Jul/2026:17:48:27 -0400] "GET /wp-content/pl15dde5/index.php HTTP/1.1" 403 1242 "http://nutrition.soulfood.gr/wp-content/pl15dde5/index.php" "Mozilla/5.0 (compatible; MSIE 9.0; Windows NT 6.1; WOW64; Trident/5.0)"
204.12.208.18 - - [10/Jul/2026:17:48:27 -0400] "GET /wp-content/pl15dde5/index.php HTTP/1.1" 403 1242 "http://nutrition.soulfood.gr/wp-content/pl15dde5/index.php" "Mozilla/5.0 (compatible; MSIE 10.0; Windows NT 6.2; Win64; x64; Trident/6.0)"
16.174.127.183 - - [10/Jul/2026:18:30:14 -0400] "GET / HTTP/1.1" 200 18383 "-" "Mozilla/5.0"
16.174.127.183 - - [10/Jul/2026:18:30:17 -0400] "GET /images/alfa.php?x=echo+RCEOK HTTP/1.1" 404 1251 "-" "Mozilla/5.0"
16.174.127.183 - - [10/Jul/2026:18:30:16 -0400] "POST /index.php?option=com_jce HTTP/1.1" 200 265 "-" "Mozilla/5.0"
16.174.127.183 - - [10/Jul/2026:18:30:16 -0400] "GET /tmp/alfa.php?x=echo+RCEOK HTTP/1.1" 404 1251 "-" "Mozilla/5.0"
16.174.127.183 - - [10/Jul/2026:18:30:17 -0400] "GET /tmp/alfa.php?x=echo+RCEOK HTTP/1.1" 404 1251 "-" "Mozilla/5.0"
16.174.127.183 - - [10/Jul/2026:18:30:17 -0400] "GET /images/alfa.php.gif?x=echo+RCEOK HTTP/1.1" 404 1251 "-" "Mozilla/5.0"
204.12.208.18 - - [10/Jul/2026:18:41:17 -0400] "GET /wp-content/pl15dde5/index.php HTTP/1.1" 403 1242 "http://nutrition.soulfood.gr/wp-content/pl15dde5/index.php" "Mozilla/5.0 (Windows NT 6.0; rv:7.0.1) Gecko/20100101 Firefox/7.0.1"
101.99.88.90 - - [10/Jul/2026:18:46:01 -0400] "GET / HTTP/1.1" 200 38957 "-" "Mozilla/5.0 (compatible; Googlebot/2.1; +http://www.google.com/bot.html)"
204.12.208.18 - - [10/Jul/2026:18:41:18 -0400] "GET /wp-content/pl15dde5/index.php HTTP/1.1" 403 1242 "http://nutrition.soulfood.gr/wp-content/pl15dde5/index.php" "Mozilla/5.0 (Windows NT 6.1; WOW64; rv:9.0.1) Gecko/20100101 Firefox/9.0.1"
204.12.208.18 - - [10/Jul/2026:18:41:18 -0400] "GET /wp-content/pl15dde5/index.php HTTP/1.1" 403 1242 "http://nutrition.soulfood.gr/wp-content/pl15dde5/index.php" "Mozilla/5.0 (Macintosh; U; Intel Mac OS X; ja-jp) AppleWebKit/523.10.3 (KHTML, like Gecko) Version/3.0.4 Safari/523.10"
101.99.88.90 - - [10/Jul/2026:18:46:02 -0400] "GET /wp-content/js1a0340/index.php HTTP/1.1" 403 1242 "-" "-"
204.12.208.18 - - [10/Jul/2026:19:33:45 -0400] "GET /wp-content/pl15dde5/index.php HTTP/1.1" 403 1242 "http://nutrition.soulfood.gr/wp-content/pl15dde5/index.php" "Mozilla/4.0 (compatible; MSIE 7.0; Windows NT 5.1; SV1; .NET CLR 1.0.3705; .NET CLR 2.0.50727; .NET CLR 1.1.4322)"
204.12.208.18 - - [10/Jul/2026:19:33:45 -0400] "GET /wp-content/pl15dde5/index.php HTTP/1.1" 403 1242 "http://nutrition.soulfood.gr/wp-content/pl15dde5/index.php" "Mozilla/4.0 (compatible; MSIE 7.0; Windows NT 5.1; SV1; .NET CLR 1.1.4322)"
204.12.208.18 - - [10/Jul/2026:19:33:46 -0400] "GET /wp-content/pl15dde5/index.php HTTP/1.1" 403 1242 "http://nutrition.soulfood.gr/wp-content/pl15dde5/index.php" "Mozilla/4.0 (compatible; MSIE 7.0; Windows NT 5.1)"
216.73.216.201 - - [10/Jul/2026:19:32:50 -0400] "GET /robots.txt HTTP/1.1" 304 0 "-" "Mozilla/5.0 AppleWebKit/537.36 (KHTML, like Gecko; compatible; ClaudeBot/1.0; +claudebot@anthropic.com)"
50.6.198.96 - - [10/Jul/2026:20:10:09 -0400] "GET /.well-known/acme-challenge/OFV_Z_1R40R__EU2WZPLBG2AP_HQP4EC HTTP/1.1" 200 64 "-" "Cpanel-HTTP-Client/1.0"
16.174.127.183 - - [10/Jul/2026:20:17:37 -0400] "POST /index.php?option=com_sppagebuilder&task=asset.uploadCustomIcon HTTP/1.1" 500 756 "-" "Mozilla/5.0 (Windows NT 10.0; Win64; x64) SADBOY/4.0"
204.12.208.18 - - [10/Jul/2026:20:22:45 -0400] "GET /wp-content/js1a0340/index.php HTTP/1.1" 403 1242 "http://nutrition.soulfood.gr/wp-content/js1a0340/index.php" "Mozilla/5.0 (compatible; MSIE 10.0; Windows NT 6.2; WOW64; Trident/6.0)"
204.12.208.18 - - [10/Jul/2026:20:22:46 -0400] "GET /wp-content/js1a0340/index.php HTTP/1.1" 403 1242 "http://nutrition.soulfood.gr/wp-content/js1a0340/index.php" "Mozilla/5.0 (Macintosh; Intel Mac OS X 10_6_8) AppleWebKit/534.24 (KHTML, like Gecko) Chrome/11.0.696.71 Safari/534.24"
204.12.208.18 - - [10/Jul/2026:20:26:42 -0400] "GET /wp-content/pl15dde5/index.php HTTP/1.1" 403 1242 "http://nutrition.soulfood.gr/wp-content/pl15dde5/index.php" "Mozilla/5.0 (Macintosh; Intel Mac OS X 10_6_8) AppleWebKit/534.52.7 (KHTML, like Gecko) Version/5.1.2 Safari/534.52.7"
204.12.208.18 - - [10/Jul/2026:20:26:42 -0400] "GET /wp-content/pl15dde5/index.php HTTP/1.1" 403 1242 "http://nutrition.soulfood.gr/wp-content/pl15dde5/index.php" "Mozilla/4.0 (compatible; MSIE 6.0; X11; Linux i686; ja) Opera 10.10"
204.12.208.18 - - [10/Jul/2026:20:26:43 -0400] "GET /wp-content/pl15dde5/index.php HTTP/1.1" 403 1242 "http://nutrition.soulfood.gr/wp-content/pl15dde5/index.php" "Opera/9.80 (Windows NT 6.1; U; ja) Presto/2.9.168 Version/11.50"
9.223.178.131 - - [10/Jul/2026:20:22:48 -0400] "GET /media/com_icagenda/css/icagenda.css HTTP/1.1" 404 1251 "-" "Mozilla/5.0 (Macintosh; Intel Mac OS X 14_7) AppleWebKit/605.1.15"
9.223.178.131 - - [10/Jul/2026:20:22:49 -0400] "HEAD /images/icagenda/frontend/ HTTP/1.1" 404 0 "-" "Mozilla/5.0 (Macintosh; Intel Mac OS X 14_7) AppleWebKit/605.1.15"
204.12.208.18 - - [10/Jul/2026:20:22:46 -0400] "GET /wp-content/js1a0340/index.php HTTP/1.1" 403 1242 "http://nutrition.soulfood.gr/wp-content/js1a0340/index.php" "Mozilla/5.0 (Windows NT 5.1) AppleWebKit/534.30 (KHTML, like Gecko) Chrome/12.0.742.122 Safari/534.30 ChromePlus/1.6.3.1"
9.223.178.131 - - [10/Jul/2026:20:22:48 -0400] "GET /administrator/components/com_icagenda/icagenda.xml HTTP/1.1" 200 4180 "-" "Mozilla/5.0 (Macintosh; Intel Mac OS X 14_7) AppleWebKit/605.1.15"
9.223.178.131 - - [10/Jul/2026:20:22:48 -0400] "HEAD /components/com_icagenda/icagenda.php HTTP/1.1" 404 0 "-" "Mozilla/5.0 (Macintosh; Intel Mac OS X 14_7) AppleWebKit/605.1.15"
204.12.208.18 - - [10/Jul/2026:21:20:25 -0400] "GET /wp-content/pl15dde5/index.php HTTP/1.1" 403 1242 "http://nutrition.soulfood.gr/wp-content/pl15dde5/index.php" "Mozilla/5.0 (Windows; U; Windows NT 5.1; en-US) AppleWebKit/534.16 (KHTML, like Gecko) Chrome/10.0.648.151 Safari/534.16"
204.12.208.18 - - [10/Jul/2026:21:20:25 -0400] "GET /wp-content/pl15dde5/index.php HTTP/1.1" 403 1242 "http://nutrition.soulfood.gr/wp-content/pl15dde5/index.php" "Mozilla/5.0 (Macintosh; Intel Mac OS X 10_6_8) AppleWebKit/534.24 (KHTML, like Gecko) Iron/11.0.700.2 Chrome/11.0.700.2 Safari/534.24"
204.12.208.18 - - [10/Jul/2026:21:20:25 -0400] "GET /wp-content/pl15dde5/index.php HTTP/1.1" 403 1242 "http://nutrition.soulfood.gr/wp-content/pl15dde5/index.php" "Mozilla/5.0 (Macintosh; Intel Mac OS X 10_6_8) AppleWebKit/534.30 (KHTML, like Gecko) Chrome/12.0.742.112 Safari/534.30"
114.119.136.3 - - [10/Jul/2026:21:26:23 -0400] "GET /robots.txt HTTP/1.1" 304 0 "http://nutrition.soulfood.gr/robots.txt" "Mozilla/5.0 (compatible;PetalBot;+https://webmaster.petalsearch.com/site/petalbot)"
101.99.88.90 - - [10/Jul/2026:21:29:23 -0400] "GET / HTTP/1.1" 200 39071 "-" "Mozilla/5.0 (compatible; Googlebot/2.1; +http://www.google.com/bot.html)"
101.99.88.90 - - [10/Jul/2026:21:29:24 -0400] "GET /wp-content/js1a0340/index.php HTTP/1.1" 403 1242 "-" "-"
17.241.219.24 - - [10/Jul/2026:21:47:59 -0400] "GET /media/legacy/js/jquery-noconflict.min.js?04499b98c0305b16b373dff09fe79d1290976288 HTTP/1.1" 304 0 "http://nutrition.soulfood.gr/%CF%83%CF%85%CE%BD%CF%84%CE%B1%CE%B3%CE%B5%CF%83/%CE%BA%CF%8C%CE%BA%CE%BA%CE%B9%CE%BD%CE%BF-%CE%BA%CF%81%CE%AD%CE%B1%CF%82/364-smoothie-%CF%80%CE%B5%CF%80%CF%8C%CE%BD%CE%B9" "Mozilla/5.0 (Macintosh; Intel Mac OS X 10_15_7) AppleWebKit/605.1.15 (KHTML, like Gecko) Version/17.4 Safari/605.1.15 (Applebot/0.1; +http://www.apple.com/go/applebot)"
17.241.219.130 - - [10/Jul/2026:21:37:36 -0400] "GET /%CF%83%CF%85%CE%BD%CF%84%CE%B1%CE%B3%CE%B5%CF%83/%CE%BA%CF%8C%CE%BA%CE%BA%CE%B9%CE%BD%CE%BF-%CE%BA%CF%81%CE%AD%CE%B1%CF%82/364-smoothie-%CF%80%CE%B5%CF%80%CF%8C%CE%BD%CE%B9 HTTP/1.1" 404 9106 "-" "Mozilla/5.0 (Macintosh; Intel Mac OS X 10_15_7) AppleWebKit/605.1.15 (KHTML, like Gecko) Version/17.4 Safari/605.1.15 (Applebot/0.1; +http://www.apple.com/go/applebot)"
17.241.219.24 - - [10/Jul/2026:21:47:56 -0400] "GET /t3-assets/css/css-9c0ce-71828.css HTTP/1.1" 200 21016 "http://nutrition.soulfood.gr/%CF%83%CF%85%CE%BD%CF%84%CE%B1%CE%B3%CE%B5%CF%83/%CE%BA%CF%8C%CE%BA%CE%BA%CE%B9%CE%BD%CE%BF-%CE%BA%CF%81%CE%AD%CE%B1%CF%82/364-smoothie-%CF%80%CE%B5%CF%80%CF%8C%CE%BD%CE%B9" "Mozilla/5.0 (Macintosh; Intel Mac OS X 10_15_7) AppleWebKit/605.1.15 (KHTML, like Gecko) Version/17.4 Safari/605.1.15 (Applebot/0.1; +http://www.apple.com/go/applebot)"
17.241.219.104 - - [10/Jul/2026:21:47:57 -0400] "GET /t3-assets/css/css-34a9b-20536.css HTTP/1.1" 200 20487 "http://nutrition.soulfood.gr/%CF%83%CF%85%CE%BD%CF%84%CE%B1%CE%B3%CE%B5%CF%83/%CE%BA%CF%8C%CE%BA%CE%BA%CE%B9%CE%BD%CE%BF-%CE%BA%CF%81%CE%AD%CE%B1%CF%82/364-smoothie-%CF%80%CE%B5%CF%80%CF%8C%CE%BD%CE%B9" "Mozilla/5.0 (Macintosh; Intel Mac OS X 10_15_7) AppleWebKit/605.1.15 (KHTML, like Gecko) Version/17.4 Safari/605.1.15 (Applebot/0.1; +http://www.apple.com/go/applebot)"
17.241.219.104 - - [10/Jul/2026:21:48:02 -0400] "GET /media/vendor/bootstrap/js/popover.min.js?5.2.3 HTTP/1.1" 200 3706 "http://nutrition.soulfood.gr/%CF%83%CF%85%CE%BD%CF%84%CE%B1%CE%B3%CE%B5%CF%83/%CE%BA%CF%8C%CE%BA%CE%BA%CE%B9%CE%BD%CE%BF-%CE%BA%CF%81%CE%AD%CE%B1%CF%82/364-smoothie-%CF%80%CE%B5%CF%80%CF%8C%CE%BD%CE%B9" "Mozilla/5.0 (Macintosh; Intel Mac OS X 10_15_7) AppleWebKit/605.1.15 (KHTML, like Gecko) Version/17.4 Safari/605.1.15 (Applebot/0.1; +http://www.apple.com/go/applebot)"
17.241.219.24 - - [10/Jul/2026:21:48:03 -0400] "GET /media/vendor/bootstrap/js/popper.min.js?5.2.3 HTTP/1.1" 200 8025 "http://nutrition.soulfood.gr/%CF%83%CF%85%CE%BD%CF%84%CE%B1%CE%B3%CE%B5%CF%83/%CE%BA%CF%8C%CE%BA%CE%BA%CE%B9%CE%BD%CE%BF-%CE%BA%CF%81%CE%AD%CE%B1%CF%82/364-smoothie-%CF%80%CE%B5%CF%80%CF%8C%CE%BD%CE%B9" "Mozilla/5.0 (Macintosh; Intel Mac OS X 10_15_7) AppleWebKit/605.1.15 (KHTML, like Gecko) Version/17.4 Safari/605.1.15 (Applebot/0.1; +http://www.apple.com/go/applebot)"
17.241.219.104 - - [10/Jul/2026:21:47:56 -0400] "GET /t3-assets/css/css-1d54f-04925.css HTTP/1.1" 200 30228 "http://nutrition.soulfood.gr/%CF%83%CF%85%CE%BD%CF%84%CE%B1%CE%B3%CE%B5%CF%83/%CE%BA%CF%8C%CE%BA%CE%BA%CE%B9%CE%BD%CE%BF-%CE%BA%CF%81%CE%AD%CE%B1%CF%82/364-smoothie-%CF%80%CE%B5%CF%80%CF%8C%CE%BD%CE%B9" "Mozilla/5.0 (Macintosh; Intel Mac OS X 10_15_7) AppleWebKit/605.1.15 (KHTML, like Gecko) Version/17.4 Safari/605.1.15 (Applebot/0.1; +http://www.apple.com/go/applebot)"
17.241.219.24 - - [10/Jul/2026:21:47:57 -0400] "GET /templates/system/css/system.css HTTP/1.1" 404 1251 "http://nutrition.soulfood.gr/%CF%83%CF%85%CE%BD%CF%84%CE%B1%CE%B3%CE%B5%CF%83/%CE%BA%CF%8C%CE%BA%CE%BA%CE%B9%CE%BD%CE%BF-%CE%BA%CF%81%CE%AD%CE%B1%CF%82/364-smoothie-%CF%80%CE%B5%CF%80%CF%8C%CE%BD%CE%B9" "Mozilla/5.0 (Macintosh; Intel Mac OS X 10_15_7) AppleWebKit/605.1.15 (KHTML, like Gecko) Version/17.4 Safari/605.1.15 (Applebot/0.1; +http://www.apple.com/go/applebot)"
17.241.219.104 - - [10/Jul/2026:21:47:59 -0400] "GET /media/vendor/jquery/js/jquery.min.js?3.6.3 HTTP/1.1" 304 0 "http://nutrition.soulfood.gr/%CF%83%CF%85%CE%BD%CF%84%CE%B1%CE%B3%CE%B5%CF%83/%CE%BA%CF%8C%CE%BA%CE%BA%CE%B9%CE%BD%CE%BF-%CE%BA%CF%81%CE%AD%CE%B1%CF%82/364-smoothie-%CF%80%CE%B5%CF%80%CF%8C%CE%BD%CE%B9" "Mozilla/5.0 (Macintosh; Intel Mac OS X 10_15_7) AppleWebKit/605.1.15 (KHTML, like Gecko) Version/17.4 Safari/605.1.15 (Applebot/0.1; +http://www.apple.com/go/applebot)"
17.241.219.24 - - [10/Jul/2026:21:48:00 -0400] "GET /t3-assets/js/js-ffbe1-89743.js HTTP/1.1" 200 71484 "http://nutrition.soulfood.gr/%CF%83%CF%85%CE%BD%CF%84%CE%B1%CE%B3%CE%B5%CF%83/%CE%BA%CF%8C%CE%BA%CE%BA%CE%B9%CE%BD%CE%BF-%CE%BA%CF%81%CE%AD%CE%B1%CF%82/364-smoothie-%CF%80%CE%B5%CF%80%CF%8C%CE%BD%CE%B9" "Mozilla/5.0 (Macintosh; Intel Mac OS X 10_15_7) AppleWebKit/605.1.15 (KHTML, like Gecko) Version/17.4 Safari/605.1.15 (Applebot/0.1; +http://www.apple.com/go/applebot)"
17.241.219.104 - - [10/Jul/2026:21:48:00 -0400] "GET /media/system/js/core.min.js?576eb51da909dcf692c98643faa6fc89629ead18 HTTP/1.1" 304 0 "http://nutrition.soulfood.gr/%CF%83%CF%85%CE%BD%CF%84%CE%B1%CE%B3%CE%B5%CF%83/%CE%BA%CF%8C%CE%BA%CE%BA%CE%B9%CE%BD%CE%BF-%CE%BA%CF%81%CE%AD%CE%B1%CF%82/364-smoothie-%CF%80%CE%B5%CF%80%CF%8C%CE%BD%CE%B9" "Mozilla/5.0 (Macintosh; Intel Mac OS X 10_15_7) AppleWebKit/605.1.15 (KHTML, like Gecko) Version/17.4 Safari/605.1.15 (Applebot/0.1; +http://www.apple.com/go/applebot)"
17.241.219.104 - - [10/Jul/2026:21:48:03 -0400] "GET /media/vendor/bootstrap/js/dom.min.js?5.2.3 HTTP/1.1" 200 7327 "http://nutrition.soulfood.gr/%CF%83%CF%85%CE%BD%CF%84%CE%B1%CE%B3%CE%B5%CF%83/%CE%BA%CF%8C%CE%BA%CE%BA%CE%B9%CE%BD%CE%BF-%CE%BA%CF%81%CE%AD%CE%B1%CF%82/364-smoothie-%CF%80%CE%B5%CF%80%CF%8C%CE%BD%CE%B9" "Mozilla/5.0 (Macintosh; Intel Mac OS X 10_15_7) AppleWebKit/605.1.15 (KHTML, like Gecko) Version/17.4 Safari/605.1.15 (Applebot/0.1; +http://www.apple.com/go/applebot)"
62.60.130.228 - - [10/Jul/2026:22:11:32 -0400] "GET / HTTP/1.1" 200 18457 "-" "Mozilla/5.0 (Macintosh; Intel Mac OS X 10.15) Gecko/20100101 Firefox/120.0.1"
62.60.130.228 - - [10/Jul/2026:22:11:33 -0400] "GET /index.php?option=com_sppagebuilder&task=asset.uploadCustomIcon HTTP/1.1" 500 756 "-" "Mozilla/5.0 (Windows NT 10.0; Win64; x64) Gecko/20100101 Firefox/118.0.2"
62.60.130.228 - - [10/Jul/2026:22:11:34 -0400] "GET /administrator/components/com_jce/jce.xml HTTP/1.1" 200 931 "-" "Mozilla/5.0 (Windows NT 10.0; Win64; x64) AppleWebKit/537.36 (KHTML, like Gecko) Chrome/122.0.6261.57 Safari/537.36"
62.60.130.228 - - [10/Jul/2026:22:11:34 -0400] "GET / HTTP/1.1" 200 18457 "-" "Mozilla/5.0 (X11; Ubuntu; Linux x86_64; rv:122.0) Gecko/20100101 Firefox/122.0"
62.60.130.228 - - [10/Jul/2026:22:11:35 -0400] "POST /index.php?option=com_jce&task=profiles.import HTTP/1.1" 200 274 "-" "Mozilla/5.0 (Windows NT 11.0; Win64; x64) AppleWebKit/537.36 (KHTML, like Gecko) Chrome/120.0.6099.130 Safari/537.36"
62.60.130.228 - - [10/Jul/2026:22:11:35 -0400] "POST /administrator/index.php?option=com_jce&task=profiles.import HTTP/1.1" 200 4226 "-" "Mozilla/5.0 (Macintosh; Intel Mac OS X 10_15_7) AppleWebKit/537.36 (KHTML, like Gecko) Chrome/118.0.5993.88 Safari/537.36"
45.227.253.15 - - [10/Jul/2026:22:12:57 -0400] "GET /index.php/jk HTTP/1.1" 200 63 "-" "Mozilla/5.0 (Windows NT 10.0; Win64; x64) AppleWebKit/537.36 (KHTML, like Gecko) Chrome/80.0.3980 Safari/537.36 Edg/80.0.145.1"
204.12.208.18 - - [10/Jul/2026:22:13:05 -0400] "GET /wp-content/pl15dde5/index.php HTTP/1.1" 403 1242 "http://nutrition.soulfood.gr/wp-content/pl15dde5/index.php" "Mozilla/4.0 (compatible; MSIE 8.0; Windows NT 5.1; Trident/4.0; .NET CLR 2.0.50727; .NET CLR 3.0.04506.30; .NET CLR 3.0.04506.648)"
204.12.208.18 - - [10/Jul/2026:22:13:06 -0400] "GET /wp-content/pl15dde5/index.php HTTP/1.1" 403 1242 "http://nutrition.soulfood.gr/wp-content/pl15dde5/index.php" "Mozilla/4.0 (compatible; MSIE 8.0; Windows NT 5.1; Trident/4.0; EasyBits GO v1.0; InfoPath.1; .NET CLR 2.0.50727; .NET CLR 3.0.4506.2152; .NET CLR 3.5.30729)"
204.12.208.18 - - [10/Jul/2026:22:13:06 -0400] "GET /wp-content/pl15dde5/index.php HTTP/1.1" 403 1242 "http://nutrition.soulfood.gr/wp-content/pl15dde5/index.php" "Mozilla/5.0 (compatible; MSIE 9.0; Windows NT 6.0; Trident/5.0)"
157.55.39.225 - - [10/Jul/2026:22:33:29 -0400] "GET /robots.txt HTTP/1.1" 304 0 "-" "Mozilla/5.0 AppleWebKit/537.36 (KHTML, like Gecko; compatible; bingbot/2.0; +http://www.bing.com/bingbot.htm) Chrome/116.0.1938.76 Safari/537.36"
40.77.167.29 - - [10/Jul/2026:22:33:38 -0400] "GET /index.php/sitemap.xml HTTP/1.1" 404 33 "-" "Mozilla/5.0 AppleWebKit/537.36 (KHTML, like Gecko; compatible; bingbot/2.0; +http://www.bing.com/bingbot.htm) Chrome/116.0.1938.76 Safari/537.36"
216.73.216.201 - - [10/Jul/2026:23:11:33 -0400] "GET /robots.txt HTTP/1.1" 304 0 "-" "Mozilla/5.0 AppleWebKit/537.36 (KHTML, like Gecko; compatible; ClaudeBot/1.0; +claudebot@anthropic.com)"
204.12.208.18 - - [10/Jul/2026:23:06:54 -0400] "GET /wp-content/pl15dde5/index.php HTTP/1.1" 403 1242 "http://nutrition.soulfood.gr/wp-content/pl15dde5/index.php" "Mozilla/5.0 (compatible; MSIE 10.0; Windows NT 6.2; Trident/6.0)"
204.12.208.18 - - [10/Jul/2026:23:06:54 -0400] "GET /wp-content/pl15dde5/index.php HTTP/1.1" 403 1242 "http://nutrition.soulfood.gr/wp-content/pl15dde5/index.php" "Mozilla/5.0 (compatible; MSIE 9.0; Windows NT 6.1; WOW64; Trident/5.0; Sleipnir/2.9.8)"
204.12.208.18 - - [10/Jul/2026:23:06:54 -0400] "GET /wp-content/pl15dde5/index.php HTTP/1.1" 403 1242 "http://nutrition.soulfood.gr/wp-content/pl15dde5/index.php" "Mozilla/5.0 (compatible; MSIE 10.0; Windows NT 6.1; Trident/6.0)"
50.6.198.96 - - [10/Jul/2026:23:10:11 -0400] "GET /.well-known/acme-challenge/WXQWPK2HTF_TDNDN0H_BD515F_MSBLTR HTTP/1.1" 200 64 "-" "Cpanel-HTTP-Client/1.0"
129.121.77.134 - - [10/Jul/2026:23:27:05 -0400] "GET / HTTP/1.1" 200 18457 "-" "Mozilla/5.0 (Windows NT 10.0; Win64; x64) AppleWebKit/537.36 Chrome/126.0.0.0 Safari/537.36"
129.121.77.134 - - [10/Jul/2026:23:27:05 -0400] "POST /index.php?option=com_jce&task=plugin.display&plugin=image&file=imgmanager&version=xxxx&cid=20 HTTP/1.1" 200 35 "-" "Mozilla/5.0 (Windows NT 10.0; Win64; x64) AppleWebKit/537.36 Chrome/126.0.0.0 Safari/537.36"
129.121.77.134 - - [10/Jul/2026:23:27:06 -0400] "GET /images/cfg_ru029y.php?t=0vvombrdhg6jby9n&c=__v HTTP/1.1" 404 1251 "-" "Mozilla/5.0 (Windows NT 10.0; Win64; x64) AppleWebKit/537.36 Chrome/126.0.0.0 Safari/537.36"
129.121.77.134 - - [10/Jul/2026:23:27:06 -0400] "GET /images/stories/cfg_ru029y.php?t=0vvombrdhg6jby9n&c=__v HTTP/1.1" 404 1251 "-" "Mozilla/5.0 (Windows NT 10.0; Win64; x64) AppleWebKit/537.36 Chrome/126.0.0.0 Safari/537.36"
129.121.77.134 - - [10/Jul/2026:23:27:06 -0400] "GET /media/cfg_ru029y.php?t=0vvombrdhg6jby9n&c=__v HTTP/1.1" 404 1251 "-" "Mozilla/5.0 (Windows NT 10.0; Win64; x64) AppleWebKit/537.36 Chrome/126.0.0.0 Safari/537.36"
129.121.77.134 - - [10/Jul/2026:23:27:06 -0400] "GET /tmp/cfg_ru029y.php?t=0vvombrdhg6jby9n&c=__v HTTP/1.1" 404 1251 "-" "Mozilla/5.0 (Windows NT 10.0; Win64; x64) AppleWebKit/537.36 Chrome/126.0.0.0 Safari/537.36"
129.121.77.134 - - [10/Jul/2026:23:27:06 -0400] "GET /cfg_ru029y.php?t=0vvombrdhg6jby9n&c=__v HTTP/1.1" 404 739 "-" "Mozilla/5.0 (Windows NT 10.0; Win64; x64) AppleWebKit/537.36 Chrome/126.0.0.0 Safari/537.36"
129.121.77.134 - - [10/Jul/2026:23:27:06 -0400] "POST /index.php?option=com_jce&task=plugin.display&plugin=image&file=imgmanager&version=xxxx&cid=20 HTTP/1.1" 200 35 "-" "Mozilla/5.0 (Windows NT 10.0; Win64; x64) AppleWebKit/537.36 Chrome/126.0.0.0 Safari/537.36"
129.121.77.134 - - [10/Jul/2026:23:27:06 -0400] "POST /index.php?option=com_jce&task=plugin.display&plugin=image&file=imgmanager&version=xxxx&cid=20 HTTP/1.1" 200 35 "-" "Mozilla/5.0 (Windows NT 10.0; Win64; x64) AppleWebKit/537.36 Chrome/126.0.0.0 Safari/537.36"
129.121.77.134 - - [10/Jul/2026:23:27:07 -0400] "GET /images/cfg_ru029y.php?t=0vvombrdhg6jby9n&c=__v HTTP/1.1" 404 1251 "-" "Mozilla/5.0 (Windows NT 10.0; Win64; x64) AppleWebKit/537.36 Chrome/126.0.0.0 Safari/537.36"
129.121.77.134 - - [10/Jul/2026:23:27:07 -0400] "GET /images/stories/cfg_ru029y.php?t=0vvombrdhg6jby9n&c=__v HTTP/1.1" 404 1251 "-" "Mozilla/5.0 (Windows NT 10.0; Win64; x64) AppleWebKit/537.36 Chrome/126.0.0.0 Safari/537.36"
129.121.77.134 - - [10/Jul/2026:23:27:07 -0400] "GET /media/cfg_ru029y.php?t=0vvombrdhg6jby9n&c=__v HTTP/1.1" 404 1251 "-" "Mozilla/5.0 (Windows NT 10.0; Win64; x64) AppleWebKit/537.36 Chrome/126.0.0.0 Safari/537.36"
129.121.77.134 - - [10/Jul/2026:23:27:07 -0400] "GET /cfg_ru029y.php?t=0vvombrdhg6jby9n&c=__v HTTP/1.1" 404 739 "-" "Mozilla/5.0 (Windows NT 10.0; Win64; x64) AppleWebKit/537.36 Chrome/126.0.0.0 Safari/537.36"
129.121.77.134 - - [10/Jul/2026:23:27:07 -0400] "POST /index.php?option=com_jce&task=plugin.display&plugin=image&file=imgmanager&version=xxxx&cid=20 HTTP/1.1" 200 35 "-" "Mozilla/5.0 (Windows NT 10.0; Win64; x64) AppleWebKit/537.36 Chrome/126.0.0.0 Safari/537.36"
129.121.77.134 - - [10/Jul/2026:23:27:07 -0400] "GET /images/cfg_ru029y.php?t=0vvombrdhg6jby9n&c=__v HTTP/1.1" 404 1251 "-" "Mozilla/5.0 (Windows NT 10.0; Win64; x64) AppleWebKit/537.36 Chrome/126.0.0.0 Safari/537.36"
129.121.77.134 - - [10/Jul/2026:23:27:07 -0400] "GET /images/stories/cfg_ru029y.php?t=0vvombrdhg6jby9n&c=__v HTTP/1.1" 404 1251 "-" "Mozilla/5.0 (Windows NT 10.0; Win64; x64) AppleWebKit/537.36 Chrome/126.0.0.0 Safari/537.36"
129.121.77.134 - - [10/Jul/2026:23:27:07 -0400] "GET /media/cfg_ru029y.php?t=0vvombrdhg6jby9n&c=__v HTTP/1.1" 404 1251 "-" "Mozilla/5.0 (Windows NT 10.0; Win64; x64) AppleWebKit/537.36 Chrome/126.0.0.0 Safari/537.36"
129.121.77.134 - - [10/Jul/2026:23:27:08 -0400] "GET /cfg_ru029y.php?t=0vvombrdhg6jby9n&c=__v HTTP/1.1" 404 739 "-" "Mozilla/5.0 (Windows NT 10.0; Win64; x64) AppleWebKit/537.36 Chrome/126.0.0.0 Safari/537.36"
129.121.77.134 - - [10/Jul/2026:23:27:08 -0400] "POST /index.php?option=com_jce&task=plugin.display&plugin=imgmanager&file=imgmanager&version=xxxx&cid=20 HTTP/1.1" 200 35 "-" "Mozilla/5.0 (Windows NT 10.0; Win64; x64) AppleWebKit/537.36 Chrome/126.0.0.0 Safari/537.36"
129.121.77.134 - - [10/Jul/2026:23:27:08 -0400] "GET /images/cfg_ru029y.php?t=0vvombrdhg6jby9n&c=__v HTTP/1.1" 404 1251 "-" "Mozilla/5.0 (Windows NT 10.0; Win64; x64) AppleWebKit/537.36 Chrome/126.0.0.0 Safari/537.36"
129.121.77.134 - - [10/Jul/2026:23:27:08 -0400] "GET /images/stories/cfg_ru029y.php?t=0vvombrdhg6jby9n&c=__v HTTP/1.1" 404 1251 "-" "Mozilla/5.0 (Windows NT 10.0; Win64; x64) AppleWebKit/537.36 Chrome/126.0.0.0 Safari/537.36"
129.121.77.134 - - [10/Jul/2026:23:27:08 -0400] "GET /media/cfg_ru029y.php?t=0vvombrdhg6jby9n&c=__v HTTP/1.1" 404 1251 "-" "Mozilla/5.0 (Windows NT 10.0; Win64; x64) AppleWebKit/537.36 Chrome/126.0.0.0 Safari/537.36"
129.121.77.134 - - [10/Jul/2026:23:27:08 -0400] "GET /tmp/cfg_ru029y.php?t=0vvombrdhg6jby9n&c=__v HTTP/1.1" 404 1251 "-" "Mozilla/5.0 (Windows NT 10.0; Win64; x64) AppleWebKit/537.36 Chrome/126.0.0.0 Safari/537.36"
129.121.77.134 - - [10/Jul/2026:23:27:08 -0400] "GET /cfg_ru029y.php?t=0vvombrdhg6jby9n&c=__v HTTP/1.1" 404 739 "-" "Mozilla/5.0 (Windows NT 10.0; Win64; x64) AppleWebKit/537.36 Chrome/126.0.0.0 Safari/537.36"
129.121.77.134 - - [10/Jul/2026:23:27:09 -0400] "POST /index.php?option=com_jce&task=plugin.display&plugin=imgmanager&file=imgmanager&version=xxxx&cid=20 HTTP/1.1" 200 35 "-" "Mozilla/5.0 (Windows NT 10.0; Win64; x64) AppleWebKit/537.36 Chrome/126.0.0.0 Safari/537.36"
129.121.77.134 - - [10/Jul/2026:23:27:09 -0400] "POST /index.php?option=com_jce&task=plugin.display&plugin=imgmanager&file=imgmanager&version=xxxx&cid=20 HTTP/1.1" 200 35 "-" "Mozilla/5.0 (Windows NT 10.0; Win64; x64) AppleWebKit/537.36 Chrome/126.0.0.0 Safari/537.36"
129.121.77.134 - - [10/Jul/2026:23:27:09 -0400] "GET /images/cfg_ru029y.php?t=0vvombrdhg6jby9n&c=__v HTTP/1.1" 404 1251 "-" "Mozilla/5.0 (Windows NT 10.0; Win64; x64) AppleWebKit/537.36 Chrome/126.0.0.0 Safari/537.36"
129.121.77.134 - - [10/Jul/2026:23:27:09 -0400] "GET /images/stories/cfg_ru029y.php?t=0vvombrdhg6jby9n&c=__v HTTP/1.1" 404 1251 "-" "Mozilla/5.0 (Windows NT 10.0; Win64; x64) AppleWebKit/537.36 Chrome/126.0.0.0 Safari/537.36"
129.121.77.134 - - [10/Jul/2026:23:27:09 -0400] "GET /media/cfg_ru029y.php?t=0vvombrdhg6jby9n&c=__v HTTP/1.1" 404 1251 "-" "Mozilla/5.0 (Windows NT 10.0; Win64; x64) AppleWebKit/537.36 Chrome/126.0.0.0 Safari/537.36"
129.121.77.134 - - [10/Jul/2026:23:27:09 -0400] "GET /cfg_ru029y.php?t=0vvombrdhg6jby9n&c=__v HTTP/1.1" 404 739 "-" "Mozilla/5.0 (Windows NT 10.0; Win64; x64) AppleWebKit/537.36 Chrome/126.0.0.0 Safari/537.36"
129.121.77.134 - - [10/Jul/2026:23:27:10 -0400] "POST /index.php?option=com_jce&task=plugin.display&plugin=imgmanager&file=imgmanager&version=xxxx&cid=20 HTTP/1.1" 200 35 "-" "Mozilla/5.0 (Windows NT 10.0; Win64; x64) AppleWebKit/537.36 Chrome/126.0.0.0 Safari/537.36"
129.121.77.134 - - [10/Jul/2026:23:27:10 -0400] "GET /images/cfg_ru029y.php?t=0vvombrdhg6jby9n&c=__v HTTP/1.1" 404 1251 "-" "Mozilla/5.0 (Windows NT 10.0; Win64; x64) AppleWebKit/537.36 Chrome/126.0.0.0 Safari/537.36"
129.121.77.134 - - [10/Jul/2026:23:27:10 -0400] "GET /images/stories/cfg_ru029y.php?t=0vvombrdhg6jby9n&c=__v HTTP/1.1" 404 1251 "-" "Mozilla/5.0 (Windows NT 10.0; Win64; x64) AppleWebKit/537.36 Chrome/126.0.0.0 Safari/537.36"
129.121.77.134 - - [10/Jul/2026:23:27:10 -0400] "GET /media/cfg_ru029y.php?t=0vvombrdhg6jby9n&c=__v HTTP/1.1" 404 1251 "-" "Mozilla/5.0 (Windows NT 10.0; Win64; x64) AppleWebKit/537.36 Chrome/126.0.0.0 Safari/537.36"
129.121.77.134 - - [10/Jul/2026:23:27:10 -0400] "GET /cfg_ru029y.php?t=0vvombrdhg6jby9n&c=__v HTTP/1.1" 404 739 "-" "Mozilla/5.0 (Windows NT 10.0; Win64; x64) AppleWebKit/537.36 Chrome/126.0.0.0 Safari/537.36"
129.121.77.134 - - [10/Jul/2026:23:27:10 -0400] "POST /index.php?option=com_jce&task=plugin.display&plugin=image&file=imgmanager&version=1560&cid=20 HTTP/1.1" 200 35 "-" "Mozilla/5.0 (Windows NT 10.0; Win64; x64) AppleWebKit/537.36 Chrome/126.0.0.0 Safari/537.36"
129.121.77.134 - - [10/Jul/2026:23:27:10 -0400] "GET /images/cfg_ru029y.php?t=0vvombrdhg6jby9n&c=__v HTTP/1.1" 404 1251 "-" "Mozilla/5.0 (Windows NT 10.0; Win64; x64) AppleWebKit/537.36 Chrome/126.0.0.0 Safari/537.36"
129.121.77.134 - - [10/Jul/2026:23:27:11 -0400] "GET /images/stories/cfg_ru029y.php?t=0vvombrdhg6jby9n&c=__v HTTP/1.1" 404 1251 "-" "Mozilla/5.0 (Windows NT 10.0; Win64; x64) AppleWebKit/537.36 Chrome/126.0.0.0 Safari/537.36"
129.121.77.134 - - [10/Jul/2026:23:27:11 -0400] "GET /media/cfg_ru029y.php?t=0vvombrdhg6jby9n&c=__v HTTP/1.1" 404 1251 "-" "Mozilla/5.0 (Windows NT 10.0; Win64; x64) AppleWebKit/537.36 Chrome/126.0.0.0 Safari/537.36"
129.121.77.134 - - [10/Jul/2026:23:27:11 -0400] "GET /tmp/cfg_ru029y.php?t=0vvombrdhg6jby9n&c=__v HTTP/1.1" 404 1251 "-" "Mozilla/5.0 (Windows NT 10.0; Win64; x64) AppleWebKit/537.36 Chrome/126.0.0.0 Safari/537.36"
129.121.77.134 - - [10/Jul/2026:23:27:11 -0400] "GET /cfg_ru029y.php?t=0vvombrdhg6jby9n&c=__v HTTP/1.1" 404 739 "-" "Mozilla/5.0 (Windows NT 10.0; Win64; x64) AppleWebKit/537.36 Chrome/126.0.0.0 Safari/537.36"
129.121.77.134 - - [10/Jul/2026:23:27:11 -0400] "POST /index.php?option=com_jce&task=plugin.display&plugin=image&file=imgmanager&version=1560&cid=20 HTTP/1.1" 200 35 "-" "Mozilla/5.0 (Windows NT 10.0; Win64; x64) AppleWebKit/537.36 Chrome/126.0.0.0 Safari/537.36"
129.121.77.134 - - [10/Jul/2026:23:27:11 -0400] "POST /index.php?option=com_jce&task=plugin.display&plugin=image&file=imgmanager&version=1560&cid=20 HTTP/1.1" 200 35 "-" "Mozilla/5.0 (Windows NT 10.0; Win64; x64) AppleWebKit/537.36 Chrome/126.0.0.0 Safari/537.36"
129.121.77.134 - - [10/Jul/2026:23:27:12 -0400] "GET /images/cfg_ru029y.php?t=0vvombrdhg6jby9n&c=__v HTTP/1.1" 404 1251 "-" "Mozilla/5.0 (Windows NT 10.0; Win64; x64) AppleWebKit/537.36 Chrome/126.0.0.0 Safari/537.36"
129.121.77.134 - - [10/Jul/2026:23:27:12 -0400] "GET /images/stories/cfg_ru029y.php?t=0vvombrdhg6jby9n&c=__v HTTP/1.1" 404 1251 "-" "Mozilla/5.0 (Windows NT 10.0; Win64; x64) AppleWebKit/537.36 Chrome/126.0.0.0 Safari/537.36"
129.121.77.134 - - [10/Jul/2026:23:27:12 -0400] "GET /media/cfg_ru029y.php?t=0vvombrdhg6jby9n&c=__v HTTP/1.1" 404 1251 "-" "Mozilla/5.0 (Windows NT 10.0; Win64; x64) AppleWebKit/537.36 Chrome/126.0.0.0 Safari/537.36"
129.121.77.134 - - [10/Jul/2026:23:27:12 -0400] "GET /cfg_ru029y.php?t=0vvombrdhg6jby9n&c=__v HTTP/1.1" 404 739 "-" "Mozilla/5.0 (Windows NT 10.0; Win64; x64) AppleWebKit/537.36 Chrome/126.0.0.0 Safari/537.36"
