| Current Path : /home/hrpsychology/access-logs/ |
| Current File : /home/hrpsychology/access-logs/happiness.soulfood.gr |
66.249.77.163 - - [10/Jul/2026:08:26:24 -0400] "GET /kind/build/evh4q65r6q5rp3m.html HTTP/1.1" 404 17896 "-" "Mozilla/5.0 (Linux; Android 6.0.1; Nexus 5X Build/MMB29P) AppleWebKit/537.36 (KHTML, like Gecko) Chrome/150.0.7871.46 Mobile Safari/537.36 (compatible; GoogleOther)"
45.227.253.15 - - [10/Jul/2026:08:26:29 -0400] "GET /index.php/jk HTTP/1.1" 200 63 "-" "Mozilla/5.0 (iPhone; CPU iPhone OS 10_3 like Mac OS X) AppleWebKit/605.1.15 (KHTML, like Gecko) Version/10.0.4 Mobile/15E148 Safari/604.1"
50.6.198.96 - - [10/Jul/2026:08:10:12 -0400] "GET /.well-known/acme-challenge/V4289BW91194K27S8Q-VNZV6MQU9O-L2 HTTP/1.1" 200 64 "-" "Cpanel-HTTP-Client/1.0"
66.249.77.164 - - [10/Jul/2026:08:33:04 -0400] "GET /aspect/entity/eedbae1dqy1b5bi.html HTTP/1.1" 404 17966 "-" "Mozilla/5.0 (Linux; Android 6.0.1; Nexus 5X Build/MMB29P) AppleWebKit/537.36 (KHTML, like Gecko) Chrome/150.0.7871.46 Mobile Safari/537.36 (compatible; GoogleOther)"
66.249.77.163 - - [10/Jul/2026:08:59:52 -0400] "GET /robots.txt HTTP/1.1" 304 0 "-" "Mozilla/5.0 (compatible; Googlebot/2.1; +http://www.google.com/bot.html)"
66.249.77.163 - - [10/Jul/2026:08:59:52 -0400] "GET /structure/accomplishment/e3dnae19qy1bnbi.html HTTP/1.1" 404 19567 "-" "Mozilla/5.0 (Linux; Android 6.0.1; Nexus 5X Build/MMB29P) AppleWebKit/537.36 (KHTML, like Gecko) Chrome/150.0.7871.46 Mobile Safari/537.36 (compatible; GoogleOther)"
204.12.208.18 - - [10/Jul/2026:09:00:00 -0400] "GET /wp-includes/js96e52b/index.php HTTP/1.1" 403 1242 "http://happiness.soulfood.gr/wp-includes/js96e52b/index.php" "Mozilla/4.0 (compatible; MSIE 7.0; Windows NT 6.0; SLCC1; .NET CLR 2.0.50727; Media Center PC 5.0; .NET CLR 3.0.04506; InfoPath.1)"
204.12.208.18 - - [10/Jul/2026:09:00:01 -0400] "GET /wp-includes/js96e52b/index.php HTTP/1.1" 403 1242 "http://happiness.soulfood.gr/wp-includes/js96e52b/index.php" "Mozilla/4.0 (compatible; MSIE 8.0; Windows NT 5.1; Trident/4.0; .NET CLR 2.0.50727; InfoPath.1"
204.12.208.18 - - [10/Jul/2026:09:00:01 -0400] "GET /wp-includes/js96e52b/index.php HTTP/1.1" 403 1242 "http://happiness.soulfood.gr/wp-includes/js96e52b/index.php" "Mozilla/4.0 (compatible; GoogleToolbar 5.0.2124.2070; Windows 6.0; MSIE 8.0.6001.18241)"
204.12.208.18 - - [10/Jul/2026:08:51:44 -0400] "GET /wp-includes/wp295a0a/index.php HTTP/1.1" 403 1242 "http://happiness.soulfood.gr/wp-includes/wp295a0a/index.php" "Mozilla/5.0 (compatible; MSIE 9.0; Windows NT 6.1; WOW64; Trident/5.0; SLCC2; .NET CLR 2.0.50727; .NET CLR 3.5.30729; .NET CLR 3.0.30729; Media Center PC 6.0; MAGW; .NET4.0C; Lunascape 6.5.8.24780)"
204.12.208.18 - - [10/Jul/2026:08:51:44 -0400] "GET /wp-includes/wp295a0a/index.php HTTP/1.1" 403 1242 "http://happiness.soulfood.gr/wp-includes/wp295a0a/index.php" "Mozilla/5.0 (Macintosh; Intel Mac OS X 10.5; rv:5.0.1) Gecko/20100101 Firefox/5.0.1"
204.12.208.18 - - [10/Jul/2026:08:51:44 -0400] "GET /wp-includes/wp295a0a/index.php HTTP/1.1" 403 1242 "http://happiness.soulfood.gr/wp-includes/wp295a0a/index.php" "Mozilla/5.0 (Windows NT 5.1; rv:6.0) Gecko/20100101 Firefox/6.0"
66.249.77.163 - - [10/Jul/2026:09:05:13 -0400] "GET /drag/fascinating/mti170mvaot36505ofd.shtml HTTP/1.1" 404 18427 "-" "Mozilla/5.0 (Linux; Android 6.0.1; Nexus 5X Build/MMB29P) AppleWebKit/537.36 (KHTML, like Gecko) Chrome/150.0.7871.46 Mobile Safari/537.36 (compatible; GoogleOther)"
66.249.77.163 - - [10/Jul/2026:09:04:51 -0400] "GET /lot/unit/ea2gbrq5rbqcio7.html HTTP/1.1" 404 17990 "-" "Mozilla/5.0 (Linux; Android 6.0.1; Nexus 5X Build/MMB29P) AppleWebKit/537.36 (KHTML, like Gecko) Chrome/150.0.7871.46 Mobile Safari/537.36 (compatible; GoogleOther)"
66.249.77.166 - - [10/Jul/2026:09:16:24 -0400] "GET /taxonomy/prototype/euvrswj58gjtvt0.html HTTP/1.1" 404 18046 "-" "Mozilla/5.0 (Linux; Android 6.0.1; Nexus 5X Build/MMB29P) AppleWebKit/537.36 (KHTML, like Gecko) Chrome/150.0.7871.46 Mobile Safari/537.36 (compatible; GoogleOther)"
101.99.88.90 - - [10/Jul/2026:09:21:20 -0400] "GET /wp-includes/js96e52b/index.php HTTP/1.1" 403 1242 "-" "-"
66.249.77.163 - - [10/Jul/2026:09:30:13 -0400] "GET /community/assembly/elh9q65y6q5rs3m.html HTTP/1.1" 404 18240 "-" "Mozilla/5.0 (Linux; Android 6.0.1; Nexus 5X Build/MMB29P) AppleWebKit/537.36 (KHTML, like Gecko) Chrome/150.0.7871.46 Mobile Safari/537.36 (compatible; GoogleOther)"
101.99.88.90 - - [10/Jul/2026:09:21:19 -0400] "GET / HTTP/1.1" 200 39758 "-" "Mozilla/5.0 (compatible; Googlebot/2.1; +http://www.google.com/bot.html)"
204.12.208.18 - - [10/Jul/2026:09:45:51 -0400] "GET /wp-includes/wp295a0a/index.php HTTP/1.1" 403 1242 "http://happiness.soulfood.gr/wp-includes/wp295a0a/index.php" "Mozilla/5.0 (Macintosh; U; PPC Mac OS X; ja-jp) AppleWebKit/523.12 (KHTML, like Gecko) Version/3.0.4 Safari/523.12"
204.12.208.18 - - [10/Jul/2026:09:45:51 -0400] "GET /wp-includes/wp295a0a/index.php HTTP/1.1" 403 1242 "http://happiness.soulfood.gr/wp-includes/wp295a0a/index.php" "Mozilla/5.0 (Macintosh; U; PPC Mac OS X 10_4_11; ja-jp) AppleWebKit/525.13 (KHTML, like Gecko) Version/3.1 Safari/525.13"
204.12.208.18 - - [10/Jul/2026:09:45:51 -0400] "GET /wp-includes/wp295a0a/index.php HTTP/1.1" 403 1242 "http://happiness.soulfood.gr/wp-includes/wp295a0a/index.php" "Mozilla/5.0 (Macintosh; U; PPC Mac OS X 10_4_11; ja-jp) AppleWebKit/525.18 (KHTML, like Gecko) Version/3.1.2 Safari/525.22"
66.249.77.161 - - [10/Jul/2026:10:11:24 -0400] "GET /?detail/174046883909 HTTP/1.1" 200 38430 "-" "Mozilla/5.0 (Linux; Android 6.0.1; Nexus 5X Build/MMB29P) AppleWebKit/537.36 (KHTML, like Gecko) Chrome/150.0.7871.46 Mobile Safari/537.36 (compatible; Googlebot/2.1; +http://www.google.com/bot.html)"
66.249.77.161 - - [10/Jul/2026:10:14:59 -0400] "GET /?jp/174046832.html HTTP/1.1" 200 41255 "-" "Mozilla/5.0 (Linux; Android 6.0.1; Nexus 5X Build/MMB29P) AppleWebKit/537.36 (KHTML, like Gecko) Chrome/150.0.7871.46 Mobile Safari/537.36 (compatible; Googlebot/2.1; +http://www.google.com/bot.html)"
66.249.77.165 - - [10/Jul/2026:10:18:59 -0400] "GET /?goods/133002159 HTTP/1.1" 200 40025 "-" "Mozilla/5.0 (Linux; Android 6.0.1; Nexus 5X Build/MMB29P) AppleWebKit/537.36 (KHTML, like Gecko) Chrome/150.0.7871.46 Mobile Safari/537.36 (compatible; Googlebot/2.1; +http://www.google.com/bot.html)"
66.249.77.165 - - [10/Jul/2026:10:31:43 -0400] "GET /variety/effect/eny1vzmvbjmw2w3.html HTTP/1.1" 404 18986 "-" "Mozilla/5.0 (Linux; Android 6.0.1; Nexus 5X Build/MMB29P) AppleWebKit/537.36 (KHTML, like Gecko) Chrome/150.0.7871.46 Mobile Safari/537.36 (compatible; GoogleOther)"
66.249.77.165 - - [10/Jul/2026:10:39:14 -0400] "GET /framework/appliance/e633ogr440rpqd8.html HTTP/1.1" 404 18342 "-" "Mozilla/5.0 (Linux; Android 6.0.1; Nexus 5X Build/MMB29P) AppleWebKit/537.36 (KHTML, like Gecko) Chrome/150.0.7871.46 Mobile Safari/537.36 (compatible; GoogleOther)"
204.12.208.18 - - [10/Jul/2026:10:40:20 -0400] "GET /wp-includes/wp295a0a/index.php HTTP/1.1" 403 1242 "http://happiness.soulfood.gr/wp-includes/wp295a0a/index.php" "Mozilla/5.0 (Windows NT 6.1; WOW64; rv:9.0.1) Gecko/20100101 Firefox/9.0.1"
204.12.208.18 - - [10/Jul/2026:10:40:20 -0400] "GET /wp-includes/wp295a0a/index.php HTTP/1.1" 403 1242 "http://happiness.soulfood.gr/wp-includes/wp295a0a/index.php" "Mozilla/5.0 (Macintosh; Intel Mac OS X 10.7; rv:9.0.1) Gecko/20100101 Firefox/9.0.1"
204.12.208.18 - - [10/Jul/2026:10:40:20 -0400] "GET /wp-includes/wp295a0a/index.php HTTP/1.1" 403 1242 "http://happiness.soulfood.gr/wp-includes/wp295a0a/index.php" "Mozilla/5.0 (Macintosh; U; PPC Mac OS X; ja-jp) AppleWebKit/523.10.6 (KHTML, like Gecko) Version/3.0.4 Safari/523.10.6"
66.249.77.166 - - [10/Jul/2026:10:46:52 -0400] "GET /tag/produce/fobbk0zb09rp3d8.html HTTP/1.1" 404 18933 "-" "Mozilla/5.0 (Linux; Android 6.0.1; Nexus 5X Build/MMB29P) AppleWebKit/537.36 (KHTML, like Gecko) Chrome/150.0.7871.46 Mobile Safari/537.36 (compatible; GoogleOther)"
66.249.77.161 - - [10/Jul/2026:10:52:28 -0400] "GET /tag/produce/ehtb2ih1i2h3ffy.html HTTP/1.1" 404 18772 "-" "Mozilla/5.0 (Linux; Android 6.0.1; Nexus 5X Build/MMB29P) AppleWebKit/537.36 (KHTML, like Gecko) Chrome/150.0.7871.46 Mobile Safari/537.36 (compatible; GoogleOther)"
50.6.198.96 - - [10/Jul/2026:11:10:07 -0400] "GET /.well-known/acme-challenge/RMNCRZNX0DPPJOQYAG9O3S665W74DE2G HTTP/1.1" 200 64 "-" "Cpanel-HTTP-Client/1.0"
66.249.77.161 - - [10/Jul/2026:11:12:02 -0400] "GET /heading/particle/eyx9ial5yuljp72.html HTTP/1.1" 404 18252 "-" "Mozilla/5.0 (Linux; Android 6.0.1; Nexus 5X Build/MMB29P) AppleWebKit/537.36 (KHTML, like Gecko) Chrome/150.0.7871.46 Mobile Safari/537.36 (compatible; GoogleOther)"
66.249.77.162 - - [10/Jul/2026:11:33:18 -0400] "GET /design/example/fnqnzfebfm64tsn.html HTTP/1.1" 404 17339 "-" "Mozilla/5.0 (Linux; Android 6.0.1; Nexus 5X Build/MMB29P) AppleWebKit/537.36 (KHTML, like Gecko) Chrome/150.0.7871.46 Mobile Safari/537.36 (compatible; GoogleOther)"
66.249.77.165 - - [10/Jul/2026:11:25:05 -0400] "GET /guild/range/elgcdh41t14eiel.html HTTP/1.1" 404 19186 "-" "Mozilla/5.0 (Linux; Android 6.0.1; Nexus 5X Build/MMB29P) AppleWebKit/537.36 (KHTML, like Gecko) Chrome/150.0.7871.46 Mobile Safari/537.36 (compatible; GoogleOther)"
204.12.208.18 - - [10/Jul/2026:11:34:46 -0400] "GET /wp-includes/wp295a0a/index.php HTTP/1.1" 403 1242 "http://happiness.soulfood.gr/wp-includes/wp295a0a/index.php" "Mozilla/5.0 (Macintosh; U; PPC Mac OS X; ja-jp) AppleWebKit/522.11.1 (KHTML, like Gecko) Version/3.0.3 Safari/522.12.1"
204.12.208.18 - - [10/Jul/2026:11:34:46 -0400] "GET /wp-includes/wp295a0a/index.php HTTP/1.1" 403 1242 "http://happiness.soulfood.gr/wp-includes/wp295a0a/index.php" "Mozilla/5.0 (Macintosh; Intel Mac OS X 10.7; rv:9.0.1) Gecko/20100101 Firefox/9.0.1"
204.12.208.18 - - [10/Jul/2026:11:34:46 -0400] "GET /wp-includes/wp295a0a/index.php HTTP/1.1" 403 1242 "http://happiness.soulfood.gr/wp-includes/wp295a0a/index.php" "Mozilla/5.0 (Macintosh; U; PPC Mac OS X; ja-jp) AppleWebKit/523.12 (KHTML, like Gecko) Version/3.0.4 Safari/523.12"
66.249.77.161 - - [10/Jul/2026:11:36:52 -0400] "GET /gray/artifact/w73nhirf11498qgg.shtml HTTP/1.1" 404 17794 "-" "Mozilla/5.0 (Linux; Android 6.0.1; Nexus 5X Build/MMB29P) AppleWebKit/537.36 (KHTML, like Gecko) Chrome/150.0.7871.46 Mobile Safari/537.36 (compatible; GoogleOther)"
66.249.77.161 - - [10/Jul/2026:11:58:18 -0400] "GET /taxon/output/emjdgk7mw47h4ho.html HTTP/1.1" 404 17834 "-" "Mozilla/5.0 (Linux; Android 6.0.1; Nexus 5X Build/MMB29P) AppleWebKit/537.36 (KHTML, like Gecko) Chrome/150.0.7871.46 Mobile Safari/537.36 (compatible; GoogleOther)"
66.249.77.165 - - [10/Jul/2026:12:04:14 -0400] "GET /guild/lot/ehmnjna2z7ak9kr.html HTTP/1.1" 404 19304 "-" "Mozilla/5.0 (Linux; Android 6.0.1; Nexus 5X Build/MMB29P) AppleWebKit/537.36 (KHTML, like Gecko) Chrome/150.0.7871.46 Mobile Safari/537.36 (compatible; GoogleOther)"
66.249.77.165 - - [10/Jul/2026:11:51:56 -0400] "GET /clade/version/f5jagk7bwsbx49s.html HTTP/1.1" 404 17053 "-" "Mozilla/5.0 (Linux; Android 6.0.1; Nexus 5X Build/MMB29P) AppleWebKit/537.36 (KHTML, like Gecko) Chrome/150.0.7871.46 Mobile Safari/537.36 (compatible; GoogleOther)"
66.249.77.165 - - [10/Jul/2026:12:08:16 -0400] "GET /197015465.htm HTTP/1.1" 200 38241 "-" "Mozilla/5.0 (Linux; Android 6.0.1; Nexus 5X Build/MMB29P) AppleWebKit/537.36 (KHTML, like Gecko) Chrome/150.0.7871.46 Mobile Safari/537.36 (compatible; Googlebot/2.1; +http://www.google.com/bot.html)"
66.249.77.164 - - [10/Jul/2026:12:23:18 -0400] "GET /chart/specification/fkmejnabzke0dcv.html HTTP/1.1" 404 17493 "-" "Mozilla/5.0 (Linux; Android 6.0.1; Nexus 5X Build/MMB29P) AppleWebKit/537.36 (KHTML, like Gecko) Chrome/150.0.7871.46 Mobile Safari/537.36 (compatible; GoogleOther)"
66.249.77.162 - - [10/Jul/2026:12:10:44 -0400] "GET /chapter/part/et4o15s3hps2429.html HTTP/1.1" 404 18024 "-" "Mozilla/5.0 (Linux; Android 6.0.1; Nexus 5X Build/MMB29P) AppleWebKit/537.36 (KHTML, like Gecko) Chrome/150.0.7871.46 Mobile Safari/537.36 (compatible; GoogleOther)"
66.249.77.164 - - [10/Jul/2026:12:26:52 -0400] "GET /model/component/eswe5lk7l5k6qi1.html HTTP/1.1" 404 18715 "-" "Mozilla/5.0 (Linux; Android 6.0.1; Nexus 5X Build/MMB29P) AppleWebKit/537.36 (KHTML, like Gecko) Chrome/150.0.7871.46 Mobile Safari/537.36 (compatible; GoogleOther)"
204.12.208.18 - - [10/Jul/2026:12:28:51 -0400] "GET /wp-includes/wp295a0a/index.php HTTP/1.1" 403 1242 "http://happiness.soulfood.gr/wp-includes/wp295a0a/index.php" "Mozilla/5.0 (Macintosh; U; PPC Mac OS X 10_4_11; ja-jp) AppleWebKit/525.13 (KHTML, like Gecko) Version/3.1 Safari/525.13"
204.12.208.18 - - [10/Jul/2026:12:28:51 -0400] "GET /wp-includes/wp295a0a/index.php HTTP/1.1" 403 1242 "http://happiness.soulfood.gr/wp-includes/wp295a0a/index.php" "Mozilla/5.0 (Macintosh; U; Intel Mac OS X 10_5_5; ja-jp) AppleWebKit/525.26.2 (KHTML, like Gecko) Version/3.2 Safari/525.26.12"
204.12.208.18 - - [10/Jul/2026:12:28:51 -0400] "GET /wp-includes/wp295a0a/index.php HTTP/1.1" 403 1242 "http://happiness.soulfood.gr/wp-includes/wp295a0a/index.php" "Mozilla/5.0 (Macintosh; U; Intel Mac OS X 10_5_6; ja-jp) AppleWebKit/525.27.1 (KHTML, like Gecko) Version/3.2.1 Safari/525.27.1"
101.99.88.90 - - [10/Jul/2026:12:40:18 -0400] "GET / HTTP/1.1" 200 39863 "-" "Mozilla/5.0 (compatible; Googlebot/2.1; +http://www.google.com/bot.html)"
101.99.88.90 - - [10/Jul/2026:12:40:19 -0400] "GET /wp-includes/js96e52b/index.php HTTP/1.1" 403 1242 "-" "-"